Aug 17 05:25:55.606699 np0000007448 devstack@c-api.service[97049]: DEBUG cinder.api.openstack.wsgi [None req-56da1064-7075-4dea-af38-fe309ac0e210 tempest-GroupsV314Test-1689638087 tempest-GroupsV314Test-1689638087-project-member] Calling method 'show' {{(pid=97049) _process_stack /opt/stack/cinder/cinder/api/openstack/wsgi.py:878}}
Aug 17 05:25:55.615762 np0000007448 devstack@c-api.service[97049]: INFO cinder.api.openstack.wsgi [None req-56da1064-7075-4dea-af38-fe309ac0e210 tempest-GroupsV314Test-1689638087 tempest-GroupsV314Test-1689638087-project-member] https://10.4.3.126/volume/v3/volumes/7f70eaa3-0161-4a0b-822f-32258ef8de3a returned with HTTP 404
Aug 17 05:25:55.616699 np0000007448 devstack@c-api.service[97049]: [pid: 97049|app: 0|req: 14/48] 10.4.3.126 () {68 vars in 1389 bytes} [Mon Aug 17 05:25:55 2026] GET /volume/v3/volumes/7f70eaa3-0161-4a0b-822f-32258ef8de3a => generated 109 bytes in 13 msecs (HTTP/1.1 404) 7 headers in 293 bytes (1 switches on core 0)
Aug 17 05:25:55.627776 np0000007448 devstack@c-api.service[97048]: DEBUG cinder.volume.api [None req-2fe3c171-d404-43d9-befc-7ff1bfd19ddb tempest-VolumesAssistedSnapshotsTest-1045383565 tempest-VolumesAssistedSnapshotsTest-1045383565-project-admin] Task 'cinder.volume.flows.api.create_volume.EntryCreateTask;volume:create' (ab349c93-5a37-4f2a-81ab-c3057fc9f114) transitioned into state 'SUCCESS' from state 'RUNNING' with result '{'volume_id': '378520c0-0b28-4332-bc9b-19c0e9776e53', 'volume_properties': VolumeProperties(attach_status='detached',availability_zone='nova',cgsnapshot_id=None,consistencygroup_id=None,display_description=None,display_name='tempest-VolumesAssistedSnapshotsTest-volume-556961139',encryption_key_id=None,group_id=None,group_type_id=,metadata={},multiattach=False,project_id='fea190314c3648b997475f3c98c97399',qos_specs=None,replication_status=,reservations=['d24fc168-e8f4-4e5e-bec3-3e373b4f4bd9','e9d4861c-0388-4a1f-a41c-4524b63f29da','1e33d26e-e7cf-444c-b5a6-84d2b196e87c','e8a17957-0fba-4b46-8a5a-f3e993dcb751'],size=1,snapshot_id=None,source_replicaid=,source_volid=None,status='creating',user_id='4a389345d17a4175b71e860dee4304f5',volume_type_id=681f4c0e-262b-4385-93a7-ff25bb7f5e38), 'volume': Volume(_name_id=None,admin_metadata={},attach_status='detached',availability_zone='nova',bootable=False,cluster=,cluster_name=None,consistencygroup=,consistencygroup_id=None,created_at=2026-08-17T05:25:55Z,deleted=False,deleted_at=None,display_description=None,display_name='tempest-VolumesAssistedSnapshotsTest-volume-556961139',ec2_id=None,encryption_key_id=None,glance_metadata=,group=,group_id=None,host=None,id=378520c0-0b28-4332-bc9b-19c0e9776e53,launched_at=None,metadata={},migration_status=None,multiattach=False,previous_status=None,project_id='fea190314c3648b997475f3c98c97399',provider_auth=None,provider_geometry=None,provider_id=None,provider_location=None,replication_driver_data=None,replication_extended_status=None,replication_status=None,scheduled_at=None,service_uuid=None,shared_targets=True,size=1,snapshot_id=None,snapshots=,source_volid=None,status='creating',terminated_at=None,updated_at=None,use_quota=True,user_id='4a389345d17a4175b71e860dee4304f5',volume_attachment=VolumeAttachmentList,volume_type=VolumeType(681f4c0e-262b-4385-93a7-ff25bb7f5e38),volume_type_id=681f4c0e-262b-4385-93a7-ff25bb7f5e38)}' {{(pid=97048) _task_receiver /opt/stack/data/venv/lib/python3.12/site-packages/taskflow/listeners/logging.py:218}}
Aug 17 05:25:55.628664 np0000007448 devstack@c-api.service[97050]: DEBUG cinder.api.middleware.request_id [None req-0599245f-45c5-4552-9e13-2cf61ca4b8ee None None] RequestId filter calling following filter/app {{(pid=97050) _context_setter /opt/stack/cinder/cinder/api/middleware/request_id.py:62}}
Aug 17 05:25:55.630602 np0000007448 devstack@c-api.service[97048]: DEBUG cinder.volume.api [None req-2fe3c171-d404-43d9-befc-7ff1bfd19ddb tempest-VolumesAssistedSnapshotsTest-1045383565 tempest-VolumesAssistedSnapshotsTest-1045383565-project-admin] Task 'cinder.volume.flows.api.create_volume.QuotaCommitTask;volume:create' (aa3097dd-fb94-4a92-a3ff-ae714cd6480c) transitioned into state 'RUNNING' from state 'PENDING' {{(pid=97048) _task_receiver /opt/stack/data/venv/lib/python3.12/site-packages/taskflow/listeners/logging.py:242}}
Aug 17 05:25:55.633695 np0000007448 devstack@c-api.service[97050]: INFO cinder.api.openstack.wsgi [None req-0599245f-45c5-4552-9e13-2cf61ca4b8ee tempest-GroupsV314Test-1689638087 tempest-GroupsV314Test-1689638087-project-member] GET https://10.4.3.126/volume/v3/groups/230b2cd6-5890-4fcc-885e-32f09782c800
Aug 17 05:25:55.634023 np0000007448 devstack@c-api.service[97050]: DEBUG cinder.api.openstack.wsgi [None req-0599245f-45c5-4552-9e13-2cf61ca4b8ee tempest-GroupsV314Test-1689638087 tempest-GroupsV314Test-1689638087-project-member] Empty body provided in request {{(pid=97050) get_body /opt/stack/cinder/cinder/api/openstack/wsgi.py:725}}
Aug 17 05:25:55.634153 np0000007448 devstack@c-api.service[97050]: DEBUG cinder.api.openstack.wsgi [None req-0599245f-45c5-4552-9e13-2cf61ca4b8ee tempest-GroupsV314Test-1689638087 tempest-GroupsV314Test-1689638087-project-member] Calling method 'version_select' {{(pid=97050) _process_stack /opt/stack/cinder/cinder/api/openstack/wsgi.py:878}}
Aug 17 05:25:55.634335 np0000007448 devstack@c-api.service[97050]: DEBUG cinder.api.v3.groups [None req-0599245f-45c5-4552-9e13-2cf61ca4b8ee tempest-GroupsV314Test-1689638087 tempest-GroupsV314Test-1689638087-project-member] show called for member 230b2cd6-5890-4fcc-885e-32f09782c800 {{(pid=97050) show /opt/stack/cinder/cinder/api/v3/groups.py:58}}
Aug 17 05:25:55.639537 np0000007448 devstack@c-api.service[97050]: INFO cinder.api.openstack.wsgi [None req-0599245f-45c5-4552-9e13-2cf61ca4b8ee tempest-GroupsV314Test-1689638087 tempest-GroupsV314Test-1689638087-project-member] https://10.4.3.126/volume/v3/groups/230b2cd6-5890-4fcc-885e-32f09782c800 returned with HTTP 404
Aug 17 05:25:55.640244 np0000007448 devstack@c-api.service[97050]: [pid: 97050|app: 0|req: 19/49] 10.4.3.126 () {68 vars in 1386 bytes} [Mon Aug 17 05:25:55 2026] GET /volume/v3/groups/230b2cd6-5890-4fcc-885e-32f09782c800 => generated 108 bytes in 12 msecs (HTTP/1.1 404) 7 headers in 293 bytes (1 switches on core 0)
Aug 17 05:25:55.647501 np0000007448 devstack@c-api.service[97049]: DEBUG cinder.api.middleware.request_id [None req-84a8e473-b455-4858-81cf-55e6a1eadcab None None] RequestId filter calling following filter/app {{(pid=97049) _context_setter /opt/stack/cinder/cinder/api/middleware/request_id.py:62}}
Aug 17 05:25:55.649717 np0000007448 devstack@c-api.service[97049]: INFO cinder.api.openstack.wsgi [None req-84a8e473-b455-4858-81cf-55e6a1eadcab tempest-GroupsV314Test-1689638087 tempest-GroupsV314Test-1689638087-project-member] GET https://10.4.3.126/volume/v3/volumes/detail
Aug 17 05:25:55.650103 np0000007448 devstack@c-api.service[97049]: DEBUG cinder.api.openstack.wsgi [None req-84a8e473-b455-4858-81cf-55e6a1eadcab tempest-GroupsV314Test-1689638087 tempest-GroupsV314Test-1689638087-project-member] Empty body provided in request {{(pid=97049) get_body /opt/stack/cinder/cinder/api/openstack/wsgi.py:725}}
Aug 17 05:25:55.650376 np0000007448 devstack@c-api.service[97049]: DEBUG cinder.api.openstack.wsgi [None req-84a8e473-b455-4858-81cf-55e6a1eadcab tempest-GroupsV314Test-1689638087 tempest-GroupsV314Test-1689638087-project-member] Calling method 'detail' {{(pid=97049) _process_stack /opt/stack/cinder/cinder/api/openstack/wsgi.py:878}}
Aug 17 05:25:55.650959 np0000007448 devstack@c-api.service[97049]: DEBUG cinder.api.api_utils [None req-84a8e473-b455-4858-81cf-55e6a1eadcab tempest-GroupsV314Test-1689638087 tempest-GroupsV314Test-1689638087-project-member] Removing options '' from query. {{(pid=97049) remove_invalid_filter_options /opt/stack/cinder/cinder/api/api_utils.py:82}}
Aug 17 05:25:55.651410 np0000007448 devstack@c-api.service[97049]: /opt/stack/data/venv/lib/python3.12/site-packages/oslo_context/context.py:102: DeprecationWarning: Policy enforcement is depending on the value of is_admin. This key is deprecated. Please update your policy file to use the standard policy values.
Aug 17 05:25:55.651410 np0000007448 devstack@c-api.service[97049]: warnings.warn(
Aug 17 05:25:55.652585 np0000007448 devstack@c-api.service[97049]: DEBUG cinder.volume.api [None req-84a8e473-b455-4858-81cf-55e6a1eadcab tempest-GroupsV314Test-1689638087 tempest-GroupsV314Test-1689638087-project-member] Searching by: MultiDict([('no_migration_targets', True)]). {{(pid=97049) get_all /opt/stack/cinder/cinder/volume/api.py:664}}
Aug 17 05:25:55.654963 np0000007448 devstack@c-api.service[97048]: DEBUG cinder.volume.api [None req-2fe3c171-d404-43d9-befc-7ff1bfd19ddb tempest-VolumesAssistedSnapshotsTest-1045383565 tempest-VolumesAssistedSnapshotsTest-1045383565-project-admin] Task 'cinder.volume.flows.api.create_volume.QuotaCommitTask;volume:create' (aa3097dd-fb94-4a92-a3ff-ae714cd6480c) transitioned into state 'SUCCESS' from state 'RUNNING' with result '{'volume_properties': VolumeProperties(attach_status='detached',availability_zone='nova',cgsnapshot_id=None,consistencygroup_id=None,display_description=None,display_name='tempest-VolumesAssistedSnapshotsTest-volume-556961139',encryption_key_id=None,group_id=None,group_type_id=,metadata={},multiattach=False,project_id='fea190314c3648b997475f3c98c97399',qos_specs=None,replication_status=,reservations=['d24fc168-e8f4-4e5e-bec3-3e373b4f4bd9','e9d4861c-0388-4a1f-a41c-4524b63f29da','1e33d26e-e7cf-444c-b5a6-84d2b196e87c','e8a17957-0fba-4b46-8a5a-f3e993dcb751'],size=1,snapshot_id=None,source_replicaid=,source_volid=None,status='creating',user_id='4a389345d17a4175b71e860dee4304f5',volume_type_id=681f4c0e-262b-4385-93a7-ff25bb7f5e38)}' {{(pid=97048) _task_receiver /opt/stack/data/venv/lib/python3.12/site-packages/taskflow/listeners/logging.py:218}}
Aug 17 05:25:55.655670 np0000007448 devstack@c-api.service[97048]: DEBUG cinder.volume.api [None req-2fe3c171-d404-43d9-befc-7ff1bfd19ddb tempest-VolumesAssistedSnapshotsTest-1045383565 tempest-VolumesAssistedSnapshotsTest-1045383565-project-admin] Task 'cinder.volume.flows.api.create_volume.VolumeCastTask;volume:create' (6a8d933e-634b-40e1-8b11-1475648415f1) transitioned into state 'RUNNING' from state 'PENDING' {{(pid=97048) _task_receiver /opt/stack/data/venv/lib/python3.12/site-packages/taskflow/listeners/logging.py:242}}
Aug 17 05:25:55.667023 np0000007448 devstack@c-api.service[97048]: DEBUG cinder.volume.api [None req-2fe3c171-d404-43d9-befc-7ff1bfd19ddb tempest-VolumesAssistedSnapshotsTest-1045383565 tempest-VolumesAssistedSnapshotsTest-1045383565-project-admin] Task 'cinder.volume.flows.api.create_volume.VolumeCastTask;volume:create' (6a8d933e-634b-40e1-8b11-1475648415f1) transitioned into state 'SUCCESS' from state 'RUNNING' with result 'None' {{(pid=97048) _task_receiver /opt/stack/data/venv/lib/python3.12/site-packages/taskflow/listeners/logging.py:218}}
Aug 17 05:25:55.668648 np0000007448 devstack@c-api.service[97048]: DEBUG cinder.volume.api [None req-2fe3c171-d404-43d9-befc-7ff1bfd19ddb tempest-VolumesAssistedSnapshotsTest-1045383565 tempest-VolumesAssistedSnapshotsTest-1045383565-project-admin] Flow 'volume_create_api' (f507aadd-b81e-4193-ba3f-e4bd96c9ef53) transitioned into state 'SUCCESS' from state 'RUNNING' {{(pid=97048) _flow_receiver /opt/stack/data/venv/lib/python3.12/site-packages/taskflow/listeners/logging.py:160}}
Aug 17 05:25:55.668648 np0000007448 devstack@c-api.service[97048]: INFO cinder.volume.api [None req-2fe3c171-d404-43d9-befc-7ff1bfd19ddb tempest-VolumesAssistedSnapshotsTest-1045383565 tempest-VolumesAssistedSnapshotsTest-1045383565-project-admin] Create volume request issued successfully.
Aug 17 05:25:55.669350 np0000007448 devstack@c-api.service[97048]: INFO cinder.api.openstack.wsgi [None req-2fe3c171-d404-43d9-befc-7ff1bfd19ddb tempest-VolumesAssistedSnapshotsTest-1045383565 tempest-VolumesAssistedSnapshotsTest-1045383565-project-admin] https://10.4.3.126/volume/v3/volumes returned with HTTP 202
Aug 17 05:25:55.669966 np0000007448 devstack@c-api.service[97048]: [pid: 97048|app: 0|req: 17/50] 10.4.3.126 () {68 vars in 1258 bytes} [Mon Aug 17 05:25:55 2026] POST /volume/v3/volumes => generated 784 bytes in 491 msecs (HTTP/1.1 202) 7 headers in 291 bytes (1 switches on core 0)
Aug 17 05:25:55.689881 np0000007448 devstack@c-api.service[97050]: DEBUG cinder.api.middleware.request_id [None req-53665428-04e8-4bf7-b853-b585e7d56a66 None None] RequestId filter calling following filter/app {{(pid=97050) _context_setter /opt/stack/cinder/cinder/api/middleware/request_id.py:62}}
Aug 17 05:25:55.691700 np0000007448 devstack@c-api.service[97050]: INFO cinder.api.openstack.wsgi [None req-53665428-04e8-4bf7-b853-b585e7d56a66 tempest-VolumesAssistedSnapshotsTest-1045383565 tempest-VolumesAssistedSnapshotsTest-1045383565-project-admin] GET https://10.4.3.126/volume/v3/volumes/378520c0-0b28-4332-bc9b-19c0e9776e53
Aug 17 05:25:55.691856 np0000007448 devstack@c-api.service[97050]: DEBUG cinder.api.openstack.wsgi [None req-53665428-04e8-4bf7-b853-b585e7d56a66 tempest-VolumesAssistedSnapshotsTest-1045383565 tempest-VolumesAssistedSnapshotsTest-1045383565-project-admin] Empty body provided in request {{(pid=97050) get_body /opt/stack/cinder/cinder/api/openstack/wsgi.py:725}}
Aug 17 05:25:55.692046 np0000007448 devstack@c-api.service[97050]: DEBUG cinder.api.openstack.wsgi [None req-53665428-04e8-4bf7-b853-b585e7d56a66 tempest-VolumesAssistedSnapshotsTest-1045383565 tempest-VolumesAssistedSnapshotsTest-1045383565-project-admin] Calling method 'show' {{(pid=97050) _process_stack /opt/stack/cinder/cinder/api/openstack/wsgi.py:878}}
Aug 17 05:25:55.693353 np0000007448 devstack@c-api.service[97049]: INFO cinder.volume.api [None req-84a8e473-b455-4858-81cf-55e6a1eadcab tempest-GroupsV314Test-1689638087 tempest-GroupsV314Test-1689638087-project-member] Get all volumes completed successfully.
Aug 17 05:25:55.694489 np0000007448 devstack@c-api.service[97049]: WARNING stevedore.named [None req-84a8e473-b455-4858-81cf-55e6a1eadcab tempest-GroupsV314Test-1689638087 tempest-GroupsV314Test-1689638087-project-member] Could not load cinder.keymgr.conf_key_mgr.ConfKeyManager
Aug 17 05:25:55.695446 np0000007448 devstack@c-api.service[97049]: WARNING castellan.key_manager [None req-84a8e473-b455-4858-81cf-55e6a1eadcab tempest-GroupsV314Test-1689638087 tempest-GroupsV314Test-1689638087-project-member] Deprecation Warning : cinder.keymgr.conf_key_mgr.ConfKeyManager is not a stevedore based driver, trying to load it as a class: stevedore.exception.NoMatches: No 'castellan.drivers' driver found, looking for 'cinder.keymgr.conf_key_mgr.ConfKeyManager'
Aug 17 05:25:55.722592 np0000007448 devstack@c-api.service[97050]: /opt/stack/data/venv/lib/python3.12/site-packages/oslo_context/context.py:102: DeprecationWarning: Policy enforcement is depending on the value of is_admin. This key is deprecated. Please update your policy file to use the standard policy values.
Aug 17 05:25:55.722592 np0000007448 devstack@c-api.service[97050]: warnings.warn(
Aug 17 05:25:55.726299 np0000007448 devstack@c-api.service[97050]: INFO cinder.volume.api [None req-53665428-04e8-4bf7-b853-b585e7d56a66 tempest-VolumesAssistedSnapshotsTest-1045383565 tempest-VolumesAssistedSnapshotsTest-1045383565-project-admin] Volume info retrieved successfully.
Aug 17 05:25:55.730647 np0000007448 devstack@c-api.service[97050]: INFO cinder.api.openstack.wsgi [None req-53665428-04e8-4bf7-b853-b585e7d56a66 tempest-VolumesAssistedSnapshotsTest-1045383565 tempest-VolumesAssistedSnapshotsTest-1045383565-project-admin] https://10.4.3.126/volume/v3/volumes/378520c0-0b28-4332-bc9b-19c0e9776e53 returned with HTTP 200
Aug 17 05:25:55.731095 np0000007448 devstack@c-api.service[97050]: [pid: 97050|app: 0|req: 20/51] 10.4.3.126 () {66 vars in 1348 bytes} [Mon Aug 17 05:25:55 2026] GET /volume/v3/volumes/378520c0-0b28-4332-bc9b-19c0e9776e53 => generated 963 bytes in 42 msecs (HTTP/1.1 200) 7 headers in 285 bytes (1 switches on core 0)
Aug 17 05:25:55.740804 np0000007448 devstack@c-api.service[97049]: DEBUG oslo_db.sqlalchemy.engines [None req-84a8e473-b455-4858-81cf-55e6a1eadcab tempest-GroupsV314Test-1689638087 tempest-GroupsV314Test-1689638087-project-member] MySQL server mode set to STRICT_TRANS_TABLES,STRICT_ALL_TABLES,NO_ZERO_IN_DATE,NO_ZERO_DATE,ERROR_FOR_DIVISION_BY_ZERO,TRADITIONAL,NO_ENGINE_SUBSTITUTION {{(pid=97049) _check_effective_sql_mode /opt/stack/data/venv/lib/python3.12/site-packages/oslo_db/sqlalchemy/engines.py:325}}
Aug 17 05:25:55.745200 np0000007448 devstack@c-api.service[97049]: /opt/stack/data/venv/lib/python3.12/site-packages/oslo_context/context.py:102: DeprecationWarning: Policy enforcement is depending on the value of is_admin. This key is deprecated. Please update your policy file to use the standard policy values.
Aug 17 05:25:55.745200 np0000007448 devstack@c-api.service[97049]: warnings.warn(
Aug 17 05:25:55.756206 np0000007448 devstack@c-api.service[97049]: INFO cinder.api.openstack.wsgi [None req-84a8e473-b455-4858-81cf-55e6a1eadcab tempest-GroupsV314Test-1689638087 tempest-GroupsV314Test-1689638087-project-member] https://10.4.3.126/volume/v3/volumes/detail returned with HTTP 200
Aug 17 05:25:55.756933 np0000007448 devstack@c-api.service[97049]: [pid: 97049|app: 0|req: 15/52] 10.4.3.126 () {68 vars in 1299 bytes} [Mon Aug 17 05:25:55 2026] GET /volume/v3/volumes/detail => generated 915 bytes in 110 msecs (HTTP/1.1 200) 7 headers in 286 bytes (1 switches on core 0)
Aug 17 05:25:55.771327 np0000007448 devstack@c-api.service[97048]: DEBUG cinder.api.middleware.request_id [None req-76d75ba9-6924-4ecc-8d10-bdd1420810f0 None None] RequestId filter calling following filter/app {{(pid=97048) _context_setter /opt/stack/cinder/cinder/api/middleware/request_id.py:62}}
Aug 17 05:25:55.773271 np0000007448 devstack@c-api.service[97048]: INFO cinder.api.openstack.wsgi [None req-76d75ba9-6924-4ecc-8d10-bdd1420810f0 tempest-GroupsV314Test-1689638087 tempest-GroupsV314Test-1689638087-project-member] POST https://10.4.3.126/volume/v3/groups/a53871bf-57c8-41ae-8654-6d11057a5003/action
Aug 17 05:25:55.773865 np0000007448 devstack@c-api.service[97048]: DEBUG cinder.api.openstack.wsgi [None req-76d75ba9-6924-4ecc-8d10-bdd1420810f0 tempest-GroupsV314Test-1689638087 tempest-GroupsV314Test-1689638087-project-member] Action body: b'{"delete": {"delete-volumes": true}}' {{(pid=97048) get_method /opt/stack/cinder/cinder/api/openstack/wsgi.py:993}}
Aug 17 05:25:55.773951 np0000007448 devstack@c-api.service[97048]: DEBUG cinder.api.openstack.wsgi [None req-76d75ba9-6924-4ecc-8d10-bdd1420810f0 tempest-GroupsV314Test-1689638087 tempest-GroupsV314Test-1689638087-project-member] Action: 'action', calling method: delete_group, body: {"delete": {"delete-volumes": true}} {{(pid=97048) _process_stack /opt/stack/cinder/cinder/api/openstack/wsgi.py:876}}
Aug 17 05:25:55.775364 np0000007448 devstack@c-api.service[97048]: DEBUG cinder.api.v3.groups [None req-76d75ba9-6924-4ecc-8d10-bdd1420810f0 tempest-GroupsV314Test-1689638087 tempest-GroupsV314Test-1689638087-project-member] delete called for group a53871bf-57c8-41ae-8654-6d11057a5003 {{(pid=97048) _delete /opt/stack/cinder/cinder/api/v3/groups.py:117}}
Aug 17 05:25:55.775440 np0000007448 devstack@c-api.service[97048]: INFO cinder.api.v3.groups [None req-76d75ba9-6924-4ecc-8d10-bdd1420810f0 tempest-GroupsV314Test-1689638087 tempest-GroupsV314Test-1689638087-project-member] Delete group with id: a53871bf-57c8-41ae-8654-6d11057a5003
Aug 17 05:25:55.779447 np0000007448 devstack@c-api.service[97048]: /opt/stack/data/venv/lib/python3.12/site-packages/oslo_context/context.py:102: DeprecationWarning: Policy enforcement is depending on the value of is_admin. This key is deprecated. Please update your policy file to use the standard policy values.
Aug 17 05:25:55.779447 np0000007448 devstack@c-api.service[97048]: warnings.warn(
Aug 17 05:25:55.821042 np0000007448 devstack@c-api.service[97050]: DEBUG cinder.api.middleware.request_id [None req-d7e4a957-2439-41bd-b292-77e7a6a5e1f9 None None] RequestId filter calling following filter/app {{(pid=97050) _context_setter /opt/stack/cinder/cinder/api/middleware/request_id.py:62}}
Aug 17 05:25:55.825112 np0000007448 devstack@c-api.service[97050]: INFO cinder.api.openstack.wsgi [None req-d7e4a957-2439-41bd-b292-77e7a6a5e1f9 tempest-ServerActionsV293TestJSON-245470276 tempest-ServerActionsV293TestJSON-245470276-project-member] GET https://10.4.3.126/volume/v3/volumes/b9b24b45-5050-49b4-a000-616308a7e796
Aug 17 05:25:55.827004 np0000007448 devstack@c-api.service[97050]: DEBUG cinder.api.openstack.wsgi [None req-d7e4a957-2439-41bd-b292-77e7a6a5e1f9 tempest-ServerActionsV293TestJSON-245470276 tempest-ServerActionsV293TestJSON-245470276-project-member] Empty body provided in request {{(pid=97050) get_body /opt/stack/cinder/cinder/api/openstack/wsgi.py:725}}
Aug 17 05:25:55.827484 np0000007448 devstack@c-api.service[97050]: DEBUG cinder.api.openstack.wsgi [None req-d7e4a957-2439-41bd-b292-77e7a6a5e1f9 tempest-ServerActionsV293TestJSON-245470276 tempest-ServerActionsV293TestJSON-245470276-project-member] Calling method 'show' {{(pid=97050) _process_stack /opt/stack/cinder/cinder/api/openstack/wsgi.py:878}}
Aug 17 05:25:55.830901 np0000007448 devstack@c-api.service[97048]: INFO cinder.api.openstack.wsgi [None req-76d75ba9-6924-4ecc-8d10-bdd1420810f0 tempest-GroupsV314Test-1689638087 tempest-GroupsV314Test-1689638087-project-member] https://10.4.3.126/volume/v3/groups/a53871bf-57c8-41ae-8654-6d11057a5003/action returned with HTTP 202
Aug 17 05:25:55.831579 np0000007448 devstack@c-api.service[97048]: [pid: 97048|app: 0|req: 18/53] 10.4.3.126 () {70 vars in 1428 bytes} [Mon Aug 17 05:25:55 2026] POST /volume/v3/groups/a53871bf-57c8-41ae-8654-6d11057a5003/action => generated 0 bytes in 61 msecs (HTTP/1.1 202) 6 headers in 234 bytes (1 switches on core 0)
Aug 17 05:25:55.838846 np0000007448 devstack@c-api.service[97049]: DEBUG cinder.api.middleware.request_id [None req-457b550c-0a9e-441c-a5b7-670760ddb2bd None None] RequestId filter calling following filter/app {{(pid=97049) _context_setter /opt/stack/cinder/cinder/api/middleware/request_id.py:62}}
Aug 17 05:25:55.839543 np0000007448 devstack@c-api.service[97050]: /opt/stack/data/venv/lib/python3.12/site-packages/oslo_context/context.py:102: DeprecationWarning: Policy enforcement is depending on the value of is_admin. This key is deprecated. Please update your policy file to use the standard policy values.
Aug 17 05:25:55.839543 np0000007448 devstack@c-api.service[97050]: warnings.warn(
Aug 17 05:25:55.844831 np0000007448 devstack@c-api.service[97049]: INFO cinder.api.openstack.wsgi [None req-457b550c-0a9e-441c-a5b7-670760ddb2bd tempest-GroupsV314Test-1689638087 tempest-GroupsV314Test-1689638087-project-member] GET https://10.4.3.126/volume/v3/volumes/96e405a4-a1e8-4ca0-b445-00e7998713bf
Aug 17 05:25:55.845418 np0000007448 devstack@c-api.service[97049]: DEBUG cinder.api.openstack.wsgi [None req-457b550c-0a9e-441c-a5b7-670760ddb2bd tempest-GroupsV314Test-1689638087 tempest-GroupsV314Test-1689638087-project-member] Empty body provided in request {{(pid=97049) get_body /opt/stack/cinder/cinder/api/openstack/wsgi.py:725}}
Aug 17 05:25:55.845832 np0000007448 devstack@c-api.service[97049]: DEBUG cinder.api.openstack.wsgi [None req-457b550c-0a9e-441c-a5b7-670760ddb2bd tempest-GroupsV314Test-1689638087 tempest-GroupsV314Test-1689638087-project-member] Calling method 'show' {{(pid=97049) _process_stack /opt/stack/cinder/cinder/api/openstack/wsgi.py:878}}
Aug 17 05:25:55.847933 np0000007448 devstack@c-api.service[97050]: INFO cinder.volume.api [None req-d7e4a957-2439-41bd-b292-77e7a6a5e1f9 tempest-ServerActionsV293TestJSON-245470276 tempest-ServerActionsV293TestJSON-245470276-project-member] Volume info retrieved successfully.
Aug 17 05:25:55.853957 np0000007448 devstack@c-api.service[97050]: INFO cinder.api.openstack.wsgi [None req-d7e4a957-2439-41bd-b292-77e7a6a5e1f9 tempest-ServerActionsV293TestJSON-245470276 tempest-ServerActionsV293TestJSON-245470276-project-member] https://10.4.3.126/volume/v3/volumes/b9b24b45-5050-49b4-a000-616308a7e796 returned with HTTP 200
Aug 17 05:25:55.854477 np0000007448 devstack@c-api.service[97050]: [pid: 97050|app: 0|req: 21/54] 10.4.3.126 () {68 vars in 1389 bytes} [Mon Aug 17 05:25:55 2026] GET /volume/v3/volumes/b9b24b45-5050-49b4-a000-616308a7e796 => generated 1573 bytes in 34 msecs (HTTP/1.1 200) 7 headers in 287 bytes (1 switches on core 0)
Aug 17 05:25:55.856967 np0000007448 devstack@c-api.service[97049]: /opt/stack/data/venv/lib/python3.12/site-packages/oslo_context/context.py:102: DeprecationWarning: Policy enforcement is depending on the value of is_admin. This key is deprecated. Please update your policy file to use the standard policy values.
Aug 17 05:25:55.856967 np0000007448 devstack@c-api.service[97049]: warnings.warn(
Aug 17 05:25:55.861828 np0000007448 devstack@c-api.service[97049]: INFO cinder.volume.api [None req-457b550c-0a9e-441c-a5b7-670760ddb2bd tempest-GroupsV314Test-1689638087 tempest-GroupsV314Test-1689638087-project-member] Volume info retrieved successfully.
Aug 17 05:25:55.862797 np0000007448 devstack@c-api.service[97049]: WARNING stevedore.named [None req-457b550c-0a9e-441c-a5b7-670760ddb2bd tempest-GroupsV314Test-1689638087 tempest-GroupsV314Test-1689638087-project-member] Could not load cinder.keymgr.conf_key_mgr.ConfKeyManager
Aug 17 05:25:55.863051 np0000007448 devstack@c-api.service[97049]: WARNING castellan.key_manager [None req-457b550c-0a9e-441c-a5b7-670760ddb2bd tempest-GroupsV314Test-1689638087 tempest-GroupsV314Test-1689638087-project-member] Deprecation Warning : cinder.keymgr.conf_key_mgr.ConfKeyManager is not a stevedore based driver, trying to load it as a class: stevedore.exception.NoMatches: No 'castellan.drivers' driver found, looking for 'cinder.keymgr.conf_key_mgr.ConfKeyManager'
Aug 17 05:25:55.904119 np0000007448 devstack@c-api.service[97048]: DEBUG cinder.api.middleware.request_id [req-e66fa0ad-bea8-4865-9a45-c0e45049deef req-f345cf6f-a2f5-4fb6-a343-e6966f16a99b None None] RequestId filter calling following filter/app {{(pid=97048) _context_setter /opt/stack/cinder/cinder/api/middleware/request_id.py:62}}
Aug 17 05:25:55.909658 np0000007448 devstack@c-api.service[97048]: INFO cinder.api.openstack.wsgi [req-e66fa0ad-bea8-4865-9a45-c0e45049deef req-f345cf6f-a2f5-4fb6-a343-e6966f16a99b tempest-ServerActionsV293TestJSON-245470276 tempest-ServerActionsV293TestJSON-245470276-project-member] GET https://10.4.3.126/volume/v3/volumes/b9b24b45-5050-49b4-a000-616308a7e796
Aug 17 05:25:55.909924 np0000007448 devstack@c-api.service[97048]: DEBUG cinder.api.openstack.wsgi [req-e66fa0ad-bea8-4865-9a45-c0e45049deef req-f345cf6f-a2f5-4fb6-a343-e6966f16a99b tempest-ServerActionsV293TestJSON-245470276 tempest-ServerActionsV293TestJSON-245470276-project-member] Empty body provided in request {{(pid=97048) get_body /opt/stack/cinder/cinder/api/openstack/wsgi.py:725}}
Aug 17 05:25:55.910246 np0000007448 devstack@c-api.service[97048]: DEBUG cinder.api.openstack.wsgi [req-e66fa0ad-bea8-4865-9a45-c0e45049deef req-f345cf6f-a2f5-4fb6-a343-e6966f16a99b tempest-ServerActionsV293TestJSON-245470276 tempest-ServerActionsV293TestJSON-245470276-project-member] Calling method 'show' {{(pid=97048) _process_stack /opt/stack/cinder/cinder/api/openstack/wsgi.py:878}}
Aug 17 05:25:55.918665 np0000007448 devstack@c-api.service[97048]: /opt/stack/data/venv/lib/python3.12/site-packages/oslo_context/context.py:102: DeprecationWarning: Policy enforcement is depending on the value of is_admin. This key is deprecated. Please update your policy file to use the standard policy values.
Aug 17 05:25:55.918665 np0000007448 devstack@c-api.service[97048]: warnings.warn(
Aug 17 05:25:55.922106 np0000007448 devstack@c-api.service[97048]: INFO cinder.volume.api [req-e66fa0ad-bea8-4865-9a45-c0e45049deef req-f345cf6f-a2f5-4fb6-a343-e6966f16a99b tempest-ServerActionsV293TestJSON-245470276 tempest-ServerActionsV293TestJSON-245470276-project-member] Volume info retrieved successfully.
Aug 17 05:25:55.922175 np0000007448 devstack@c-api.service[97049]: DEBUG oslo_db.sqlalchemy.engines [None req-457b550c-0a9e-441c-a5b7-670760ddb2bd tempest-GroupsV314Test-1689638087 tempest-GroupsV314Test-1689638087-project-member] MySQL server mode set to STRICT_TRANS_TABLES,STRICT_ALL_TABLES,NO_ZERO_IN_DATE,NO_ZERO_DATE,ERROR_FOR_DIVISION_BY_ZERO,TRADITIONAL,NO_ENGINE_SUBSTITUTION {{(pid=97049) _check_effective_sql_mode /opt/stack/data/venv/lib/python3.12/site-packages/oslo_db/sqlalchemy/engines.py:325}}
Aug 17 05:25:55.926436 np0000007448 devstack@c-api.service[97049]: /opt/stack/data/venv/lib/python3.12/site-packages/oslo_context/context.py:102: DeprecationWarning: Policy enforcement is depending on the value of is_admin. This key is deprecated. Please update your policy file to use the standard policy values.
Aug 17 05:25:55.926436 np0000007448 devstack@c-api.service[97049]: warnings.warn(
Aug 17 05:25:55.930604 np0000007448 devstack@c-api.service[97048]: INFO cinder.api.openstack.wsgi [req-e66fa0ad-bea8-4865-9a45-c0e45049deef req-f345cf6f-a2f5-4fb6-a343-e6966f16a99b tempest-ServerActionsV293TestJSON-245470276 tempest-ServerActionsV293TestJSON-245470276-project-member] https://10.4.3.126/volume/v3/volumes/b9b24b45-5050-49b4-a000-616308a7e796 returned with HTTP 200
Aug 17 05:25:55.931397 np0000007448 devstack@c-api.service[97048]: [pid: 97048|app: 0|req: 19/55] 10.4.3.126 () {68 vars in 1598 bytes} [Mon Aug 17 05:25:55 2026] GET /volume/v3/volumes/b9b24b45-5050-49b4-a000-616308a7e796 => generated 1392 bytes in 27 msecs (HTTP/1.1 200) 7 headers in 286 bytes (1 switches on core 0)
Aug 17 05:25:55.935929 np0000007448 devstack@c-api.service[97049]: INFO cinder.api.openstack.wsgi [None req-457b550c-0a9e-441c-a5b7-670760ddb2bd tempest-GroupsV314Test-1689638087 tempest-GroupsV314Test-1689638087-project-member] https://10.4.3.126/volume/v3/volumes/96e405a4-a1e8-4ca0-b445-00e7998713bf returned with HTTP 200
Aug 17 05:25:55.936472 np0000007448 devstack@c-api.service[97049]: [pid: 97049|app: 0|req: 16/56] 10.4.3.126 () {68 vars in 1389 bytes} [Mon Aug 17 05:25:55 2026] GET /volume/v3/volumes/96e405a4-a1e8-4ca0-b445-00e7998713bf => generated 911 bytes in 98 msecs (HTTP/1.1 200) 7 headers in 286 bytes (1 switches on core 0)
Aug 17 05:25:56.166382 np0000007448 devstack@c-api.service[97050]: DEBUG cinder.api.middleware.request_id [None req-6d4cbd87-ece4-4b83-a821-8eae0854fb7d None None] RequestId filter calling following filter/app {{(pid=97050) _context_setter /opt/stack/cinder/cinder/api/middleware/request_id.py:62}}
Aug 17 05:25:56.167120 np0000007448 devstack@c-api.service[97050]: INFO cinder.api.openstack.wsgi [None req-6d4cbd87-ece4-4b83-a821-8eae0854fb7d tempest-TaggedBootDevicesTest-319433728 tempest-TaggedBootDevicesTest-319433728-project-member] GET https://10.4.3.126/volume/v3/volumes/c322b9eb-8b1e-4bcd-a70e-58c28e60343c
Aug 17 05:25:56.167418 np0000007448 devstack@c-api.service[97050]: DEBUG cinder.api.openstack.wsgi [None req-6d4cbd87-ece4-4b83-a821-8eae0854fb7d tempest-TaggedBootDevicesTest-319433728 tempest-TaggedBootDevicesTest-319433728-project-member] Empty body provided in request {{(pid=97050) get_body /opt/stack/cinder/cinder/api/openstack/wsgi.py:725}}
Aug 17 05:25:56.167747 np0000007448 devstack@c-api.service[97050]: DEBUG cinder.api.openstack.wsgi [None req-6d4cbd87-ece4-4b83-a821-8eae0854fb7d tempest-TaggedBootDevicesTest-319433728 tempest-TaggedBootDevicesTest-319433728-project-member] Calling method 'show' {{(pid=97050) _process_stack /opt/stack/cinder/cinder/api/openstack/wsgi.py:878}}
Aug 17 05:25:56.178376 np0000007448 devstack@c-api.service[97050]: /opt/stack/data/venv/lib/python3.12/site-packages/oslo_context/context.py:102: DeprecationWarning: Policy enforcement is depending on the value of is_admin. This key is deprecated. Please update your policy file to use the standard policy values.
Aug 17 05:25:56.178376 np0000007448 devstack@c-api.service[97050]: warnings.warn(
Aug 17 05:25:56.185403 np0000007448 devstack@c-api.service[97050]: INFO cinder.volume.api [None req-6d4cbd87-ece4-4b83-a821-8eae0854fb7d tempest-TaggedBootDevicesTest-319433728 tempest-TaggedBootDevicesTest-319433728-project-member] Volume info retrieved successfully.
Aug 17 05:25:56.194053 np0000007448 devstack@c-api.service[97050]: INFO cinder.api.openstack.wsgi [None req-6d4cbd87-ece4-4b83-a821-8eae0854fb7d tempest-TaggedBootDevicesTest-319433728 tempest-TaggedBootDevicesTest-319433728-project-member] https://10.4.3.126/volume/v3/volumes/c322b9eb-8b1e-4bcd-a70e-58c28e60343c returned with HTTP 200
Aug 17 05:25:56.194422 np0000007448 devstack@c-api.service[97050]: [pid: 97050|app: 0|req: 22/57] 10.4.3.126 () {66 vars in 1348 bytes} [Mon Aug 17 05:25:56 2026] GET /volume/v3/volumes/c322b9eb-8b1e-4bcd-a70e-58c28e60343c => generated 1359 bytes in 30 msecs (HTTP/1.1 200) 7 headers in 286 bytes (1 switches on core 0)
Aug 17 05:25:56.212801 np0000007448 devstack@c-api.service[97048]: DEBUG cinder.api.middleware.request_id [None req-4c9ef580-39db-4c93-88ea-bf155ac0130e None None] RequestId filter calling following filter/app {{(pid=97048) _context_setter /opt/stack/cinder/cinder/api/middleware/request_id.py:62}}
Aug 17 05:25:56.217024 np0000007448 devstack@c-api.service[97048]: INFO cinder.api.openstack.wsgi [None req-4c9ef580-39db-4c93-88ea-bf155ac0130e tempest-TaggedBootDevicesTest-319433728 tempest-TaggedBootDevicesTest-319433728-project-member] POST https://10.4.3.126/volume/v3/volumes
Aug 17 05:25:56.217515 np0000007448 devstack@c-api.service[97048]: DEBUG cinder.api.openstack.wsgi [None req-4c9ef580-39db-4c93-88ea-bf155ac0130e tempest-TaggedBootDevicesTest-319433728 tempest-TaggedBootDevicesTest-319433728-project-member] Action: 'create', calling method: create, body: {"volume": {"size": 1, "display_name": "tempest-TaggedBootDevicesTest-volume-1437891837"}} {{(pid=97048) _process_stack /opt/stack/cinder/cinder/api/openstack/wsgi.py:876}}
Aug 17 05:25:56.220052 np0000007448 devstack@c-api.service[97048]: DEBUG cinder.api.v3.volumes [None req-4c9ef580-39db-4c93-88ea-bf155ac0130e tempest-TaggedBootDevicesTest-319433728 tempest-TaggedBootDevicesTest-319433728-project-member] Create volume request body: {'volume': {'size': 1, 'display_name': 'tempest-TaggedBootDevicesTest-volume-1437891837'}} {{(pid=97048) create /opt/stack/cinder/cinder/api/v3/volumes.py:368}}
Aug 17 05:25:56.220246 np0000007448 devstack@c-api.service[97048]: INFO cinder.api.v3.volumes [None req-4c9ef580-39db-4c93-88ea-bf155ac0130e tempest-TaggedBootDevicesTest-319433728 tempest-TaggedBootDevicesTest-319433728-project-member] Create volume of 1 GB
Aug 17 05:25:56.226025 np0000007448 devstack@c-api.service[97048]: INFO cinder.volume.api [None req-4c9ef580-39db-4c93-88ea-bf155ac0130e tempest-TaggedBootDevicesTest-319433728 tempest-TaggedBootDevicesTest-319433728-project-member] Availability Zones retrieved successfully.
Aug 17 05:25:56.237258 np0000007448 devstack@c-api.service[97048]: DEBUG cinder.volume.api [None req-4c9ef580-39db-4c93-88ea-bf155ac0130e tempest-TaggedBootDevicesTest-319433728 tempest-TaggedBootDevicesTest-319433728-project-member] Flow 'volume_create_api' (72d3db39-a290-4517-b205-b678984b1332) transitioned into state 'RUNNING' from state 'PENDING' {{(pid=97048) _flow_receiver /opt/stack/data/venv/lib/python3.12/site-packages/taskflow/listeners/logging.py:160}}
Aug 17 05:25:56.238631 np0000007448 devstack@c-api.service[97048]: DEBUG cinder.volume.api [None req-4c9ef580-39db-4c93-88ea-bf155ac0130e tempest-TaggedBootDevicesTest-319433728 tempest-TaggedBootDevicesTest-319433728-project-member] Task 'cinder.volume.flows.api.create_volume.ExtractVolumeRequestTask;volume:create' (03a707d0-8ac5-4511-afa2-25212079b794) transitioned into state 'RUNNING' from state 'PENDING' {{(pid=97048) _task_receiver /opt/stack/data/venv/lib/python3.12/site-packages/taskflow/listeners/logging.py:242}}
Aug 17 05:25:56.240123 np0000007448 devstack@c-api.service[97048]: DEBUG cinder.volume.flows.api.create_volume [None req-4c9ef580-39db-4c93-88ea-bf155ac0130e tempest-TaggedBootDevicesTest-319433728 tempest-TaggedBootDevicesTest-319433728-project-member] Validating volume size '1' using validate_int {{(pid=97048) _extract_size /opt/stack/cinder/cinder/volume/flows/api/create_volume.py:226}}
Aug 17 05:25:56.417176 np0000007448 devstack@c-api.service[97048]: DEBUG cinder.volume.api [None req-4c9ef580-39db-4c93-88ea-bf155ac0130e tempest-TaggedBootDevicesTest-319433728 tempest-TaggedBootDevicesTest-319433728-project-member] Task 'cinder.volume.flows.api.create_volume.ExtractVolumeRequestTask;volume:create' (03a707d0-8ac5-4511-afa2-25212079b794) transitioned into state 'SUCCESS' from state 'RUNNING' with result '{'size': 1, 'snapshot_id': None, 'source_volid': None, 'volume_type': VolumeType(created_at=2026-08-17T05:23:39Z,deleted=False,deleted_at=None,description=None,extra_specs={volume_backend_name='storpool'},id=681f4c0e-262b-4385-93a7-ff25bb7f5e38,is_public=True,name='storpool',projects=[],qos_specs=,qos_specs_id=None,updated_at=None), 'volume_type_id': '681f4c0e-262b-4385-93a7-ff25bb7f5e38', 'encryption_key_id': None, 'qos_specs': None, 'consistencygroup_id': None, 'cgsnapshot_id': None, 'group_id': None, 'replication_status': 'disabled', 'refresh_az': False, 'backup_id': None, 'multiattach': False, 'availability_zones': ['nova']}' {{(pid=97048) _task_receiver /opt/stack/data/venv/lib/python3.12/site-packages/taskflow/listeners/logging.py:218}}
Aug 17 05:25:56.418354 np0000007448 devstack@c-api.service[97048]: DEBUG cinder.volume.api [None req-4c9ef580-39db-4c93-88ea-bf155ac0130e tempest-TaggedBootDevicesTest-319433728 tempest-TaggedBootDevicesTest-319433728-project-member] Task 'cinder.volume.flows.api.create_volume.QuotaReserveTask;volume:create' (ef3aff84-6a33-4b64-89be-3578c2298df5) transitioned into state 'RUNNING' from state 'PENDING' {{(pid=97048) _task_receiver /opt/stack/data/venv/lib/python3.12/site-packages/taskflow/listeners/logging.py:242}}
Aug 17 05:25:56.464856 np0000007448 devstack@c-api.service[97048]: DEBUG cinder.quota [None req-4c9ef580-39db-4c93-88ea-bf155ac0130e tempest-TaggedBootDevicesTest-319433728 tempest-TaggedBootDevicesTest-319433728-project-member] Created reservations ['d88d4d6b-d2c8-438e-8b05-987527505574', 'c5f289a7-b7ff-4089-a7a1-7972391b0f6c', '067b8549-a296-4178-b214-db9e7234e63c', 'e8e11c50-c2b7-4f88-8256-2f8b4f3dbdc8'] {{(pid=97048) reserve /opt/stack/cinder/cinder/quota.py:752}}
Aug 17 05:25:56.465822 np0000007448 devstack@c-api.service[97048]: DEBUG cinder.volume.api [None req-4c9ef580-39db-4c93-88ea-bf155ac0130e tempest-TaggedBootDevicesTest-319433728 tempest-TaggedBootDevicesTest-319433728-project-member] Task 'cinder.volume.flows.api.create_volume.QuotaReserveTask;volume:create' (ef3aff84-6a33-4b64-89be-3578c2298df5) transitioned into state 'SUCCESS' from state 'RUNNING' with result '{'reservations': ['d88d4d6b-d2c8-438e-8b05-987527505574', 'c5f289a7-b7ff-4089-a7a1-7972391b0f6c', '067b8549-a296-4178-b214-db9e7234e63c', 'e8e11c50-c2b7-4f88-8256-2f8b4f3dbdc8']}' {{(pid=97048) _task_receiver /opt/stack/data/venv/lib/python3.12/site-packages/taskflow/listeners/logging.py:218}}
Aug 17 05:25:56.466815 np0000007448 devstack@c-api.service[97048]: DEBUG cinder.volume.api [None req-4c9ef580-39db-4c93-88ea-bf155ac0130e tempest-TaggedBootDevicesTest-319433728 tempest-TaggedBootDevicesTest-319433728-project-member] Task 'cinder.volume.flows.api.create_volume.EntryCreateTask;volume:create' (0e92032e-3e18-4765-9499-5a22ed45ef26) transitioned into state 'RUNNING' from state 'PENDING' {{(pid=97048) _task_receiver /opt/stack/data/venv/lib/python3.12/site-packages/taskflow/listeners/logging.py:242}}
Aug 17 05:25:56.487557 np0000007448 devstack@c-api.service[97048]: DEBUG cinder.volume.api [None req-4c9ef580-39db-4c93-88ea-bf155ac0130e tempest-TaggedBootDevicesTest-319433728 tempest-TaggedBootDevicesTest-319433728-project-member] Task 'cinder.volume.flows.api.create_volume.EntryCreateTask;volume:create' (0e92032e-3e18-4765-9499-5a22ed45ef26) transitioned into state 'SUCCESS' from state 'RUNNING' with result '{'volume_id': '2c4e71e1-8947-4160-9f88-4eb0584c622d', 'volume_properties': VolumeProperties(attach_status='detached',availability_zone='nova',cgsnapshot_id=None,consistencygroup_id=None,display_description=None,display_name='tempest-TaggedBootDevicesTest-volume-1437891837',encryption_key_id=None,group_id=None,group_type_id=,metadata={},multiattach=False,project_id='80ce3f5c7d794b0b91c4b1b6bd2f5727',qos_specs=None,replication_status=,reservations=['d88d4d6b-d2c8-438e-8b05-987527505574','c5f289a7-b7ff-4089-a7a1-7972391b0f6c','067b8549-a296-4178-b214-db9e7234e63c','e8e11c50-c2b7-4f88-8256-2f8b4f3dbdc8'],size=1,snapshot_id=None,source_replicaid=,source_volid=None,status='creating',user_id='e3394009af80484ba8859244f3f717d7',volume_type_id=681f4c0e-262b-4385-93a7-ff25bb7f5e38), 'volume': Volume(_name_id=None,admin_metadata=,attach_status='detached',availability_zone='nova',bootable=False,cluster=,cluster_name=None,consistencygroup=,consistencygroup_id=None,created_at=2026-08-17T05:25:56Z,deleted=False,deleted_at=None,display_description=None,display_name='tempest-TaggedBootDevicesTest-volume-1437891837',ec2_id=None,encryption_key_id=None,glance_metadata=,group=,group_id=None,host=None,id=2c4e71e1-8947-4160-9f88-4eb0584c622d,launched_at=None,metadata={},migration_status=None,multiattach=False,previous_status=None,project_id='80ce3f5c7d794b0b91c4b1b6bd2f5727',provider_auth=None,provider_geometry=None,provider_id=None,provider_location=None,replication_driver_data=None,replication_extended_status=None,replication_status=None,scheduled_at=None,service_uuid=None,shared_targets=True,size=1,snapshot_id=None,snapshots=,source_volid=None,status='creating',terminated_at=None,updated_at=None,use_quota=True,user_id='e3394009af80484ba8859244f3f717d7',volume_attachment=VolumeAttachmentList,volume_type=VolumeType(681f4c0e-262b-4385-93a7-ff25bb7f5e38),volume_type_id=681f4c0e-262b-4385-93a7-ff25bb7f5e38)}' {{(pid=97048) _task_receiver /opt/stack/data/venv/lib/python3.12/site-packages/taskflow/listeners/logging.py:218}}
Aug 17 05:25:56.488498 np0000007448 devstack@c-api.service[97048]: DEBUG cinder.volume.api [None req-4c9ef580-39db-4c93-88ea-bf155ac0130e tempest-TaggedBootDevicesTest-319433728 tempest-TaggedBootDevicesTest-319433728-project-member] Task 'cinder.volume.flows.api.create_volume.QuotaCommitTask;volume:create' (c48fea10-b22e-4545-b419-e26c5b71692c) transitioned into state 'RUNNING' from state 'PENDING' {{(pid=97048) _task_receiver /opt/stack/data/venv/lib/python3.12/site-packages/taskflow/listeners/logging.py:242}}
Aug 17 05:25:56.506601 np0000007448 devstack@c-api.service[97048]: DEBUG cinder.volume.api [None req-4c9ef580-39db-4c93-88ea-bf155ac0130e tempest-TaggedBootDevicesTest-319433728 tempest-TaggedBootDevicesTest-319433728-project-member] Task 'cinder.volume.flows.api.create_volume.QuotaCommitTask;volume:create' (c48fea10-b22e-4545-b419-e26c5b71692c) transitioned into state 'SUCCESS' from state 'RUNNING' with result '{'volume_properties': VolumeProperties(attach_status='detached',availability_zone='nova',cgsnapshot_id=None,consistencygroup_id=None,display_description=None,display_name='tempest-TaggedBootDevicesTest-volume-1437891837',encryption_key_id=None,group_id=None,group_type_id=,metadata={},multiattach=False,project_id='80ce3f5c7d794b0b91c4b1b6bd2f5727',qos_specs=None,replication_status=,reservations=['d88d4d6b-d2c8-438e-8b05-987527505574','c5f289a7-b7ff-4089-a7a1-7972391b0f6c','067b8549-a296-4178-b214-db9e7234e63c','e8e11c50-c2b7-4f88-8256-2f8b4f3dbdc8'],size=1,snapshot_id=None,source_replicaid=,source_volid=None,status='creating',user_id='e3394009af80484ba8859244f3f717d7',volume_type_id=681f4c0e-262b-4385-93a7-ff25bb7f5e38)}' {{(pid=97048) _task_receiver /opt/stack/data/venv/lib/python3.12/site-packages/taskflow/listeners/logging.py:218}}
Aug 17 05:25:56.506601 np0000007448 devstack@c-api.service[97048]: DEBUG cinder.volume.api [None req-4c9ef580-39db-4c93-88ea-bf155ac0130e tempest-TaggedBootDevicesTest-319433728 tempest-TaggedBootDevicesTest-319433728-project-member] Task 'cinder.volume.flows.api.create_volume.VolumeCastTask;volume:create' (00ed1b19-76d8-422f-a6c5-7d6b7b7f5424) transitioned into state 'RUNNING' from state 'PENDING' {{(pid=97048) _task_receiver /opt/stack/data/venv/lib/python3.12/site-packages/taskflow/listeners/logging.py:242}}
Aug 17 05:25:56.518308 np0000007448 devstack@c-api.service[97048]: DEBUG cinder.volume.api [None req-4c9ef580-39db-4c93-88ea-bf155ac0130e tempest-TaggedBootDevicesTest-319433728 tempest-TaggedBootDevicesTest-319433728-project-member] Task 'cinder.volume.flows.api.create_volume.VolumeCastTask;volume:create' (00ed1b19-76d8-422f-a6c5-7d6b7b7f5424) transitioned into state 'SUCCESS' from state 'RUNNING' with result 'None' {{(pid=97048) _task_receiver /opt/stack/data/venv/lib/python3.12/site-packages/taskflow/listeners/logging.py:218}}
Aug 17 05:25:56.520418 np0000007448 devstack@c-api.service[97048]: DEBUG cinder.volume.api [None req-4c9ef580-39db-4c93-88ea-bf155ac0130e tempest-TaggedBootDevicesTest-319433728 tempest-TaggedBootDevicesTest-319433728-project-member] Flow 'volume_create_api' (72d3db39-a290-4517-b205-b678984b1332) transitioned into state 'SUCCESS' from state 'RUNNING' {{(pid=97048) _flow_receiver /opt/stack/data/venv/lib/python3.12/site-packages/taskflow/listeners/logging.py:160}}
Aug 17 05:25:56.520418 np0000007448 devstack@c-api.service[97048]: INFO cinder.volume.api [None req-4c9ef580-39db-4c93-88ea-bf155ac0130e tempest-TaggedBootDevicesTest-319433728 tempest-TaggedBootDevicesTest-319433728-project-member] Create volume request issued successfully.
Aug 17 05:25:56.520595 np0000007448 devstack@c-api.service[97048]: INFO cinder.api.openstack.wsgi [None req-4c9ef580-39db-4c93-88ea-bf155ac0130e tempest-TaggedBootDevicesTest-319433728 tempest-TaggedBootDevicesTest-319433728-project-member] https://10.4.3.126/volume/v3/volumes returned with HTTP 202
Aug 17 05:25:56.521065 np0000007448 devstack@c-api.service[97048]: [pid: 97048|app: 0|req: 20/58] 10.4.3.126 () {68 vars in 1258 bytes} [Mon Aug 17 05:25:56 2026] POST /volume/v3/volumes => generated 752 bytes in 309 msecs (HTTP/1.1 202) 7 headers in 291 bytes (1 switches on core 0)
Aug 17 05:25:56.533812 np0000007448 devstack@c-api.service[97049]: DEBUG cinder.api.middleware.request_id [None req-b510e595-b689-4949-b1d5-c4785a3f44d3 None None] RequestId filter calling following filter/app {{(pid=97049) _context_setter /opt/stack/cinder/cinder/api/middleware/request_id.py:62}}
Aug 17 05:25:56.539022 np0000007448 devstack@c-api.service[97049]: INFO cinder.api.openstack.wsgi [None req-b510e595-b689-4949-b1d5-c4785a3f44d3 tempest-TaggedBootDevicesTest-319433728 tempest-TaggedBootDevicesTest-319433728-project-member] GET https://10.4.3.126/volume/v3/volumes/2c4e71e1-8947-4160-9f88-4eb0584c622d
Aug 17 05:25:56.539334 np0000007448 devstack@c-api.service[97049]: DEBUG cinder.api.openstack.wsgi [None req-b510e595-b689-4949-b1d5-c4785a3f44d3 tempest-TaggedBootDevicesTest-319433728 tempest-TaggedBootDevicesTest-319433728-project-member] Empty body provided in request {{(pid=97049) get_body /opt/stack/cinder/cinder/api/openstack/wsgi.py:725}}
Aug 17 05:25:56.539586 np0000007448 devstack@c-api.service[97049]: DEBUG cinder.api.openstack.wsgi [None req-b510e595-b689-4949-b1d5-c4785a3f44d3 tempest-TaggedBootDevicesTest-319433728 tempest-TaggedBootDevicesTest-319433728-project-member] Calling method 'show' {{(pid=97049) _process_stack /opt/stack/cinder/cinder/api/openstack/wsgi.py:878}}
Aug 17 05:25:56.548530 np0000007448 devstack@c-api.service[97049]: /opt/stack/data/venv/lib/python3.12/site-packages/oslo_context/context.py:102: DeprecationWarning: Policy enforcement is depending on the value of is_admin. This key is deprecated. Please update your policy file to use the standard policy values.
Aug 17 05:25:56.548530 np0000007448 devstack@c-api.service[97049]: warnings.warn(
Aug 17 05:25:56.554310 np0000007448 devstack@c-api.service[97049]: INFO cinder.volume.api [None req-b510e595-b689-4949-b1d5-c4785a3f44d3 tempest-TaggedBootDevicesTest-319433728 tempest-TaggedBootDevicesTest-319433728-project-member] Volume info retrieved successfully.
Aug 17 05:25:56.559306 np0000007448 devstack@c-api.service[97049]: INFO cinder.api.openstack.wsgi [None req-b510e595-b689-4949-b1d5-c4785a3f44d3 tempest-TaggedBootDevicesTest-319433728 tempest-TaggedBootDevicesTest-319433728-project-member] https://10.4.3.126/volume/v3/volumes/2c4e71e1-8947-4160-9f88-4eb0584c622d returned with HTTP 200
Aug 17 05:25:56.559849 np0000007448 devstack@c-api.service[97049]: [pid: 97049|app: 0|req: 17/59] 10.4.3.126 () {66 vars in 1348 bytes} [Mon Aug 17 05:25:56 2026] GET /volume/v3/volumes/2c4e71e1-8947-4160-9f88-4eb0584c622d => generated 820 bytes in 26 msecs (HTTP/1.1 200) 7 headers in 285 bytes (1 switches on core 0)
Aug 17 05:25:56.747596 np0000007448 devstack@c-api.service[97050]: DEBUG cinder.api.middleware.request_id [None req-43ede752-ce85-4656-b37b-729b70d66f2b None None] RequestId filter calling following filter/app {{(pid=97050) _context_setter /opt/stack/cinder/cinder/api/middleware/request_id.py:62}}
Aug 17 05:25:56.750934 np0000007448 devstack@c-api.service[97050]: INFO cinder.api.openstack.wsgi [None req-43ede752-ce85-4656-b37b-729b70d66f2b tempest-VolumesAssistedSnapshotsTest-1045383565 tempest-VolumesAssistedSnapshotsTest-1045383565-project-admin] GET https://10.4.3.126/volume/v3/volumes/378520c0-0b28-4332-bc9b-19c0e9776e53
