Aug 17 05:29:16.004903 np0000007448 devstack@g-api.service[99772]: DEBUG swiftclient [None req-bd926271-d08c-4bcc-a816-3650e400653a tempest-ServerBootFromVolumeStableRescueTest-544763942 tempest-ServerBootFromVolumeStableRescueTest-544763942-project-member] RESP STATUS: 200 OK {{(pid=99772) http_log /opt/stack/data/venv/lib/python3.12/site-packages/swiftclient/client.py:161}}
Aug 17 05:29:16.004903 np0000007448 devstack@g-api.service[99772]: DEBUG swiftclient [None req-bd926271-d08c-4bcc-a816-3650e400653a tempest-ServerBootFromVolumeStableRescueTest-544763942 tempest-ServerBootFromVolumeStableRescueTest-544763942-project-member] RESP HEADERS: {'Date': 'Mon, 17 Aug 2026 05:29:15 GMT', 'Server': 'Apache/2.4.58 (Ubuntu)', 'Content-Type': 'application/octet-stream', 'X-Object-Manifest': 'glance/36960833-04bf-4898-9ad1-9e0c1e97cec0-', 'Last-Modified': 'Mon, 17 Aug 2026 05:29:01 GMT', 'X-Timestamp': '1786944540.15154', 'Accept-Ranges': 'bytes', 'Content-Length': '23527424', 'Etag': '"9c424351ecc3b84373f916fa8ecd34a2"', 'X-Trans-Id': 'txe3163565e6014b0bbf1b6-006a829c2b', 'X-Openstack-Request-Id': 'txe3163565e6014b0bbf1b6-006a829c2b', 'Connection': 'close'} {{(pid=99772) http_log /opt/stack/data/venv/lib/python3.12/site-packages/swiftclient/client.py:162}}
Aug 17 05:29:16.030471 np0000007448 devstack@g-api.service[99772]: DEBUG glance.image_cache [None req-bd926271-d08c-4bcc-a816-3650e400653a tempest-ServerBootFromVolumeStableRescueTest-544763942 tempest-ServerBootFromVolumeStableRescueTest-544763942-project-member] Tee'ing image '36960833-04bf-4898-9ad1-9e0c1e97cec0' into cache {{(pid=99772) get_caching_iter /opt/stack/glance/glance/image_cache/__init__.py:356}}
Aug 17 05:29:16.291874 np0000007448 devstack@g-api.service[99772]: DEBUG glance.image_cache.drivers.centralized_db [None req-bd926271-d08c-4bcc-a816-3650e400653a tempest-ServerBootFromVolumeStableRescueTest-544763942 tempest-ServerBootFromVolumeStableRescueTest-544763942-project-member] Fetch finished, moving '/opt/stack/data/glance/cache/incomplete/36960833-04bf-4898-9ad1-9e0c1e97cec0' to '/opt/stack/data/glance/cache/36960833-04bf-4898-9ad1-9e0c1e97cec0' {{(pid=99772) commit /opt/stack/glance/glance/image_cache/drivers/centralized_db.py:243}}
Aug 17 05:29:16.308015 np0000007448 devstack@g-api.service[99772]: DEBUG glance.image_cache.drivers.centralized_db [None req-bd926271-d08c-4bcc-a816-3650e400653a tempest-ServerBootFromVolumeStableRescueTest-544763942 tempest-ServerBootFromVolumeStableRescueTest-544763942-project-member] Image cached successfully. {{(pid=99772) commit /opt/stack/glance/glance/image_cache/drivers/centralized_db.py:258}}
Aug 17 05:29:16.308989 np0000007448 devstack@g-api.service[99772]: [pid: 99772|app: 0|req: 89/254] 127.0.0.1 () {44 vars in 1125 bytes} [Mon Aug 17 05:29:15 2026] GET /v2/images/36960833-04bf-4898-9ad1-9e0c1e97cec0/file => generated 23527424 bytes in 553 msecs (HTTP/1.1 200) 4 headers in 191 bytes (359 switches on core 0)
Aug 17 05:29:16.421547 np0000007448 devstack@g-api.service[99774]: DEBUG glance.api.middleware.version_negotiation [None req-bd926271-d08c-4bcc-a816-3650e400653a tempest-ServerBootFromVolumeStableRescueTest-544763942 tempest-ServerBootFromVolumeStableRescueTest-544763942-project-member] Determining version of request: GET /v2/images/36960833-04bf-4898-9ad1-9e0c1e97cec0 Accept: */* {{(pid=99774) process_request /opt/stack/glance/glance/api/middleware/version_negotiation.py:44}}
Aug 17 05:29:16.421726 np0000007448 devstack@g-api.service[99774]: DEBUG glance.api.middleware.version_negotiation [None req-bd926271-d08c-4bcc-a816-3650e400653a tempest-ServerBootFromVolumeStableRescueTest-544763942 tempest-ServerBootFromVolumeStableRescueTest-544763942-project-member] Using url versioning {{(pid=99774) process_request /opt/stack/glance/glance/api/middleware/version_negotiation.py:57}}
Aug 17 05:29:16.421925 np0000007448 devstack@g-api.service[99774]: DEBUG glance.api.middleware.version_negotiation [None req-bd926271-d08c-4bcc-a816-3650e400653a tempest-ServerBootFromVolumeStableRescueTest-544763942 tempest-ServerBootFromVolumeStableRescueTest-544763942-project-member] Matched version: v2 {{(pid=99774) process_request /opt/stack/glance/glance/api/middleware/version_negotiation.py:69}}
Aug 17 05:29:16.422129 np0000007448 devstack@g-api.service[99774]: DEBUG glance.api.middleware.version_negotiation [None req-bd926271-d08c-4bcc-a816-3650e400653a tempest-ServerBootFromVolumeStableRescueTest-544763942 tempest-ServerBootFromVolumeStableRescueTest-544763942-project-member] new path /v2/images/36960833-04bf-4898-9ad1-9e0c1e97cec0 {{(pid=99774) process_request /opt/stack/glance/glance/api/middleware/version_negotiation.py:70}}
Aug 17 05:29:16.455638 np0000007448 devstack@g-api.service[99774]: [pid: 99774|app: 0|req: 90/255] 127.0.0.1 () {44 vars in 1115 bytes} [Mon Aug 17 05:29:16 2026] GET /v2/images/36960833-04bf-4898-9ad1-9e0c1e97cec0 => generated 1694 bytes in 34 msecs (HTTP/1.1 200) 4 headers in 158 bytes (1 switches on core 0)
Aug 17 05:29:16.488182 np0000007448 devstack@g-api.service[99772]: DEBUG glance.api.middleware.version_negotiation [None req-bd926271-d08c-4bcc-a816-3650e400653a tempest-ServerBootFromVolumeStableRescueTest-544763942 tempest-ServerBootFromVolumeStableRescueTest-544763942-project-member] Determining version of request: GET /v2/images/4c1abaf5-8bd8-4740-a7cb-3780345ecda5 Accept: application/json {{(pid=99772) process_request /opt/stack/glance/glance/api/middleware/version_negotiation.py:44}}
Aug 17 05:29:16.488182 np0000007448 devstack@g-api.service[99772]: DEBUG glance.api.middleware.version_negotiation [None req-bd926271-d08c-4bcc-a816-3650e400653a tempest-ServerBootFromVolumeStableRescueTest-544763942 tempest-ServerBootFromVolumeStableRescueTest-544763942-project-member] Using url versioning {{(pid=99772) process_request /opt/stack/glance/glance/api/middleware/version_negotiation.py:57}}
Aug 17 05:29:16.488182 np0000007448 devstack@g-api.service[99772]: DEBUG glance.api.middleware.version_negotiation [None req-bd926271-d08c-4bcc-a816-3650e400653a tempest-ServerBootFromVolumeStableRescueTest-544763942 tempest-ServerBootFromVolumeStableRescueTest-544763942-project-member] Matched version: v2 {{(pid=99772) process_request /opt/stack/glance/glance/api/middleware/version_negotiation.py:69}}
Aug 17 05:29:16.488182 np0000007448 devstack@g-api.service[99772]: DEBUG glance.api.middleware.version_negotiation [None req-bd926271-d08c-4bcc-a816-3650e400653a tempest-ServerBootFromVolumeStableRescueTest-544763942 tempest-ServerBootFromVolumeStableRescueTest-544763942-project-member] new path /v2/images/4c1abaf5-8bd8-4740-a7cb-3780345ecda5 {{(pid=99772) process_request /opt/stack/glance/glance/api/middleware/version_negotiation.py:70}}
Aug 17 05:29:16.503666 np0000007448 devstack@g-api.service[99772]: [pid: 99772|app: 0|req: 90/256] 127.0.0.1 () {40 vars in 838 bytes} [Mon Aug 17 05:29:16 2026] GET /v2/images/4c1abaf5-8bd8-4740-a7cb-3780345ecda5 => generated 650 bytes in 17 msecs (HTTP/1.1 200) 4 headers in 157 bytes (1 switches on core 0)
Aug 17 05:29:16.515060 np0000007448 devstack@g-api.service[99774]: DEBUG glance.api.middleware.version_negotiation [None req-bd926271-d08c-4bcc-a816-3650e400653a tempest-ServerBootFromVolumeStableRescueTest-544763942 tempest-ServerBootFromVolumeStableRescueTest-544763942-project-member] Determining version of request: GET /v2/schemas/image Accept: */* {{(pid=99774) process_request /opt/stack/glance/glance/api/middleware/version_negotiation.py:44}}
Aug 17 05:29:16.515060 np0000007448 devstack@g-api.service[99774]: DEBUG glance.api.middleware.version_negotiation [None req-bd926271-d08c-4bcc-a816-3650e400653a tempest-ServerBootFromVolumeStableRescueTest-544763942 tempest-ServerBootFromVolumeStableRescueTest-544763942-project-member] Using url versioning {{(pid=99774) process_request /opt/stack/glance/glance/api/middleware/version_negotiation.py:57}}
Aug 17 05:29:16.515289 np0000007448 devstack@g-api.service[99774]: DEBUG glance.api.middleware.version_negotiation [None req-bd926271-d08c-4bcc-a816-3650e400653a tempest-ServerBootFromVolumeStableRescueTest-544763942 tempest-ServerBootFromVolumeStableRescueTest-544763942-project-member] Matched version: v2 {{(pid=99774) process_request /opt/stack/glance/glance/api/middleware/version_negotiation.py:69}}
Aug 17 05:29:16.515496 np0000007448 devstack@g-api.service[99774]: DEBUG glance.api.middleware.version_negotiation [None req-bd926271-d08c-4bcc-a816-3650e400653a tempest-ServerBootFromVolumeStableRescueTest-544763942 tempest-ServerBootFromVolumeStableRescueTest-544763942-project-member] new path /v2/schemas/image {{(pid=99774) process_request /opt/stack/glance/glance/api/middleware/version_negotiation.py:70}}
Aug 17 05:29:16.522037 np0000007448 devstack@g-api.service[99774]: [pid: 99774|app: 0|req: 91/257] 127.0.0.1 () {44 vars in 1055 bytes} [Mon Aug 17 05:29:16 2026] GET /v2/schemas/image => generated 6083 bytes in 7 msecs (HTTP/1.1 200) 4 headers in 158 bytes (1 switches on core 0)
Aug 17 05:29:17.513591 np0000007448 devstack@g-api.service[99772]: DEBUG glance.api.middleware.version_negotiation [None req-d7073aee-6199-412a-84dd-9372bab953e1 tempest-VolumesActionsTest-1954576354 tempest-VolumesActionsTest-1954576354-project-member] Determining version of request: GET /v2/images/4c1abaf5-8bd8-4740-a7cb-3780345ecda5 Accept: application/json {{(pid=99772) process_request /opt/stack/glance/glance/api/middleware/version_negotiation.py:44}}
Aug 17 05:29:17.514093 np0000007448 devstack@g-api.service[99772]: DEBUG glance.api.middleware.version_negotiation [None req-d7073aee-6199-412a-84dd-9372bab953e1 tempest-VolumesActionsTest-1954576354 tempest-VolumesActionsTest-1954576354-project-member] Using url versioning {{(pid=99772) process_request /opt/stack/glance/glance/api/middleware/version_negotiation.py:57}}
Aug 17 05:29:17.514093 np0000007448 devstack@g-api.service[99772]: DEBUG glance.api.middleware.version_negotiation [None req-d7073aee-6199-412a-84dd-9372bab953e1 tempest-VolumesActionsTest-1954576354 tempest-VolumesActionsTest-1954576354-project-member] Matched version: v2 {{(pid=99772) process_request /opt/stack/glance/glance/api/middleware/version_negotiation.py:69}}
Aug 17 05:29:17.514230 np0000007448 devstack@g-api.service[99772]: DEBUG glance.api.middleware.version_negotiation [None req-d7073aee-6199-412a-84dd-9372bab953e1 tempest-VolumesActionsTest-1954576354 tempest-VolumesActionsTest-1954576354-project-member] new path /v2/images/4c1abaf5-8bd8-4740-a7cb-3780345ecda5 {{(pid=99772) process_request /opt/stack/glance/glance/api/middleware/version_negotiation.py:70}}
Aug 17 05:29:17.537038 np0000007448 devstack@g-api.service[99772]: [pid: 99772|app: 0|req: 91/258] 127.0.0.1 () {40 vars in 838 bytes} [Mon Aug 17 05:29:17 2026] GET /v2/images/4c1abaf5-8bd8-4740-a7cb-3780345ecda5 => generated 650 bytes in 24 msecs (HTTP/1.1 200) 4 headers in 157 bytes (1 switches on core 0)
Aug 17 05:29:18.549279 np0000007448 devstack@g-api.service[99774]: DEBUG glance.api.middleware.version_negotiation [None req-bd926271-d08c-4bcc-a816-3650e400653a tempest-ServerBootFromVolumeStableRescueTest-544763942 tempest-ServerBootFromVolumeStableRescueTest-544763942-project-member] Determining version of request: GET /v2/images/4c1abaf5-8bd8-4740-a7cb-3780345ecda5 Accept: application/json {{(pid=99774) process_request /opt/stack/glance/glance/api/middleware/version_negotiation.py:44}}
Aug 17 05:29:18.549279 np0000007448 devstack@g-api.service[99774]: DEBUG glance.api.middleware.version_negotiation [None req-bd926271-d08c-4bcc-a816-3650e400653a tempest-ServerBootFromVolumeStableRescueTest-544763942 tempest-ServerBootFromVolumeStableRescueTest-544763942-project-member] Using url versioning {{(pid=99774) process_request /opt/stack/glance/glance/api/middleware/version_negotiation.py:57}}
Aug 17 05:29:18.549279 np0000007448 devstack@g-api.service[99774]: DEBUG glance.api.middleware.version_negotiation [None req-bd926271-d08c-4bcc-a816-3650e400653a tempest-ServerBootFromVolumeStableRescueTest-544763942 tempest-ServerBootFromVolumeStableRescueTest-544763942-project-member] Matched version: v2 {{(pid=99774) process_request /opt/stack/glance/glance/api/middleware/version_negotiation.py:69}}
Aug 17 05:29:18.549893 np0000007448 devstack@g-api.service[99774]: DEBUG glance.api.middleware.version_negotiation [None req-bd926271-d08c-4bcc-a816-3650e400653a tempest-ServerBootFromVolumeStableRescueTest-544763942 tempest-ServerBootFromVolumeStableRescueTest-544763942-project-member] new path /v2/images/4c1abaf5-8bd8-4740-a7cb-3780345ecda5 {{(pid=99774) process_request /opt/stack/glance/glance/api/middleware/version_negotiation.py:70}}
Aug 17 05:29:18.567894 np0000007448 devstack@g-api.service[99774]: [pid: 99774|app: 0|req: 92/259] 127.0.0.1 () {40 vars in 838 bytes} [Mon Aug 17 05:29:18 2026] GET /v2/images/4c1abaf5-8bd8-4740-a7cb-3780345ecda5 => generated 650 bytes in 19 msecs (HTTP/1.1 200) 4 headers in 157 bytes (1 switches on core 0)
Aug 17 05:29:18.597731 np0000007448 devstack@g-api.service[99773]: DEBUG swiftclient [None req-4b4687b9-48b3-4d48-8aa1-26060f8a4937 tempest-VolumesActionsTest-1954576354 tempest-VolumesActionsTest-1954576354-project-member] REQ: curl -i https://10.4.3.126:8080/v1/AUTH_f60af42e06904f54a8a1767bcdfc5e14/glance/4c1abaf5-8bd8-4740-a7cb-3780345ecda5-00003 -X PUT -H "X-Auth-Token: gAAAAABqgpwkfZzm..." {{(pid=99773) http_log /opt/stack/data/venv/lib/python3.12/site-packages/swiftclient/client.py:160}}
Aug 17 05:29:18.597731 np0000007448 devstack@g-api.service[99773]: DEBUG swiftclient [None req-4b4687b9-48b3-4d48-8aa1-26060f8a4937 tempest-VolumesActionsTest-1954576354 tempest-VolumesActionsTest-1954576354-project-member] RESP STATUS: 201 Created {{(pid=99773) http_log /opt/stack/data/venv/lib/python3.12/site-packages/swiftclient/client.py:161}}
Aug 17 05:29:18.598110 np0000007448 devstack@g-api.service[99773]: DEBUG swiftclient [None req-4b4687b9-48b3-4d48-8aa1-26060f8a4937 tempest-VolumesActionsTest-1954576354 tempest-VolumesActionsTest-1954576354-project-member] RESP HEADERS: {'Date': 'Mon, 17 Aug 2026 05:29:18 GMT', 'Server': 'Apache/2.4.58 (Ubuntu)', 'Content-Type': 'text/html; charset=UTF-8', 'Content-Length': '0', 'Etag': 'eda9a9889837ac4bc81d6387d92c1bec', 'Last-Modified': 'Mon, 17 Aug 2026 05:29:16 GMT', 'X-Trans-Id': 'tx93efb15d6dad4ab789789-006a829c2b', 'X-Openstack-Request-Id': 'tx93efb15d6dad4ab789789-006a829c2b', 'Connection': 'close'} {{(pid=99773) http_log /opt/stack/data/venv/lib/python3.12/site-packages/swiftclient/client.py:162}}
Aug 17 05:29:18.598110 np0000007448 devstack@g-api.service[99773]: DEBUG glance_store._drivers.swift.store [None req-4b4687b9-48b3-4d48-8aa1-26060f8a4937 tempest-VolumesActionsTest-1954576354 tempest-VolumesActionsTest-1954576354-project-member] Wrote chunk 4c1abaf5-8bd8-4740-a7cb-3780345ecda5-00003 (3/?) of length 204800000 to Swift returning MD5 of content: eda9a9889837ac4bc81d6387d92c1bec {{(pid=99773) add /opt/stack/data/venv/lib/python3.12/site-packages/glance_store/_drivers/swift/store.py:1059}}
Aug 17 05:29:18.780994 np0000007448 devstack@g-api.service[99773]: DEBUG dbcounter [-] [99773] Writing DB stats glance:SELECT=70,glance:UPDATE=6,glance:INSERT=7 {{(pid=99773) stat_writer /opt/stack/data/venv/lib/python3.12/site-packages/dbcounter.py:115}}
Aug 17 05:29:19.584016 np0000007448 devstack@g-api.service[99772]: DEBUG glance.api.middleware.version_negotiation [None req-9d0712e6-bcbf-4a8c-878a-00409a8205ca tempest-VolumesActionsTest-1954576354 tempest-VolumesActionsTest-1954576354-project-member] Determining version of request: GET /v2/images/4c1abaf5-8bd8-4740-a7cb-3780345ecda5 Accept: application/json {{(pid=99772) process_request /opt/stack/glance/glance/api/middleware/version_negotiation.py:44}}
Aug 17 05:29:19.584016 np0000007448 devstack@g-api.service[99772]: DEBUG glance.api.middleware.version_negotiation [None req-9d0712e6-bcbf-4a8c-878a-00409a8205ca tempest-VolumesActionsTest-1954576354 tempest-VolumesActionsTest-1954576354-project-member] Using url versioning {{(pid=99772) process_request /opt/stack/glance/glance/api/middleware/version_negotiation.py:57}}
Aug 17 05:29:19.584445 np0000007448 devstack@g-api.service[99772]: DEBUG glance.api.middleware.version_negotiation [None req-9d0712e6-bcbf-4a8c-878a-00409a8205ca tempest-VolumesActionsTest-1954576354 tempest-VolumesActionsTest-1954576354-project-member] Matched version: v2 {{(pid=99772) process_request /opt/stack/glance/glance/api/middleware/version_negotiation.py:69}}
Aug 17 05:29:19.585105 np0000007448 devstack@g-api.service[99772]: DEBUG glance.api.middleware.version_negotiation [None req-9d0712e6-bcbf-4a8c-878a-00409a8205ca tempest-VolumesActionsTest-1954576354 tempest-VolumesActionsTest-1954576354-project-member] new path /v2/images/4c1abaf5-8bd8-4740-a7cb-3780345ecda5 {{(pid=99772) process_request /opt/stack/glance/glance/api/middleware/version_negotiation.py:70}}
Aug 17 05:29:19.614487 np0000007448 devstack@g-api.service[99772]: [pid: 99772|app: 0|req: 92/260] 127.0.0.1 () {40 vars in 838 bytes} [Mon Aug 17 05:29:19 2026] GET /v2/images/4c1abaf5-8bd8-4740-a7cb-3780345ecda5 => generated 650 bytes in 31 msecs (HTTP/1.1 200) 4 headers in 157 bytes (1 switches on core 0)
Aug 17 05:29:20.630580 np0000007448 devstack@g-api.service[99774]: DEBUG glance.api.middleware.version_negotiation [None req-f52339e0-aff3-4e10-9e73-9bf8b90d9ac0 tempest-VolumesActionsTest-1954576354 tempest-VolumesActionsTest-1954576354-project-member] Determining version of request: GET /v2/images/4c1abaf5-8bd8-4740-a7cb-3780345ecda5 Accept: application/json {{(pid=99774) process_request /opt/stack/glance/glance/api/middleware/version_negotiation.py:44}}
Aug 17 05:29:20.630580 np0000007448 devstack@g-api.service[99774]: DEBUG glance.api.middleware.version_negotiation [None req-f52339e0-aff3-4e10-9e73-9bf8b90d9ac0 tempest-VolumesActionsTest-1954576354 tempest-VolumesActionsTest-1954576354-project-member] Using url versioning {{(pid=99774) process_request /opt/stack/glance/glance/api/middleware/version_negotiation.py:57}}
Aug 17 05:29:20.631352 np0000007448 devstack@g-api.service[99774]: DEBUG glance.api.middleware.version_negotiation [None req-f52339e0-aff3-4e10-9e73-9bf8b90d9ac0 tempest-VolumesActionsTest-1954576354 tempest-VolumesActionsTest-1954576354-project-member] Matched version: v2 {{(pid=99774) process_request /opt/stack/glance/glance/api/middleware/version_negotiation.py:69}}
Aug 17 05:29:20.631352 np0000007448 devstack@g-api.service[99774]: DEBUG glance.api.middleware.version_negotiation [None req-f52339e0-aff3-4e10-9e73-9bf8b90d9ac0 tempest-VolumesActionsTest-1954576354 tempest-VolumesActionsTest-1954576354-project-member] new path /v2/images/4c1abaf5-8bd8-4740-a7cb-3780345ecda5 {{(pid=99774) process_request /opt/stack/glance/glance/api/middleware/version_negotiation.py:70}}
Aug 17 05:29:20.650668 np0000007448 devstack@g-api.service[99774]: [pid: 99774|app: 0|req: 93/261] 127.0.0.1 () {40 vars in 838 bytes} [Mon Aug 17 05:29:20 2026] GET /v2/images/4c1abaf5-8bd8-4740-a7cb-3780345ecda5 => generated 650 bytes in 21 msecs (HTTP/1.1 200) 4 headers in 157 bytes (1 switches on core 0)
Aug 17 05:29:21.457766 np0000007448 devstack@g-api.service[99773]: DEBUG swiftclient [None req-4b4687b9-48b3-4d48-8aa1-26060f8a4937 tempest-VolumesActionsTest-1954576354 tempest-VolumesActionsTest-1954576354-project-member] REQ: curl -i https://10.4.3.126:8080/v1/AUTH_f60af42e06904f54a8a1767bcdfc5e14/glance/4c1abaf5-8bd8-4740-a7cb-3780345ecda5-00004 -X PUT -H "X-Auth-Token: gAAAAABqgpwkfZzm..." {{(pid=99773) http_log /opt/stack/data/venv/lib/python3.12/site-packages/swiftclient/client.py:160}}
Aug 17 05:29:21.458203 np0000007448 devstack@g-api.service[99773]: DEBUG swiftclient [None req-4b4687b9-48b3-4d48-8aa1-26060f8a4937 tempest-VolumesActionsTest-1954576354 tempest-VolumesActionsTest-1954576354-project-member] RESP STATUS: 201 Created {{(pid=99773) http_log /opt/stack/data/venv/lib/python3.12/site-packages/swiftclient/client.py:161}}
Aug 17 05:29:21.458203 np0000007448 devstack@g-api.service[99773]: DEBUG swiftclient [None req-4b4687b9-48b3-4d48-8aa1-26060f8a4937 tempest-VolumesActionsTest-1954576354 tempest-VolumesActionsTest-1954576354-project-member] RESP HEADERS: {'Date': 'Mon, 17 Aug 2026 05:29:21 GMT', 'Server': 'Apache/2.4.58 (Ubuntu)', 'Content-Type': 'text/html; charset=UTF-8', 'Content-Length': '0', 'Etag': 'eda9a9889837ac4bc81d6387d92c1bec', 'Last-Modified': 'Mon, 17 Aug 2026 05:29:19 GMT', 'X-Trans-Id': 'txb6b6c4902455446dbb884-006a829c2e', 'X-Openstack-Request-Id': 'txb6b6c4902455446dbb884-006a829c2e', 'Connection': 'close'} {{(pid=99773) http_log /opt/stack/data/venv/lib/python3.12/site-packages/swiftclient/client.py:162}}
Aug 17 05:29:21.458351 np0000007448 devstack@g-api.service[99773]: DEBUG glance_store._drivers.swift.store [None req-4b4687b9-48b3-4d48-8aa1-26060f8a4937 tempest-VolumesActionsTest-1954576354 tempest-VolumesActionsTest-1954576354-project-member] Wrote chunk 4c1abaf5-8bd8-4740-a7cb-3780345ecda5-00004 (4/?) of length 204800000 to Swift returning MD5 of content: eda9a9889837ac4bc81d6387d92c1bec {{(pid=99773) add /opt/stack/data/venv/lib/python3.12/site-packages/glance_store/_drivers/swift/store.py:1059}}
Aug 17 05:29:21.664951 np0000007448 devstack@g-api.service[99772]: DEBUG glance.api.middleware.version_negotiation [None req-9e31f1ab-be3e-4372-8711-46f5b85441f0 tempest-VolumesActionsTest-1954576354 tempest-VolumesActionsTest-1954576354-project-member] Determining version of request: GET /v2/images/4c1abaf5-8bd8-4740-a7cb-3780345ecda5 Accept: application/json {{(pid=99772) process_request /opt/stack/glance/glance/api/middleware/version_negotiation.py:44}}
Aug 17 05:29:21.665468 np0000007448 devstack@g-api.service[99772]: DEBUG glance.api.middleware.version_negotiation [None req-9e31f1ab-be3e-4372-8711-46f5b85441f0 tempest-VolumesActionsTest-1954576354 tempest-VolumesActionsTest-1954576354-project-member] Using url versioning {{(pid=99772) process_request /opt/stack/glance/glance/api/middleware/version_negotiation.py:57}}
Aug 17 05:29:21.665876 np0000007448 devstack@g-api.service[99772]: DEBUG glance.api.middleware.version_negotiation [None req-9e31f1ab-be3e-4372-8711-46f5b85441f0 tempest-VolumesActionsTest-1954576354 tempest-VolumesActionsTest-1954576354-project-member] Matched version: v2 {{(pid=99772) process_request /opt/stack/glance/glance/api/middleware/version_negotiation.py:69}}
Aug 17 05:29:21.666088 np0000007448 devstack@g-api.service[99772]: DEBUG glance.api.middleware.version_negotiation [None req-9e31f1ab-be3e-4372-8711-46f5b85441f0 tempest-VolumesActionsTest-1954576354 tempest-VolumesActionsTest-1954576354-project-member] new path /v2/images/4c1abaf5-8bd8-4740-a7cb-3780345ecda5 {{(pid=99772) process_request /opt/stack/glance/glance/api/middleware/version_negotiation.py:70}}
Aug 17 05:29:21.682401 np0000007448 devstack@g-api.service[99772]: [pid: 99772|app: 0|req: 93/262] 127.0.0.1 () {40 vars in 838 bytes} [Mon Aug 17 05:29:21 2026] GET /v2/images/4c1abaf5-8bd8-4740-a7cb-3780345ecda5 => generated 650 bytes in 17 msecs (HTTP/1.1 200) 4 headers in 157 bytes (1 switches on core 0)
Aug 17 05:29:22.697818 np0000007448 devstack@g-api.service[99774]: DEBUG glance.api.middleware.version_negotiation [None req-49f0d47e-e630-4c53-b719-4c50be3b27bf tempest-VolumesActionsTest-1954576354 tempest-VolumesActionsTest-1954576354-project-member] Determining version of request: GET /v2/images/4c1abaf5-8bd8-4740-a7cb-3780345ecda5 Accept: application/json {{(pid=99774) process_request /opt/stack/glance/glance/api/middleware/version_negotiation.py:44}}
Aug 17 05:29:22.698106 np0000007448 devstack@g-api.service[99774]: DEBUG glance.api.middleware.version_negotiation [None req-49f0d47e-e630-4c53-b719-4c50be3b27bf tempest-VolumesActionsTest-1954576354 tempest-VolumesActionsTest-1954576354-project-member] Using url versioning {{(pid=99774) process_request /opt/stack/glance/glance/api/middleware/version_negotiation.py:57}}
Aug 17 05:29:22.698224 np0000007448 devstack@g-api.service[99774]: DEBUG glance.api.middleware.version_negotiation [None req-49f0d47e-e630-4c53-b719-4c50be3b27bf tempest-VolumesActionsTest-1954576354 tempest-VolumesActionsTest-1954576354-project-member] Matched version: v2 {{(pid=99774) process_request /opt/stack/glance/glance/api/middleware/version_negotiation.py:69}}
Aug 17 05:29:22.698385 np0000007448 devstack@g-api.service[99774]: DEBUG glance.api.middleware.version_negotiation [None req-49f0d47e-e630-4c53-b719-4c50be3b27bf tempest-VolumesActionsTest-1954576354 tempest-VolumesActionsTest-1954576354-project-member] new path /v2/images/4c1abaf5-8bd8-4740-a7cb-3780345ecda5 {{(pid=99774) process_request /opt/stack/glance/glance/api/middleware/version_negotiation.py:70}}
Aug 17 05:29:22.728341 np0000007448 devstack@g-api.service[99774]: [pid: 99774|app: 0|req: 94/263] 127.0.0.1 () {40 vars in 838 bytes} [Mon Aug 17 05:29:22 2026] GET /v2/images/4c1abaf5-8bd8-4740-a7cb-3780345ecda5 => generated 650 bytes in 30 msecs (HTTP/1.1 200) 4 headers in 157 bytes (1 switches on core 0)
Aug 17 05:29:23.749108 np0000007448 devstack@g-api.service[99772]: DEBUG glance.api.middleware.version_negotiation [None req-bc05eec4-b7c5-4e1b-a37f-cb51b4564d82 tempest-VolumesActionsTest-1954576354 tempest-VolumesActionsTest-1954576354-project-member] Determining version of request: GET /v2/images/4c1abaf5-8bd8-4740-a7cb-3780345ecda5 Accept: application/json {{(pid=99772) process_request /opt/stack/glance/glance/api/middleware/version_negotiation.py:44}}
Aug 17 05:29:23.749558 np0000007448 devstack@g-api.service[99772]: DEBUG glance.api.middleware.version_negotiation [None req-bc05eec4-b7c5-4e1b-a37f-cb51b4564d82 tempest-VolumesActionsTest-1954576354 tempest-VolumesActionsTest-1954576354-project-member] Using url versioning {{(pid=99772) process_request /opt/stack/glance/glance/api/middleware/version_negotiation.py:57}}
Aug 17 05:29:23.749558 np0000007448 devstack@g-api.service[99772]: DEBUG glance.api.middleware.version_negotiation [None req-bc05eec4-b7c5-4e1b-a37f-cb51b4564d82 tempest-VolumesActionsTest-1954576354 tempest-VolumesActionsTest-1954576354-project-member] Matched version: v2 {{(pid=99772) process_request /opt/stack/glance/glance/api/middleware/version_negotiation.py:69}}
Aug 17 05:29:23.749700 np0000007448 devstack@g-api.service[99772]: DEBUG glance.api.middleware.version_negotiation [None req-bc05eec4-b7c5-4e1b-a37f-cb51b4564d82 tempest-VolumesActionsTest-1954576354 tempest-VolumesActionsTest-1954576354-project-member] new path /v2/images/4c1abaf5-8bd8-4740-a7cb-3780345ecda5 {{(pid=99772) process_request /opt/stack/glance/glance/api/middleware/version_negotiation.py:70}}
Aug 17 05:29:23.764670 np0000007448 devstack@g-api.service[99772]: [pid: 99772|app: 0|req: 94/264] 127.0.0.1 () {40 vars in 838 bytes} [Mon Aug 17 05:29:23 2026] GET /v2/images/4c1abaf5-8bd8-4740-a7cb-3780345ecda5 => generated 650 bytes in 16 msecs (HTTP/1.1 200) 4 headers in 157 bytes (1 switches on core 0)
Aug 17 05:29:24.610545 np0000007448 devstack@g-api.service[99773]: DEBUG swiftclient [None req-4b4687b9-48b3-4d48-8aa1-26060f8a4937 tempest-VolumesActionsTest-1954576354 tempest-VolumesActionsTest-1954576354-project-member] REQ: curl -i https://10.4.3.126:8080/v1/AUTH_f60af42e06904f54a8a1767bcdfc5e14/glance/4c1abaf5-8bd8-4740-a7cb-3780345ecda5-00005 -X PUT -H "X-Auth-Token: gAAAAABqgpwkfZzm..." {{(pid=99773) http_log /opt/stack/data/venv/lib/python3.12/site-packages/swiftclient/client.py:160}}
Aug 17 05:29:24.610545 np0000007448 devstack@g-api.service[99773]: DEBUG swiftclient [None req-4b4687b9-48b3-4d48-8aa1-26060f8a4937 tempest-VolumesActionsTest-1954576354 tempest-VolumesActionsTest-1954576354-project-member] RESP STATUS: 201 Created {{(pid=99773) http_log /opt/stack/data/venv/lib/python3.12/site-packages/swiftclient/client.py:161}}
Aug 17 05:29:24.612646 np0000007448 devstack@g-api.service[99773]: DEBUG swiftclient [None req-4b4687b9-48b3-4d48-8aa1-26060f8a4937 tempest-VolumesActionsTest-1954576354 tempest-VolumesActionsTest-1954576354-project-member] RESP HEADERS: {'Date': 'Mon, 17 Aug 2026 05:29:24 GMT', 'Server': 'Apache/2.4.58 (Ubuntu)', 'Content-Type': 'text/html; charset=UTF-8', 'Content-Length': '0', 'Etag': 'eda9a9889837ac4bc81d6387d92c1bec', 'Last-Modified': 'Mon, 17 Aug 2026 05:29:22 GMT', 'X-Trans-Id': 'tx432942d74b3e461497dc3-006a829c31', 'X-Openstack-Request-Id': 'tx432942d74b3e461497dc3-006a829c31', 'Connection': 'close'} {{(pid=99773) http_log /opt/stack/data/venv/lib/python3.12/site-packages/swiftclient/client.py:162}}
Aug 17 05:29:24.612646 np0000007448 devstack@g-api.service[99773]: DEBUG glance_store._drivers.swift.store [None req-4b4687b9-48b3-4d48-8aa1-26060f8a4937 tempest-VolumesActionsTest-1954576354 tempest-VolumesActionsTest-1954576354-project-member] Wrote chunk 4c1abaf5-8bd8-4740-a7cb-3780345ecda5-00005 (5/?) of length 204800000 to Swift returning MD5 of content: eda9a9889837ac4bc81d6387d92c1bec {{(pid=99773) add /opt/stack/data/venv/lib/python3.12/site-packages/glance_store/_drivers/swift/store.py:1059}}
Aug 17 05:29:24.779506 np0000007448 devstack@g-api.service[99774]: DEBUG glance.api.middleware.version_negotiation [None req-9f576315-6a59-4b29-944c-95f47a85aeb5 tempest-VolumesActionsTest-1954576354 tempest-VolumesActionsTest-1954576354-project-member] Determining version of request: GET /v2/images/4c1abaf5-8bd8-4740-a7cb-3780345ecda5 Accept: application/json {{(pid=99774) process_request /opt/stack/glance/glance/api/middleware/version_negotiation.py:44}}
Aug 17 05:29:24.780135 np0000007448 devstack@g-api.service[99774]: DEBUG glance.api.middleware.version_negotiation [None req-9f576315-6a59-4b29-944c-95f47a85aeb5 tempest-VolumesActionsTest-1954576354 tempest-VolumesActionsTest-1954576354-project-member] Using url versioning {{(pid=99774) process_request /opt/stack/glance/glance/api/middleware/version_negotiation.py:57}}
Aug 17 05:29:24.780767 np0000007448 devstack@g-api.service[99774]: DEBUG glance.api.middleware.version_negotiation [None req-9f576315-6a59-4b29-944c-95f47a85aeb5 tempest-VolumesActionsTest-1954576354 tempest-VolumesActionsTest-1954576354-project-member] Matched version: v2 {{(pid=99774) process_request /opt/stack/glance/glance/api/middleware/version_negotiation.py:69}}
Aug 17 05:29:24.780823 np0000007448 devstack@g-api.service[99774]: DEBUG glance.api.middleware.version_negotiation [None req-9f576315-6a59-4b29-944c-95f47a85aeb5 tempest-VolumesActionsTest-1954576354 tempest-VolumesActionsTest-1954576354-project-member] new path /v2/images/4c1abaf5-8bd8-4740-a7cb-3780345ecda5 {{(pid=99774) process_request /opt/stack/glance/glance/api/middleware/version_negotiation.py:70}}
Aug 17 05:29:24.797288 np0000007448 devstack@g-api.service[99774]: [pid: 99774|app: 0|req: 95/265] 127.0.0.1 () {40 vars in 838 bytes} [Mon Aug 17 05:29:24 2026] GET /v2/images/4c1abaf5-8bd8-4740-a7cb-3780345ecda5 => generated 650 bytes in 18 msecs (HTTP/1.1 200) 4 headers in 157 bytes (1 switches on core 0)
Aug 17 05:29:25.449009 np0000007448 devstack@g-api.service[99773]: DEBUG swiftclient [None req-4b4687b9-48b3-4d48-8aa1-26060f8a4937 tempest-VolumesActionsTest-1954576354 tempest-VolumesActionsTest-1954576354-project-member] REQ: curl -i https://10.4.3.126:8080/v1/AUTH_f60af42e06904f54a8a1767bcdfc5e14/glance/4c1abaf5-8bd8-4740-a7cb-3780345ecda5-00006 -X PUT -H "X-Auth-Token: gAAAAABqgpwkfZzm..." {{(pid=99773) http_log /opt/stack/data/venv/lib/python3.12/site-packages/swiftclient/client.py:160}}
Aug 17 05:29:25.449009 np0000007448 devstack@g-api.service[99773]: DEBUG swiftclient [None req-4b4687b9-48b3-4d48-8aa1-26060f8a4937 tempest-VolumesActionsTest-1954576354 tempest-VolumesActionsTest-1954576354-project-member] RESP STATUS: 201 Created {{(pid=99773) http_log /opt/stack/data/venv/lib/python3.12/site-packages/swiftclient/client.py:161}}
Aug 17 05:29:25.449009 np0000007448 devstack@g-api.service[99773]: DEBUG swiftclient [None req-4b4687b9-48b3-4d48-8aa1-26060f8a4937 tempest-VolumesActionsTest-1954576354 tempest-VolumesActionsTest-1954576354-project-member] RESP HEADERS: {'Date': 'Mon, 17 Aug 2026 05:29:25 GMT', 'Server': 'Apache/2.4.58 (Ubuntu)', 'Content-Type': 'text/html; charset=UTF-8', 'Content-Length': '0', 'Etag': '708761f3b8777ec77058e63da08eeeb6', 'Last-Modified': 'Mon, 17 Aug 2026 05:29:25 GMT', 'X-Trans-Id': 'tx914af7eacf2444be9db15-006a829c34', 'X-Openstack-Request-Id': 'tx914af7eacf2444be9db15-006a829c34', 'Connection': 'close'} {{(pid=99773) http_log /opt/stack/data/venv/lib/python3.12/site-packages/swiftclient/client.py:162}}
Aug 17 05:29:25.449009 np0000007448 devstack@g-api.service[99773]: DEBUG glance_store._drivers.swift.store [None req-4b4687b9-48b3-4d48-8aa1-26060f8a4937 tempest-VolumesActionsTest-1954576354 tempest-VolumesActionsTest-1954576354-project-member] Wrote chunk 4c1abaf5-8bd8-4740-a7cb-3780345ecda5-00006 (6/?) of length 49741824 to Swift returning MD5 of content: 708761f3b8777ec77058e63da08eeeb6 {{(pid=99773) add /opt/stack/data/venv/lib/python3.12/site-packages/glance_store/_drivers/swift/store.py:1059}}
Aug 17 05:29:25.451217 np0000007448 devstack@g-api.service[99773]: DEBUG glance_store._drivers.swift.store [None req-4b4687b9-48b3-4d48-8aa1-26060f8a4937 tempest-VolumesActionsTest-1954576354 tempest-VolumesActionsTest-1954576354-project-member] Not writing zero-length chunk. {{(pid=99773) add /opt/stack/data/venv/lib/python3.12/site-packages/glance_store/_drivers/swift/store.py:1028}}
Aug 17 05:29:25.498680 np0000007448 devstack@g-api.service[99773]: DEBUG swiftclient [None req-4b4687b9-48b3-4d48-8aa1-26060f8a4937 tempest-VolumesActionsTest-1954576354 tempest-VolumesActionsTest-1954576354-project-member] REQ: curl -i https://10.4.3.126:8080/v1/AUTH_f60af42e06904f54a8a1767bcdfc5e14/glance/4c1abaf5-8bd8-4740-a7cb-3780345ecda5 -X PUT -H "X-Object-Manifest: glance/4c1abaf5-8bd8-4740-a7cb-3780345ecda5-" -H "X-Auth-Token: gAAAAABqgpwkfZzm..." -H "Content-Length: 0" {{(pid=99773) http_log /opt/stack/data/venv/lib/python3.12/site-packages/swiftclient/client.py:160}}
Aug 17 05:29:25.498680 np0000007448 devstack@g-api.service[99773]: DEBUG swiftclient [None req-4b4687b9-48b3-4d48-8aa1-26060f8a4937 tempest-VolumesActionsTest-1954576354 tempest-VolumesActionsTest-1954576354-project-member] RESP STATUS: 201 Created {{(pid=99773) http_log /opt/stack/data/venv/lib/python3.12/site-packages/swiftclient/client.py:161}}
Aug 17 05:29:25.498680 np0000007448 devstack@g-api.service[99773]: DEBUG swiftclient [None req-4b4687b9-48b3-4d48-8aa1-26060f8a4937 tempest-VolumesActionsTest-1954576354 tempest-VolumesActionsTest-1954576354-project-member] RESP HEADERS: {'Date': 'Mon, 17 Aug 2026 05:29:25 GMT', 'Server': 'Apache/2.4.58 (Ubuntu)', 'Content-Type': 'text/html; charset=UTF-8', 'Content-Length': '0', 'Etag': 'd41d8cd98f00b204e9800998ecf8427e', 'Last-Modified': 'Mon, 17 Aug 2026 05:29:26 GMT', 'X-Trans-Id': 'tx3e7cad66236948efb1503-006a829c35', 'X-Openstack-Request-Id': 'tx3e7cad66236948efb1503-006a829c35', 'Connection': 'close'} {{(pid=99773) http_log /opt/stack/data/venv/lib/python3.12/site-packages/swiftclient/client.py:162}}
Aug 17 05:29:25.499153 np0000007448 devstack@g-api.service[99773]: INFO glance.location [None req-4b4687b9-48b3-4d48-8aa1-26060f8a4937 tempest-VolumesActionsTest-1954576354 tempest-VolumesActionsTest-1954576354-project-member] Image format matched and virtual size computed: 1073741824
Aug 17 05:29:25.550352 np0000007448 devstack@g-api.service[99773]: DEBUG glance_store.backend [None req-4b4687b9-48b3-4d48-8aa1-26060f8a4937 tempest-VolumesActionsTest-1954576354 tempest-VolumesActionsTest-1954576354-project-member] Attempting to import store swift {{(pid=99773) _load_store /opt/stack/data/venv/lib/python3.12/site-packages/glance_store/backend.py:215}}
Aug 17 05:29:25.552645 np0000007448 devstack@g-api.service[99773]: DEBUG glance_store.capabilities [None req-4b4687b9-48b3-4d48-8aa1-26060f8a4937 tempest-VolumesActionsTest-1954576354 tempest-VolumesActionsTest-1954576354-project-member] Store glance_store._drivers.swift.store.SingleTenantStore doesn't support updating dynamic storage capabilities. Please overwrite 'update_capabilities' method of the store to implement updating logics if needed. {{(pid=99773) update_capabilities /opt/stack/data/venv/lib/python3.12/site-packages/glance_store/capabilities.py:91}}
Aug 17 05:29:25.552645 np0000007448 devstack@g-api.service[99773]: DEBUG glance_store.driver [None req-4b4687b9-48b3-4d48-8aa1-26060f8a4937 tempest-VolumesActionsTest-1954576354 tempest-VolumesActionsTest-1954576354-project-member] Late loading location class glance_store._drivers.swift.store.StoreLocation {{(pid=99773) get_store_location_class /opt/stack/data/venv/lib/python3.12/site-packages/glance_store/driver.py:134}}
Aug 17 05:29:25.553007 np0000007448 devstack@g-api.service[99773]: DEBUG glance_store.location [None req-4b4687b9-48b3-4d48-8aa1-26060f8a4937 tempest-VolumesActionsTest-1954576354 tempest-VolumesActionsTest-1954576354-project-member] Registering scheme swift+https with {'store': , 'location_class': , 'store_entry': 'swift'} {{(pid=99773) register_scheme_map /opt/stack/data/venv/lib/python3.12/site-packages/glance_store/location.py:146}}
Aug 17 05:29:25.553216 np0000007448 devstack@g-api.service[99773]: DEBUG glance_store.location [None req-4b4687b9-48b3-4d48-8aa1-26060f8a4937 tempest-VolumesActionsTest-1954576354 tempest-VolumesActionsTest-1954576354-project-member] Registering scheme swift+https with {'store': , 'location_class': , 'store_entry': 'swift'} {{(pid=99773) register_scheme_map /opt/stack/data/venv/lib/python3.12/site-packages/glance_store/location.py:146}}
Aug 17 05:29:25.553281 np0000007448 devstack@g-api.service[99773]: DEBUG glance_store.location [None req-4b4687b9-48b3-4d48-8aa1-26060f8a4937 tempest-VolumesActionsTest-1954576354 tempest-VolumesActionsTest-1954576354-project-member] Registering scheme swift with {'store': , 'location_class': , 'store_entry': 'swift'} {{(pid=99773) register_scheme_map /opt/stack/data/venv/lib/python3.12/site-packages/glance_store/location.py:146}}
Aug 17 05:29:25.554053 np0000007448 devstack@g-api.service[99773]: DEBUG glance_store.location [None req-4b4687b9-48b3-4d48-8aa1-26060f8a4937 tempest-VolumesActionsTest-1954576354 tempest-VolumesActionsTest-1954576354-project-member] Registering scheme swift+https with {'store': , 'location_class': , 'store_entry': 'swift'} {{(pid=99773) register_scheme_map /opt/stack/data/venv/lib/python3.12/site-packages/glance_store/location.py:146}}
Aug 17 05:29:25.554053 np0000007448 devstack@g-api.service[99773]: DEBUG glance_store.location [None req-4b4687b9-48b3-4d48-8aa1-26060f8a4937 tempest-VolumesActionsTest-1954576354 tempest-VolumesActionsTest-1954576354-project-member] Registering scheme swift with {'store': , 'location_class': , 'store_entry': 'swift'} {{(pid=99773) register_scheme_map /opt/stack/data/venv/lib/python3.12/site-packages/glance_store/location.py:146}}
Aug 17 05:29:25.554053 np0000007448 devstack@g-api.service[99773]: DEBUG glance_store.location [None req-4b4687b9-48b3-4d48-8aa1-26060f8a4937 tempest-VolumesActionsTest-1954576354 tempest-VolumesActionsTest-1954576354-project-member] Registering scheme swift+http with {'store': , 'location_class': , 'store_entry': 'swift'} {{(pid=99773) register_scheme_map /opt/stack/data/venv/lib/python3.12/site-packages/glance_store/location.py:146}}
Aug 17 05:29:25.554053 np0000007448 devstack@g-api.service[99773]: DEBUG glance_store.location [None req-4b4687b9-48b3-4d48-8aa1-26060f8a4937 tempest-VolumesActionsTest-1954576354 tempest-VolumesActionsTest-1954576354-project-member] Registering scheme swift+https with {'store': , 'location_class': , 'store_entry': 'swift'} {{(pid=99773) register_scheme_map /opt/stack/data/venv/lib/python3.12/site-packages/glance_store/location.py:146}}
Aug 17 05:29:25.554053 np0000007448 devstack@g-api.service[99773]: DEBUG glance_store.location [None req-4b4687b9-48b3-4d48-8aa1-26060f8a4937 tempest-VolumesActionsTest-1954576354 tempest-VolumesActionsTest-1954576354-project-member] Registering scheme swift with {'store': , 'location_class': , 'store_entry': 'swift'} {{(pid=99773) register_scheme_map /opt/stack/data/venv/lib/python3.12/site-packages/glance_store/location.py:146}}
Aug 17 05:29:25.554053 np0000007448 devstack@g-api.service[99773]: DEBUG glance_store.location [None req-4b4687b9-48b3-4d48-8aa1-26060f8a4937 tempest-VolumesActionsTest-1954576354 tempest-VolumesActionsTest-1954576354-project-member] Registering scheme swift+http with {'store': , 'location_class': , 'store_entry': 'swift'} {{(pid=99773) register_scheme_map /opt/stack/data/venv/lib/python3.12/site-packages/glance_store/location.py:146}}
Aug 17 05:29:25.554053 np0000007448 devstack@g-api.service[99773]: DEBUG glance_store.location [None req-4b4687b9-48b3-4d48-8aa1-26060f8a4937 tempest-VolumesActionsTest-1954576354 tempest-VolumesActionsTest-1954576354-project-member] Registering scheme swift+config with {'store': , 'location_class': , 'store_entry': 'swift'} {{(pid=99773) register_scheme_map /opt/stack/data/venv/lib/python3.12/site-packages/glance_store/location.py:146}}
Aug 17 05:29:25.554572 np0000007448 devstack@g-api.service[99773]: DEBUG glance_store.backend [None req-4b4687b9-48b3-4d48-8aa1-26060f8a4937 tempest-VolumesActionsTest-1954576354 tempest-VolumesActionsTest-1954576354-project-member] Skipping store.set_acls... not implemented. {{(pid=99773) set_acls /opt/stack/data/venv/lib/python3.12/site-packages/glance_store/backend.py:507}}
Aug 17 05:29:25.556751 np0000007448 devstack@g-api.service[99773]: [pid: 99773|app: 0|req: 77/266] 127.0.0.1 () {46 vars in 1158 bytes} [Mon Aug 17 05:29:07 2026] PUT /v2/images/4c1abaf5-8bd8-4740-a7cb-3780345ecda5/file => generated 0 bytes in 18120 msecs (HTTP/1.1 204) 4 headers in 171 bytes (1 switches on core 0)
Aug 17 05:29:25.570060 np0000007448 devstack@g-api.service[99772]: DEBUG glance.api.middleware.version_negotiation [None req-e7a33a48-c5ff-45e2-bfe8-7bc3d19d3616 tempest-VolumesActionsTest-1954576354 tempest-VolumesActionsTest-1954576354-project-member] Determining version of request: GET /v2/images/4c1abaf5-8bd8-4740-a7cb-3780345ecda5 Accept: */* {{(pid=99772) process_request /opt/stack/glance/glance/api/middleware/version_negotiation.py:44}}
Aug 17 05:29:25.570060 np0000007448 devstack@g-api.service[99772]: DEBUG glance.api.middleware.version_negotiation [None req-e7a33a48-c5ff-45e2-bfe8-7bc3d19d3616 tempest-VolumesActionsTest-1954576354 tempest-VolumesActionsTest-1954576354-project-member] Using url versioning {{(pid=99772) process_request /opt/stack/glance/glance/api/middleware/version_negotiation.py:57}}
Aug 17 05:29:25.570060 np0000007448 devstack@g-api.service[99772]: DEBUG glance.api.middleware.version_negotiation [None req-e7a33a48-c5ff-45e2-bfe8-7bc3d19d3616 tempest-VolumesActionsTest-1954576354 tempest-VolumesActionsTest-1954576354-project-member] Matched version: v2 {{(pid=99772) process_request /opt/stack/glance/glance/api/middleware/version_negotiation.py:69}}
Aug 17 05:29:25.570060 np0000007448 devstack@g-api.service[99772]: DEBUG glance.api.middleware.version_negotiation [None req-e7a33a48-c5ff-45e2-bfe8-7bc3d19d3616 tempest-VolumesActionsTest-1954576354 tempest-VolumesActionsTest-1954576354-project-member] new path /v2/images/4c1abaf5-8bd8-4740-a7cb-3780345ecda5 {{(pid=99772) process_request /opt/stack/glance/glance/api/middleware/version_negotiation.py:70}}
Aug 17 05:29:25.586313 np0000007448 devstack@g-api.service[99772]: [pid: 99772|app: 0|req: 95/267] 127.0.0.1 () {44 vars in 1115 bytes} [Mon Aug 17 05:29:25 2026] GET /v2/images/4c1abaf5-8bd8-4740-a7cb-3780345ecda5 => generated 822 bytes in 16 msecs (HTTP/1.1 200) 4 headers in 157 bytes (1 switches on core 0)
Aug 17 05:29:25.599060 np0000007448 devstack@g-api.service[99774]: DEBUG glance.api.middleware.version_negotiation [None req-d5fb55e1-76e8-4cc4-91f6-dacb00cee958 tempest-VolumesActionsTest-1954576354 tempest-VolumesActionsTest-1954576354-project-member] Determining version of request: GET /v2/schemas/image Accept: */* {{(pid=99774) process_request /opt/stack/glance/glance/api/middleware/version_negotiation.py:44}}
Aug 17 05:29:25.599189 np0000007448 devstack@g-api.service[99774]: DEBUG glance.api.middleware.version_negotiation [None req-d5fb55e1-76e8-4cc4-91f6-dacb00cee958 tempest-VolumesActionsTest-1954576354 tempest-VolumesActionsTest-1954576354-project-member] Using url versioning {{(pid=99774) process_request /opt/stack/glance/glance/api/middleware/version_negotiation.py:57}}
Aug 17 05:29:25.599769 np0000007448 devstack@g-api.service[99774]: DEBUG glance.api.middleware.version_negotiation [None req-d5fb55e1-76e8-4cc4-91f6-dacb00cee958 tempest-VolumesActionsTest-1954576354 tempest-VolumesActionsTest-1954576354-project-member] Matched version: v2 {{(pid=99774) process_request /opt/stack/glance/glance/api/middleware/version_negotiation.py:69}}
Aug 17 05:29:25.601072 np0000007448 devstack@g-api.service[99774]: DEBUG glance.api.middleware.version_negotiation [None req-d5fb55e1-76e8-4cc4-91f6-dacb00cee958 tempest-VolumesActionsTest-1954576354 tempest-VolumesActionsTest-1954576354-project-member] new path /v2/schemas/image {{(pid=99774) process_request /opt/stack/glance/glance/api/middleware/version_negotiation.py:70}}
Aug 17 05:29:25.607351 np0000007448 devstack@g-api.service[99774]: [pid: 99774|app: 0|req: 96/268] 127.0.0.1 () {44 vars in 1055 bytes} [Mon Aug 17 05:29:25 2026] GET /v2/schemas/image => generated 6083 bytes in 9 msecs (HTTP/1.1 200) 4 headers in 158 bytes (1 switches on core 0)
Aug 17 05:29:25.621520 np0000007448 devstack@g-api.service[99773]: DEBUG glance.api.middleware.version_negotiation [None req-4b4687b9-48b3-4d48-8aa1-26060f8a4937 tempest-VolumesActionsTest-1954576354 tempest-VolumesActionsTest-1954576354-project-member] Determining version of request: GET /v2/schemas/image Accept: */* {{(pid=99773) process_request /opt/stack/glance/glance/api/middleware/version_negotiation.py:44}}
Aug 17 05:29:25.621887 np0000007448 devstack@g-api.service[99773]: DEBUG glance.api.middleware.version_negotiation [None req-4b4687b9-48b3-4d48-8aa1-26060f8a4937 tempest-VolumesActionsTest-1954576354 tempest-VolumesActionsTest-1954576354-project-member] Using url versioning {{(pid=99773) process_request /opt/stack/glance/glance/api/middleware/version_negotiation.py:57}}
Aug 17 05:29:25.621944 np0000007448 devstack@g-api.service[99773]: DEBUG glance.api.middleware.version_negotiation [None req-4b4687b9-48b3-4d48-8aa1-26060f8a4937 tempest-VolumesActionsTest-1954576354 tempest-VolumesActionsTest-1954576354-project-member] Matched version: v2 {{(pid=99773) process_request /opt/stack/glance/glance/api/middleware/version_negotiation.py:69}}
Aug 17 05:29:25.622196 np0000007448 devstack@g-api.service[99773]: DEBUG glance.api.middleware.version_negotiation [None req-4b4687b9-48b3-4d48-8aa1-26060f8a4937 tempest-VolumesActionsTest-1954576354 tempest-VolumesActionsTest-1954576354-project-member] new path /v2/schemas/image {{(pid=99773) process_request /opt/stack/glance/glance/api/middleware/version_negotiation.py:70}}
Aug 17 05:29:25.625315 np0000007448 devstack@g-api.service[99773]: [pid: 99773|app: 0|req: 78/269] 127.0.0.1 () {44 vars in 1055 bytes} [Mon Aug 17 05:29:25 2026] GET /v2/schemas/image => generated 6083 bytes in 4 msecs (HTTP/1.1 200) 4 headers in 158 bytes (1 switches on core 0)
Aug 17 05:29:25.808584 np0000007448 devstack@g-api.service[99772]: DEBUG glance.api.middleware.version_negotiation [None req-4b4687b9-48b3-4d48-8aa1-26060f8a4937 tempest-VolumesActionsTest-1954576354 tempest-VolumesActionsTest-1954576354-project-member] Determining version of request: GET /v2/images/4c1abaf5-8bd8-4740-a7cb-3780345ecda5 Accept: application/json {{(pid=99772) process_request /opt/stack/glance/glance/api/middleware/version_negotiation.py:44}}
Aug 17 05:29:25.808584 np0000007448 devstack@g-api.service[99772]: DEBUG glance.api.middleware.version_negotiation [None req-4b4687b9-48b3-4d48-8aa1-26060f8a4937 tempest-VolumesActionsTest-1954576354 tempest-VolumesActionsTest-1954576354-project-member] Using url versioning {{(pid=99772) process_request /opt/stack/glance/glance/api/middleware/version_negotiation.py:57}}
Aug 17 05:29:25.808764 np0000007448 devstack@g-api.service[99772]: DEBUG glance.api.middleware.version_negotiation [None req-4b4687b9-48b3-4d48-8aa1-26060f8a4937 tempest-VolumesActionsTest-1954576354 tempest-VolumesActionsTest-1954576354-project-member] Matched version: v2 {{(pid=99772) process_request /opt/stack/glance/glance/api/middleware/version_negotiation.py:69}}
Aug 17 05:29:25.809511 np0000007448 devstack@g-api.service[99772]: DEBUG glance.api.middleware.version_negotiation [None req-4b4687b9-48b3-4d48-8aa1-26060f8a4937 tempest-VolumesActionsTest-1954576354 tempest-VolumesActionsTest-1954576354-project-member] new path /v2/images/4c1abaf5-8bd8-4740-a7cb-3780345ecda5 {{(pid=99772) process_request /opt/stack/glance/glance/api/middleware/version_negotiation.py:70}}
Aug 17 05:29:25.830684 np0000007448 devstack@g-api.service[99772]: [pid: 99772|app: 0|req: 96/270] 127.0.0.1 () {40 vars in 838 bytes} [Mon Aug 17 05:29:25 2026] GET /v2/images/4c1abaf5-8bd8-4740-a7cb-3780345ecda5 => generated 822 bytes in 23 msecs (HTTP/1.1 200) 4 headers in 157 bytes (1 switches on core 0)
Aug 17 05:29:26.978242 np0000007448 devstack@g-api.service[99774]: DEBUG glance.api.middleware.version_negotiation [None req-4b4687b9-48b3-4d48-8aa1-26060f8a4937 tempest-VolumesActionsTest-1954576354 tempest-VolumesActionsTest-1954576354-project-member] Determining version of request: GET /v2/images/4c1abaf5-8bd8-4740-a7cb-3780345ecda5 Accept: application/json {{(pid=99774) process_request /opt/stack/glance/glance/api/middleware/version_negotiation.py:44}}
