Aug 17 05:23:20.510750 np0000007448 nova-scheduler[93511]: DEBUG cotyledon.oslo_config_glue [-] oslo_messaging_rabbit.rabbit_quorum_max_memory_bytes = 0 {{(pid=93511) log_opt_values /opt/stack/data/venv/lib/python3.12/site-packages/oslo_config/cfg.py:3560}}
Aug 17 05:23:20.510750 np0000007448 nova-scheduler[93511]: DEBUG cotyledon.oslo_config_glue [-] oslo_messaging_rabbit.rabbit_quorum_max_memory_length = 0 {{(pid=93511) log_opt_values /opt/stack/data/venv/lib/python3.12/site-packages/oslo_config/cfg.py:3560}}
Aug 17 05:23:20.510750 np0000007448 nova-scheduler[93511]: DEBUG cotyledon.oslo_config_glue [-] oslo_messaging_rabbit.rabbit_quorum_queue = False {{(pid=93511) log_opt_values /opt/stack/data/venv/lib/python3.12/site-packages/oslo_config/cfg.py:3560}}
Aug 17 05:23:20.510750 np0000007448 nova-scheduler[93511]: DEBUG cotyledon.oslo_config_glue [-] oslo_messaging_rabbit.rabbit_retry_backoff = 2 {{(pid=93511) log_opt_values /opt/stack/data/venv/lib/python3.12/site-packages/oslo_config/cfg.py:3560}}
Aug 17 05:23:20.510750 np0000007448 nova-scheduler[93511]: DEBUG cotyledon.oslo_config_glue [-] oslo_messaging_rabbit.rabbit_retry_interval = 1 {{(pid=93511) log_opt_values /opt/stack/data/venv/lib/python3.12/site-packages/oslo_config/cfg.py:3560}}
Aug 17 05:23:20.510750 np0000007448 nova-scheduler[93511]: DEBUG cotyledon.oslo_config_glue [-] oslo_messaging_rabbit.rabbit_stream_fanout = False {{(pid=93511) log_opt_values /opt/stack/data/venv/lib/python3.12/site-packages/oslo_config/cfg.py:3560}}
Aug 17 05:23:20.511064 np0000007448 nova-scheduler[93511]: DEBUG cotyledon.oslo_config_glue [-] oslo_messaging_rabbit.rabbit_transient_queues_ttl = 1800 {{(pid=93511) log_opt_values /opt/stack/data/venv/lib/python3.12/site-packages/oslo_config/cfg.py:3560}}
Aug 17 05:23:20.511064 np0000007448 nova-scheduler[93511]: DEBUG cotyledon.oslo_config_glue [-] oslo_messaging_rabbit.rabbit_transient_quorum_queue = False {{(pid=93511) log_opt_values /opt/stack/data/venv/lib/python3.12/site-packages/oslo_config/cfg.py:3560}}
Aug 17 05:23:20.511064 np0000007448 nova-scheduler[93511]: DEBUG cotyledon.oslo_config_glue [-] oslo_messaging_rabbit.rpc_conn_pool_size = 30 {{(pid=93511) log_opt_values /opt/stack/data/venv/lib/python3.12/site-packages/oslo_config/cfg.py:3560}}
Aug 17 05:23:20.511064 np0000007448 nova-scheduler[93511]: DEBUG cotyledon.oslo_config_glue [-] oslo_messaging_rabbit.ssl = False {{(pid=93511) log_opt_values /opt/stack/data/venv/lib/python3.12/site-packages/oslo_config/cfg.py:3560}}
Aug 17 05:23:20.511064 np0000007448 nova-scheduler[93511]: DEBUG cotyledon.oslo_config_glue [-] oslo_messaging_rabbit.ssl_ca_file = {{(pid=93511) log_opt_values /opt/stack/data/venv/lib/python3.12/site-packages/oslo_config/cfg.py:3560}}
Aug 17 05:23:20.511064 np0000007448 nova-scheduler[93511]: DEBUG cotyledon.oslo_config_glue [-] oslo_messaging_rabbit.ssl_cert_file = {{(pid=93511) log_opt_values /opt/stack/data/venv/lib/python3.12/site-packages/oslo_config/cfg.py:3560}}
Aug 17 05:23:20.511064 np0000007448 nova-scheduler[93511]: DEBUG cotyledon.oslo_config_glue [-] oslo_messaging_rabbit.ssl_enforce_fips_mode = False {{(pid=93511) log_opt_values /opt/stack/data/venv/lib/python3.12/site-packages/oslo_config/cfg.py:3560}}
Aug 17 05:23:20.511064 np0000007448 nova-scheduler[93511]: DEBUG cotyledon.oslo_config_glue [-] oslo_messaging_rabbit.ssl_enforce_hostname_verification = True {{(pid=93511) log_opt_values /opt/stack/data/venv/lib/python3.12/site-packages/oslo_config/cfg.py:3560}}
Aug 17 05:23:20.511064 np0000007448 nova-scheduler[93511]: DEBUG cotyledon.oslo_config_glue [-] oslo_messaging_rabbit.ssl_key_file = {{(pid=93511) log_opt_values /opt/stack/data/venv/lib/python3.12/site-packages/oslo_config/cfg.py:3560}}
Aug 17 05:23:20.511364 np0000007448 nova-scheduler[93511]: DEBUG cotyledon.oslo_config_glue [-] oslo_messaging_rabbit.ssl_version = {{(pid=93511) log_opt_values /opt/stack/data/venv/lib/python3.12/site-packages/oslo_config/cfg.py:3560}}
Aug 17 05:23:20.511364 np0000007448 nova-scheduler[93511]: DEBUG cotyledon.oslo_config_glue [-] oslo_messaging_rabbit.use_queue_manager = False {{(pid=93511) log_opt_values /opt/stack/data/venv/lib/python3.12/site-packages/oslo_config/cfg.py:3560}}
Aug 17 05:23:20.511364 np0000007448 nova-scheduler[93511]: DEBUG cotyledon.oslo_config_glue [-] oslo_messaging_notifications.driver = ['messagingv2'] {{(pid=93511) log_opt_values /opt/stack/data/venv/lib/python3.12/site-packages/oslo_config/cfg.py:3560}}
Aug 17 05:23:20.511364 np0000007448 nova-scheduler[93511]: DEBUG cotyledon.oslo_config_glue [-] oslo_messaging_notifications.retry = -1 {{(pid=93511) log_opt_values /opt/stack/data/venv/lib/python3.12/site-packages/oslo_config/cfg.py:3560}}
Aug 17 05:23:20.511364 np0000007448 nova-scheduler[93511]: DEBUG cotyledon.oslo_config_glue [-] oslo_messaging_notifications.topics = ['notifications'] {{(pid=93511) log_opt_values /opt/stack/data/venv/lib/python3.12/site-packages/oslo_config/cfg.py:3560}}
Aug 17 05:23:20.511364 np0000007448 nova-scheduler[93511]: DEBUG cotyledon.oslo_config_glue [-] oslo_messaging_notifications.transport_url = **** {{(pid=93511) log_opt_values /opt/stack/data/venv/lib/python3.12/site-packages/oslo_config/cfg.py:3560}}
Aug 17 05:23:20.511364 np0000007448 nova-scheduler[93511]: DEBUG cotyledon.oslo_config_glue [-] oslo_limit.auth_section = None {{(pid=93511) log_opt_values /opt/stack/data/venv/lib/python3.12/site-packages/oslo_config/cfg.py:3560}}
Aug 17 05:23:20.511364 np0000007448 nova-scheduler[93511]: DEBUG cotyledon.oslo_config_glue [-] oslo_limit.auth_type = None {{(pid=93511) log_opt_values /opt/stack/data/venv/lib/python3.12/site-packages/oslo_config/cfg.py:3560}}
Aug 17 05:23:20.511364 np0000007448 nova-scheduler[93511]: DEBUG cotyledon.oslo_config_glue [-] oslo_limit.cafile = None {{(pid=93511) log_opt_values /opt/stack/data/venv/lib/python3.12/site-packages/oslo_config/cfg.py:3560}}
Aug 17 05:23:20.511635 np0000007448 nova-scheduler[93511]: DEBUG cotyledon.oslo_config_glue [-] oslo_limit.certfile = None {{(pid=93511) log_opt_values /opt/stack/data/venv/lib/python3.12/site-packages/oslo_config/cfg.py:3560}}
Aug 17 05:23:20.511635 np0000007448 nova-scheduler[93511]: DEBUG cotyledon.oslo_config_glue [-] oslo_limit.collect_timing = False {{(pid=93511) log_opt_values /opt/stack/data/venv/lib/python3.12/site-packages/oslo_config/cfg.py:3560}}
Aug 17 05:23:20.511635 np0000007448 nova-scheduler[93511]: DEBUG cotyledon.oslo_config_glue [-] oslo_limit.connect_retries = None {{(pid=93511) log_opt_values /opt/stack/data/venv/lib/python3.12/site-packages/oslo_config/cfg.py:3560}}
Aug 17 05:23:20.511635 np0000007448 nova-scheduler[93511]: DEBUG cotyledon.oslo_config_glue [-] oslo_limit.connect_retry_delay = None {{(pid=93511) log_opt_values /opt/stack/data/venv/lib/python3.12/site-packages/oslo_config/cfg.py:3560}}
Aug 17 05:23:20.511635 np0000007448 nova-scheduler[93511]: DEBUG cotyledon.oslo_config_glue [-] oslo_limit.endpoint_id = None {{(pid=93511) log_opt_values /opt/stack/data/venv/lib/python3.12/site-packages/oslo_config/cfg.py:3560}}
Aug 17 05:23:20.511635 np0000007448 nova-scheduler[93511]: DEBUG cotyledon.oslo_config_glue [-] oslo_limit.endpoint_interface = public {{(pid=93511) log_opt_values /opt/stack/data/venv/lib/python3.12/site-packages/oslo_config/cfg.py:3560}}
Aug 17 05:23:20.511635 np0000007448 nova-scheduler[93511]: DEBUG cotyledon.oslo_config_glue [-] oslo_limit.endpoint_override = None {{(pid=93511) log_opt_values /opt/stack/data/venv/lib/python3.12/site-packages/oslo_config/cfg.py:3560}}
Aug 17 05:23:20.511635 np0000007448 nova-scheduler[93511]: DEBUG cotyledon.oslo_config_glue [-] oslo_limit.endpoint_region_name = None {{(pid=93511) log_opt_values /opt/stack/data/venv/lib/python3.12/site-packages/oslo_config/cfg.py:3560}}
Aug 17 05:23:20.511635 np0000007448 nova-scheduler[93511]: DEBUG cotyledon.oslo_config_glue [-] oslo_limit.endpoint_service_name = None {{(pid=93511) log_opt_values /opt/stack/data/venv/lib/python3.12/site-packages/oslo_config/cfg.py:3560}}
Aug 17 05:23:20.511905 np0000007448 nova-scheduler[93511]: DEBUG cotyledon.oslo_config_glue [-] oslo_limit.endpoint_service_type = None {{(pid=93511) log_opt_values /opt/stack/data/venv/lib/python3.12/site-packages/oslo_config/cfg.py:3560}}
Aug 17 05:23:20.511905 np0000007448 nova-scheduler[93511]: DEBUG cotyledon.oslo_config_glue [-] oslo_limit.insecure = False {{(pid=93511) log_opt_values /opt/stack/data/venv/lib/python3.12/site-packages/oslo_config/cfg.py:3560}}
Aug 17 05:23:20.511905 np0000007448 nova-scheduler[93511]: DEBUG cotyledon.oslo_config_glue [-] oslo_limit.keyfile = None {{(pid=93511) log_opt_values /opt/stack/data/venv/lib/python3.12/site-packages/oslo_config/cfg.py:3560}}
Aug 17 05:23:20.511905 np0000007448 nova-scheduler[93511]: DEBUG cotyledon.oslo_config_glue [-] oslo_limit.max_version = None {{(pid=93511) log_opt_values /opt/stack/data/venv/lib/python3.12/site-packages/oslo_config/cfg.py:3560}}
Aug 17 05:23:20.511905 np0000007448 nova-scheduler[93511]: DEBUG cotyledon.oslo_config_glue [-] oslo_limit.min_version = None {{(pid=93511) log_opt_values /opt/stack/data/venv/lib/python3.12/site-packages/oslo_config/cfg.py:3560}}
Aug 17 05:23:20.511905 np0000007448 nova-scheduler[93511]: DEBUG cotyledon.oslo_config_glue [-] oslo_limit.region_name = None {{(pid=93511) log_opt_values /opt/stack/data/venv/lib/python3.12/site-packages/oslo_config/cfg.py:3560}}
Aug 17 05:23:20.511905 np0000007448 nova-scheduler[93511]: DEBUG cotyledon.oslo_config_glue [-] oslo_limit.retriable_status_codes = None {{(pid=93511) log_opt_values /opt/stack/data/venv/lib/python3.12/site-packages/oslo_config/cfg.py:3560}}
Aug 17 05:23:20.511905 np0000007448 nova-scheduler[93511]: DEBUG cotyledon.oslo_config_glue [-] oslo_limit.service_name = None {{(pid=93511) log_opt_values /opt/stack/data/venv/lib/python3.12/site-packages/oslo_config/cfg.py:3560}}
Aug 17 05:23:20.511905 np0000007448 nova-scheduler[93511]: DEBUG cotyledon.oslo_config_glue [-] oslo_limit.service_type = None {{(pid=93511) log_opt_values /opt/stack/data/venv/lib/python3.12/site-packages/oslo_config/cfg.py:3560}}
Aug 17 05:23:20.512211 np0000007448 nova-scheduler[93511]: DEBUG cotyledon.oslo_config_glue [-] oslo_limit.split_loggers = False {{(pid=93511) log_opt_values /opt/stack/data/venv/lib/python3.12/site-packages/oslo_config/cfg.py:3560}}
Aug 17 05:23:20.512211 np0000007448 nova-scheduler[93511]: DEBUG cotyledon.oslo_config_glue [-] oslo_limit.status_code_retries = None {{(pid=93511) log_opt_values /opt/stack/data/venv/lib/python3.12/site-packages/oslo_config/cfg.py:3560}}
Aug 17 05:23:20.512211 np0000007448 nova-scheduler[93511]: DEBUG cotyledon.oslo_config_glue [-] oslo_limit.status_code_retry_delay = None {{(pid=93511) log_opt_values /opt/stack/data/venv/lib/python3.12/site-packages/oslo_config/cfg.py:3560}}
Aug 17 05:23:20.512211 np0000007448 nova-scheduler[93511]: DEBUG cotyledon.oslo_config_glue [-] oslo_limit.timeout = None {{(pid=93511) log_opt_values /opt/stack/data/venv/lib/python3.12/site-packages/oslo_config/cfg.py:3560}}
Aug 17 05:23:20.512211 np0000007448 nova-scheduler[93511]: DEBUG cotyledon.oslo_config_glue [-] oslo_limit.valid_interfaces = None {{(pid=93511) log_opt_values /opt/stack/data/venv/lib/python3.12/site-packages/oslo_config/cfg.py:3560}}
Aug 17 05:23:20.512211 np0000007448 nova-scheduler[93511]: DEBUG cotyledon.oslo_config_glue [-] oslo_limit.version = None {{(pid=93511) log_opt_values /opt/stack/data/venv/lib/python3.12/site-packages/oslo_config/cfg.py:3560}}
Aug 17 05:23:20.512211 np0000007448 nova-scheduler[93511]: DEBUG cotyledon.oslo_config_glue [-] oslo_reports.file_event_handler = None {{(pid=93511) log_opt_values /opt/stack/data/venv/lib/python3.12/site-packages/oslo_config/cfg.py:3560}}
Aug 17 05:23:20.512211 np0000007448 nova-scheduler[93511]: DEBUG cotyledon.oslo_config_glue [-] oslo_reports.file_event_handler_interval = 1 {{(pid=93511) log_opt_values /opt/stack/data/venv/lib/python3.12/site-packages/oslo_config/cfg.py:3560}}
Aug 17 05:23:20.512211 np0000007448 nova-scheduler[93511]: DEBUG cotyledon.oslo_config_glue [-] oslo_reports.log_dir = None {{(pid=93511) log_opt_values /opt/stack/data/venv/lib/python3.12/site-packages/oslo_config/cfg.py:3560}}
Aug 17 05:23:20.512479 np0000007448 nova-scheduler[93511]: DEBUG cotyledon.oslo_config_glue [-] ******************************************************************************** {{(pid=93511) log_opt_values /opt/stack/data/venv/lib/python3.12/site-packages/oslo_config/cfg.py:3567}}
Aug 17 05:23:20.512479 np0000007448 nova-scheduler[93511]: DEBUG cotyledon._service_worker [-] Run service ServiceWrapper(2) [93511] {{(pid=93511) wait_forever /opt/stack/data/venv/lib/python3.12/site-packages/cotyledon/_service_worker.py:218}}
Aug 17 05:23:20.512479 np0000007448 nova-scheduler[93511]: INFO nova.service [-] Starting scheduler node (version 33.1.0)
Aug 17 05:23:20.512479 np0000007448 nova-scheduler[93511]: INFO dbcounter [None req-38f06b6b-15e8-4669-8329-9ccf2ab81007 None None] Registered counter for database nova_cell0
Aug 17 05:23:20.522050 np0000007448 nova-scheduler[93492]: DEBUG oslo_db.sqlalchemy.engines [None req-38803e5e-c059-40e7-9285-46b47f885258 None None] MySQL server mode set to STRICT_TRANS_TABLES,STRICT_ALL_TABLES,NO_ZERO_IN_DATE,NO_ZERO_DATE,ERROR_FOR_DIVISION_BY_ZERO,TRADITIONAL,NO_ENGINE_SUBSTITUTION {{(pid=93492) _check_effective_sql_mode /opt/stack/data/venv/lib/python3.12/site-packages/oslo_db/sqlalchemy/engines.py:325}}
Aug 17 05:23:20.532526 np0000007448 nova-scheduler[93464]: DEBUG oslo_db.sqlalchemy.engines [None req-3b58ee95-407c-40e6-aa23-8d55ff8a6e5f None None] MySQL server mode set to STRICT_TRANS_TABLES,STRICT_ALL_TABLES,NO_ZERO_IN_DATE,NO_ZERO_DATE,ERROR_FOR_DIVISION_BY_ZERO,TRADITIONAL,NO_ENGINE_SUBSTITUTION {{(pid=93464) _check_effective_sql_mode /opt/stack/data/venv/lib/python3.12/site-packages/oslo_db/sqlalchemy/engines.py:325}}
Aug 17 05:23:20.534228 np0000007448 nova-scheduler[93492]: DEBUG dbcounter [-] [93492] Writer thread running {{(pid=93492) stat_writer /opt/stack/data/venv/lib/python3.12/site-packages/dbcounter.py:102}}
Aug 17 05:23:20.535534 np0000007448 nova-scheduler[93511]: DEBUG oslo_db.sqlalchemy.engines [None req-38f06b6b-15e8-4669-8329-9ccf2ab81007 None None] MySQL server mode set to STRICT_TRANS_TABLES,STRICT_ALL_TABLES,NO_ZERO_IN_DATE,NO_ZERO_DATE,ERROR_FOR_DIVISION_BY_ZERO,TRADITIONAL,NO_ENGINE_SUBSTITUTION {{(pid=93511) _check_effective_sql_mode /opt/stack/data/venv/lib/python3.12/site-packages/oslo_db/sqlalchemy/engines.py:325}}
Aug 17 05:23:20.543871 np0000007448 nova-scheduler[93464]: DEBUG dbcounter [-] [93464] Writer thread running {{(pid=93464) stat_writer /opt/stack/data/venv/lib/python3.12/site-packages/dbcounter.py:102}}
Aug 17 05:23:20.544910 np0000007448 nova-scheduler[93511]: DEBUG dbcounter [-] [93511] Writer thread running {{(pid=93511) stat_writer /opt/stack/data/venv/lib/python3.12/site-packages/dbcounter.py:102}}
Aug 17 05:23:20.552369 np0000007448 nova-scheduler[93492]: DEBUG nova.service [None req-38803e5e-c059-40e7-9285-46b47f885258 None None] Creating RPC server for service: nova-scheduler on topic: scheduler {{(pid=93492) start /opt/stack/nova/nova/service.py:262}}
Aug 17 05:23:20.564002 np0000007448 nova-scheduler[93464]: DEBUG nova.service [None req-3b58ee95-407c-40e6-aa23-8d55ff8a6e5f None None] Creating RPC server for service: nova-scheduler on topic: scheduler {{(pid=93464) start /opt/stack/nova/nova/service.py:262}}
Aug 17 05:23:20.565695 np0000007448 nova-scheduler[93511]: DEBUG nova.service [None req-38f06b6b-15e8-4669-8329-9ccf2ab81007 None None] Creating RPC server for service: nova-scheduler on topic: scheduler {{(pid=93511) start /opt/stack/nova/nova/service.py:262}}
Aug 17 05:23:20.579080 np0000007448 nova-scheduler[93492]: DEBUG nova.service [None req-38803e5e-c059-40e7-9285-46b47f885258 None None] Join ServiceGroup membership for this service scheduler {{(pid=93492) start /opt/stack/nova/nova/service.py:288}}
Aug 17 05:23:20.579080 np0000007448 nova-scheduler[93492]: DEBUG nova.servicegroup.drivers.db [None req-38803e5e-c059-40e7-9285-46b47f885258 None None] DB_Driver: join new ServiceGroup member np0000007448 to the scheduler group, service = {{(pid=93492) join /opt/stack/nova/nova/servicegroup/drivers/db.py:44}}
Aug 17 05:23:20.586312 np0000007448 nova-scheduler[93511]: DEBUG nova.service [None req-38f06b6b-15e8-4669-8329-9ccf2ab81007 None None] Join ServiceGroup membership for this service scheduler {{(pid=93511) start /opt/stack/nova/nova/service.py:288}}
Aug 17 05:23:20.586519 np0000007448 nova-scheduler[93511]: DEBUG nova.servicegroup.drivers.db [None req-38f06b6b-15e8-4669-8329-9ccf2ab81007 None None] DB_Driver: join new ServiceGroup member np0000007448 to the scheduler group, service = {{(pid=93511) join /opt/stack/nova/nova/servicegroup/drivers/db.py:44}}
Aug 17 05:23:20.586666 np0000007448 nova-scheduler[93464]: DEBUG nova.service [None req-3b58ee95-407c-40e6-aa23-8d55ff8a6e5f None None] Join ServiceGroup membership for this service scheduler {{(pid=93464) start /opt/stack/nova/nova/service.py:288}}
Aug 17 05:23:20.586942 np0000007448 nova-scheduler[93464]: DEBUG nova.servicegroup.drivers.db [None req-3b58ee95-407c-40e6-aa23-8d55ff8a6e5f None None] DB_Driver: join new ServiceGroup member np0000007448 to the scheduler group, service = {{(pid=93464) join /opt/stack/nova/nova/servicegroup/drivers/db.py:44}}
Aug 17 05:23:25.591863 np0000007448 nova-scheduler[93492]: DEBUG oslo.service.backend._threading.loopingcall [-] Fixed interval looping call 'nova.servicegroup.drivers.db.DbDriver._report_state' sleeping for 119.99 seconds {{(pid=93492) _run_loop /opt/stack/data/venv/lib/python3.12/site-packages/oslo_service/backend/_threading/loopingcall.py:125}}
Aug 17 05:23:25.601674 np0000007448 nova-scheduler[93464]: DEBUG oslo.service.backend._threading.loopingcall [-] Fixed interval looping call 'nova.servicegroup.drivers.db.DbDriver._report_state' sleeping for 119.99 seconds {{(pid=93464) _run_loop /opt/stack/data/venv/lib/python3.12/site-packages/oslo_service/backend/_threading/loopingcall.py:125}}
Aug 17 05:23:25.602305 np0000007448 nova-scheduler[93511]: DEBUG oslo.service.backend._threading.loopingcall [-] Fixed interval looping call 'nova.servicegroup.drivers.db.DbDriver._report_state' sleeping for 119.99 seconds {{(pid=93511) _run_loop /opt/stack/data/venv/lib/python3.12/site-packages/oslo_service/backend/_threading/loopingcall.py:125}}
Aug 17 05:23:29.132210 np0000007448 nova-scheduler[92244]: DEBUG dbcounter [-] [92244] Writing DB stats nova_api:SELECT=3 {{(pid=92244) stat_writer /opt/stack/data/venv/lib/python3.12/site-packages/dbcounter.py:115}}
Aug 17 05:23:29.239437 np0000007448 nova-scheduler[92244]: DEBUG dbcounter [-] [92244] Writing DB stats nova_cell0:SELECT=1 {{(pid=92244) stat_writer /opt/stack/data/venv/lib/python3.12/site-packages/dbcounter.py:115}}
Aug 17 05:23:29.249415 np0000007448 nova-scheduler[92244]: DEBUG dbcounter [-] [92244] Writing DB stats nova_cell1:SELECT=1 {{(pid=92244) stat_writer /opt/stack/data/venv/lib/python3.12/site-packages/dbcounter.py:115}}
Aug 17 05:23:33.589156 np0000007448 nova-scheduler[93511]: DEBUG oslo.service.backend._threading.loopingcall [None req-6401df03-8f4f-4fd0-8b08-c82020001ea0 None None] Dynamic interval looping call 'nova.service.Service.periodic_tasks' sleeping for 60.00 seconds {{(pid=93511) _run_loop /opt/stack/data/venv/lib/python3.12/site-packages/oslo_service/backend/_threading/loopingcall.py:125}}
Aug 17 05:23:35.591382 np0000007448 nova-scheduler[93492]: DEBUG dbcounter [-] [93492] Writing DB stats nova_cell0:SELECT=4,nova_cell0:INSERT=1,nova_cell0:UPDATE=1 {{(pid=93492) stat_writer /opt/stack/data/venv/lib/python3.12/site-packages/dbcounter.py:115}}
Aug 17 05:23:35.598256 np0000007448 nova-scheduler[93511]: DEBUG dbcounter [-] [93511] Writing DB stats nova_cell0:SELECT=5,nova_cell0:INSERT=1 {{(pid=93511) stat_writer /opt/stack/data/venv/lib/python3.12/site-packages/dbcounter.py:115}}
Aug 17 05:23:35.598856 np0000007448 nova-scheduler[93464]: DEBUG dbcounter [-] [93464] Writing DB stats nova_cell0:SELECT=5,nova_cell0:INSERT=1 {{(pid=93464) stat_writer /opt/stack/data/venv/lib/python3.12/site-packages/dbcounter.py:115}}
Aug 17 05:23:44.589447 np0000007448 nova-scheduler[93464]: DEBUG oslo.service.backend._threading.loopingcall [None req-d0bf9c6b-b2d3-42e4-8242-c03fcf3e0689 None None] Dynamic interval looping call 'nova.service.Service.periodic_tasks' sleeping for 60.00 seconds {{(pid=93464) _run_loop /opt/stack/data/venv/lib/python3.12/site-packages/oslo_service/backend/_threading/loopingcall.py:125}}
Aug 17 05:23:55.581499 np0000007448 nova-scheduler[93492]: DEBUG oslo.service.backend._threading.loopingcall [None req-81bb30dc-16ba-4d9d-9ea7-e572726f8c3b None None] Dynamic interval looping call 'nova.service.Service.periodic_tasks' sleeping for 60.00 seconds {{(pid=93492) _run_loop /opt/stack/data/venv/lib/python3.12/site-packages/oslo_service/backend/_threading/loopingcall.py:125}}
Aug 17 05:24:33.589656 np0000007448 nova-scheduler[93511]: DEBUG oslo.service.backend._threading.loopingcall [None req-6401df03-8f4f-4fd0-8b08-c82020001ea0 None None] Dynamic interval looping call 'nova.service.Service.periodic_tasks' sleeping for 60.00 seconds {{(pid=93511) _run_loop /opt/stack/data/venv/lib/python3.12/site-packages/oslo_service/backend/_threading/loopingcall.py:125}}
Aug 17 05:24:44.589953 np0000007448 nova-scheduler[93464]: DEBUG oslo.service.backend._threading.loopingcall [None req-d0bf9c6b-b2d3-42e4-8242-c03fcf3e0689 None None] Dynamic interval looping call 'nova.service.Service.periodic_tasks' sleeping for 60.00 seconds {{(pid=93464) _run_loop /opt/stack/data/venv/lib/python3.12/site-packages/oslo_service/backend/_threading/loopingcall.py:125}}
Aug 17 05:24:55.581870 np0000007448 nova-scheduler[93492]: DEBUG oslo.service.backend._threading.loopingcall [None req-81bb30dc-16ba-4d9d-9ea7-e572726f8c3b None None] Dynamic interval looping call 'nova.service.Service.periodic_tasks' sleeping for 60.00 seconds {{(pid=93492) _run_loop /opt/stack/data/venv/lib/python3.12/site-packages/oslo_service/backend/_threading/loopingcall.py:125}}
Aug 17 05:25:25.591739 np0000007448 nova-scheduler[93492]: DEBUG oslo.service.backend._threading.loopingcall [-] Fixed interval looping call 'nova.servicegroup.drivers.db.DbDriver._report_state' sleeping for 119.99 seconds {{(pid=93492) _run_loop /opt/stack/data/venv/lib/python3.12/site-packages/oslo_service/backend/_threading/loopingcall.py:125}}
Aug 17 05:25:25.596952 np0000007448 nova-scheduler[93464]: DEBUG oslo.service.backend._threading.loopingcall [-] Fixed interval looping call 'nova.servicegroup.drivers.db.DbDriver._report_state' sleeping for 120.00 seconds {{(pid=93464) _run_loop /opt/stack/data/venv/lib/python3.12/site-packages/oslo_service/backend/_threading/loopingcall.py:125}}
Aug 17 05:25:25.597437 np0000007448 nova-scheduler[93511]: DEBUG oslo.service.backend._threading.loopingcall [-] Fixed interval looping call 'nova.servicegroup.drivers.db.DbDriver._report_state' sleeping for 120.00 seconds {{(pid=93511) _run_loop /opt/stack/data/venv/lib/python3.12/site-packages/oslo_service/backend/_threading/loopingcall.py:125}}
Aug 17 05:25:33.590698 np0000007448 nova-scheduler[93511]: DEBUG oslo.service.backend._threading.loopingcall [None req-6401df03-8f4f-4fd0-8b08-c82020001ea0 None None] Dynamic interval looping call 'nova.service.Service.periodic_tasks' sleeping for 60.00 seconds {{(pid=93511) _run_loop /opt/stack/data/venv/lib/python3.12/site-packages/oslo_service/backend/_threading/loopingcall.py:125}}
Aug 17 05:25:35.587510 np0000007448 nova-scheduler[93492]: DEBUG dbcounter [-] [93492] Writing DB stats nova_cell0:SELECT=1,nova_cell0:UPDATE=1 {{(pid=93492) stat_writer /opt/stack/data/venv/lib/python3.12/site-packages/dbcounter.py:115}}
Aug 17 05:25:35.594581 np0000007448 nova-scheduler[93464]: DEBUG dbcounter [-] [93464] Writing DB stats nova_cell0:SELECT=1 {{(pid=93464) stat_writer /opt/stack/data/venv/lib/python3.12/site-packages/dbcounter.py:115}}
Aug 17 05:25:35.595507 np0000007448 nova-scheduler[93511]: DEBUG dbcounter [-] [93511] Writing DB stats nova_cell0:SELECT=1 {{(pid=93511) stat_writer /opt/stack/data/venv/lib/python3.12/site-packages/dbcounter.py:115}}
Aug 17 05:25:44.590378 np0000007448 nova-scheduler[93464]: DEBUG oslo.service.backend._threading.loopingcall [None req-d0bf9c6b-b2d3-42e4-8242-c03fcf3e0689 None None] Dynamic interval looping call 'nova.service.Service.periodic_tasks' sleeping for 60.00 seconds {{(pid=93464) _run_loop /opt/stack/data/venv/lib/python3.12/site-packages/oslo_service/backend/_threading/loopingcall.py:125}}
Aug 17 05:25:54.065757 np0000007448 nova-scheduler[93492]: DEBUG nova.scheduler.manager [None req-37b986d0-5e1c-4aa4-a483-f7cc051415a2 tempest-AttachVolumeTestJSON-206599483 tempest-AttachVolumeTestJSON-206599483-project-member] Starting to schedule for instances: ['95a2e5bc-1235-4c53-9a7c-e1fa26072d3f'] {{(pid=93492) select_destinations /opt/stack/nova/nova/scheduler/manager.py:197}}
Aug 17 05:25:54.066660 np0000007448 nova-scheduler[93492]: DEBUG nova.scheduler.request_filter [None req-37b986d0-5e1c-4aa4-a483-f7cc051415a2 tempest-AttachVolumeTestJSON-206599483 tempest-AttachVolumeTestJSON-206599483-project-member] compute_status_filter request filter added forbidden trait COMPUTE_STATUS_DISABLED {{(pid=93492) compute_status_filter /opt/stack/nova/nova/scheduler/request_filter.py:253}}
Aug 17 05:25:54.066834 np0000007448 nova-scheduler[93492]: DEBUG nova.scheduler.request_filter [None req-37b986d0-5e1c-4aa4-a483-f7cc051415a2 tempest-AttachVolumeTestJSON-206599483 tempest-AttachVolumeTestJSON-206599483-project-member] Request filter 'compute_status_filter' took 0.0 seconds {{(pid=93492) wrapper /opt/stack/nova/nova/scheduler/request_filter.py:46}}
Aug 17 05:25:54.067147 np0000007448 nova-scheduler[93492]: DEBUG nova.scheduler.request_filter [None req-37b986d0-5e1c-4aa4-a483-f7cc051415a2 tempest-AttachVolumeTestJSON-206599483 tempest-AttachVolumeTestJSON-206599483-project-member] Request filter 'accelerators_filter' took 0.0 seconds {{(pid=93492) wrapper /opt/stack/nova/nova/scheduler/request_filter.py:46}}
Aug 17 05:25:54.067423 np0000007448 nova-scheduler[93492]: DEBUG nova.scheduler.request_filter [None req-37b986d0-5e1c-4aa4-a483-f7cc051415a2 tempest-AttachVolumeTestJSON-206599483 tempest-AttachVolumeTestJSON-206599483-project-member] Request filter 'packed_virtqueue_filter' took 0.0 seconds {{(pid=93492) wrapper /opt/stack/nova/nova/scheduler/request_filter.py:46}}
Aug 17 05:25:54.067770 np0000007448 nova-scheduler[93492]: DEBUG nova.scheduler.request_filter [None req-37b986d0-5e1c-4aa4-a483-f7cc051415a2 tempest-AttachVolumeTestJSON-206599483 tempest-AttachVolumeTestJSON-206599483-project-member] Request filter 'remote_managed_ports_filter' took 0.0 seconds {{(pid=93492) wrapper /opt/stack/nova/nova/scheduler/request_filter.py:46}}
Aug 17 05:25:54.067972 np0000007448 nova-scheduler[93492]: DEBUG nova.scheduler.request_filter [None req-37b986d0-5e1c-4aa4-a483-f7cc051415a2 tempest-AttachVolumeTestJSON-206599483 tempest-AttachVolumeTestJSON-206599483-project-member] ephemeral_encryption_filter skipped {{(pid=93492) ephemeral_encryption_filter /opt/stack/nova/nova/scheduler/request_filter.py:426}}
Aug 17 05:25:54.068213 np0000007448 nova-scheduler[93492]: DEBUG nova.scheduler.request_filter [None req-37b986d0-5e1c-4aa4-a483-f7cc051415a2 tempest-AttachVolumeTestJSON-206599483 tempest-AttachVolumeTestJSON-206599483-project-member] virtio_sound_filter skipped {{(pid=93492) virtio_sound_filter /opt/stack/nova/nova/scheduler/request_filter.py:460}}
Aug 17 05:25:54.068407 np0000007448 nova-scheduler[93492]: DEBUG nova.scheduler.request_filter [None req-37b986d0-5e1c-4aa4-a483-f7cc051415a2 tempest-AttachVolumeTestJSON-206599483 tempest-AttachVolumeTestJSON-206599483-project-member] tpm_secret_security_filter skipped {{(pid=93492) tpm_secret_security_filter /opt/stack/nova/nova/scheduler/request_filter.py:477}}
Aug 17 05:25:54.783423 np0000007448 nova-scheduler[93492]: INFO nova.utils [None req-37b986d0-5e1c-4aa4-a483-f7cc051415a2 tempest-AttachVolumeTestJSON-206599483 tempest-AttachVolumeTestJSON-206599483-project-member] The cell worker thread pool ForkProcess-2.cell_worker is initialized
Aug 17 05:25:54.783423 np0000007448 nova-scheduler[93492]: DEBUG oslo_concurrency.lockutils [None req-37b986d0-5e1c-4aa4-a483-f7cc051415a2 tempest-AttachVolumeTestJSON-206599483 tempest-AttachVolumeTestJSON-206599483-project-member] Acquiring lock "4af0bff8-200a-425a-87df-2734784c8c60" by "nova.context.set_target_cell..get_or_set_cached_cell_and_set_connections" {{(pid=93492) inner /opt/stack/data/venv/lib/python3.12/site-packages/oslo_concurrency/lockutils.py:512}}
Aug 17 05:25:54.783423 np0000007448 nova-scheduler[93492]: DEBUG oslo_concurrency.lockutils [None req-37b986d0-5e1c-4aa4-a483-f7cc051415a2 tempest-AttachVolumeTestJSON-206599483 tempest-AttachVolumeTestJSON-206599483-project-member] Lock "4af0bff8-200a-425a-87df-2734784c8c60" acquired by "nova.context.set_target_cell..get_or_set_cached_cell_and_set_connections" :: waited 0.000s {{(pid=93492) inner /opt/stack/data/venv/lib/python3.12/site-packages/oslo_concurrency/lockutils.py:525}}
Aug 17 05:25:54.784379 np0000007448 nova-scheduler[93492]: DEBUG oslo_concurrency.lockutils [None req-37b986d0-5e1c-4aa4-a483-f7cc051415a2 tempest-AttachVolumeTestJSON-206599483 tempest-AttachVolumeTestJSON-206599483-project-member] Lock "4af0bff8-200a-425a-87df-2734784c8c60" "released" by "nova.context.set_target_cell..get_or_set_cached_cell_and_set_connections" :: held 0.003s {{(pid=93492) inner /opt/stack/data/venv/lib/python3.12/site-packages/oslo_concurrency/lockutils.py:544}}
Aug 17 05:25:54.786577 np0000007448 nova-scheduler[93492]: INFO dbcounter [None req-37b986d0-5e1c-4aa4-a483-f7cc051415a2 tempest-AttachVolumeTestJSON-206599483 tempest-AttachVolumeTestJSON-206599483-project-member] Registered counter for database nova_cell1
Aug 17 05:25:54.818529 np0000007448 nova-scheduler[93492]: DEBUG oslo_db.sqlalchemy.engines [None req-37b986d0-5e1c-4aa4-a483-f7cc051415a2 tempest-AttachVolumeTestJSON-206599483 tempest-AttachVolumeTestJSON-206599483-project-member] MySQL server mode set to STRICT_TRANS_TABLES,STRICT_ALL_TABLES,NO_ZERO_IN_DATE,NO_ZERO_DATE,ERROR_FOR_DIVISION_BY_ZERO,TRADITIONAL,NO_ENGINE_SUBSTITUTION {{(pid=93492) _check_effective_sql_mode /opt/stack/data/venv/lib/python3.12/site-packages/oslo_db/sqlalchemy/engines.py:325}}
Aug 17 05:25:54.825435 np0000007448 nova-scheduler[93492]: DEBUG dbcounter [-] [93492] Writer thread running {{(pid=93492) stat_writer /opt/stack/data/venv/lib/python3.12/site-packages/dbcounter.py:102}}
Aug 17 05:25:54.836202 np0000007448 nova-scheduler[93492]: DEBUG oslo_db.sqlalchemy.engines [None req-37b986d0-5e1c-4aa4-a483-f7cc051415a2 tempest-AttachVolumeTestJSON-206599483 tempest-AttachVolumeTestJSON-206599483-project-member] Parent process 92244 forked (93492) with an open database connection, which is being discarded and recreated. {{(pid=93492) checkout /opt/stack/data/venv/lib/python3.12/site-packages/oslo_db/sqlalchemy/engines.py:402}}
Aug 17 05:25:54.893836 np0000007448 nova-scheduler[93492]: DEBUG dbcounter [-] [93492] Writer thread running {{(pid=93492) stat_writer /opt/stack/data/venv/lib/python3.12/site-packages/dbcounter.py:102}}
Aug 17 05:25:54.896959 np0000007448 nova-scheduler[93492]: DEBUG oslo_concurrency.lockutils [None req-37b986d0-5e1c-4aa4-a483-f7cc051415a2 tempest-AttachVolumeTestJSON-206599483 tempest-AttachVolumeTestJSON-206599483-project-member] Acquiring lock "4af0bff8-200a-425a-87df-2734784c8c60" by "nova.context.set_target_cell..get_or_set_cached_cell_and_set_connections" {{(pid=93492) inner /opt/stack/data/venv/lib/python3.12/site-packages/oslo_concurrency/lockutils.py:512}}
Aug 17 05:25:54.897495 np0000007448 nova-scheduler[93492]: DEBUG oslo_concurrency.lockutils [None req-37b986d0-5e1c-4aa4-a483-f7cc051415a2 tempest-AttachVolumeTestJSON-206599483 tempest-AttachVolumeTestJSON-206599483-project-member] Lock "4af0bff8-200a-425a-87df-2734784c8c60" acquired by "nova.context.set_target_cell..get_or_set_cached_cell_and_set_connections" :: waited 0.000s {{(pid=93492) inner /opt/stack/data/venv/lib/python3.12/site-packages/oslo_concurrency/lockutils.py:525}}
Aug 17 05:25:54.897741 np0000007448 nova-scheduler[93492]: DEBUG oslo_concurrency.lockutils [None req-37b986d0-5e1c-4aa4-a483-f7cc051415a2 tempest-AttachVolumeTestJSON-206599483 tempest-AttachVolumeTestJSON-206599483-project-member] Lock "4af0bff8-200a-425a-87df-2734784c8c60" "released" by "nova.context.set_target_cell..get_or_set_cached_cell_and_set_connections" :: held 0.000s {{(pid=93492) inner /opt/stack/data/venv/lib/python3.12/site-packages/oslo_concurrency/lockutils.py:544}}
Aug 17 05:25:54.901650 np0000007448 nova-scheduler[93492]: DEBUG oslo_concurrency.lockutils [None req-37b986d0-5e1c-4aa4-a483-f7cc051415a2 tempest-AttachVolumeTestJSON-206599483 tempest-AttachVolumeTestJSON-206599483-project-member] Acquiring lock "np0000007448-np0000007448" by "nova.scheduler.host_manager.HostState.update.._locked_update" {{(pid=93492) inner /opt/stack/data/venv/lib/python3.12/site-packages/oslo_concurrency/lockutils.py:512}}
Aug 17 05:25:54.901902 np0000007448 nova-scheduler[93492]: DEBUG oslo_concurrency.lockutils [None req-37b986d0-5e1c-4aa4-a483-f7cc051415a2 tempest-AttachVolumeTestJSON-206599483 tempest-AttachVolumeTestJSON-206599483-project-member] Lock "np0000007448-np0000007448" acquired by "nova.scheduler.host_manager.HostState.update.._locked_update" :: waited 0.000s {{(pid=93492) inner /opt/stack/data/venv/lib/python3.12/site-packages/oslo_concurrency/lockutils.py:525}}
Aug 17 05:25:54.903254 np0000007448 nova-scheduler[93492]: DEBUG nova.scheduler.host_manager [None req-37b986d0-5e1c-4aa4-a483-f7cc051415a2 tempest-AttachVolumeTestJSON-206599483 tempest-AttachVolumeTestJSON-206599483-project-member] Update host state from compute node: ComputeNode(cpu_allocation_ratio=4.0,cpu_info='{"arch": "x86_64", "model": "EPYC-Milan", "vendor": "AMD", "topology": {"cells": 1, "sockets": 16, "cores": 1, "threads": 1}, "maxphysaddr": {"mode": "emulate", "bits": 40}, "features": ["xsave", "pku", "pcid", "smep", "flushbyasid", "aes", "osvw", "pat", "ibrs", "vmcb-clean", "fma", "sse", "lbrv", "pdpe1gb", "cmov", "stibp", "lahf_lm", "sha-ni", "bmi1", "pse36", "erms", "rdrand", "f16c", "adx", "xgetbv1", "mds-no", "clflush", "pni", "nx", "popcnt", "avx2", "null-sel-clr-base", "rdtscp", "virt-ssbd", "clzero", "fxsr", "movbe", "sse4.2", "skip-l1dfl-vmentry", "svme-addr-chk", "ibpb", "svm", "pfthreshold", "fxsr_opt", "amd-stibp", "smap", "amd-ssbd", "sse4.1", "pclmuldq", "tsc-deadline", "cx8", "nrip-save", "syscall", "fpu", "pge", "pschange-mc-no", "misalignsse", "pause-filter", "topoext", "xsaves", "vgif", "lm", "rdpid", "vme", "tsc", "pae", "msr", "pse", "bmi2", "mmxext", "rdctl-no", "de", "fsgsbase", "avx", "sse2", "hypervisor", "x2apic", "no-nested-data-bp", "ssbd", "invpcid", "fsrm", "spec-ctrl", "xsaveerptr", "cr8legacy", "lfence-always-serializing", "mce", "xsavec", "npt", "tsc_adjust", "arch-capabilities", "arat", "mmx", "xsaveopt", "wbnoinvd", "stibp-always-on", "3dnowprefetch", "perfctr_core", "abm", "apic", "mca", "ssse3", "sep", "mtrr", "vpclmulqdq", "clwb", "tsc-scale", "amd-psfd", "vaes", "clflushopt", "cmp_legacy", "gds-no", "rdseed", "sse4a", "umip", "v-vmsave-vmload", "cx16"]}',created_at=2026-08-17T05:23:42Z,current_workload=0,deleted=False,deleted_at=None,disk_allocation_ratio=1.0,disk_available_least=73,free_disk_gb=95,free_ram_mb=62765,host='np0000007448',host_ip=10.4.3.126,hypervisor_hostname='np0000007448',hypervisor_type='QEMU',hypervisor_version=8002002,id=1,local_gb=95,local_gb_used=0,mapped=1,memory_mb=63277,memory_mb_used=512,metrics='[]',numa_topology='{"nova_object.name": "NUMATopology", "nova_object.namespace": "nova", "nova_object.version": "1.2", "nova_object.data": {"cells": [{"nova_object.name": "NUMACell", "nova_object.namespace": "nova", "nova_object.version": "1.5", "nova_object.data": {"id": 0, "cpuset": [0, 1, 2, 3, 4, 5, 6, 7, 8, 9, 10, 11, 12, 13, 14, 15], "pcpuset": [0, 1, 2, 3, 4, 5, 6, 7, 8, 9, 10, 11, 12, 13, 14, 15], "memory": 63277, "cpu_usage": 0, "memory_usage": 0, "pinned_cpus": [], "siblings": [[6], [12], [2], [15], [5], [11], [8], [14], [4], [1], [7], [10], [0], [13], [3], [9]], "mempages": [{"nova_object.name": "NUMAPagesTopology", "nova_object.namespace": "nova", "nova_object.version": "1.1", "nova_object.data": {"size_kb": 4, "total": 16177928, "used": 0, "reserved": 0}, "nova_object.changes": ["size_kb", "total", "used", "reserved"]}, {"nova_object.name": "NUMAPagesTopology", "nova_object.namespace": "nova", "nova_object.version": "1.1", "nova_object.data": {"size_kb": 2048, "total": 41, "used": 0, "reserved": 0}, "nova_object.changes": ["size_kb", "total", "used", "reserved"]}, {"nova_object.name": "NUMAPagesTopology", "nova_object.namespace": "nova", "nova_object.version": "1.1", "nova_object.data": {"size_kb": 1048576, "total": 0, "used": 0, "reserved": 0}, "nova_object.changes": ["size_kb", "total", "used", "reserved"]}], "network_metadata": {"nova_object.name": "NetworkMetadata", "nova_object.namespace": "nova", "nova_object.version": "1.0", "nova_object.data": {"physnets": [], "tunneled": false}, "nova_object.changes": ["physnets", "tunneled"]}, "socket": null}, "nova_object.changes": ["pinned_cpus", "id", "cpuset", "cpu_usage", "socket", "memory_usage", "memory", "pcpuset", "siblings", "mempages", "network_metadata"]}]}, "nova_object.changes": ["cells"]}',pci_device_pools=PciDevicePoolList,ram_allocation_ratio=1.0,running_vms=0,service_id=2,stats={failed_builds='0',uptime=' 05:25:29 up 14 min, 2 users, load average: 1.51, 1.39, 0.78
Aug 17 05:25:54.903254 np0000007448 nova-scheduler[93492]: '},supported_hv_specs=[HVSpec,HVSpec,HVSpec,HVSpec,HVSpec,HVSpec,HVSpec,HVSpec,HVSpec,HVSpec,HVSpec,HVSpec,HVSpec,HVSpec,HVSpec,HVSpec,HVSpec,HVSpec,HVSpec,HVSpec,HVSpec,HVSpec,HVSpec,HVSpec,HVSpec],updated_at=2026-08-17T05:25:30Z,uuid=73703d8c-fa0e-4603-ab34-3708a098e883,vcpus=16,vcpus_used=0) {{(pid=93492) _locked_update /opt/stack/nova/nova/scheduler/host_manager.py:168}}
Aug 17 05:25:54.904427 np0000007448 nova-scheduler[93492]: DEBUG nova.scheduler.host_manager [None req-37b986d0-5e1c-4aa4-a483-f7cc051415a2 tempest-AttachVolumeTestJSON-206599483 tempest-AttachVolumeTestJSON-206599483-project-member] Update host state with aggregates: [] {{(pid=93492) _locked_update /opt/stack/nova/nova/scheduler/host_manager.py:171}}
Aug 17 05:25:54.904661 np0000007448 nova-scheduler[93492]: DEBUG nova.scheduler.host_manager [None req-37b986d0-5e1c-4aa4-a483-f7cc051415a2 tempest-AttachVolumeTestJSON-206599483 tempest-AttachVolumeTestJSON-206599483-project-member] Update host state with service dict: {'id': 2, 'uuid': 'fde355fa-1359-4b78-8bdd-8565487de68a', 'host': 'np0000007448', 'binary': 'nova-compute', 'topic': 'compute', 'report_count': 2, 'disabled': False, 'disabled_reason': None, 'last_seen_up': datetime.datetime(2026, 8, 17, 5, 25, 48, tzinfo=datetime.timezone.utc), 'forced_down': False, 'version': 72, 'created_at': datetime.datetime(2026, 8, 17, 5, 23, 42, tzinfo=datetime.timezone.utc), 'updated_at': datetime.datetime(2026, 8, 17, 5, 25, 48, tzinfo=datetime.timezone.utc), 'deleted_at': None, 'deleted': False} {{(pid=93492) _locked_update /opt/stack/nova/nova/scheduler/host_manager.py:174}}
Aug 17 05:25:54.904866 np0000007448 nova-scheduler[93492]: DEBUG nova.scheduler.host_manager [None req-37b986d0-5e1c-4aa4-a483-f7cc051415a2 tempest-AttachVolumeTestJSON-206599483 tempest-AttachVolumeTestJSON-206599483-project-member] Update host state with instances: [] {{(pid=93492) _locked_update /opt/stack/nova/nova/scheduler/host_manager.py:177}}
Aug 17 05:25:54.905090 np0000007448 nova-scheduler[93492]: DEBUG oslo_concurrency.lockutils [None req-37b986d0-5e1c-4aa4-a483-f7cc051415a2 tempest-AttachVolumeTestJSON-206599483 tempest-AttachVolumeTestJSON-206599483-project-member] Lock "np0000007448-np0000007448" "released" by "nova.scheduler.host_manager.HostState.update.._locked_update" :: held 0.003s {{(pid=93492) inner /opt/stack/data/venv/lib/python3.12/site-packages/oslo_concurrency/lockutils.py:544}}
Aug 17 05:25:54.905731 np0000007448 nova-scheduler[93492]: DEBUG nova.filters [None req-37b986d0-5e1c-4aa4-a483-f7cc051415a2 tempest-AttachVolumeTestJSON-206599483 tempest-AttachVolumeTestJSON-206599483-project-member] Starting with 1 host(s) {{(pid=93492) get_filtered_objects /opt/stack/nova/nova/filters.py:70}}
Aug 17 05:25:54.906104 np0000007448 nova-scheduler[93492]: DEBUG nova.filters [None req-37b986d0-5e1c-4aa4-a483-f7cc051415a2 tempest-AttachVolumeTestJSON-206599483 tempest-AttachVolumeTestJSON-206599483-project-member] Filter ComputeFilter returned 1 host(s) {{(pid=93492) get_filtered_objects /opt/stack/nova/nova/filters.py:102}}
Aug 17 05:25:54.906353 np0000007448 nova-scheduler[93492]: DEBUG nova.filters [None req-37b986d0-5e1c-4aa4-a483-f7cc051415a2 tempest-AttachVolumeTestJSON-206599483 tempest-AttachVolumeTestJSON-206599483-project-member] Filter ComputeCapabilitiesFilter returned 1 host(s) {{(pid=93492) get_filtered_objects /opt/stack/nova/nova/filters.py:102}}
Aug 17 05:25:54.906715 np0000007448 nova-scheduler[93492]: DEBUG nova.filters [None req-37b986d0-5e1c-4aa4-a483-f7cc051415a2 tempest-AttachVolumeTestJSON-206599483 tempest-AttachVolumeTestJSON-206599483-project-member] Filter ImagePropertiesFilter returned 1 host(s) {{(pid=93492) get_filtered_objects /opt/stack/nova/nova/filters.py:102}}
Aug 17 05:25:54.907042 np0000007448 nova-scheduler[93492]: DEBUG nova.filters [None req-37b986d0-5e1c-4aa4-a483-f7cc051415a2 tempest-AttachVolumeTestJSON-206599483 tempest-AttachVolumeTestJSON-206599483-project-member] Filter ServerGroupAntiAffinityFilter returned 1 host(s) {{(pid=93492) get_filtered_objects /opt/stack/nova/nova/filters.py:102}}
Aug 17 05:25:54.907519 np0000007448 nova-scheduler[93492]: DEBUG nova.filters [None req-37b986d0-5e1c-4aa4-a483-f7cc051415a2 tempest-AttachVolumeTestJSON-206599483 tempest-AttachVolumeTestJSON-206599483-project-member] Filter ServerGroupAffinityFilter returned 1 host(s) {{(pid=93492) get_filtered_objects /opt/stack/nova/nova/filters.py:102}}
Aug 17 05:25:54.907736 np0000007448 nova-scheduler[93492]: DEBUG nova.filters [None req-37b986d0-5e1c-4aa4-a483-f7cc051415a2 tempest-AttachVolumeTestJSON-206599483 tempest-AttachVolumeTestJSON-206599483-project-member] Filter SameHostFilter returned 1 host(s) {{(pid=93492) get_filtered_objects /opt/stack/nova/nova/filters.py:102}}
Aug 17 05:25:54.907916 np0000007448 nova-scheduler[93492]: DEBUG nova.filters [None req-37b986d0-5e1c-4aa4-a483-f7cc051415a2 tempest-AttachVolumeTestJSON-206599483 tempest-AttachVolumeTestJSON-206599483-project-member] Filter DifferentHostFilter returned 1 host(s) {{(pid=93492) get_filtered_objects /opt/stack/nova/nova/filters.py:102}}
Aug 17 05:25:54.908241 np0000007448 nova-scheduler[93492]: DEBUG nova.scheduler.manager [None req-37b986d0-5e1c-4aa4-a483-f7cc051415a2 tempest-AttachVolumeTestJSON-206599483 tempest-AttachVolumeTestJSON-206599483-project-member] Filtered [(np0000007448, np0000007448) ram: 62765MB disk: 74752MB io_ops: 0 instances: 0, allocation_candidates: 1] {{(pid=93492) _get_sorted_hosts /opt/stack/nova/nova/scheduler/manager.py:730}}
Aug 17 05:25:54.908519 np0000007448 nova-scheduler[93492]: DEBUG nova.scheduler.manager [None req-37b986d0-5e1c-4aa4-a483-f7cc051415a2 tempest-AttachVolumeTestJSON-206599483 tempest-AttachVolumeTestJSON-206599483-project-member] Weighed [WeighedHost [host: (np0000007448, np0000007448) ram: 62765MB disk: 74752MB io_ops: 0 instances: 0, allocation_candidates: 1, weight: 0.0]] {{(pid=93492) _get_sorted_hosts /opt/stack/nova/nova/scheduler/manager.py:752}}
Aug 17 05:25:54.908724 np0000007448 nova-scheduler[93492]: DEBUG nova.scheduler.utils [None req-37b986d0-5e1c-4aa4-a483-f7cc051415a2 tempest-AttachVolumeTestJSON-206599483 tempest-AttachVolumeTestJSON-206599483-project-member] Attempting to claim resources in the placement API for instance 95a2e5bc-1235-4c53-9a7c-e1fa26072d3f {{(pid=93492) claim_resources /opt/stack/nova/nova/scheduler/utils.py:1345}}
Aug 17 05:25:55.084396 np0000007448 nova-scheduler[93492]: DEBUG nova.scheduler.manager [None req-37b986d0-5e1c-4aa4-a483-f7cc051415a2 tempest-AttachVolumeTestJSON-206599483 tempest-AttachVolumeTestJSON-206599483-project-member] [instance: 95a2e5bc-1235-4c53-9a7c-e1fa26072d3f] Selected host: (np0000007448, np0000007448) ram: 62765MB disk: 74752MB io_ops: 0 instances: 0, allocation_candidates: 1 {{(pid=93492) _consume_selected_host /opt/stack/nova/nova/scheduler/manager.py:612}}
Aug 17 05:25:55.084783 np0000007448 nova-scheduler[93492]: DEBUG oslo_concurrency.lockutils [None req-37b986d0-5e1c-4aa4-a483-f7cc051415a2 tempest-AttachVolumeTestJSON-206599483 tempest-AttachVolumeTestJSON-206599483-project-member] Acquiring lock "np0000007448-np0000007448" by "nova.scheduler.host_manager.HostState.consume_from_request.._locked" {{(pid=93492) inner /opt/stack/data/venv/lib/python3.12/site-packages/oslo_concurrency/lockutils.py:512}}
Aug 17 05:25:55.084783 np0000007448 nova-scheduler[93492]: DEBUG oslo_concurrency.lockutils [None req-37b986d0-5e1c-4aa4-a483-f7cc051415a2 tempest-AttachVolumeTestJSON-206599483 tempest-AttachVolumeTestJSON-206599483-project-member] Lock "np0000007448-np0000007448" acquired by "nova.scheduler.host_manager.HostState.consume_from_request.._locked" :: waited 0.000s {{(pid=93492) inner /opt/stack/data/venv/lib/python3.12/site-packages/oslo_concurrency/lockutils.py:525}}
Aug 17 05:25:55.084958 np0000007448 nova-scheduler[93492]: DEBUG oslo_concurrency.lockutils [None req-37b986d0-5e1c-4aa4-a483-f7cc051415a2 tempest-AttachVolumeTestJSON-206599483 tempest-AttachVolumeTestJSON-206599483-project-member] Lock "np0000007448-np0000007448" "released" by "nova.scheduler.host_manager.HostState.consume_from_request.._locked" :: held 0.000s {{(pid=93492) inner /opt/stack/data/venv/lib/python3.12/site-packages/oslo_concurrency/lockutils.py:544}}
Aug 17 05:25:55.582384 np0000007448 nova-scheduler[93492]: DEBUG oslo.service.backend._threading.loopingcall [None req-81bb30dc-16ba-4d9d-9ea7-e572726f8c3b None None] Dynamic interval looping call 'nova.service.Service.periodic_tasks' sleeping for 60.00 seconds {{(pid=93492) _run_loop /opt/stack/data/venv/lib/python3.12/site-packages/oslo_service/backend/_threading/loopingcall.py:125}}
Aug 17 05:26:00.010810 np0000007448 nova-scheduler[93511]: DEBUG nova.scheduler.manager [None req-e66fa0ad-bea8-4865-9a45-c0e45049deef tempest-ServerActionsV293TestJSON-245470276 tempest-ServerActionsV293TestJSON-245470276-project-member] Starting to schedule for instances: ['e3b12842-2895-4e36-b442-287bcbfcbda3'] {{(pid=93511) select_destinations /opt/stack/nova/nova/scheduler/manager.py:197}}
Aug 17 05:26:00.012687 np0000007448 nova-scheduler[93511]: DEBUG nova.scheduler.request_filter [None req-e66fa0ad-bea8-4865-9a45-c0e45049deef tempest-ServerActionsV293TestJSON-245470276 tempest-ServerActionsV293TestJSON-245470276-project-member] compute_status_filter request filter added forbidden trait COMPUTE_STATUS_DISABLED {{(pid=93511) compute_status_filter /opt/stack/nova/nova/scheduler/request_filter.py:253}}
Aug 17 05:26:00.012687 np0000007448 nova-scheduler[93511]: DEBUG nova.scheduler.request_filter [None req-e66fa0ad-bea8-4865-9a45-c0e45049deef tempest-ServerActionsV293TestJSON-245470276 tempest-ServerActionsV293TestJSON-245470276-project-member] Request filter 'compute_status_filter' took 0.0 seconds {{(pid=93511) wrapper /opt/stack/nova/nova/scheduler/request_filter.py:46}}
Aug 17 05:26:00.012687 np0000007448 nova-scheduler[93511]: DEBUG nova.scheduler.request_filter [None req-e66fa0ad-bea8-4865-9a45-c0e45049deef tempest-ServerActionsV293TestJSON-245470276 tempest-ServerActionsV293TestJSON-245470276-project-member] Request filter 'accelerators_filter' took 0.0 seconds {{(pid=93511) wrapper /opt/stack/nova/nova/scheduler/request_filter.py:46}}
Aug 17 05:26:00.012687 np0000007448 nova-scheduler[93511]: DEBUG nova.scheduler.request_filter [None req-e66fa0ad-bea8-4865-9a45-c0e45049deef tempest-ServerActionsV293TestJSON-245470276 tempest-ServerActionsV293TestJSON-245470276-project-member] Request filter 'packed_virtqueue_filter' took 0.0 seconds {{(pid=93511) wrapper /opt/stack/nova/nova/scheduler/request_filter.py:46}}
Aug 17 05:26:00.013088 np0000007448 nova-scheduler[93511]: DEBUG nova.scheduler.request_filter [None req-e66fa0ad-bea8-4865-9a45-c0e45049deef tempest-ServerActionsV293TestJSON-245470276 tempest-ServerActionsV293TestJSON-245470276-project-member] Request filter 'remote_managed_ports_filter' took 0.0 seconds {{(pid=93511) wrapper /opt/stack/nova/nova/scheduler/request_filter.py:46}}
Aug 17 05:26:00.013304 np0000007448 nova-scheduler[93511]: DEBUG nova.scheduler.request_filter [None req-e66fa0ad-bea8-4865-9a45-c0e45049deef tempest-ServerActionsV293TestJSON-245470276 tempest-ServerActionsV293TestJSON-245470276-project-member] ephemeral_encryption_filter skipped {{(pid=93511) ephemeral_encryption_filter /opt/stack/nova/nova/scheduler/request_filter.py:426}}
Aug 17 05:26:00.013480 np0000007448 nova-scheduler[93511]: DEBUG nova.scheduler.request_filter [None req-e66fa0ad-bea8-4865-9a45-c0e45049deef tempest-ServerActionsV293TestJSON-245470276 tempest-ServerActionsV293TestJSON-245470276-project-member] virtio_sound_filter skipped {{(pid=93511) virtio_sound_filter /opt/stack/nova/nova/scheduler/request_filter.py:460}}
