Jun 28 00:45:27.261335 np0000003860 nova-conductor[98722]: DEBUG cotyledon.oslo_config_glue [-] profiler.filter_error_trace = False {{(pid=98722) log_opt_values /opt/stack/data/venv/lib/python3.12/site-packages/oslo_config/cfg.py:3253}}
Jun 28 00:45:27.261335 np0000003860 nova-conductor[98722]: DEBUG cotyledon.oslo_config_glue [-] profiler.hmac_keys = **** {{(pid=98722) log_opt_values /opt/stack/data/venv/lib/python3.12/site-packages/oslo_config/cfg.py:3253}}
Jun 28 00:45:27.261335 np0000003860 nova-conductor[98722]: DEBUG cotyledon.oslo_config_glue [-] profiler.sentinel_service_name = mymaster {{(pid=98722) log_opt_values /opt/stack/data/venv/lib/python3.12/site-packages/oslo_config/cfg.py:3253}}
Jun 28 00:45:27.261335 np0000003860 nova-conductor[98722]: DEBUG cotyledon.oslo_config_glue [-] profiler.socket_timeout = 0.1 {{(pid=98722) log_opt_values /opt/stack/data/venv/lib/python3.12/site-packages/oslo_config/cfg.py:3253}}
Jun 28 00:45:27.261335 np0000003860 nova-conductor[98722]: DEBUG cotyledon.oslo_config_glue [-] profiler.trace_requests = False {{(pid=98722) log_opt_values /opt/stack/data/venv/lib/python3.12/site-packages/oslo_config/cfg.py:3253}}
Jun 28 00:45:27.261603 np0000003860 nova-conductor[98722]: DEBUG cotyledon.oslo_config_glue [-] profiler.trace_sqlalchemy = False {{(pid=98722) log_opt_values /opt/stack/data/venv/lib/python3.12/site-packages/oslo_config/cfg.py:3253}}
Jun 28 00:45:27.261603 np0000003860 nova-conductor[98722]: DEBUG cotyledon.oslo_config_glue [-] profiler_jaeger.process_tags = {} {{(pid=98722) log_opt_values /opt/stack/data/venv/lib/python3.12/site-packages/oslo_config/cfg.py:3253}}
Jun 28 00:45:27.261603 np0000003860 nova-conductor[98722]: DEBUG cotyledon.oslo_config_glue [-] profiler_jaeger.service_name_prefix = None {{(pid=98722) log_opt_values /opt/stack/data/venv/lib/python3.12/site-packages/oslo_config/cfg.py:3253}}
Jun 28 00:45:27.261603 np0000003860 nova-conductor[98722]: DEBUG cotyledon.oslo_config_glue [-] profiler_otlp.service_name_prefix = None {{(pid=98722) log_opt_values /opt/stack/data/venv/lib/python3.12/site-packages/oslo_config/cfg.py:3253}}
Jun 28 00:45:27.261603 np0000003860 nova-conductor[98722]: DEBUG cotyledon.oslo_config_glue [-] oslo_messaging_rabbit.amqp_auto_delete = False {{(pid=98722) log_opt_values /opt/stack/data/venv/lib/python3.12/site-packages/oslo_config/cfg.py:3253}}
Jun 28 00:45:27.261603 np0000003860 nova-conductor[98722]: DEBUG cotyledon.oslo_config_glue [-] oslo_messaging_rabbit.amqp_durable_queues = False {{(pid=98722) log_opt_values /opt/stack/data/venv/lib/python3.12/site-packages/oslo_config/cfg.py:3253}}
Jun 28 00:45:27.261603 np0000003860 nova-conductor[98722]: DEBUG cotyledon.oslo_config_glue [-] oslo_messaging_rabbit.conn_pool_min_size = 2 {{(pid=98722) log_opt_values /opt/stack/data/venv/lib/python3.12/site-packages/oslo_config/cfg.py:3253}}
Jun 28 00:45:27.261603 np0000003860 nova-conductor[98722]: DEBUG cotyledon.oslo_config_glue [-] oslo_messaging_rabbit.conn_pool_ttl = 1200 {{(pid=98722) log_opt_values /opt/stack/data/venv/lib/python3.12/site-packages/oslo_config/cfg.py:3253}}
Jun 28 00:45:27.261603 np0000003860 nova-conductor[98722]: DEBUG cotyledon.oslo_config_glue [-] oslo_messaging_rabbit.direct_mandatory_flag = True {{(pid=98722) log_opt_values /opt/stack/data/venv/lib/python3.12/site-packages/oslo_config/cfg.py:3253}}
Jun 28 00:45:27.261875 np0000003860 nova-conductor[98722]: DEBUG cotyledon.oslo_config_glue [-] oslo_messaging_rabbit.enable_cancel_on_failover = False {{(pid=98722) log_opt_values /opt/stack/data/venv/lib/python3.12/site-packages/oslo_config/cfg.py:3253}}
Jun 28 00:45:27.261875 np0000003860 nova-conductor[98722]: DEBUG cotyledon.oslo_config_glue [-] oslo_messaging_rabbit.heartbeat_rate = 3 {{(pid=98722) log_opt_values /opt/stack/data/venv/lib/python3.12/site-packages/oslo_config/cfg.py:3253}}
Jun 28 00:45:27.261875 np0000003860 nova-conductor[98722]: DEBUG cotyledon.oslo_config_glue [-] oslo_messaging_rabbit.heartbeat_timeout_threshold = 60 {{(pid=98722) log_opt_values /opt/stack/data/venv/lib/python3.12/site-packages/oslo_config/cfg.py:3253}}
Jun 28 00:45:27.261875 np0000003860 nova-conductor[98722]: DEBUG cotyledon.oslo_config_glue [-] oslo_messaging_rabbit.hostname = np0000003860 {{(pid=98722) log_opt_values /opt/stack/data/venv/lib/python3.12/site-packages/oslo_config/cfg.py:3253}}
Jun 28 00:45:27.261875 np0000003860 nova-conductor[98722]: DEBUG cotyledon.oslo_config_glue [-] oslo_messaging_rabbit.kombu_compression = None {{(pid=98722) log_opt_values /opt/stack/data/venv/lib/python3.12/site-packages/oslo_config/cfg.py:3253}}
Jun 28 00:45:27.261875 np0000003860 nova-conductor[98722]: DEBUG cotyledon.oslo_config_glue [-] oslo_messaging_rabbit.kombu_failover_strategy = round-robin {{(pid=98722) log_opt_values /opt/stack/data/venv/lib/python3.12/site-packages/oslo_config/cfg.py:3253}}
Jun 28 00:45:27.261875 np0000003860 nova-conductor[98722]: DEBUG cotyledon.oslo_config_glue [-] oslo_messaging_rabbit.kombu_missing_consumer_retry_timeout = 60 {{(pid=98722) log_opt_values /opt/stack/data/venv/lib/python3.12/site-packages/oslo_config/cfg.py:3253}}
Jun 28 00:45:27.261875 np0000003860 nova-conductor[98722]: DEBUG cotyledon.oslo_config_glue [-] oslo_messaging_rabbit.kombu_reconnect_delay = 1.0 {{(pid=98722) log_opt_values /opt/stack/data/venv/lib/python3.12/site-packages/oslo_config/cfg.py:3253}}
Jun 28 00:45:27.261875 np0000003860 nova-conductor[98722]: DEBUG cotyledon.oslo_config_glue [-] oslo_messaging_rabbit.kombu_reconnect_splay = 0.0 {{(pid=98722) log_opt_values /opt/stack/data/venv/lib/python3.12/site-packages/oslo_config/cfg.py:3253}}
Jun 28 00:45:27.262146 np0000003860 nova-conductor[98722]: DEBUG cotyledon.oslo_config_glue [-] oslo_messaging_rabbit.processname = nova-conductor {{(pid=98722) log_opt_values /opt/stack/data/venv/lib/python3.12/site-packages/oslo_config/cfg.py:3253}}
Jun 28 00:45:27.262146 np0000003860 nova-conductor[98722]: DEBUG cotyledon.oslo_config_glue [-] oslo_messaging_rabbit.rabbit_ha_queues = False {{(pid=98722) log_opt_values /opt/stack/data/venv/lib/python3.12/site-packages/oslo_config/cfg.py:3253}}
Jun 28 00:45:27.262146 np0000003860 nova-conductor[98722]: DEBUG cotyledon.oslo_config_glue [-] oslo_messaging_rabbit.rabbit_interval_max = 30 {{(pid=98722) log_opt_values /opt/stack/data/venv/lib/python3.12/site-packages/oslo_config/cfg.py:3253}}
Jun 28 00:45:27.262146 np0000003860 nova-conductor[98722]: DEBUG cotyledon.oslo_config_glue [-] oslo_messaging_rabbit.rabbit_login_method = AMQPLAIN {{(pid=98722) log_opt_values /opt/stack/data/venv/lib/python3.12/site-packages/oslo_config/cfg.py:3253}}
Jun 28 00:45:27.262146 np0000003860 nova-conductor[98722]: DEBUG cotyledon.oslo_config_glue [-] oslo_messaging_rabbit.rabbit_qos_prefetch_count = 0 {{(pid=98722) log_opt_values /opt/stack/data/venv/lib/python3.12/site-packages/oslo_config/cfg.py:3253}}
Jun 28 00:45:27.262146 np0000003860 nova-conductor[98722]: DEBUG cotyledon.oslo_config_glue [-] oslo_messaging_rabbit.rabbit_quorum_delivery_limit = 0 {{(pid=98722) log_opt_values /opt/stack/data/venv/lib/python3.12/site-packages/oslo_config/cfg.py:3253}}
Jun 28 00:45:27.262146 np0000003860 nova-conductor[98722]: DEBUG cotyledon.oslo_config_glue [-] oslo_messaging_rabbit.rabbit_quorum_max_memory_bytes = 0 {{(pid=98722) log_opt_values /opt/stack/data/venv/lib/python3.12/site-packages/oslo_config/cfg.py:3253}}
Jun 28 00:45:27.262146 np0000003860 nova-conductor[98722]: DEBUG cotyledon.oslo_config_glue [-] oslo_messaging_rabbit.rabbit_quorum_max_memory_length = 0 {{(pid=98722) log_opt_values /opt/stack/data/venv/lib/python3.12/site-packages/oslo_config/cfg.py:3253}}
Jun 28 00:45:27.262146 np0000003860 nova-conductor[98722]: DEBUG cotyledon.oslo_config_glue [-] oslo_messaging_rabbit.rabbit_quorum_queue = False {{(pid=98722) log_opt_values /opt/stack/data/venv/lib/python3.12/site-packages/oslo_config/cfg.py:3253}}
Jun 28 00:45:27.262426 np0000003860 nova-conductor[98722]: DEBUG cotyledon.oslo_config_glue [-] oslo_messaging_rabbit.rabbit_retry_backoff = 2 {{(pid=98722) log_opt_values /opt/stack/data/venv/lib/python3.12/site-packages/oslo_config/cfg.py:3253}}
Jun 28 00:45:27.262426 np0000003860 nova-conductor[98722]: DEBUG cotyledon.oslo_config_glue [-] oslo_messaging_rabbit.rabbit_retry_interval = 1 {{(pid=98722) log_opt_values /opt/stack/data/venv/lib/python3.12/site-packages/oslo_config/cfg.py:3253}}
Jun 28 00:45:27.262426 np0000003860 nova-conductor[98722]: DEBUG cotyledon.oslo_config_glue [-] oslo_messaging_rabbit.rabbit_stream_fanout = False {{(pid=98722) log_opt_values /opt/stack/data/venv/lib/python3.12/site-packages/oslo_config/cfg.py:3253}}
Jun 28 00:45:27.262426 np0000003860 nova-conductor[98722]: DEBUG cotyledon.oslo_config_glue [-] oslo_messaging_rabbit.rabbit_transient_queues_ttl = 1800 {{(pid=98722) log_opt_values /opt/stack/data/venv/lib/python3.12/site-packages/oslo_config/cfg.py:3253}}
Jun 28 00:45:27.262426 np0000003860 nova-conductor[98722]: DEBUG cotyledon.oslo_config_glue [-] oslo_messaging_rabbit.rabbit_transient_quorum_queue = False {{(pid=98722) log_opt_values /opt/stack/data/venv/lib/python3.12/site-packages/oslo_config/cfg.py:3253}}
Jun 28 00:45:27.262426 np0000003860 nova-conductor[98722]: DEBUG cotyledon.oslo_config_glue [-] oslo_messaging_rabbit.rpc_conn_pool_size = 30 {{(pid=98722) log_opt_values /opt/stack/data/venv/lib/python3.12/site-packages/oslo_config/cfg.py:3253}}
Jun 28 00:45:27.262426 np0000003860 nova-conductor[98722]: DEBUG cotyledon.oslo_config_glue [-] oslo_messaging_rabbit.ssl = False {{(pid=98722) log_opt_values /opt/stack/data/venv/lib/python3.12/site-packages/oslo_config/cfg.py:3253}}
Jun 28 00:45:27.262426 np0000003860 nova-conductor[98722]: DEBUG cotyledon.oslo_config_glue [-] oslo_messaging_rabbit.ssl_ca_file = {{(pid=98722) log_opt_values /opt/stack/data/venv/lib/python3.12/site-packages/oslo_config/cfg.py:3253}}
Jun 28 00:45:27.262426 np0000003860 nova-conductor[98722]: DEBUG cotyledon.oslo_config_glue [-] oslo_messaging_rabbit.ssl_cert_file = {{(pid=98722) log_opt_values /opt/stack/data/venv/lib/python3.12/site-packages/oslo_config/cfg.py:3253}}
Jun 28 00:45:27.262676 np0000003860 nova-conductor[98722]: DEBUG cotyledon.oslo_config_glue [-] oslo_messaging_rabbit.ssl_enforce_fips_mode = False {{(pid=98722) log_opt_values /opt/stack/data/venv/lib/python3.12/site-packages/oslo_config/cfg.py:3253}}
Jun 28 00:45:27.262676 np0000003860 nova-conductor[98722]: DEBUG cotyledon.oslo_config_glue [-] oslo_messaging_rabbit.ssl_enforce_hostname_verification = True {{(pid=98722) log_opt_values /opt/stack/data/venv/lib/python3.12/site-packages/oslo_config/cfg.py:3253}}
Jun 28 00:45:27.262676 np0000003860 nova-conductor[98722]: DEBUG cotyledon.oslo_config_glue [-] oslo_messaging_rabbit.ssl_key_file = {{(pid=98722) log_opt_values /opt/stack/data/venv/lib/python3.12/site-packages/oslo_config/cfg.py:3253}}
Jun 28 00:45:27.262676 np0000003860 nova-conductor[98722]: DEBUG cotyledon.oslo_config_glue [-] oslo_messaging_rabbit.ssl_version = {{(pid=98722) log_opt_values /opt/stack/data/venv/lib/python3.12/site-packages/oslo_config/cfg.py:3253}}
Jun 28 00:45:27.262676 np0000003860 nova-conductor[98722]: DEBUG cotyledon.oslo_config_glue [-] oslo_messaging_rabbit.use_queue_manager = False {{(pid=98722) log_opt_values /opt/stack/data/venv/lib/python3.12/site-packages/oslo_config/cfg.py:3253}}
Jun 28 00:45:27.262676 np0000003860 nova-conductor[98722]: DEBUG cotyledon.oslo_config_glue [-] oslo_messaging_notifications.driver = ['messagingv2'] {{(pid=98722) log_opt_values /opt/stack/data/venv/lib/python3.12/site-packages/oslo_config/cfg.py:3253}}
Jun 28 00:45:27.262676 np0000003860 nova-conductor[98722]: DEBUG cotyledon.oslo_config_glue [-] oslo_messaging_notifications.retry = -1 {{(pid=98722) log_opt_values /opt/stack/data/venv/lib/python3.12/site-packages/oslo_config/cfg.py:3253}}
Jun 28 00:45:27.262676 np0000003860 nova-conductor[98722]: DEBUG cotyledon.oslo_config_glue [-] oslo_messaging_notifications.topics = ['notifications'] {{(pid=98722) log_opt_values /opt/stack/data/venv/lib/python3.12/site-packages/oslo_config/cfg.py:3253}}
Jun 28 00:45:27.262676 np0000003860 nova-conductor[98722]: DEBUG cotyledon.oslo_config_glue [-] oslo_messaging_notifications.transport_url = **** {{(pid=98722) log_opt_values /opt/stack/data/venv/lib/python3.12/site-packages/oslo_config/cfg.py:3253}}
Jun 28 00:45:27.262934 np0000003860 nova-conductor[98722]: DEBUG cotyledon.oslo_config_glue [-] oslo_limit.auth_section = None {{(pid=98722) log_opt_values /opt/stack/data/venv/lib/python3.12/site-packages/oslo_config/cfg.py:3253}}
Jun 28 00:45:27.262934 np0000003860 nova-conductor[98722]: DEBUG cotyledon.oslo_config_glue [-] oslo_limit.auth_type = None {{(pid=98722) log_opt_values /opt/stack/data/venv/lib/python3.12/site-packages/oslo_config/cfg.py:3253}}
Jun 28 00:45:27.263021 np0000003860 nova-conductor[98717]: INFO dbcounter [None req-fd413982-a7b9-4ad7-ab7a-462ef132aa91 None None] Registered counter for database nova_cell0
Jun 28 00:45:27.263058 np0000003860 nova-conductor[98722]: DEBUG cotyledon.oslo_config_glue [-] oslo_limit.cafile = None {{(pid=98722) log_opt_values /opt/stack/data/venv/lib/python3.12/site-packages/oslo_config/cfg.py:3253}}
Jun 28 00:45:27.263058 np0000003860 nova-conductor[98722]: DEBUG cotyledon.oslo_config_glue [-] oslo_limit.certfile = None {{(pid=98722) log_opt_values /opt/stack/data/venv/lib/python3.12/site-packages/oslo_config/cfg.py:3253}}
Jun 28 00:45:27.263058 np0000003860 nova-conductor[98722]: DEBUG cotyledon.oslo_config_glue [-] oslo_limit.collect_timing = False {{(pid=98722) log_opt_values /opt/stack/data/venv/lib/python3.12/site-packages/oslo_config/cfg.py:3253}}
Jun 28 00:45:27.263058 np0000003860 nova-conductor[98722]: DEBUG cotyledon.oslo_config_glue [-] oslo_limit.connect_retries = None {{(pid=98722) log_opt_values /opt/stack/data/venv/lib/python3.12/site-packages/oslo_config/cfg.py:3253}}
Jun 28 00:45:27.263058 np0000003860 nova-conductor[98722]: DEBUG cotyledon.oslo_config_glue [-] oslo_limit.connect_retry_delay = None {{(pid=98722) log_opt_values /opt/stack/data/venv/lib/python3.12/site-packages/oslo_config/cfg.py:3253}}
Jun 28 00:45:27.263058 np0000003860 nova-conductor[98722]: DEBUG cotyledon.oslo_config_glue [-] oslo_limit.endpoint_id = None {{(pid=98722) log_opt_values /opt/stack/data/venv/lib/python3.12/site-packages/oslo_config/cfg.py:3253}}
Jun 28 00:45:27.263058 np0000003860 nova-conductor[98722]: DEBUG cotyledon.oslo_config_glue [-] oslo_limit.endpoint_interface = public {{(pid=98722) log_opt_values /opt/stack/data/venv/lib/python3.12/site-packages/oslo_config/cfg.py:3253}}
Jun 28 00:45:27.263058 np0000003860 nova-conductor[98722]: DEBUG cotyledon.oslo_config_glue [-] oslo_limit.endpoint_override = None {{(pid=98722) log_opt_values /opt/stack/data/venv/lib/python3.12/site-packages/oslo_config/cfg.py:3253}}
Jun 28 00:45:27.263058 np0000003860 nova-conductor[98722]: DEBUG cotyledon.oslo_config_glue [-] oslo_limit.endpoint_region_name = None {{(pid=98722) log_opt_values /opt/stack/data/venv/lib/python3.12/site-packages/oslo_config/cfg.py:3253}}
Jun 28 00:45:27.263310 np0000003860 nova-conductor[98722]: DEBUG cotyledon.oslo_config_glue [-] oslo_limit.endpoint_service_name = None {{(pid=98722) log_opt_values /opt/stack/data/venv/lib/python3.12/site-packages/oslo_config/cfg.py:3253}}
Jun 28 00:45:27.263310 np0000003860 nova-conductor[98722]: DEBUG cotyledon.oslo_config_glue [-] oslo_limit.endpoint_service_type = None {{(pid=98722) log_opt_values /opt/stack/data/venv/lib/python3.12/site-packages/oslo_config/cfg.py:3253}}
Jun 28 00:45:27.263310 np0000003860 nova-conductor[98722]: DEBUG cotyledon.oslo_config_glue [-] oslo_limit.insecure = False {{(pid=98722) log_opt_values /opt/stack/data/venv/lib/python3.12/site-packages/oslo_config/cfg.py:3253}}
Jun 28 00:45:27.263310 np0000003860 nova-conductor[98722]: DEBUG cotyledon.oslo_config_glue [-] oslo_limit.keyfile = None {{(pid=98722) log_opt_values /opt/stack/data/venv/lib/python3.12/site-packages/oslo_config/cfg.py:3253}}
Jun 28 00:45:27.263310 np0000003860 nova-conductor[98722]: DEBUG cotyledon.oslo_config_glue [-] oslo_limit.max_version = None {{(pid=98722) log_opt_values /opt/stack/data/venv/lib/python3.12/site-packages/oslo_config/cfg.py:3253}}
Jun 28 00:45:27.263310 np0000003860 nova-conductor[98722]: DEBUG cotyledon.oslo_config_glue [-] oslo_limit.min_version = None {{(pid=98722) log_opt_values /opt/stack/data/venv/lib/python3.12/site-packages/oslo_config/cfg.py:3253}}
Jun 28 00:45:27.263310 np0000003860 nova-conductor[98722]: DEBUG cotyledon.oslo_config_glue [-] oslo_limit.region_name = None {{(pid=98722) log_opt_values /opt/stack/data/venv/lib/python3.12/site-packages/oslo_config/cfg.py:3253}}
Jun 28 00:45:27.263310 np0000003860 nova-conductor[98722]: DEBUG cotyledon.oslo_config_glue [-] oslo_limit.retriable_status_codes = None {{(pid=98722) log_opt_values /opt/stack/data/venv/lib/python3.12/site-packages/oslo_config/cfg.py:3253}}
Jun 28 00:45:27.263310 np0000003860 nova-conductor[98722]: DEBUG cotyledon.oslo_config_glue [-] oslo_limit.service_name = None {{(pid=98722) log_opt_values /opt/stack/data/venv/lib/python3.12/site-packages/oslo_config/cfg.py:3253}}
Jun 28 00:45:27.263595 np0000003860 nova-conductor[98722]: DEBUG cotyledon.oslo_config_glue [-] oslo_limit.service_type = None {{(pid=98722) log_opt_values /opt/stack/data/venv/lib/python3.12/site-packages/oslo_config/cfg.py:3253}}
Jun 28 00:45:27.263595 np0000003860 nova-conductor[98722]: DEBUG cotyledon.oslo_config_glue [-] oslo_limit.split_loggers = False {{(pid=98722) log_opt_values /opt/stack/data/venv/lib/python3.12/site-packages/oslo_config/cfg.py:3253}}
Jun 28 00:45:27.263595 np0000003860 nova-conductor[98722]: DEBUG cotyledon.oslo_config_glue [-] oslo_limit.status_code_retries = None {{(pid=98722) log_opt_values /opt/stack/data/venv/lib/python3.12/site-packages/oslo_config/cfg.py:3253}}
Jun 28 00:45:27.263595 np0000003860 nova-conductor[98722]: DEBUG cotyledon.oslo_config_glue [-] oslo_limit.status_code_retry_delay = None {{(pid=98722) log_opt_values /opt/stack/data/venv/lib/python3.12/site-packages/oslo_config/cfg.py:3253}}
Jun 28 00:45:27.263595 np0000003860 nova-conductor[98722]: DEBUG cotyledon.oslo_config_glue [-] oslo_limit.timeout = None {{(pid=98722) log_opt_values /opt/stack/data/venv/lib/python3.12/site-packages/oslo_config/cfg.py:3253}}
Jun 28 00:45:27.263595 np0000003860 nova-conductor[98722]: DEBUG cotyledon.oslo_config_glue [-] oslo_limit.valid_interfaces = None {{(pid=98722) log_opt_values /opt/stack/data/venv/lib/python3.12/site-packages/oslo_config/cfg.py:3253}}
Jun 28 00:45:27.263595 np0000003860 nova-conductor[98722]: DEBUG cotyledon.oslo_config_glue [-] oslo_limit.version = None {{(pid=98722) log_opt_values /opt/stack/data/venv/lib/python3.12/site-packages/oslo_config/cfg.py:3253}}
Jun 28 00:45:27.263595 np0000003860 nova-conductor[98722]: DEBUG cotyledon.oslo_config_glue [-] oslo_reports.file_event_handler = None {{(pid=98722) log_opt_values /opt/stack/data/venv/lib/python3.12/site-packages/oslo_config/cfg.py:3253}}
Jun 28 00:45:27.263595 np0000003860 nova-conductor[98722]: DEBUG cotyledon.oslo_config_glue [-] oslo_reports.file_event_handler_interval = 1 {{(pid=98722) log_opt_values /opt/stack/data/venv/lib/python3.12/site-packages/oslo_config/cfg.py:3253}}
Jun 28 00:45:27.263918 np0000003860 nova-conductor[98722]: DEBUG cotyledon.oslo_config_glue [-] oslo_reports.log_dir = None {{(pid=98722) log_opt_values /opt/stack/data/venv/lib/python3.12/site-packages/oslo_config/cfg.py:3253}}
Jun 28 00:45:27.263918 np0000003860 nova-conductor[98722]: DEBUG cotyledon.oslo_config_glue [-] ******************************************************************************** {{(pid=98722) log_opt_values /opt/stack/data/venv/lib/python3.12/site-packages/oslo_config/cfg.py:3260}}
Jun 28 00:45:27.263918 np0000003860 nova-conductor[98722]: DEBUG cotyledon._service_worker [-] Run service ServiceWrapper(3) [98722] {{(pid=98722) wait_forever /opt/stack/data/venv/lib/python3.12/site-packages/cotyledon/_service_worker.py:218}}
Jun 28 00:45:27.263918 np0000003860 nova-conductor[98722]: INFO nova.service [-] Starting conductor node (version 33.1.0)
Jun 28 00:45:27.264035 np0000003860 nova-conductor[98705]: DEBUG oslo_db.sqlalchemy.engines [None req-f7e0312d-a9a8-411c-b50f-71152c83812c None None] MySQL server mode set to STRICT_TRANS_TABLES,STRICT_ALL_TABLES,NO_ZERO_IN_DATE,NO_ZERO_DATE,ERROR_FOR_DIVISION_BY_ZERO,TRADITIONAL,NO_ENGINE_SUBSTITUTION {{(pid=98705) _check_effective_sql_mode /opt/stack/data/venv/lib/python3.12/site-packages/oslo_db/sqlalchemy/engines.py:325}}
Jun 28 00:45:27.264065 np0000003860 nova-conductor[98722]: INFO dbcounter [None req-5541385b-682c-4f63-9325-ac39d84d6b00 None None] Registered counter for database nova_cell0
Jun 28 00:45:27.264086 np0000003860 nova-conductor[98705]: DEBUG dbcounter [-] [98705] Writer thread running {{(pid=98705) stat_writer /opt/stack/data/venv/lib/python3.12/site-packages/dbcounter.py:102}}
Jun 28 00:45:27.264116 np0000003860 nova-conductor[98712]: DEBUG oslo_db.sqlalchemy.engines [None req-c6cacbb8-5539-442e-8946-6d7a8a514464 None None] MySQL server mode set to STRICT_TRANS_TABLES,STRICT_ALL_TABLES,NO_ZERO_IN_DATE,NO_ZERO_DATE,ERROR_FOR_DIVISION_BY_ZERO,TRADITIONAL,NO_ENGINE_SUBSTITUTION {{(pid=98712) _check_effective_sql_mode /opt/stack/data/venv/lib/python3.12/site-packages/oslo_db/sqlalchemy/engines.py:325}}
Jun 28 00:45:27.264152 np0000003860 nova-conductor[98705]: DEBUG nova.service [None req-f7e0312d-a9a8-411c-b50f-71152c83812c None None] Creating RPC server for service: nova-conductor on topic: conductor {{(pid=98705) start /opt/stack/nova/nova/service.py:196}}
Jun 28 00:45:27.264201 np0000003860 nova-conductor[98712]: DEBUG dbcounter [-] [98712] Writer thread running {{(pid=98712) stat_writer /opt/stack/data/venv/lib/python3.12/site-packages/dbcounter.py:102}}
Jun 28 00:45:27.264201 np0000003860 nova-conductor[98712]: DEBUG nova.service [None req-c6cacbb8-5539-442e-8946-6d7a8a514464 None None] Creating RPC server for service: nova-conductor on topic: conductor {{(pid=98712) start /opt/stack/nova/nova/service.py:196}}
Jun 28 00:45:27.264258 np0000003860 nova-conductor[98717]: DEBUG oslo_db.sqlalchemy.engines [None req-fd413982-a7b9-4ad7-ab7a-462ef132aa91 None None] MySQL server mode set to STRICT_TRANS_TABLES,STRICT_ALL_TABLES,NO_ZERO_IN_DATE,NO_ZERO_DATE,ERROR_FOR_DIVISION_BY_ZERO,TRADITIONAL,NO_ENGINE_SUBSTITUTION {{(pid=98717) _check_effective_sql_mode /opt/stack/data/venv/lib/python3.12/site-packages/oslo_db/sqlalchemy/engines.py:325}}
Jun 28 00:45:27.264258 np0000003860 nova-conductor[98717]: DEBUG dbcounter [-] [98717] Writer thread running {{(pid=98717) stat_writer /opt/stack/data/venv/lib/python3.12/site-packages/dbcounter.py:102}}
Jun 28 00:45:27.264258 np0000003860 nova-conductor[98717]: DEBUG nova.service [None req-fd413982-a7b9-4ad7-ab7a-462ef132aa91 None None] Creating RPC server for service: nova-conductor on topic: conductor {{(pid=98717) start /opt/stack/nova/nova/service.py:196}}
Jun 28 00:45:27.264350 np0000003860 nova-conductor[98722]: DEBUG oslo_db.sqlalchemy.engines [None req-5541385b-682c-4f63-9325-ac39d84d6b00 None None] MySQL server mode set to STRICT_TRANS_TABLES,STRICT_ALL_TABLES,NO_ZERO_IN_DATE,NO_ZERO_DATE,ERROR_FOR_DIVISION_BY_ZERO,TRADITIONAL,NO_ENGINE_SUBSTITUTION {{(pid=98722) _check_effective_sql_mode /opt/stack/data/venv/lib/python3.12/site-packages/oslo_db/sqlalchemy/engines.py:325}}
Jun 28 00:45:27.264384 np0000003860 nova-conductor[98712]: DEBUG nova.service [None req-c6cacbb8-5539-442e-8946-6d7a8a514464 None None] Join ServiceGroup membership for this service conductor {{(pid=98712) start /opt/stack/nova/nova/service.py:222}}
Jun 28 00:45:27.264384 np0000003860 nova-conductor[98712]: DEBUG nova.servicegroup.drivers.db [None req-c6cacbb8-5539-442e-8946-6d7a8a514464 None None] DB_Driver: join new ServiceGroup member np0000003860 to the conductor group, service = {{(pid=98712) join /opt/stack/nova/nova/servicegroup/drivers/db.py:44}}
Jun 28 00:45:27.264433 np0000003860 nova-conductor[98705]: DEBUG nova.service [None req-f7e0312d-a9a8-411c-b50f-71152c83812c None None] Join ServiceGroup membership for this service conductor {{(pid=98705) start /opt/stack/nova/nova/service.py:222}}
Jun 28 00:45:27.264433 np0000003860 nova-conductor[98705]: DEBUG nova.servicegroup.drivers.db [None req-f7e0312d-a9a8-411c-b50f-71152c83812c None None] DB_Driver: join new ServiceGroup member np0000003860 to the conductor group, service = {{(pid=98705) join /opt/stack/nova/nova/servicegroup/drivers/db.py:44}}
Jun 28 00:45:27.264471 np0000003860 nova-conductor[98717]: DEBUG nova.service [None req-fd413982-a7b9-4ad7-ab7a-462ef132aa91 None None] Join ServiceGroup membership for this service conductor {{(pid=98717) start /opt/stack/nova/nova/service.py:222}}
Jun 28 00:45:27.264471 np0000003860 nova-conductor[98717]: DEBUG nova.servicegroup.drivers.db [None req-fd413982-a7b9-4ad7-ab7a-462ef132aa91 None None] DB_Driver: join new ServiceGroup member np0000003860 to the conductor group, service = {{(pid=98717) join /opt/stack/nova/nova/servicegroup/drivers/db.py:44}}
Jun 28 00:45:27.264511 np0000003860 nova-conductor[98722]: DEBUG dbcounter [-] [98722] Writer thread running {{(pid=98722) stat_writer /opt/stack/data/venv/lib/python3.12/site-packages/dbcounter.py:102}}
Jun 28 00:45:27.264511 np0000003860 nova-conductor[98722]: DEBUG nova.service [None req-5541385b-682c-4f63-9325-ac39d84d6b00 None None] Creating RPC server for service: nova-conductor on topic: conductor {{(pid=98722) start /opt/stack/nova/nova/service.py:196}}
Jun 28 00:45:27.264511 np0000003860 nova-conductor[98722]: DEBUG nova.service [None req-5541385b-682c-4f63-9325-ac39d84d6b00 None None] Join ServiceGroup membership for this service conductor {{(pid=98722) start /opt/stack/nova/nova/service.py:222}}
Jun 28 00:45:27.264511 np0000003860 nova-conductor[98722]: DEBUG nova.servicegroup.drivers.db [None req-5541385b-682c-4f63-9325-ac39d84d6b00 None None] DB_Driver: join new ServiceGroup member np0000003860 to the conductor group, service = {{(pid=98722) join /opt/stack/nova/nova/servicegroup/drivers/db.py:44}}
Jun 28 00:45:29.244142 np0000003860 nova-conductor[98717]: DEBUG oslo.service.backend._threading.loopingcall [None req-c16dad02-4153-4983-a209-81bd5b13c85c None None] Dynamic interval looping call 'nova.service.Service.periodic_tasks' sleeping for 60.00 seconds {{(pid=98717) _run_loop /opt/stack/data/venv/lib/python3.12/site-packages/oslo_service/backend/_threading/loopingcall.py:125}}
Jun 28 00:45:32.248438 np0000003860 nova-conductor[98705]: DEBUG oslo.service.backend._threading.loopingcall [-] Fixed interval looping call 'nova.servicegroup.drivers.db.DbDriver._report_state' sleeping for 119.99 seconds {{(pid=98705) _run_loop /opt/stack/data/venv/lib/python3.12/site-packages/oslo_service/backend/_threading/loopingcall.py:125}}
Jun 28 00:45:32.249270 np0000003860 nova-conductor[98712]: DEBUG oslo.service.backend._threading.loopingcall [-] Fixed interval looping call 'nova.servicegroup.drivers.db.DbDriver._report_state' sleeping for 119.99 seconds {{(pid=98712) _run_loop /opt/stack/data/venv/lib/python3.12/site-packages/oslo_service/backend/_threading/loopingcall.py:125}}
Jun 28 00:45:32.253364 np0000003860 nova-conductor[98717]: DEBUG oslo.service.backend._threading.loopingcall [-] Fixed interval looping call 'nova.servicegroup.drivers.db.DbDriver._report_state' sleeping for 119.99 seconds {{(pid=98717) _run_loop /opt/stack/data/venv/lib/python3.12/site-packages/oslo_service/backend/_threading/loopingcall.py:125}}
Jun 28 00:45:32.279259 np0000003860 nova-conductor[98722]: DEBUG oslo.service.backend._threading.loopingcall [-] Fixed interval looping call 'nova.servicegroup.drivers.db.DbDriver._report_state' sleeping for 119.99 seconds {{(pid=98722) _run_loop /opt/stack/data/venv/lib/python3.12/site-packages/oslo_service/backend/_threading/loopingcall.py:125}}
Jun 28 00:45:35.834320 np0000003860 nova-conductor[97237]: DEBUG dbcounter [-] [97237] Writing DB stats nova_api:SELECT=1 {{(pid=97237) stat_writer /opt/stack/data/venv/lib/python3.12/site-packages/dbcounter.py:115}}
Jun 28 00:45:35.954292 np0000003860 nova-conductor[97237]: DEBUG dbcounter [-] [97237] Writing DB stats nova_cell0:SELECT=1 {{(pid=97237) stat_writer /opt/stack/data/venv/lib/python3.12/site-packages/dbcounter.py:115}}
Jun 28 00:45:35.959190 np0000003860 nova-conductor[97237]: DEBUG dbcounter [-] [97237] Writing DB stats nova_cell1:SELECT=1 {{(pid=97237) stat_writer /opt/stack/data/venv/lib/python3.12/site-packages/dbcounter.py:115}}
Jun 28 00:45:42.244523 np0000003860 nova-conductor[98705]: DEBUG dbcounter [-] [98705] Writing DB stats nova_cell0:SELECT=4,nova_cell0:INSERT=1,nova_cell0:UPDATE=1 {{(pid=98705) stat_writer /opt/stack/data/venv/lib/python3.12/site-packages/dbcounter.py:115}}
Jun 28 00:45:42.244778 np0000003860 nova-conductor[98712]: DEBUG dbcounter [-] [98712] Writing DB stats nova_cell0:SELECT=3,nova_cell0:UPDATE=1 {{(pid=98712) stat_writer /opt/stack/data/venv/lib/python3.12/site-packages/dbcounter.py:115}}
Jun 28 00:45:42.249982 np0000003860 nova-conductor[98717]: DEBUG dbcounter [-] [98717] Writing DB stats nova_cell0:SELECT=3 {{(pid=98717) stat_writer /opt/stack/data/venv/lib/python3.12/site-packages/dbcounter.py:115}}
Jun 28 00:45:42.272158 np0000003860 nova-conductor[98722]: DEBUG dbcounter [-] [98722] Writing DB stats nova_cell0:SELECT=3 {{(pid=98722) stat_writer /opt/stack/data/venv/lib/python3.12/site-packages/dbcounter.py:115}}
Jun 28 00:46:00.265102 np0000003860 nova-conductor[98722]: DEBUG oslo.service.backend._threading.loopingcall [None req-bd4f6f2b-5ecc-41e9-be0d-559ef0be7dc2 None None] Dynamic interval looping call 'nova.service.Service.periodic_tasks' sleeping for 60.00 seconds {{(pid=98722) _run_loop /opt/stack/data/venv/lib/python3.12/site-packages/oslo_service/backend/_threading/loopingcall.py:125}}
Jun 28 00:46:10.236643 np0000003860 nova-conductor[98712]: DEBUG oslo.service.backend._threading.loopingcall [None req-e0e0235e-7cdc-499a-82a9-804cc7e9aa23 None None] Dynamic interval looping call 'nova.service.Service.periodic_tasks' sleeping for 60.00 seconds {{(pid=98712) _run_loop /opt/stack/data/venv/lib/python3.12/site-packages/oslo_service/backend/_threading/loopingcall.py:125}}
Jun 28 00:46:23.238480 np0000003860 nova-conductor[98705]: DEBUG oslo.service.backend._threading.loopingcall [None req-9032fc0e-33a9-44b3-996a-953dad79ef33 None None] Dynamic interval looping call 'nova.service.Service.periodic_tasks' sleeping for 60.00 seconds {{(pid=98705) _run_loop /opt/stack/data/venv/lib/python3.12/site-packages/oslo_service/backend/_threading/loopingcall.py:125}}
Jun 28 00:46:29.244640 np0000003860 nova-conductor[98717]: DEBUG oslo.service.backend._threading.loopingcall [None req-c16dad02-4153-4983-a209-81bd5b13c85c None None] Dynamic interval looping call 'nova.service.Service.periodic_tasks' sleeping for 60.00 seconds {{(pid=98717) _run_loop /opt/stack/data/venv/lib/python3.12/site-packages/oslo_service/backend/_threading/loopingcall.py:125}}
Jun 28 00:47:00.265494 np0000003860 nova-conductor[98722]: DEBUG oslo.service.backend._threading.loopingcall [None req-bd4f6f2b-5ecc-41e9-be0d-559ef0be7dc2 None None] Dynamic interval looping call 'nova.service.Service.periodic_tasks' sleeping for 60.00 seconds {{(pid=98722) _run_loop /opt/stack/data/venv/lib/python3.12/site-packages/oslo_service/backend/_threading/loopingcall.py:125}}
Jun 28 00:47:10.237133 np0000003860 nova-conductor[98712]: DEBUG oslo.service.backend._threading.loopingcall [None req-e0e0235e-7cdc-499a-82a9-804cc7e9aa23 None None] Dynamic interval looping call 'nova.service.Service.periodic_tasks' sleeping for 60.00 seconds {{(pid=98712) _run_loop /opt/stack/data/venv/lib/python3.12/site-packages/oslo_service/backend/_threading/loopingcall.py:125}}
Jun 28 00:47:23.239072 np0000003860 nova-conductor[98705]: DEBUG oslo.service.backend._threading.loopingcall [None req-9032fc0e-33a9-44b3-996a-953dad79ef33 None None] Dynamic interval looping call 'nova.service.Service.periodic_tasks' sleeping for 60.00 seconds {{(pid=98705) _run_loop /opt/stack/data/venv/lib/python3.12/site-packages/oslo_service/backend/_threading/loopingcall.py:125}}
Jun 28 00:47:29.245295 np0000003860 nova-conductor[98717]: DEBUG oslo.service.backend._threading.loopingcall [None req-c16dad02-4153-4983-a209-81bd5b13c85c None None] Dynamic interval looping call 'nova.service.Service.periodic_tasks' sleeping for 60.00 seconds {{(pid=98717) _run_loop /opt/stack/data/venv/lib/python3.12/site-packages/oslo_service/backend/_threading/loopingcall.py:125}}
Jun 28 00:47:32.245678 np0000003860 nova-conductor[98705]: DEBUG oslo.service.backend._threading.loopingcall [-] Fixed interval looping call 'nova.servicegroup.drivers.db.DbDriver._report_state' sleeping for 119.99 seconds {{(pid=98705) _run_loop /opt/stack/data/venv/lib/python3.12/site-packages/oslo_service/backend/_threading/loopingcall.py:125}}
Jun 28 00:47:32.246339 np0000003860 nova-conductor[98712]: DEBUG oslo.service.backend._threading.loopingcall [-] Fixed interval looping call 'nova.servicegroup.drivers.db.DbDriver._report_state' sleeping for 119.99 seconds {{(pid=98712) _run_loop /opt/stack/data/venv/lib/python3.12/site-packages/oslo_service/backend/_threading/loopingcall.py:125}}
Jun 28 00:47:32.247108 np0000003860 nova-conductor[98717]: DEBUG oslo.service.backend._threading.loopingcall [-] Fixed interval looping call 'nova.servicegroup.drivers.db.DbDriver._report_state' sleeping for 120.00 seconds {{(pid=98717) _run_loop /opt/stack/data/venv/lib/python3.12/site-packages/oslo_service/backend/_threading/loopingcall.py:125}}
Jun 28 00:47:32.272622 np0000003860 nova-conductor[98722]: DEBUG oslo.service.backend._threading.loopingcall [-] Fixed interval looping call 'nova.servicegroup.drivers.db.DbDriver._report_state' sleeping for 120.00 seconds {{(pid=98722) _run_loop /opt/stack/data/venv/lib/python3.12/site-packages/oslo_service/backend/_threading/loopingcall.py:125}}
Jun 28 00:47:42.241752 np0000003860 nova-conductor[98705]: DEBUG dbcounter [-] [98705] Writing DB stats nova_cell0:SELECT=1,nova_cell0:UPDATE=1 {{(pid=98705) stat_writer /opt/stack/data/venv/lib/python3.12/site-packages/dbcounter.py:115}}
Jun 28 00:47:42.242395 np0000003860 nova-conductor[98712]: DEBUG dbcounter [-] [98712] Writing DB stats nova_cell0:SELECT=1,nova_cell0:UPDATE=1 {{(pid=98712) stat_writer /opt/stack/data/venv/lib/python3.12/site-packages/dbcounter.py:115}}
Jun 28 00:47:42.245293 np0000003860 nova-conductor[98717]: DEBUG dbcounter [-] [98717] Writing DB stats nova_cell0:SELECT=1 {{(pid=98717) stat_writer /opt/stack/data/venv/lib/python3.12/site-packages/dbcounter.py:115}}
Jun 28 00:47:42.271063 np0000003860 nova-conductor[98722]: DEBUG dbcounter [-] [98722] Writing DB stats nova_cell0:SELECT=1 {{(pid=98722) stat_writer /opt/stack/data/venv/lib/python3.12/site-packages/dbcounter.py:115}}
Jun 28 00:47:59.318268 np0000003860 nova-conductor[98712]: DEBUG oslo_db.sqlalchemy.engines [None req-eebd7cf0-fd68-478f-ad73-22fa5e15df7f tempest-ServerRescueNegativeTestJSON-1630711250 tempest-ServerRescueNegativeTestJSON-1630711250-project-member] Parent process 97237 forked (98712) with an open database connection, which is being discarded and recreated. {{(pid=98712) checkout /opt/stack/data/venv/lib/python3.12/site-packages/oslo_db/sqlalchemy/engines.py:402}}
Jun 28 00:47:59.373210 np0000003860 nova-conductor[98712]: DEBUG dbcounter [-] [98712] Writer thread running {{(pid=98712) stat_writer /opt/stack/data/venv/lib/python3.12/site-packages/dbcounter.py:102}}
Jun 28 00:48:00.266277 np0000003860 nova-conductor[98722]: DEBUG oslo.service.backend._threading.loopingcall [None req-bd4f6f2b-5ecc-41e9-be0d-559ef0be7dc2 None None] Dynamic interval looping call 'nova.service.Service.periodic_tasks' sleeping for 60.00 seconds {{(pid=98722) _run_loop /opt/stack/data/venv/lib/python3.12/site-packages/oslo_service/backend/_threading/loopingcall.py:125}}
Jun 28 00:48:00.905041 np0000003860 nova-conductor[98712]: DEBUG nova.conductor.manager [None req-eebd7cf0-fd68-478f-ad73-22fa5e15df7f tempest-ServerRescueNegativeTestJSON-1630711250 tempest-ServerRescueNegativeTestJSON-1630711250-project-member] Took 1.53 seconds to select destinations for 1 instance(s). {{(pid=98712) _schedule_instances /opt/stack/nova/nova/conductor/manager.py:968}}
Jun 28 00:48:00.936203 np0000003860 nova-conductor[98712]: DEBUG oslo_concurrency.lockutils [None req-eebd7cf0-fd68-478f-ad73-22fa5e15df7f tempest-ServerRescueNegativeTestJSON-1630711250 tempest-ServerRescueNegativeTestJSON-1630711250-project-member] Acquiring lock "1a2f6942-cb0c-4b6c-aeb4-67ed58d790a6" by "nova.context.set_target_cell..get_or_set_cached_cell_and_set_connections" {{(pid=98712) inner /opt/stack/data/venv/lib/python3.12/site-packages/oslo_concurrency/lockutils.py:511}}
Jun 28 00:48:00.936562 np0000003860 nova-conductor[98712]: DEBUG oslo_concurrency.lockutils [None req-eebd7cf0-fd68-478f-ad73-22fa5e15df7f tempest-ServerRescueNegativeTestJSON-1630711250 tempest-ServerRescueNegativeTestJSON-1630711250-project-member] Lock "1a2f6942-cb0c-4b6c-aeb4-67ed58d790a6" acquired by "nova.context.set_target_cell..get_or_set_cached_cell_and_set_connections" :: waited 0.000s {{(pid=98712) inner /opt/stack/data/venv/lib/python3.12/site-packages/oslo_concurrency/lockutils.py:524}}
Jun 28 00:48:00.938117 np0000003860 nova-conductor[98712]: DEBUG oslo_concurrency.lockutils [None req-eebd7cf0-fd68-478f-ad73-22fa5e15df7f tempest-ServerRescueNegativeTestJSON-1630711250 tempest-ServerRescueNegativeTestJSON-1630711250-project-member] Lock "1a2f6942-cb0c-4b6c-aeb4-67ed58d790a6" "released" by "nova.context.set_target_cell..get_or_set_cached_cell_and_set_connections" :: held 0.001s {{(pid=98712) inner /opt/stack/data/venv/lib/python3.12/site-packages/oslo_concurrency/lockutils.py:543}}
Jun 28 00:48:00.940426 np0000003860 nova-conductor[98712]: INFO dbcounter [None req-eebd7cf0-fd68-478f-ad73-22fa5e15df7f tempest-ServerRescueNegativeTestJSON-1630711250 tempest-ServerRescueNegativeTestJSON-1630711250-project-member] Registered counter for database nova_cell1
Jun 28 00:48:00.996259 np0000003860 nova-conductor[98712]: DEBUG oslo_db.sqlalchemy.engines [None req-eebd7cf0-fd68-478f-ad73-22fa5e15df7f tempest-ServerRescueNegativeTestJSON-1630711250 tempest-ServerRescueNegativeTestJSON-1630711250-project-member] MySQL server mode set to STRICT_TRANS_TABLES,STRICT_ALL_TABLES,NO_ZERO_IN_DATE,NO_ZERO_DATE,ERROR_FOR_DIVISION_BY_ZERO,TRADITIONAL,NO_ENGINE_SUBSTITUTION {{(pid=98712) _check_effective_sql_mode /opt/stack/data/venv/lib/python3.12/site-packages/oslo_db/sqlalchemy/engines.py:325}}
Jun 28 00:48:01.007178 np0000003860 nova-conductor[98712]: DEBUG dbcounter [-] [98712] Writer thread running {{(pid=98712) stat_writer /opt/stack/data/venv/lib/python3.12/site-packages/dbcounter.py:102}}
Jun 28 00:48:01.067075 np0000003860 nova-conductor[98712]: INFO nova.utils [None req-eebd7cf0-fd68-478f-ad73-22fa5e15df7f tempest-ServerRescueNegativeTestJSON-1630711250 tempest-ServerRescueNegativeTestJSON-1630711250-project-member] The cell worker thread pool ForkProcess-2.cell_worker is initialized
Jun 28 00:48:01.067373 np0000003860 nova-conductor[98712]: DEBUG oslo_concurrency.lockutils [None req-eebd7cf0-fd68-478f-ad73-22fa5e15df7f tempest-ServerRescueNegativeTestJSON-1630711250 tempest-ServerRescueNegativeTestJSON-1630711250-project-member] Acquiring lock "00000000-0000-0000-0000-000000000000" by "nova.context.set_target_cell..get_or_set_cached_cell_and_set_connections" {{(pid=98712) inner /opt/stack/data/venv/lib/python3.12/site-packages/oslo_concurrency/lockutils.py:511}}
Jun 28 00:48:01.067490 np0000003860 nova-conductor[98712]: DEBUG oslo_concurrency.lockutils [None req-eebd7cf0-fd68-478f-ad73-22fa5e15df7f tempest-ServerRescueNegativeTestJSON-1630711250 tempest-ServerRescueNegativeTestJSON-1630711250-project-member] Lock "00000000-0000-0000-0000-000000000000" acquired by "nova.context.set_target_cell..get_or_set_cached_cell_and_set_connections" :: waited 0.000s {{(pid=98712) inner /opt/stack/data/venv/lib/python3.12/site-packages/oslo_concurrency/lockutils.py:524}}
Jun 28 00:48:01.067844 np0000003860 nova-conductor[98712]: DEBUG oslo_concurrency.lockutils [None req-eebd7cf0-fd68-478f-ad73-22fa5e15df7f tempest-ServerRescueNegativeTestJSON-1630711250 tempest-ServerRescueNegativeTestJSON-1630711250-project-member] Lock "00000000-0000-0000-0000-000000000000" "released" by "nova.context.set_target_cell..get_or_set_cached_cell_and_set_connections" :: held 0.000s {{(pid=98712) inner /opt/stack/data/venv/lib/python3.12/site-packages/oslo_concurrency/lockutils.py:543}}
Jun 28 00:48:01.068522 np0000003860 nova-conductor[98712]: DEBUG oslo_concurrency.lockutils [None req-eebd7cf0-fd68-478f-ad73-22fa5e15df7f tempest-ServerRescueNegativeTestJSON-1630711250 tempest-ServerRescueNegativeTestJSON-1630711250-project-member] Acquiring lock "1a2f6942-cb0c-4b6c-aeb4-67ed58d790a6" by "nova.context.set_target_cell..get_or_set_cached_cell_and_set_connections" {{(pid=98712) inner /opt/stack/data/venv/lib/python3.12/site-packages/oslo_concurrency/lockutils.py:511}}
Jun 28 00:48:01.068667 np0000003860 nova-conductor[98712]: DEBUG oslo_concurrency.lockutils [None req-eebd7cf0-fd68-478f-ad73-22fa5e15df7f tempest-ServerRescueNegativeTestJSON-1630711250 tempest-ServerRescueNegativeTestJSON-1630711250-project-member] Lock "1a2f6942-cb0c-4b6c-aeb4-67ed58d790a6" acquired by "nova.context.set_target_cell..get_or_set_cached_cell_and_set_connections" :: waited 0.000s {{(pid=98712) inner /opt/stack/data/venv/lib/python3.12/site-packages/oslo_concurrency/lockutils.py:524}}
Jun 28 00:48:01.068797 np0000003860 nova-conductor[98712]: DEBUG oslo_concurrency.lockutils [None req-eebd7cf0-fd68-478f-ad73-22fa5e15df7f tempest-ServerRescueNegativeTestJSON-1630711250 tempest-ServerRescueNegativeTestJSON-1630711250-project-member] Lock "1a2f6942-cb0c-4b6c-aeb4-67ed58d790a6" "released" by "nova.context.set_target_cell..get_or_set_cached_cell_and_set_connections" :: held 0.000s {{(pid=98712) inner /opt/stack/data/venv/lib/python3.12/site-packages/oslo_concurrency/lockutils.py:543}}
Jun 28 00:48:01.070660 np0000003860 nova-conductor[98712]: INFO dbcounter [None req-eebd7cf0-fd68-478f-ad73-22fa5e15df7f tempest-ServerRescueNegativeTestJSON-1630711250 tempest-ServerRescueNegativeTestJSON-1630711250-project-member] Registered counter for database nova_cell0
Jun 28 00:48:01.125421 np0000003860 nova-conductor[98712]: DEBUG oslo_db.sqlalchemy.engines [None req-eebd7cf0-fd68-478f-ad73-22fa5e15df7f tempest-ServerRescueNegativeTestJSON-1630711250 tempest-ServerRescueNegativeTestJSON-1630711250-project-member] MySQL server mode set to STRICT_TRANS_TABLES,STRICT_ALL_TABLES,NO_ZERO_IN_DATE,NO_ZERO_DATE,ERROR_FOR_DIVISION_BY_ZERO,TRADITIONAL,NO_ENGINE_SUBSTITUTION {{(pid=98712) _check_effective_sql_mode /opt/stack/data/venv/lib/python3.12/site-packages/oslo_db/sqlalchemy/engines.py:325}}
Jun 28 00:48:01.131386 np0000003860 nova-conductor[98712]: DEBUG dbcounter [-] [98712] Writer thread running {{(pid=98712) stat_writer /opt/stack/data/venv/lib/python3.12/site-packages/dbcounter.py:102}}
Jun 28 00:48:01.144559 np0000003860 nova-conductor[98712]: DEBUG nova.quota [None req-eebd7cf0-fd68-478f-ad73-22fa5e15df7f tempest-ServerRescueNegativeTestJSON-1630711250 tempest-ServerRescueNegativeTestJSON-1630711250-project-member] Getting quotas for project f6414ba0242f403eb491a1cbdb48dccd. Resources: {'ram', 'cores', 'instances'} {{(pid=98712) _get_quotas /opt/stack/nova/nova/quota.py:392}}
Jun 28 00:48:01.148047 np0000003860 nova-conductor[98712]: DEBUG nova.quota [None req-eebd7cf0-fd68-478f-ad73-22fa5e15df7f tempest-ServerRescueNegativeTestJSON-1630711250 tempest-ServerRescueNegativeTestJSON-1630711250-project-member] Getting quotas for user 0aee46053d8949d5955d52f0908c2865 and project f6414ba0242f403eb491a1cbdb48dccd. Resources: {'ram', 'cores', 'instances'} {{(pid=98712) _get_quotas /opt/stack/nova/nova/quota.py:382}}
Jun 28 00:48:01.154463 np0000003860 nova-conductor[98712]: DEBUG nova.conductor.manager [None req-eebd7cf0-fd68-478f-ad73-22fa5e15df7f tempest-ServerRescueNegativeTestJSON-1630711250 tempest-ServerRescueNegativeTestJSON-1630711250-project-member] [instance: 60cd0c6b-e1f6-4aa9-969b-b08be7d7c7de] Selected host: np0000003860; Selected node: np0000003860; Alternates: [] {{(pid=98712) schedule_and_build_instances /opt/stack/nova/nova/conductor/manager.py:1784}}
Jun 28 00:48:01.154979 np0000003860 nova-conductor[98712]: DEBUG oslo_concurrency.lockutils [None req-eebd7cf0-fd68-478f-ad73-22fa5e15df7f tempest-ServerRescueNegativeTestJSON-1630711250 tempest-ServerRescueNegativeTestJSON-1630711250-project-member] Acquiring lock "1a2f6942-cb0c-4b6c-aeb4-67ed58d790a6" by "nova.context.set_target_cell..get_or_set_cached_cell_and_set_connections" {{(pid=98712) inner /opt/stack/data/venv/lib/python3.12/site-packages/oslo_concurrency/lockutils.py:511}}
Jun 28 00:48:01.155173 np0000003860 nova-conductor[98712]: DEBUG oslo_concurrency.lockutils [None req-eebd7cf0-fd68-478f-ad73-22fa5e15df7f tempest-ServerRescueNegativeTestJSON-1630711250 tempest-ServerRescueNegativeTestJSON-1630711250-project-member] Lock "1a2f6942-cb0c-4b6c-aeb4-67ed58d790a6" acquired by "nova.context.set_target_cell..get_or_set_cached_cell_and_set_connections" :: waited 0.000s {{(pid=98712) inner /opt/stack/data/venv/lib/python3.12/site-packages/oslo_concurrency/lockutils.py:524}}
Jun 28 00:48:01.155346 np0000003860 nova-conductor[98712]: DEBUG oslo_concurrency.lockutils [None req-eebd7cf0-fd68-478f-ad73-22fa5e15df7f tempest-ServerRescueNegativeTestJSON-1630711250 tempest-ServerRescueNegativeTestJSON-1630711250-project-member] Lock "1a2f6942-cb0c-4b6c-aeb4-67ed58d790a6" "released" by "nova.context.set_target_cell..get_or_set_cached_cell_and_set_connections" :: held 0.000s {{(pid=98712) inner /opt/stack/data/venv/lib/python3.12/site-packages/oslo_concurrency/lockutils.py:543}}
Jun 28 00:48:01.164194 np0000003860 nova-conductor[98712]: DEBUG nova.conductor.manager [None req-eebd7cf0-fd68-478f-ad73-22fa5e15df7f tempest-ServerRescueNegativeTestJSON-1630711250 tempest-ServerRescueNegativeTestJSON-1630711250-project-member] [instance: 60cd0c6b-e1f6-4aa9-969b-b08be7d7c7de] block_device_mapping [BlockDeviceMapping(attachment_id=,boot_index=0,connection_info=None,created_at=,delete_on_termination=True,deleted=,deleted_at=,destination_type='local',device_name=None,device_type='disk',disk_bus=None,encrypted=False,encryption_format=None,encryption_options=None,encryption_secret_uuid=None,guest_format=None,id=,image_id='583fe4a2-c8ff-458a-b51c-1c4b38d8fba2',instance=,instance_uuid=,no_device=False,snapshot_id=None,source_type='image',tag=None,updated_at=,uuid=,volume_id=None,volume_size=None,volume_type=None)] {{(pid=98712) _create_block_device_mapping /opt/stack/nova/nova/conductor/manager.py:1529}}
Jun 28 00:48:01.165841 np0000003860 nova-conductor[98712]: DEBUG oslo_concurrency.lockutils [None req-eebd7cf0-fd68-478f-ad73-22fa5e15df7f tempest-ServerRescueNegativeTestJSON-1630711250 tempest-ServerRescueNegativeTestJSON-1630711250-project-member] Acquiring lock "1a2f6942-cb0c-4b6c-aeb4-67ed58d790a6" by "nova.context.set_target_cell..get_or_set_cached_cell_and_set_connections" {{(pid=98712) inner /opt/stack/data/venv/lib/python3.12/site-packages/oslo_concurrency/lockutils.py:511}}
Jun 28 00:48:01.166114 np0000003860 nova-conductor[98712]: DEBUG oslo_concurrency.lockutils [None req-eebd7cf0-fd68-478f-ad73-22fa5e15df7f tempest-ServerRescueNegativeTestJSON-1630711250 tempest-ServerRescueNegativeTestJSON-1630711250-project-member] Lock "1a2f6942-cb0c-4b6c-aeb4-67ed58d790a6" acquired by "nova.context.set_target_cell..get_or_set_cached_cell_and_set_connections" :: waited 0.000s {{(pid=98712) inner /opt/stack/data/venv/lib/python3.12/site-packages/oslo_concurrency/lockutils.py:524}}
Jun 28 00:48:01.166257 np0000003860 nova-conductor[98712]: DEBUG oslo_concurrency.lockutils [None req-eebd7cf0-fd68-478f-ad73-22fa5e15df7f tempest-ServerRescueNegativeTestJSON-1630711250 tempest-ServerRescueNegativeTestJSON-1630711250-project-member] Lock "1a2f6942-cb0c-4b6c-aeb4-67ed58d790a6" "released" by "nova.context.set_target_cell..get_or_set_cached_cell_and_set_connections" :: held 0.000s {{(pid=98712) inner /opt/stack/data/venv/lib/python3.12/site-packages/oslo_concurrency/lockutils.py:543}}
Jun 28 00:48:01.218951 np0000003860 nova-conductor[98712]: DEBUG oslo_concurrency.lockutils [None req-eebd7cf0-fd68-478f-ad73-22fa5e15df7f tempest-ServerRescueNegativeTestJSON-1630711250 tempest-ServerRescueNegativeTestJSON-1630711250-project-member] Acquiring lock "1a2f6942-cb0c-4b6c-aeb4-67ed58d790a6" by "nova.context.set_target_cell..get_or_set_cached_cell_and_set_connections" {{(pid=98712) inner /opt/stack/data/venv/lib/python3.12/site-packages/oslo_concurrency/lockutils.py:511}}
Jun 28 00:48:01.219181 np0000003860 nova-conductor[98712]: DEBUG oslo_concurrency.lockutils [None req-eebd7cf0-fd68-478f-ad73-22fa5e15df7f tempest-ServerRescueNegativeTestJSON-1630711250 tempest-ServerRescueNegativeTestJSON-1630711250-project-member] Lock "1a2f6942-cb0c-4b6c-aeb4-67ed58d790a6" acquired by "nova.context.set_target_cell..get_or_set_cached_cell_and_set_connections" :: waited 0.000s {{(pid=98712) inner /opt/stack/data/venv/lib/python3.12/site-packages/oslo_concurrency/lockutils.py:524}}
