Aug 26 07:44:17.802586 np0000008147 devstack@g-api.service[102975]: DEBUG glance.api.middleware.version_negotiation [None req-0fecc71f-e9c3-43d9-81d2-db06cd0fbaa4 tempest-VolumesActionsTest-460023049 tempest-VolumesActionsTest-460023049-project-member] Matched version: v2 {{(pid=102975) process_request /opt/stack/glance/glance/api/middleware/version_negotiation.py:69}}
Aug 26 07:44:17.802761 np0000008147 devstack@g-api.service[102975]: DEBUG glance.api.middleware.version_negotiation [None req-0fecc71f-e9c3-43d9-81d2-db06cd0fbaa4 tempest-VolumesActionsTest-460023049 tempest-VolumesActionsTest-460023049-project-member] new path /v2/images/1a6c2ede-2917-45c5-8079-4992015de18f {{(pid=102975) process_request /opt/stack/glance/glance/api/middleware/version_negotiation.py:70}}
Aug 26 07:44:17.813935 np0000008147 devstack@g-api.service[102975]: [pid: 102975|app: 0|req: 67/272] 127.0.0.1 () {40 vars in 838 bytes} [Wed Aug 26 07:44:17 2026] GET /v2/images/1a6c2ede-2917-45c5-8079-4992015de18f => generated 649 bytes in 13 msecs (HTTP/1.1 200) 4 headers in 157 bytes (1 switches on core 0)
Aug 26 07:44:18.825611 np0000008147 devstack@g-api.service[102974]: DEBUG glance.api.middleware.version_negotiation [None req-5624fd62-5b75-4ba8-b314-179947d00646 tempest-VolumesActionsTest-460023049 tempest-VolumesActionsTest-460023049-project-member] Determining version of request: GET /v2/images/1a6c2ede-2917-45c5-8079-4992015de18f Accept: application/json {{(pid=102974) process_request /opt/stack/glance/glance/api/middleware/version_negotiation.py:44}}
Aug 26 07:44:18.826013 np0000008147 devstack@g-api.service[102974]: DEBUG glance.api.middleware.version_negotiation [None req-5624fd62-5b75-4ba8-b314-179947d00646 tempest-VolumesActionsTest-460023049 tempest-VolumesActionsTest-460023049-project-member] Using url versioning {{(pid=102974) process_request /opt/stack/glance/glance/api/middleware/version_negotiation.py:57}}
Aug 26 07:44:18.826287 np0000008147 devstack@g-api.service[102974]: DEBUG glance.api.middleware.version_negotiation [None req-5624fd62-5b75-4ba8-b314-179947d00646 tempest-VolumesActionsTest-460023049 tempest-VolumesActionsTest-460023049-project-member] Matched version: v2 {{(pid=102974) process_request /opt/stack/glance/glance/api/middleware/version_negotiation.py:69}}
Aug 26 07:44:18.827187 np0000008147 devstack@g-api.service[102974]: DEBUG glance.api.middleware.version_negotiation [None req-5624fd62-5b75-4ba8-b314-179947d00646 tempest-VolumesActionsTest-460023049 tempest-VolumesActionsTest-460023049-project-member] new path /v2/images/1a6c2ede-2917-45c5-8079-4992015de18f {{(pid=102974) process_request /opt/stack/glance/glance/api/middleware/version_negotiation.py:70}}
Aug 26 07:44:18.842504 np0000008147 devstack@g-api.service[102974]: [pid: 102974|app: 0|req: 68/273] 127.0.0.1 () {40 vars in 838 bytes} [Wed Aug 26 07:44:18 2026] GET /v2/images/1a6c2ede-2917-45c5-8079-4992015de18f => generated 649 bytes in 17 msecs (HTTP/1.1 200) 4 headers in 157 bytes (1 switches on core 0)
Aug 26 07:44:19.136426 np0000008147 devstack@g-api.service[102976]: DEBUG swiftclient [None req-5d9e2d28-9f86-450a-b7a6-dd5589398465 tempest-VolumesActionsTest-460023049 tempest-VolumesActionsTest-460023049-project-member] REQ: curl -i https://10.4.3.120:8080/v1/AUTH_817136f7522248ddb73b9f1f0ad5cc40/glance/1a6c2ede-2917-45c5-8079-4992015de18f-00001 -X PUT -H "X-Auth-Token: gAAAAABqjplQUfLz..." {{(pid=102976) http_log /opt/stack/data/venv/lib/python3.12/site-packages/swiftclient/client.py:160}}
Aug 26 07:44:19.136426 np0000008147 devstack@g-api.service[102976]: DEBUG swiftclient [None req-5d9e2d28-9f86-450a-b7a6-dd5589398465 tempest-VolumesActionsTest-460023049 tempest-VolumesActionsTest-460023049-project-member] RESP STATUS: 201 Created {{(pid=102976) http_log /opt/stack/data/venv/lib/python3.12/site-packages/swiftclient/client.py:161}}
Aug 26 07:44:19.136426 np0000008147 devstack@g-api.service[102976]: DEBUG swiftclient [None req-5d9e2d28-9f86-450a-b7a6-dd5589398465 tempest-VolumesActionsTest-460023049 tempest-VolumesActionsTest-460023049-project-member] RESP HEADERS: {'Date': 'Wed, 26 Aug 2026 07:44:19 GMT', 'Server': 'Apache/2.4.58 (Ubuntu)', 'Content-Type': 'text/html; charset=UTF-8', 'Content-Length': '0', 'Etag': 'eda9a9889837ac4bc81d6387d92c1bec', 'Last-Modified': 'Wed, 26 Aug 2026 07:44:17 GMT', 'X-Trans-Id': 'tx946d564edf794fba92a8a-006a8e9950', 'X-Openstack-Request-Id': 'tx946d564edf794fba92a8a-006a8e9950', 'Connection': 'close'} {{(pid=102976) http_log /opt/stack/data/venv/lib/python3.12/site-packages/swiftclient/client.py:162}}
Aug 26 07:44:19.136426 np0000008147 devstack@g-api.service[102976]: DEBUG glance_store._drivers.swift.store [None req-5d9e2d28-9f86-450a-b7a6-dd5589398465 tempest-VolumesActionsTest-460023049 tempest-VolumesActionsTest-460023049-project-member] Wrote chunk 1a6c2ede-2917-45c5-8079-4992015de18f-00001 (1/?) of length 204800000 to Swift returning MD5 of content: eda9a9889837ac4bc81d6387d92c1bec {{(pid=102976) add /opt/stack/data/venv/lib/python3.12/site-packages/glance_store/_drivers/swift/store.py:1059}}
Aug 26 07:44:19.859231 np0000008147 devstack@g-api.service[102973]: DEBUG glance.api.middleware.version_negotiation [None req-9d6439c2-0aaf-4b15-b9ba-0709f69cb2b2 tempest-VolumesActionsTest-460023049 tempest-VolumesActionsTest-460023049-project-member] Determining version of request: GET /v2/images/1a6c2ede-2917-45c5-8079-4992015de18f Accept: application/json {{(pid=102973) process_request /opt/stack/glance/glance/api/middleware/version_negotiation.py:44}}
Aug 26 07:44:19.859566 np0000008147 devstack@g-api.service[102973]: DEBUG glance.api.middleware.version_negotiation [None req-9d6439c2-0aaf-4b15-b9ba-0709f69cb2b2 tempest-VolumesActionsTest-460023049 tempest-VolumesActionsTest-460023049-project-member] Using url versioning {{(pid=102973) process_request /opt/stack/glance/glance/api/middleware/version_negotiation.py:57}}
Aug 26 07:44:19.859566 np0000008147 devstack@g-api.service[102973]: DEBUG glance.api.middleware.version_negotiation [None req-9d6439c2-0aaf-4b15-b9ba-0709f69cb2b2 tempest-VolumesActionsTest-460023049 tempest-VolumesActionsTest-460023049-project-member] Matched version: v2 {{(pid=102973) process_request /opt/stack/glance/glance/api/middleware/version_negotiation.py:69}}
Aug 26 07:44:19.859824 np0000008147 devstack@g-api.service[102973]: DEBUG glance.api.middleware.version_negotiation [None req-9d6439c2-0aaf-4b15-b9ba-0709f69cb2b2 tempest-VolumesActionsTest-460023049 tempest-VolumesActionsTest-460023049-project-member] new path /v2/images/1a6c2ede-2917-45c5-8079-4992015de18f {{(pid=102973) process_request /opt/stack/glance/glance/api/middleware/version_negotiation.py:70}}
Aug 26 07:44:19.875439 np0000008147 devstack@g-api.service[102973]: [pid: 102973|app: 0|req: 71/274] 127.0.0.1 () {40 vars in 838 bytes} [Wed Aug 26 07:44:19 2026] GET /v2/images/1a6c2ede-2917-45c5-8079-4992015de18f => generated 649 bytes in 16 msecs (HTTP/1.1 200) 4 headers in 157 bytes (1 switches on core 0)
Aug 26 07:44:20.891657 np0000008147 devstack@g-api.service[102975]: DEBUG glance.api.middleware.version_negotiation [None req-54d36c6e-a0e3-4fcc-8566-68c13eb34fab tempest-VolumesActionsTest-460023049 tempest-VolumesActionsTest-460023049-project-member] Determining version of request: GET /v2/images/1a6c2ede-2917-45c5-8079-4992015de18f Accept: application/json {{(pid=102975) process_request /opt/stack/glance/glance/api/middleware/version_negotiation.py:44}}
Aug 26 07:44:20.892322 np0000008147 devstack@g-api.service[102975]: DEBUG glance.api.middleware.version_negotiation [None req-54d36c6e-a0e3-4fcc-8566-68c13eb34fab tempest-VolumesActionsTest-460023049 tempest-VolumesActionsTest-460023049-project-member] Using url versioning {{(pid=102975) process_request /opt/stack/glance/glance/api/middleware/version_negotiation.py:57}}
Aug 26 07:44:20.892322 np0000008147 devstack@g-api.service[102975]: DEBUG glance.api.middleware.version_negotiation [None req-54d36c6e-a0e3-4fcc-8566-68c13eb34fab tempest-VolumesActionsTest-460023049 tempest-VolumesActionsTest-460023049-project-member] Matched version: v2 {{(pid=102975) process_request /opt/stack/glance/glance/api/middleware/version_negotiation.py:69}}
Aug 26 07:44:20.897792 np0000008147 devstack@g-api.service[102975]: DEBUG glance.api.middleware.version_negotiation [None req-54d36c6e-a0e3-4fcc-8566-68c13eb34fab tempest-VolumesActionsTest-460023049 tempest-VolumesActionsTest-460023049-project-member] new path /v2/images/1a6c2ede-2917-45c5-8079-4992015de18f {{(pid=102975) process_request /opt/stack/glance/glance/api/middleware/version_negotiation.py:70}}
Aug 26 07:44:20.928223 np0000008147 devstack@g-api.service[102975]: [pid: 102975|app: 0|req: 68/275] 127.0.0.1 () {40 vars in 838 bytes} [Wed Aug 26 07:44:20 2026] GET /v2/images/1a6c2ede-2917-45c5-8079-4992015de18f => generated 649 bytes in 37 msecs (HTTP/1.1 200) 4 headers in 157 bytes (1 switches on core 0)
Aug 26 07:44:21.705397 np0000008147 devstack@g-api.service[102976]: DEBUG swiftclient [None req-5d9e2d28-9f86-450a-b7a6-dd5589398465 tempest-VolumesActionsTest-460023049 tempest-VolumesActionsTest-460023049-project-member] REQ: curl -i https://10.4.3.120:8080/v1/AUTH_817136f7522248ddb73b9f1f0ad5cc40/glance/1a6c2ede-2917-45c5-8079-4992015de18f-00002 -X PUT -H "X-Auth-Token: gAAAAABqjplQUfLz..." {{(pid=102976) http_log /opt/stack/data/venv/lib/python3.12/site-packages/swiftclient/client.py:160}}
Aug 26 07:44:21.705397 np0000008147 devstack@g-api.service[102976]: DEBUG swiftclient [None req-5d9e2d28-9f86-450a-b7a6-dd5589398465 tempest-VolumesActionsTest-460023049 tempest-VolumesActionsTest-460023049-project-member] RESP STATUS: 201 Created {{(pid=102976) http_log /opt/stack/data/venv/lib/python3.12/site-packages/swiftclient/client.py:161}}
Aug 26 07:44:21.705899 np0000008147 devstack@g-api.service[102976]: DEBUG swiftclient [None req-5d9e2d28-9f86-450a-b7a6-dd5589398465 tempest-VolumesActionsTest-460023049 tempest-VolumesActionsTest-460023049-project-member] RESP HEADERS: {'Date': 'Wed, 26 Aug 2026 07:44:21 GMT', 'Server': 'Apache/2.4.58 (Ubuntu)', 'Content-Type': 'text/html; charset=UTF-8', 'Content-Length': '0', 'Etag': 'eda9a9889837ac4bc81d6387d92c1bec', 'Last-Modified': 'Wed, 26 Aug 2026 07:44:20 GMT', 'X-Trans-Id': 'txd14a072b89c34ce7b797b-006a8e9953', 'X-Openstack-Request-Id': 'txd14a072b89c34ce7b797b-006a8e9953', 'Connection': 'close'} {{(pid=102976) http_log /opt/stack/data/venv/lib/python3.12/site-packages/swiftclient/client.py:162}}
Aug 26 07:44:21.705899 np0000008147 devstack@g-api.service[102976]: DEBUG glance_store._drivers.swift.store [None req-5d9e2d28-9f86-450a-b7a6-dd5589398465 tempest-VolumesActionsTest-460023049 tempest-VolumesActionsTest-460023049-project-member] Wrote chunk 1a6c2ede-2917-45c5-8079-4992015de18f-00002 (2/?) of length 204800000 to Swift returning MD5 of content: eda9a9889837ac4bc81d6387d92c1bec {{(pid=102976) add /opt/stack/data/venv/lib/python3.12/site-packages/glance_store/_drivers/swift/store.py:1059}}
Aug 26 07:44:21.940748 np0000008147 devstack@g-api.service[102974]: DEBUG glance.api.middleware.version_negotiation [None req-5c15c06f-4a2e-482c-b634-464d96ff88f0 tempest-VolumesActionsTest-460023049 tempest-VolumesActionsTest-460023049-project-member] Determining version of request: GET /v2/images/1a6c2ede-2917-45c5-8079-4992015de18f Accept: application/json {{(pid=102974) process_request /opt/stack/glance/glance/api/middleware/version_negotiation.py:44}}
Aug 26 07:44:21.941284 np0000008147 devstack@g-api.service[102974]: DEBUG glance.api.middleware.version_negotiation [None req-5c15c06f-4a2e-482c-b634-464d96ff88f0 tempest-VolumesActionsTest-460023049 tempest-VolumesActionsTest-460023049-project-member] Using url versioning {{(pid=102974) process_request /opt/stack/glance/glance/api/middleware/version_negotiation.py:57}}
Aug 26 07:44:21.941284 np0000008147 devstack@g-api.service[102974]: DEBUG glance.api.middleware.version_negotiation [None req-5c15c06f-4a2e-482c-b634-464d96ff88f0 tempest-VolumesActionsTest-460023049 tempest-VolumesActionsTest-460023049-project-member] Matched version: v2 {{(pid=102974) process_request /opt/stack/glance/glance/api/middleware/version_negotiation.py:69}}
Aug 26 07:44:21.941284 np0000008147 devstack@g-api.service[102974]: DEBUG glance.api.middleware.version_negotiation [None req-5c15c06f-4a2e-482c-b634-464d96ff88f0 tempest-VolumesActionsTest-460023049 tempest-VolumesActionsTest-460023049-project-member] new path /v2/images/1a6c2ede-2917-45c5-8079-4992015de18f {{(pid=102974) process_request /opt/stack/glance/glance/api/middleware/version_negotiation.py:70}}
Aug 26 07:44:21.954763 np0000008147 devstack@g-api.service[102974]: [pid: 102974|app: 0|req: 69/276] 127.0.0.1 () {40 vars in 838 bytes} [Wed Aug 26 07:44:21 2026] GET /v2/images/1a6c2ede-2917-45c5-8079-4992015de18f => generated 649 bytes in 14 msecs (HTTP/1.1 200) 4 headers in 157 bytes (1 switches on core 0)
Aug 26 07:44:22.973171 np0000008147 devstack@g-api.service[102973]: DEBUG glance.api.middleware.version_negotiation [None req-43d514d3-d5fb-41a4-b540-7be733c4c741 tempest-VolumesActionsTest-460023049 tempest-VolumesActionsTest-460023049-project-member] Determining version of request: GET /v2/images/1a6c2ede-2917-45c5-8079-4992015de18f Accept: application/json {{(pid=102973) process_request /opt/stack/glance/glance/api/middleware/version_negotiation.py:44}}
Aug 26 07:44:22.973657 np0000008147 devstack@g-api.service[102973]: DEBUG glance.api.middleware.version_negotiation [None req-43d514d3-d5fb-41a4-b540-7be733c4c741 tempest-VolumesActionsTest-460023049 tempest-VolumesActionsTest-460023049-project-member] Using url versioning {{(pid=102973) process_request /opt/stack/glance/glance/api/middleware/version_negotiation.py:57}}
Aug 26 07:44:22.973657 np0000008147 devstack@g-api.service[102973]: DEBUG glance.api.middleware.version_negotiation [None req-43d514d3-d5fb-41a4-b540-7be733c4c741 tempest-VolumesActionsTest-460023049 tempest-VolumesActionsTest-460023049-project-member] Matched version: v2 {{(pid=102973) process_request /opt/stack/glance/glance/api/middleware/version_negotiation.py:69}}
Aug 26 07:44:22.973657 np0000008147 devstack@g-api.service[102973]: DEBUG glance.api.middleware.version_negotiation [None req-43d514d3-d5fb-41a4-b540-7be733c4c741 tempest-VolumesActionsTest-460023049 tempest-VolumesActionsTest-460023049-project-member] new path /v2/images/1a6c2ede-2917-45c5-8079-4992015de18f {{(pid=102973) process_request /opt/stack/glance/glance/api/middleware/version_negotiation.py:70}}
Aug 26 07:44:22.991372 np0000008147 devstack@g-api.service[102973]: [pid: 102973|app: 0|req: 72/277] 127.0.0.1 () {40 vars in 838 bytes} [Wed Aug 26 07:44:22 2026] GET /v2/images/1a6c2ede-2917-45c5-8079-4992015de18f => generated 649 bytes in 18 msecs (HTTP/1.1 200) 4 headers in 157 bytes (1 switches on core 0)
Aug 26 07:44:24.002710 np0000008147 devstack@g-api.service[102975]: DEBUG glance.api.middleware.version_negotiation [None req-9f82f9a5-e30b-4e4f-a943-19c1f1d80ce0 tempest-VolumesActionsTest-460023049 tempest-VolumesActionsTest-460023049-project-member] Determining version of request: GET /v2/images/1a6c2ede-2917-45c5-8079-4992015de18f Accept: application/json {{(pid=102975) process_request /opt/stack/glance/glance/api/middleware/version_negotiation.py:44}}
Aug 26 07:44:24.003230 np0000008147 devstack@g-api.service[102975]: DEBUG glance.api.middleware.version_negotiation [None req-9f82f9a5-e30b-4e4f-a943-19c1f1d80ce0 tempest-VolumesActionsTest-460023049 tempest-VolumesActionsTest-460023049-project-member] Using url versioning {{(pid=102975) process_request /opt/stack/glance/glance/api/middleware/version_negotiation.py:57}}
Aug 26 07:44:24.003230 np0000008147 devstack@g-api.service[102975]: DEBUG glance.api.middleware.version_negotiation [None req-9f82f9a5-e30b-4e4f-a943-19c1f1d80ce0 tempest-VolumesActionsTest-460023049 tempest-VolumesActionsTest-460023049-project-member] Matched version: v2 {{(pid=102975) process_request /opt/stack/glance/glance/api/middleware/version_negotiation.py:69}}
Aug 26 07:44:24.003745 np0000008147 devstack@g-api.service[102975]: DEBUG glance.api.middleware.version_negotiation [None req-9f82f9a5-e30b-4e4f-a943-19c1f1d80ce0 tempest-VolumesActionsTest-460023049 tempest-VolumesActionsTest-460023049-project-member] new path /v2/images/1a6c2ede-2917-45c5-8079-4992015de18f {{(pid=102975) process_request /opt/stack/glance/glance/api/middleware/version_negotiation.py:70}}
Aug 26 07:44:24.020263 np0000008147 devstack@g-api.service[102975]: [pid: 102975|app: 0|req: 69/278] 127.0.0.1 () {40 vars in 838 bytes} [Wed Aug 26 07:44:24 2026] GET /v2/images/1a6c2ede-2917-45c5-8079-4992015de18f => generated 649 bytes in 17 msecs (HTTP/1.1 200) 4 headers in 157 bytes (1 switches on core 0)
Aug 26 07:44:24.056138 np0000008147 devstack@g-api.service[102976]: DEBUG swiftclient [None req-5d9e2d28-9f86-450a-b7a6-dd5589398465 tempest-VolumesActionsTest-460023049 tempest-VolumesActionsTest-460023049-project-member] REQ: curl -i https://10.4.3.120:8080/v1/AUTH_817136f7522248ddb73b9f1f0ad5cc40/glance/1a6c2ede-2917-45c5-8079-4992015de18f-00003 -X PUT -H "X-Auth-Token: gAAAAABqjplQUfLz..." {{(pid=102976) http_log /opt/stack/data/venv/lib/python3.12/site-packages/swiftclient/client.py:160}}
Aug 26 07:44:24.056469 np0000008147 devstack@g-api.service[102976]: DEBUG swiftclient [None req-5d9e2d28-9f86-450a-b7a6-dd5589398465 tempest-VolumesActionsTest-460023049 tempest-VolumesActionsTest-460023049-project-member] RESP STATUS: 201 Created {{(pid=102976) http_log /opt/stack/data/venv/lib/python3.12/site-packages/swiftclient/client.py:161}}
Aug 26 07:44:24.056469 np0000008147 devstack@g-api.service[102976]: DEBUG swiftclient [None req-5d9e2d28-9f86-450a-b7a6-dd5589398465 tempest-VolumesActionsTest-460023049 tempest-VolumesActionsTest-460023049-project-member] RESP HEADERS: {'Date': 'Wed, 26 Aug 2026 07:44:24 GMT', 'Server': 'Apache/2.4.58 (Ubuntu)', 'Content-Type': 'text/html; charset=UTF-8', 'Content-Length': '0', 'Etag': 'eda9a9889837ac4bc81d6387d92c1bec', 'Last-Modified': 'Wed, 26 Aug 2026 07:44:22 GMT', 'X-Trans-Id': 'tx7e97d959f3d04d3b9bdb5-006a8e9955', 'X-Openstack-Request-Id': 'tx7e97d959f3d04d3b9bdb5-006a8e9955', 'Connection': 'close'} {{(pid=102976) http_log /opt/stack/data/venv/lib/python3.12/site-packages/swiftclient/client.py:162}}
Aug 26 07:44:24.056596 np0000008147 devstack@g-api.service[102976]: DEBUG glance_store._drivers.swift.store [None req-5d9e2d28-9f86-450a-b7a6-dd5589398465 tempest-VolumesActionsTest-460023049 tempest-VolumesActionsTest-460023049-project-member] Wrote chunk 1a6c2ede-2917-45c5-8079-4992015de18f-00003 (3/?) of length 204800000 to Swift returning MD5 of content: eda9a9889837ac4bc81d6387d92c1bec {{(pid=102976) add /opt/stack/data/venv/lib/python3.12/site-packages/glance_store/_drivers/swift/store.py:1059}}
Aug 26 07:44:25.036230 np0000008147 devstack@g-api.service[102974]: DEBUG glance.api.middleware.version_negotiation [None req-9b6f585b-0ed6-4c80-b9c1-a284fdec9575 tempest-VolumesActionsTest-460023049 tempest-VolumesActionsTest-460023049-project-member] Determining version of request: GET /v2/images/1a6c2ede-2917-45c5-8079-4992015de18f Accept: application/json {{(pid=102974) process_request /opt/stack/glance/glance/api/middleware/version_negotiation.py:44}}
Aug 26 07:44:25.038993 np0000008147 devstack@g-api.service[102974]: DEBUG glance.api.middleware.version_negotiation [None req-9b6f585b-0ed6-4c80-b9c1-a284fdec9575 tempest-VolumesActionsTest-460023049 tempest-VolumesActionsTest-460023049-project-member] Using url versioning {{(pid=102974) process_request /opt/stack/glance/glance/api/middleware/version_negotiation.py:57}}
Aug 26 07:44:25.039318 np0000008147 devstack@g-api.service[102974]: DEBUG glance.api.middleware.version_negotiation [None req-9b6f585b-0ed6-4c80-b9c1-a284fdec9575 tempest-VolumesActionsTest-460023049 tempest-VolumesActionsTest-460023049-project-member] Matched version: v2 {{(pid=102974) process_request /opt/stack/glance/glance/api/middleware/version_negotiation.py:69}}
Aug 26 07:44:25.039416 np0000008147 devstack@g-api.service[102974]: DEBUG glance.api.middleware.version_negotiation [None req-9b6f585b-0ed6-4c80-b9c1-a284fdec9575 tempest-VolumesActionsTest-460023049 tempest-VolumesActionsTest-460023049-project-member] new path /v2/images/1a6c2ede-2917-45c5-8079-4992015de18f {{(pid=102974) process_request /opt/stack/glance/glance/api/middleware/version_negotiation.py:70}}
Aug 26 07:44:25.055174 np0000008147 devstack@g-api.service[102974]: [pid: 102974|app: 0|req: 70/279] 127.0.0.1 () {40 vars in 838 bytes} [Wed Aug 26 07:44:25 2026] GET /v2/images/1a6c2ede-2917-45c5-8079-4992015de18f => generated 649 bytes in 20 msecs (HTTP/1.1 200) 4 headers in 157 bytes (1 switches on core 0)
Aug 26 07:44:26.065943 np0000008147 devstack@g-api.service[102973]: DEBUG glance.api.middleware.version_negotiation [None req-76126449-bf3d-484f-b3b0-b3cbc9d79a23 tempest-VolumesActionsTest-460023049 tempest-VolumesActionsTest-460023049-project-member] Determining version of request: GET /v2/images/1a6c2ede-2917-45c5-8079-4992015de18f Accept: application/json {{(pid=102973) process_request /opt/stack/glance/glance/api/middleware/version_negotiation.py:44}}
Aug 26 07:44:26.066489 np0000008147 devstack@g-api.service[102973]: DEBUG glance.api.middleware.version_negotiation [None req-76126449-bf3d-484f-b3b0-b3cbc9d79a23 tempest-VolumesActionsTest-460023049 tempest-VolumesActionsTest-460023049-project-member] Using url versioning {{(pid=102973) process_request /opt/stack/glance/glance/api/middleware/version_negotiation.py:57}}
Aug 26 07:44:26.066489 np0000008147 devstack@g-api.service[102973]: DEBUG glance.api.middleware.version_negotiation [None req-76126449-bf3d-484f-b3b0-b3cbc9d79a23 tempest-VolumesActionsTest-460023049 tempest-VolumesActionsTest-460023049-project-member] Matched version: v2 {{(pid=102973) process_request /opt/stack/glance/glance/api/middleware/version_negotiation.py:69}}
Aug 26 07:44:26.066489 np0000008147 devstack@g-api.service[102973]: DEBUG glance.api.middleware.version_negotiation [None req-76126449-bf3d-484f-b3b0-b3cbc9d79a23 tempest-VolumesActionsTest-460023049 tempest-VolumesActionsTest-460023049-project-member] new path /v2/images/1a6c2ede-2917-45c5-8079-4992015de18f {{(pid=102973) process_request /opt/stack/glance/glance/api/middleware/version_negotiation.py:70}}
Aug 26 07:44:26.089819 np0000008147 devstack@g-api.service[102973]: [pid: 102973|app: 0|req: 73/280] 127.0.0.1 () {40 vars in 838 bytes} [Wed Aug 26 07:44:26 2026] GET /v2/images/1a6c2ede-2917-45c5-8079-4992015de18f => generated 649 bytes in 24 msecs (HTTP/1.1 200) 4 headers in 157 bytes (1 switches on core 0)
Aug 26 07:44:26.469079 np0000008147 devstack@g-api.service[102976]: DEBUG swiftclient [None req-5d9e2d28-9f86-450a-b7a6-dd5589398465 tempest-VolumesActionsTest-460023049 tempest-VolumesActionsTest-460023049-project-member] REQ: curl -i https://10.4.3.120:8080/v1/AUTH_817136f7522248ddb73b9f1f0ad5cc40/glance/1a6c2ede-2917-45c5-8079-4992015de18f-00004 -X PUT -H "X-Auth-Token: gAAAAABqjplQUfLz..." {{(pid=102976) http_log /opt/stack/data/venv/lib/python3.12/site-packages/swiftclient/client.py:160}}
Aug 26 07:44:26.469079 np0000008147 devstack@g-api.service[102976]: DEBUG swiftclient [None req-5d9e2d28-9f86-450a-b7a6-dd5589398465 tempest-VolumesActionsTest-460023049 tempest-VolumesActionsTest-460023049-project-member] RESP STATUS: 201 Created {{(pid=102976) http_log /opt/stack/data/venv/lib/python3.12/site-packages/swiftclient/client.py:161}}
Aug 26 07:44:26.469079 np0000008147 devstack@g-api.service[102976]: DEBUG swiftclient [None req-5d9e2d28-9f86-450a-b7a6-dd5589398465 tempest-VolumesActionsTest-460023049 tempest-VolumesActionsTest-460023049-project-member] RESP HEADERS: {'Date': 'Wed, 26 Aug 2026 07:44:26 GMT', 'Server': 'Apache/2.4.58 (Ubuntu)', 'Content-Type': 'text/html; charset=UTF-8', 'Content-Length': '0', 'Etag': 'eda9a9889837ac4bc81d6387d92c1bec', 'Last-Modified': 'Wed, 26 Aug 2026 07:44:25 GMT', 'X-Trans-Id': 'tx662ff62f05bb465897e0d-006a8e9958', 'X-Openstack-Request-Id': 'tx662ff62f05bb465897e0d-006a8e9958', 'Connection': 'close'} {{(pid=102976) http_log /opt/stack/data/venv/lib/python3.12/site-packages/swiftclient/client.py:162}}
Aug 26 07:44:26.469079 np0000008147 devstack@g-api.service[102976]: DEBUG glance_store._drivers.swift.store [None req-5d9e2d28-9f86-450a-b7a6-dd5589398465 tempest-VolumesActionsTest-460023049 tempest-VolumesActionsTest-460023049-project-member] Wrote chunk 1a6c2ede-2917-45c5-8079-4992015de18f-00004 (4/?) of length 204800000 to Swift returning MD5 of content: eda9a9889837ac4bc81d6387d92c1bec {{(pid=102976) add /opt/stack/data/venv/lib/python3.12/site-packages/glance_store/_drivers/swift/store.py:1059}}
Aug 26 07:44:26.683773 np0000008147 devstack@g-api.service[102976]: DEBUG dbcounter [-] [102976] Writing DB stats glance:SELECT=16,glance:INSERT=1,glance:UPDATE=1 {{(pid=102976) stat_writer /opt/stack/data/venv/lib/python3.12/site-packages/dbcounter.py:115}}
Aug 26 07:44:27.102825 np0000008147 devstack@g-api.service[102975]: DEBUG glance.api.middleware.version_negotiation [None req-a56e6712-ffb8-42df-abec-95bbea75d7e1 tempest-VolumesActionsTest-460023049 tempest-VolumesActionsTest-460023049-project-member] Determining version of request: GET /v2/images/1a6c2ede-2917-45c5-8079-4992015de18f Accept: application/json {{(pid=102975) process_request /opt/stack/glance/glance/api/middleware/version_negotiation.py:44}}
Aug 26 07:44:27.103247 np0000008147 devstack@g-api.service[102975]: DEBUG glance.api.middleware.version_negotiation [None req-a56e6712-ffb8-42df-abec-95bbea75d7e1 tempest-VolumesActionsTest-460023049 tempest-VolumesActionsTest-460023049-project-member] Using url versioning {{(pid=102975) process_request /opt/stack/glance/glance/api/middleware/version_negotiation.py:57}}
Aug 26 07:44:27.103247 np0000008147 devstack@g-api.service[102975]: DEBUG glance.api.middleware.version_negotiation [None req-a56e6712-ffb8-42df-abec-95bbea75d7e1 tempest-VolumesActionsTest-460023049 tempest-VolumesActionsTest-460023049-project-member] Matched version: v2 {{(pid=102975) process_request /opt/stack/glance/glance/api/middleware/version_negotiation.py:69}}
Aug 26 07:44:27.103247 np0000008147 devstack@g-api.service[102975]: DEBUG glance.api.middleware.version_negotiation [None req-a56e6712-ffb8-42df-abec-95bbea75d7e1 tempest-VolumesActionsTest-460023049 tempest-VolumesActionsTest-460023049-project-member] new path /v2/images/1a6c2ede-2917-45c5-8079-4992015de18f {{(pid=102975) process_request /opt/stack/glance/glance/api/middleware/version_negotiation.py:70}}
Aug 26 07:44:27.122024 np0000008147 devstack@g-api.service[102975]: [pid: 102975|app: 0|req: 70/281] 127.0.0.1 () {40 vars in 838 bytes} [Wed Aug 26 07:44:27 2026] GET /v2/images/1a6c2ede-2917-45c5-8079-4992015de18f => generated 649 bytes in 19 msecs (HTTP/1.1 200) 4 headers in 157 bytes (1 switches on core 0)
Aug 26 07:44:28.138148 np0000008147 devstack@g-api.service[102974]: DEBUG glance.api.middleware.version_negotiation [None req-806c7f0a-3fa4-4314-8db3-74e89af9a199 tempest-VolumesActionsTest-460023049 tempest-VolumesActionsTest-460023049-project-member] Determining version of request: GET /v2/images/1a6c2ede-2917-45c5-8079-4992015de18f Accept: application/json {{(pid=102974) process_request /opt/stack/glance/glance/api/middleware/version_negotiation.py:44}}
Aug 26 07:44:28.138624 np0000008147 devstack@g-api.service[102974]: DEBUG glance.api.middleware.version_negotiation [None req-806c7f0a-3fa4-4314-8db3-74e89af9a199 tempest-VolumesActionsTest-460023049 tempest-VolumesActionsTest-460023049-project-member] Using url versioning {{(pid=102974) process_request /opt/stack/glance/glance/api/middleware/version_negotiation.py:57}}
Aug 26 07:44:28.138624 np0000008147 devstack@g-api.service[102974]: DEBUG glance.api.middleware.version_negotiation [None req-806c7f0a-3fa4-4314-8db3-74e89af9a199 tempest-VolumesActionsTest-460023049 tempest-VolumesActionsTest-460023049-project-member] Matched version: v2 {{(pid=102974) process_request /opt/stack/glance/glance/api/middleware/version_negotiation.py:69}}
Aug 26 07:44:28.138735 np0000008147 devstack@g-api.service[102974]: DEBUG glance.api.middleware.version_negotiation [None req-806c7f0a-3fa4-4314-8db3-74e89af9a199 tempest-VolumesActionsTest-460023049 tempest-VolumesActionsTest-460023049-project-member] new path /v2/images/1a6c2ede-2917-45c5-8079-4992015de18f {{(pid=102974) process_request /opt/stack/glance/glance/api/middleware/version_negotiation.py:70}}
Aug 26 07:44:28.156718 np0000008147 devstack@g-api.service[102974]: [pid: 102974|app: 0|req: 71/282] 127.0.0.1 () {40 vars in 838 bytes} [Wed Aug 26 07:44:28 2026] GET /v2/images/1a6c2ede-2917-45c5-8079-4992015de18f => generated 649 bytes in 17 msecs (HTTP/1.1 200) 4 headers in 157 bytes (1 switches on core 0)
Aug 26 07:44:28.951319 np0000008147 devstack@g-api.service[102976]: DEBUG swiftclient [None req-5d9e2d28-9f86-450a-b7a6-dd5589398465 tempest-VolumesActionsTest-460023049 tempest-VolumesActionsTest-460023049-project-member] REQ: curl -i https://10.4.3.120:8080/v1/AUTH_817136f7522248ddb73b9f1f0ad5cc40/glance/1a6c2ede-2917-45c5-8079-4992015de18f-00005 -X PUT -H "X-Auth-Token: gAAAAABqjplQUfLz..." {{(pid=102976) http_log /opt/stack/data/venv/lib/python3.12/site-packages/swiftclient/client.py:160}}
Aug 26 07:44:28.951588 np0000008147 devstack@g-api.service[102976]: DEBUG swiftclient [None req-5d9e2d28-9f86-450a-b7a6-dd5589398465 tempest-VolumesActionsTest-460023049 tempest-VolumesActionsTest-460023049-project-member] RESP STATUS: 201 Created {{(pid=102976) http_log /opt/stack/data/venv/lib/python3.12/site-packages/swiftclient/client.py:161}}
Aug 26 07:44:28.951588 np0000008147 devstack@g-api.service[102976]: DEBUG swiftclient [None req-5d9e2d28-9f86-450a-b7a6-dd5589398465 tempest-VolumesActionsTest-460023049 tempest-VolumesActionsTest-460023049-project-member] RESP HEADERS: {'Date': 'Wed, 26 Aug 2026 07:44:28 GMT', 'Server': 'Apache/2.4.58 (Ubuntu)', 'Content-Type': 'text/html; charset=UTF-8', 'Content-Length': '0', 'Etag': 'eda9a9889837ac4bc81d6387d92c1bec', 'Last-Modified': 'Wed, 26 Aug 2026 07:44:27 GMT', 'X-Trans-Id': 'txbb90ede44949434ab0a85-006a8e995a', 'X-Openstack-Request-Id': 'txbb90ede44949434ab0a85-006a8e995a', 'Connection': 'close'} {{(pid=102976) http_log /opt/stack/data/venv/lib/python3.12/site-packages/swiftclient/client.py:162}}
Aug 26 07:44:28.951744 np0000008147 devstack@g-api.service[102976]: DEBUG glance_store._drivers.swift.store [None req-5d9e2d28-9f86-450a-b7a6-dd5589398465 tempest-VolumesActionsTest-460023049 tempest-VolumesActionsTest-460023049-project-member] Wrote chunk 1a6c2ede-2917-45c5-8079-4992015de18f-00005 (5/?) of length 204800000 to Swift returning MD5 of content: eda9a9889837ac4bc81d6387d92c1bec {{(pid=102976) add /opt/stack/data/venv/lib/python3.12/site-packages/glance_store/_drivers/swift/store.py:1059}}
Aug 26 07:44:29.164083 np0000008147 devstack@g-api.service[102973]: DEBUG glance.api.middleware.version_negotiation [None req-50194d93-7d13-4dac-b412-0472296a0549 tempest-VolumesActionsTest-460023049 tempest-VolumesActionsTest-460023049-project-member] Determining version of request: GET /v2/images/1a6c2ede-2917-45c5-8079-4992015de18f Accept: application/json {{(pid=102973) process_request /opt/stack/glance/glance/api/middleware/version_negotiation.py:44}}
Aug 26 07:44:29.164083 np0000008147 devstack@g-api.service[102973]: DEBUG glance.api.middleware.version_negotiation [None req-50194d93-7d13-4dac-b412-0472296a0549 tempest-VolumesActionsTest-460023049 tempest-VolumesActionsTest-460023049-project-member] Using url versioning {{(pid=102973) process_request /opt/stack/glance/glance/api/middleware/version_negotiation.py:57}}
Aug 26 07:44:29.164844 np0000008147 devstack@g-api.service[102973]: DEBUG glance.api.middleware.version_negotiation [None req-50194d93-7d13-4dac-b412-0472296a0549 tempest-VolumesActionsTest-460023049 tempest-VolumesActionsTest-460023049-project-member] Matched version: v2 {{(pid=102973) process_request /opt/stack/glance/glance/api/middleware/version_negotiation.py:69}}
Aug 26 07:44:29.164844 np0000008147 devstack@g-api.service[102973]: DEBUG glance.api.middleware.version_negotiation [None req-50194d93-7d13-4dac-b412-0472296a0549 tempest-VolumesActionsTest-460023049 tempest-VolumesActionsTest-460023049-project-member] new path /v2/images/1a6c2ede-2917-45c5-8079-4992015de18f {{(pid=102973) process_request /opt/stack/glance/glance/api/middleware/version_negotiation.py:70}}
Aug 26 07:44:29.178647 np0000008147 devstack@g-api.service[102973]: [pid: 102973|app: 0|req: 74/283] 127.0.0.1 () {40 vars in 838 bytes} [Wed Aug 26 07:44:29 2026] GET /v2/images/1a6c2ede-2917-45c5-8079-4992015de18f => generated 649 bytes in 15 msecs (HTTP/1.1 200) 4 headers in 157 bytes (1 switches on core 0)
Aug 26 07:44:29.424928 np0000008147 devstack@g-api.service[102976]: DEBUG swiftclient [None req-5d9e2d28-9f86-450a-b7a6-dd5589398465 tempest-VolumesActionsTest-460023049 tempest-VolumesActionsTest-460023049-project-member] REQ: curl -i https://10.4.3.120:8080/v1/AUTH_817136f7522248ddb73b9f1f0ad5cc40/glance/1a6c2ede-2917-45c5-8079-4992015de18f-00006 -X PUT -H "X-Auth-Token: gAAAAABqjplQUfLz..." {{(pid=102976) http_log /opt/stack/data/venv/lib/python3.12/site-packages/swiftclient/client.py:160}}
Aug 26 07:44:29.425096 np0000008147 devstack@g-api.service[102976]: DEBUG swiftclient [None req-5d9e2d28-9f86-450a-b7a6-dd5589398465 tempest-VolumesActionsTest-460023049 tempest-VolumesActionsTest-460023049-project-member] RESP STATUS: 201 Created {{(pid=102976) http_log /opt/stack/data/venv/lib/python3.12/site-packages/swiftclient/client.py:161}}
Aug 26 07:44:29.425355 np0000008147 devstack@g-api.service[102976]: DEBUG swiftclient [None req-5d9e2d28-9f86-450a-b7a6-dd5589398465 tempest-VolumesActionsTest-460023049 tempest-VolumesActionsTest-460023049-project-member] RESP HEADERS: {'Date': 'Wed, 26 Aug 2026 07:44:29 GMT', 'Server': 'Apache/2.4.58 (Ubuntu)', 'Content-Type': 'text/html; charset=UTF-8', 'Content-Length': '0', 'Etag': '708761f3b8777ec77058e63da08eeeb6', 'Last-Modified': 'Wed, 26 Aug 2026 07:44:29 GMT', 'X-Trans-Id': 'tx37da2cf51f584277bb86f-006a8e995c', 'X-Openstack-Request-Id': 'tx37da2cf51f584277bb86f-006a8e995c', 'Connection': 'close'} {{(pid=102976) http_log /opt/stack/data/venv/lib/python3.12/site-packages/swiftclient/client.py:162}}
Aug 26 07:44:29.425454 np0000008147 devstack@g-api.service[102976]: DEBUG glance_store._drivers.swift.store [None req-5d9e2d28-9f86-450a-b7a6-dd5589398465 tempest-VolumesActionsTest-460023049 tempest-VolumesActionsTest-460023049-project-member] Wrote chunk 1a6c2ede-2917-45c5-8079-4992015de18f-00006 (6/?) of length 49741824 to Swift returning MD5 of content: 708761f3b8777ec77058e63da08eeeb6 {{(pid=102976) add /opt/stack/data/venv/lib/python3.12/site-packages/glance_store/_drivers/swift/store.py:1059}}
Aug 26 07:44:29.425653 np0000008147 devstack@g-api.service[102976]: DEBUG glance_store._drivers.swift.store [None req-5d9e2d28-9f86-450a-b7a6-dd5589398465 tempest-VolumesActionsTest-460023049 tempest-VolumesActionsTest-460023049-project-member] Not writing zero-length chunk. {{(pid=102976) add /opt/stack/data/venv/lib/python3.12/site-packages/glance_store/_drivers/swift/store.py:1028}}
Aug 26 07:44:29.448475 np0000008147 devstack@g-api.service[102976]: DEBUG swiftclient [None req-5d9e2d28-9f86-450a-b7a6-dd5589398465 tempest-VolumesActionsTest-460023049 tempest-VolumesActionsTest-460023049-project-member] REQ: curl -i https://10.4.3.120:8080/v1/AUTH_817136f7522248ddb73b9f1f0ad5cc40/glance/1a6c2ede-2917-45c5-8079-4992015de18f -X PUT -H "X-Object-Manifest: glance/1a6c2ede-2917-45c5-8079-4992015de18f-" -H "X-Auth-Token: gAAAAABqjplQUfLz..." -H "Content-Length: 0" {{(pid=102976) http_log /opt/stack/data/venv/lib/python3.12/site-packages/swiftclient/client.py:160}}
Aug 26 07:44:29.448644 np0000008147 devstack@g-api.service[102976]: DEBUG swiftclient [None req-5d9e2d28-9f86-450a-b7a6-dd5589398465 tempest-VolumesActionsTest-460023049 tempest-VolumesActionsTest-460023049-project-member] RESP STATUS: 201 Created {{(pid=102976) http_log /opt/stack/data/venv/lib/python3.12/site-packages/swiftclient/client.py:161}}
Aug 26 07:44:29.448716 np0000008147 devstack@g-api.service[102976]: DEBUG swiftclient [None req-5d9e2d28-9f86-450a-b7a6-dd5589398465 tempest-VolumesActionsTest-460023049 tempest-VolumesActionsTest-460023049-project-member] RESP HEADERS: {'Date': 'Wed, 26 Aug 2026 07:44:29 GMT', 'Server': 'Apache/2.4.58 (Ubuntu)', 'Content-Type': 'text/html; charset=UTF-8', 'Content-Length': '0', 'Etag': 'd41d8cd98f00b204e9800998ecf8427e', 'Last-Modified': 'Wed, 26 Aug 2026 07:44:30 GMT', 'X-Trans-Id': 'tx1981e339917142409e864-006a8e995d', 'X-Openstack-Request-Id': 'tx1981e339917142409e864-006a8e995d', 'Connection': 'close'} {{(pid=102976) http_log /opt/stack/data/venv/lib/python3.12/site-packages/swiftclient/client.py:162}}
Aug 26 07:44:29.449261 np0000008147 devstack@g-api.service[102976]: INFO glance.location [None req-5d9e2d28-9f86-450a-b7a6-dd5589398465 tempest-VolumesActionsTest-460023049 tempest-VolumesActionsTest-460023049-project-member] Image format matched and virtual size computed: 1073741824
Aug 26 07:44:29.478438 np0000008147 devstack@g-api.service[102976]: DEBUG glance_store.backend [None req-5d9e2d28-9f86-450a-b7a6-dd5589398465 tempest-VolumesActionsTest-460023049 tempest-VolumesActionsTest-460023049-project-member] Attempting to import store swift {{(pid=102976) _load_store /opt/stack/data/venv/lib/python3.12/site-packages/glance_store/backend.py:215}}
Aug 26 07:44:29.479782 np0000008147 devstack@g-api.service[102976]: DEBUG glance_store.capabilities [None req-5d9e2d28-9f86-450a-b7a6-dd5589398465 tempest-VolumesActionsTest-460023049 tempest-VolumesActionsTest-460023049-project-member] Store glance_store._drivers.swift.store.SingleTenantStore doesn't support updating dynamic storage capabilities. Please overwrite 'update_capabilities' method of the store to implement updating logics if needed. {{(pid=102976) update_capabilities /opt/stack/data/venv/lib/python3.12/site-packages/glance_store/capabilities.py:91}}
Aug 26 07:44:29.479935 np0000008147 devstack@g-api.service[102976]: DEBUG glance_store.driver [None req-5d9e2d28-9f86-450a-b7a6-dd5589398465 tempest-VolumesActionsTest-460023049 tempest-VolumesActionsTest-460023049-project-member] Late loading location class glance_store._drivers.swift.store.StoreLocation {{(pid=102976) get_store_location_class /opt/stack/data/venv/lib/python3.12/site-packages/glance_store/driver.py:134}}
Aug 26 07:44:29.480041 np0000008147 devstack@g-api.service[102976]: DEBUG glance_store.location [None req-5d9e2d28-9f86-450a-b7a6-dd5589398465 tempest-VolumesActionsTest-460023049 tempest-VolumesActionsTest-460023049-project-member] Registering scheme swift+https with {'store': , 'location_class': , 'store_entry': 'swift'} {{(pid=102976) register_scheme_map /opt/stack/data/venv/lib/python3.12/site-packages/glance_store/location.py:146}}
Aug 26 07:44:29.480211 np0000008147 devstack@g-api.service[102976]: DEBUG glance_store.location [None req-5d9e2d28-9f86-450a-b7a6-dd5589398465 tempest-VolumesActionsTest-460023049 tempest-VolumesActionsTest-460023049-project-member] Registering scheme swift+https with {'store': , 'location_class': , 'store_entry': 'swift'} {{(pid=102976) register_scheme_map /opt/stack/data/venv/lib/python3.12/site-packages/glance_store/location.py:146}}
Aug 26 07:44:29.480277 np0000008147 devstack@g-api.service[102976]: DEBUG glance_store.location [None req-5d9e2d28-9f86-450a-b7a6-dd5589398465 tempest-VolumesActionsTest-460023049 tempest-VolumesActionsTest-460023049-project-member] Registering scheme swift with {'store': , 'location_class': , 'store_entry': 'swift'} {{(pid=102976) register_scheme_map /opt/stack/data/venv/lib/python3.12/site-packages/glance_store/location.py:146}}
Aug 26 07:44:29.480385 np0000008147 devstack@g-api.service[102976]: DEBUG glance_store.location [None req-5d9e2d28-9f86-450a-b7a6-dd5589398465 tempest-VolumesActionsTest-460023049 tempest-VolumesActionsTest-460023049-project-member] Registering scheme swift+https with {'store': , 'location_class': , 'store_entry': 'swift'} {{(pid=102976) register_scheme_map /opt/stack/data/venv/lib/python3.12/site-packages/glance_store/location.py:146}}
Aug 26 07:44:29.480385 np0000008147 devstack@g-api.service[102976]: DEBUG glance_store.location [None req-5d9e2d28-9f86-450a-b7a6-dd5589398465 tempest-VolumesActionsTest-460023049 tempest-VolumesActionsTest-460023049-project-member] Registering scheme swift with {'store': , 'location_class': , 'store_entry': 'swift'} {{(pid=102976) register_scheme_map /opt/stack/data/venv/lib/python3.12/site-packages/glance_store/location.py:146}}
Aug 26 07:44:29.480499 np0000008147 devstack@g-api.service[102976]: DEBUG glance_store.location [None req-5d9e2d28-9f86-450a-b7a6-dd5589398465 tempest-VolumesActionsTest-460023049 tempest-VolumesActionsTest-460023049-project-member] Registering scheme swift+http with {'store': , 'location_class': , 'store_entry': 'swift'} {{(pid=102976) register_scheme_map /opt/stack/data/venv/lib/python3.12/site-packages/glance_store/location.py:146}}
Aug 26 07:44:29.480583 np0000008147 devstack@g-api.service[102976]: DEBUG glance_store.location [None req-5d9e2d28-9f86-450a-b7a6-dd5589398465 tempest-VolumesActionsTest-460023049 tempest-VolumesActionsTest-460023049-project-member] Registering scheme swift+https with {'store': , 'location_class': , 'store_entry': 'swift'} {{(pid=102976) register_scheme_map /opt/stack/data/venv/lib/python3.12/site-packages/glance_store/location.py:146}}
Aug 26 07:44:29.480583 np0000008147 devstack@g-api.service[102976]: DEBUG glance_store.location [None req-5d9e2d28-9f86-450a-b7a6-dd5589398465 tempest-VolumesActionsTest-460023049 tempest-VolumesActionsTest-460023049-project-member] Registering scheme swift with {'store': , 'location_class': , 'store_entry': 'swift'} {{(pid=102976) register_scheme_map /opt/stack/data/venv/lib/python3.12/site-packages/glance_store/location.py:146}}
Aug 26 07:44:29.480793 np0000008147 devstack@g-api.service[102976]: DEBUG glance_store.location [None req-5d9e2d28-9f86-450a-b7a6-dd5589398465 tempest-VolumesActionsTest-460023049 tempest-VolumesActionsTest-460023049-project-member] Registering scheme swift+http with {'store': , 'location_class': , 'store_entry': 'swift'} {{(pid=102976) register_scheme_map /opt/stack/data/venv/lib/python3.12/site-packages/glance_store/location.py:146}}
Aug 26 07:44:29.480793 np0000008147 devstack@g-api.service[102976]: DEBUG glance_store.location [None req-5d9e2d28-9f86-450a-b7a6-dd5589398465 tempest-VolumesActionsTest-460023049 tempest-VolumesActionsTest-460023049-project-member] Registering scheme swift+config with {'store': , 'location_class': , 'store_entry': 'swift'} {{(pid=102976) register_scheme_map /opt/stack/data/venv/lib/python3.12/site-packages/glance_store/location.py:146}}
Aug 26 07:44:29.480907 np0000008147 devstack@g-api.service[102976]: DEBUG glance_store.backend [None req-5d9e2d28-9f86-450a-b7a6-dd5589398465 tempest-VolumesActionsTest-460023049 tempest-VolumesActionsTest-460023049-project-member] Skipping store.set_acls... not implemented. {{(pid=102976) set_acls /opt/stack/data/venv/lib/python3.12/site-packages/glance_store/backend.py:507}}
Aug 26 07:44:29.482960 np0000008147 devstack@g-api.service[102976]: [pid: 102976|app: 0|req: 69/284] 127.0.0.1 () {46 vars in 1158 bytes} [Wed Aug 26 07:44:15 2026] PUT /v2/images/1a6c2ede-2917-45c5-8079-4992015de18f/file => generated 0 bytes in 14068 msecs (HTTP/1.1 204) 4 headers in 171 bytes (1 switches on core 0)
Aug 26 07:44:29.492618 np0000008147 devstack@g-api.service[102975]: DEBUG glance.api.middleware.version_negotiation [None req-dffa3b11-147f-4de6-8183-eb67fb74df80 tempest-VolumesActionsTest-460023049 tempest-VolumesActionsTest-460023049-project-member] Determining version of request: GET /v2/images/1a6c2ede-2917-45c5-8079-4992015de18f Accept: */* {{(pid=102975) process_request /opt/stack/glance/glance/api/middleware/version_negotiation.py:44}}
Aug 26 07:44:29.493128 np0000008147 devstack@g-api.service[102975]: DEBUG glance.api.middleware.version_negotiation [None req-dffa3b11-147f-4de6-8183-eb67fb74df80 tempest-VolumesActionsTest-460023049 tempest-VolumesActionsTest-460023049-project-member] Using url versioning {{(pid=102975) process_request /opt/stack/glance/glance/api/middleware/version_negotiation.py:57}}
Aug 26 07:44:29.493128 np0000008147 devstack@g-api.service[102975]: DEBUG glance.api.middleware.version_negotiation [None req-dffa3b11-147f-4de6-8183-eb67fb74df80 tempest-VolumesActionsTest-460023049 tempest-VolumesActionsTest-460023049-project-member] Matched version: v2 {{(pid=102975) process_request /opt/stack/glance/glance/api/middleware/version_negotiation.py:69}}
Aug 26 07:44:29.493128 np0000008147 devstack@g-api.service[102975]: DEBUG glance.api.middleware.version_negotiation [None req-dffa3b11-147f-4de6-8183-eb67fb74df80 tempest-VolumesActionsTest-460023049 tempest-VolumesActionsTest-460023049-project-member] new path /v2/images/1a6c2ede-2917-45c5-8079-4992015de18f {{(pid=102975) process_request /opt/stack/glance/glance/api/middleware/version_negotiation.py:70}}
Aug 26 07:44:29.504065 np0000008147 devstack@g-api.service[102975]: [pid: 102975|app: 0|req: 71/285] 127.0.0.1 () {44 vars in 1115 bytes} [Wed Aug 26 07:44:29 2026] GET /v2/images/1a6c2ede-2917-45c5-8079-4992015de18f => generated 821 bytes in 12 msecs (HTTP/1.1 200) 4 headers in 157 bytes (1 switches on core 0)
Aug 26 07:44:29.512224 np0000008147 devstack@g-api.service[102974]: DEBUG glance.api.middleware.version_negotiation [None req-67ff28f9-38b7-41a3-abef-4f91d586aee7 tempest-VolumesActionsTest-460023049 tempest-VolumesActionsTest-460023049-project-member] Determining version of request: GET /v2/schemas/image Accept: */* {{(pid=102974) process_request /opt/stack/glance/glance/api/middleware/version_negotiation.py:44}}
Aug 26 07:44:29.512224 np0000008147 devstack@g-api.service[102974]: DEBUG glance.api.middleware.version_negotiation [None req-67ff28f9-38b7-41a3-abef-4f91d586aee7 tempest-VolumesActionsTest-460023049 tempest-VolumesActionsTest-460023049-project-member] Using url versioning {{(pid=102974) process_request /opt/stack/glance/glance/api/middleware/version_negotiation.py:57}}
Aug 26 07:44:29.512224 np0000008147 devstack@g-api.service[102974]: DEBUG glance.api.middleware.version_negotiation [None req-67ff28f9-38b7-41a3-abef-4f91d586aee7 tempest-VolumesActionsTest-460023049 tempest-VolumesActionsTest-460023049-project-member] Matched version: v2 {{(pid=102974) process_request /opt/stack/glance/glance/api/middleware/version_negotiation.py:69}}
Aug 26 07:44:29.512224 np0000008147 devstack@g-api.service[102974]: DEBUG glance.api.middleware.version_negotiation [None req-67ff28f9-38b7-41a3-abef-4f91d586aee7 tempest-VolumesActionsTest-460023049 tempest-VolumesActionsTest-460023049-project-member] new path /v2/schemas/image {{(pid=102974) process_request /opt/stack/glance/glance/api/middleware/version_negotiation.py:70}}
Aug 26 07:44:29.513941 np0000008147 devstack@g-api.service[102974]: [pid: 102974|app: 0|req: 72/286] 127.0.0.1 () {44 vars in 1055 bytes} [Wed Aug 26 07:44:29 2026] GET /v2/schemas/image => generated 6083 bytes in 3 msecs (HTTP/1.1 200) 4 headers in 158 bytes (1 switches on core 0)
Aug 26 07:44:29.521774 np0000008147 devstack@g-api.service[102973]: DEBUG glance.api.middleware.version_negotiation [None req-2aa77273-9287-4329-bc10-05db80cd84a0 tempest-VolumesActionsTest-460023049 tempest-VolumesActionsTest-460023049-project-member] Determining version of request: GET /v2/schemas/image Accept: */* {{(pid=102973) process_request /opt/stack/glance/glance/api/middleware/version_negotiation.py:44}}
Aug 26 07:44:29.521995 np0000008147 devstack@g-api.service[102973]: DEBUG glance.api.middleware.version_negotiation [None req-2aa77273-9287-4329-bc10-05db80cd84a0 tempest-VolumesActionsTest-460023049 tempest-VolumesActionsTest-460023049-project-member] Using url versioning {{(pid=102973) process_request /opt/stack/glance/glance/api/middleware/version_negotiation.py:57}}
Aug 26 07:44:29.522073 np0000008147 devstack@g-api.service[102973]: DEBUG glance.api.middleware.version_negotiation [None req-2aa77273-9287-4329-bc10-05db80cd84a0 tempest-VolumesActionsTest-460023049 tempest-VolumesActionsTest-460023049-project-member] Matched version: v2 {{(pid=102973) process_request /opt/stack/glance/glance/api/middleware/version_negotiation.py:69}}
Aug 26 07:44:29.522415 np0000008147 devstack@g-api.service[102973]: DEBUG glance.api.middleware.version_negotiation [None req-2aa77273-9287-4329-bc10-05db80cd84a0 tempest-VolumesActionsTest-460023049 tempest-VolumesActionsTest-460023049-project-member] new path /v2/schemas/image {{(pid=102973) process_request /opt/stack/glance/glance/api/middleware/version_negotiation.py:70}}
Aug 26 07:44:29.526334 np0000008147 devstack@g-api.service[102973]: [pid: 102973|app: 0|req: 75/287] 127.0.0.1 () {44 vars in 1055 bytes} [Wed Aug 26 07:44:29 2026] GET /v2/schemas/image => generated 6083 bytes in 3 msecs (HTTP/1.1 200) 4 headers in 158 bytes (1 switches on core 0)
Aug 26 07:44:30.190210 np0000008147 devstack@g-api.service[102976]: DEBUG glance.api.middleware.version_negotiation [None req-5d9e2d28-9f86-450a-b7a6-dd5589398465 tempest-VolumesActionsTest-460023049 tempest-VolumesActionsTest-460023049-project-member] Determining version of request: GET /v2/images/1a6c2ede-2917-45c5-8079-4992015de18f Accept: application/json {{(pid=102976) process_request /opt/stack/glance/glance/api/middleware/version_negotiation.py:44}}
