Aug 26 07:37:19.043755 np0000008147 nova-conductor[99042]: DEBUG cotyledon.oslo_config_glue [-] vnc.vencrypt_ca_certs = None {{(pid=99042) log_opt_values /opt/stack/data/venv/lib/python3.12/site-packages/oslo_config/cfg.py:3560}}
Aug 26 07:37:19.043755 np0000008147 nova-conductor[99042]: DEBUG cotyledon.oslo_config_glue [-] vnc.vencrypt_client_cert = None {{(pid=99042) log_opt_values /opt/stack/data/venv/lib/python3.12/site-packages/oslo_config/cfg.py:3560}}
Aug 26 07:37:19.043755 np0000008147 nova-conductor[99042]: DEBUG cotyledon.oslo_config_glue [-] vnc.vencrypt_client_key = None {{(pid=99042) log_opt_values /opt/stack/data/venv/lib/python3.12/site-packages/oslo_config/cfg.py:3560}}
Aug 26 07:37:19.043755 np0000008147 nova-conductor[99042]: DEBUG cotyledon.oslo_config_glue [-] workarounds.disable_compute_service_check_for_ffu = False {{(pid=99042) log_opt_values /opt/stack/data/venv/lib/python3.12/site-packages/oslo_config/cfg.py:3560}}
Aug 26 07:37:19.043755 np0000008147 nova-conductor[99042]: DEBUG cotyledon.oslo_config_glue [-] workarounds.disable_deep_image_inspection = False {{(pid=99042) log_opt_values /opt/stack/data/venv/lib/python3.12/site-packages/oslo_config/cfg.py:3560}}
Aug 26 07:37:19.043755 np0000008147 nova-conductor[99042]: DEBUG cotyledon.oslo_config_glue [-] workarounds.disable_fallback_pcpu_query = False {{(pid=99042) log_opt_values /opt/stack/data/venv/lib/python3.12/site-packages/oslo_config/cfg.py:3560}}
Aug 26 07:37:19.043755 np0000008147 nova-conductor[99042]: DEBUG cotyledon.oslo_config_glue [-] workarounds.disable_group_policy_check_upcall = False {{(pid=99042) log_opt_values /opt/stack/data/venv/lib/python3.12/site-packages/oslo_config/cfg.py:3560}}
Aug 26 07:37:19.043755 np0000008147 nova-conductor[99042]: DEBUG cotyledon.oslo_config_glue [-] workarounds.disable_libvirt_livesnapshot = False {{(pid=99042) log_opt_values /opt/stack/data/venv/lib/python3.12/site-packages/oslo_config/cfg.py:3560}}
Aug 26 07:37:19.043934 np0000008147 nova-conductor[99042]: DEBUG cotyledon.oslo_config_glue [-] workarounds.disable_rootwrap = False {{(pid=99042) log_opt_values /opt/stack/data/venv/lib/python3.12/site-packages/oslo_config/cfg.py:3560}}
Aug 26 07:37:19.043934 np0000008147 nova-conductor[99042]: DEBUG cotyledon.oslo_config_glue [-] workarounds.enable_numa_live_migration = False {{(pid=99042) log_opt_values /opt/stack/data/venv/lib/python3.12/site-packages/oslo_config/cfg.py:3560}}
Aug 26 07:37:19.043934 np0000008147 nova-conductor[99042]: DEBUG cotyledon.oslo_config_glue [-] workarounds.enable_qemu_monitor_announce_self = False {{(pid=99042) log_opt_values /opt/stack/data/venv/lib/python3.12/site-packages/oslo_config/cfg.py:3560}}
Aug 26 07:37:19.043934 np0000008147 nova-conductor[99042]: DEBUG cotyledon.oslo_config_glue [-] workarounds.ensure_libvirt_rbd_instance_dir_cleanup = False {{(pid=99042) log_opt_values /opt/stack/data/venv/lib/python3.12/site-packages/oslo_config/cfg.py:3560}}
Aug 26 07:37:19.043934 np0000008147 nova-conductor[99042]: DEBUG cotyledon.oslo_config_glue [-] workarounds.handle_virt_lifecycle_events = True {{(pid=99042) log_opt_values /opt/stack/data/venv/lib/python3.12/site-packages/oslo_config/cfg.py:3560}}
Aug 26 07:37:19.043934 np0000008147 nova-conductor[99042]: DEBUG cotyledon.oslo_config_glue [-] workarounds.libvirt_disable_apic = False {{(pid=99042) log_opt_values /opt/stack/data/venv/lib/python3.12/site-packages/oslo_config/cfg.py:3560}}
Aug 26 07:37:19.043934 np0000008147 nova-conductor[99042]: DEBUG cotyledon.oslo_config_glue [-] workarounds.never_download_image_if_on_rbd = False {{(pid=99042) log_opt_values /opt/stack/data/venv/lib/python3.12/site-packages/oslo_config/cfg.py:3560}}
Aug 26 07:37:19.043934 np0000008147 nova-conductor[99042]: DEBUG cotyledon.oslo_config_glue [-] workarounds.qemu_monitor_announce_self_count = 3 {{(pid=99042) log_opt_values /opt/stack/data/venv/lib/python3.12/site-packages/oslo_config/cfg.py:3560}}
Aug 26 07:37:19.043934 np0000008147 nova-conductor[99042]: DEBUG cotyledon.oslo_config_glue [-] workarounds.qemu_monitor_announce_self_interval = 1 {{(pid=99042) log_opt_values /opt/stack/data/venv/lib/python3.12/site-packages/oslo_config/cfg.py:3560}}
Aug 26 07:37:19.044280 np0000008147 nova-conductor[99042]: DEBUG cotyledon.oslo_config_glue [-] workarounds.reserve_disk_resource_for_image_cache = False {{(pid=99042) log_opt_values /opt/stack/data/venv/lib/python3.12/site-packages/oslo_config/cfg.py:3560}}
Aug 26 07:37:19.044280 np0000008147 nova-conductor[99042]: DEBUG cotyledon.oslo_config_glue [-] workarounds.skip_cpu_compare_at_startup = False {{(pid=99042) log_opt_values /opt/stack/data/venv/lib/python3.12/site-packages/oslo_config/cfg.py:3560}}
Aug 26 07:37:19.044280 np0000008147 nova-conductor[99042]: DEBUG cotyledon.oslo_config_glue [-] workarounds.skip_cpu_compare_on_dest = False {{(pid=99042) log_opt_values /opt/stack/data/venv/lib/python3.12/site-packages/oslo_config/cfg.py:3560}}
Aug 26 07:37:19.044280 np0000008147 nova-conductor[99042]: DEBUG cotyledon.oslo_config_glue [-] workarounds.skip_hypervisor_version_check_on_lm = False {{(pid=99042) log_opt_values /opt/stack/data/venv/lib/python3.12/site-packages/oslo_config/cfg.py:3560}}
Aug 26 07:37:19.044280 np0000008147 nova-conductor[99042]: DEBUG cotyledon.oslo_config_glue [-] workarounds.skip_reserve_in_use_ironic_nodes = False {{(pid=99042) log_opt_values /opt/stack/data/venv/lib/python3.12/site-packages/oslo_config/cfg.py:3560}}
Aug 26 07:37:19.044280 np0000008147 nova-conductor[99042]: DEBUG cotyledon.oslo_config_glue [-] workarounds.unified_limits_count_pcpu_as_vcpu = False {{(pid=99042) log_opt_values /opt/stack/data/venv/lib/python3.12/site-packages/oslo_config/cfg.py:3560}}
Aug 26 07:37:19.044280 np0000008147 nova-conductor[99042]: DEBUG cotyledon.oslo_config_glue [-] workarounds.wait_for_vif_plugged_event_during_hard_reboot = [] {{(pid=99042) log_opt_values /opt/stack/data/venv/lib/python3.12/site-packages/oslo_config/cfg.py:3560}}
Aug 26 07:37:19.044280 np0000008147 nova-conductor[99042]: DEBUG cotyledon.oslo_config_glue [-] wsgi.api_paste_config = /etc/nova/api-paste.ini {{(pid=99042) log_opt_values /opt/stack/data/venv/lib/python3.12/site-packages/oslo_config/cfg.py:3560}}
Aug 26 07:37:19.044526 np0000008147 nova-conductor[99042]: DEBUG cotyledon.oslo_config_glue [-] wsgi.secure_proxy_ssl_header = None {{(pid=99042) log_opt_values /opt/stack/data/venv/lib/python3.12/site-packages/oslo_config/cfg.py:3560}}
Aug 26 07:37:19.044526 np0000008147 nova-conductor[99042]: DEBUG cotyledon.oslo_config_glue [-] zvm.ca_file = None {{(pid=99042) log_opt_values /opt/stack/data/venv/lib/python3.12/site-packages/oslo_config/cfg.py:3560}}
Aug 26 07:37:19.044526 np0000008147 nova-conductor[99042]: DEBUG cotyledon.oslo_config_glue [-] zvm.cloud_connector_url = None {{(pid=99042) log_opt_values /opt/stack/data/venv/lib/python3.12/site-packages/oslo_config/cfg.py:3560}}
Aug 26 07:37:19.044526 np0000008147 nova-conductor[99042]: DEBUG cotyledon.oslo_config_glue [-] zvm.image_tmp_path = /opt/stack/data/nova/images {{(pid=99042) log_opt_values /opt/stack/data/venv/lib/python3.12/site-packages/oslo_config/cfg.py:3560}}
Aug 26 07:37:19.044526 np0000008147 nova-conductor[99042]: DEBUG cotyledon.oslo_config_glue [-] zvm.reachable_timeout = 300 {{(pid=99042) log_opt_values /opt/stack/data/venv/lib/python3.12/site-packages/oslo_config/cfg.py:3560}}
Aug 26 07:37:19.044526 np0000008147 nova-conductor[99042]: DEBUG cotyledon.oslo_config_glue [-] oslo_versionedobjects.fatal_exception_format_errors = False {{(pid=99042) log_opt_values /opt/stack/data/venv/lib/python3.12/site-packages/oslo_config/cfg.py:3560}}
Aug 26 07:37:19.044526 np0000008147 nova-conductor[99042]: DEBUG cotyledon.oslo_config_glue [-] oslo_middleware.http_basic_auth_user_file = /etc/htpasswd {{(pid=99042) log_opt_values /opt/stack/data/venv/lib/python3.12/site-packages/oslo_config/cfg.py:3560}}
Aug 26 07:37:19.044526 np0000008147 nova-conductor[99042]: DEBUG cotyledon.oslo_config_glue [-] profiler.connection_string = messaging:// {{(pid=99042) log_opt_values /opt/stack/data/venv/lib/python3.12/site-packages/oslo_config/cfg.py:3560}}
Aug 26 07:37:19.044526 np0000008147 nova-conductor[99042]: DEBUG cotyledon.oslo_config_glue [-] profiler.enabled = False {{(pid=99042) log_opt_values /opt/stack/data/venv/lib/python3.12/site-packages/oslo_config/cfg.py:3560}}
Aug 26 07:37:19.044703 np0000008147 nova-conductor[99042]: DEBUG cotyledon.oslo_config_glue [-] profiler.es_doc_type = notification {{(pid=99042) log_opt_values /opt/stack/data/venv/lib/python3.12/site-packages/oslo_config/cfg.py:3560}}
Aug 26 07:37:19.044703 np0000008147 nova-conductor[99042]: DEBUG cotyledon.oslo_config_glue [-] profiler.es_scroll_size = 10000 {{(pid=99042) log_opt_values /opt/stack/data/venv/lib/python3.12/site-packages/oslo_config/cfg.py:3560}}
Aug 26 07:37:19.044703 np0000008147 nova-conductor[99042]: DEBUG cotyledon.oslo_config_glue [-] profiler.es_scroll_time = 2m {{(pid=99042) log_opt_values /opt/stack/data/venv/lib/python3.12/site-packages/oslo_config/cfg.py:3560}}
Aug 26 07:37:19.044703 np0000008147 nova-conductor[99042]: DEBUG cotyledon.oslo_config_glue [-] profiler.filter_error_trace = False {{(pid=99042) log_opt_values /opt/stack/data/venv/lib/python3.12/site-packages/oslo_config/cfg.py:3560}}
Aug 26 07:37:19.044703 np0000008147 nova-conductor[99042]: DEBUG cotyledon.oslo_config_glue [-] profiler.hmac_keys = **** {{(pid=99042) log_opt_values /opt/stack/data/venv/lib/python3.12/site-packages/oslo_config/cfg.py:3560}}
Aug 26 07:37:19.044703 np0000008147 nova-conductor[99042]: DEBUG cotyledon.oslo_config_glue [-] profiler.sentinel_service_name = mymaster {{(pid=99042) log_opt_values /opt/stack/data/venv/lib/python3.12/site-packages/oslo_config/cfg.py:3560}}
Aug 26 07:37:19.044703 np0000008147 nova-conductor[99042]: DEBUG cotyledon.oslo_config_glue [-] profiler.socket_timeout = 0.1 {{(pid=99042) log_opt_values /opt/stack/data/venv/lib/python3.12/site-packages/oslo_config/cfg.py:3560}}
Aug 26 07:37:19.044703 np0000008147 nova-conductor[99042]: DEBUG cotyledon.oslo_config_glue [-] profiler.trace_requests = False {{(pid=99042) log_opt_values /opt/stack/data/venv/lib/python3.12/site-packages/oslo_config/cfg.py:3560}}
Aug 26 07:37:19.044703 np0000008147 nova-conductor[99042]: DEBUG cotyledon.oslo_config_glue [-] profiler.trace_sqlalchemy = False {{(pid=99042) log_opt_values /opt/stack/data/venv/lib/python3.12/site-packages/oslo_config/cfg.py:3560}}
Aug 26 07:37:19.044903 np0000008147 nova-conductor[99042]: DEBUG cotyledon.oslo_config_glue [-] profiler_jaeger.process_tags = {} {{(pid=99042) log_opt_values /opt/stack/data/venv/lib/python3.12/site-packages/oslo_config/cfg.py:3560}}
Aug 26 07:37:19.044903 np0000008147 nova-conductor[99042]: DEBUG cotyledon.oslo_config_glue [-] profiler_jaeger.service_name_prefix = None {{(pid=99042) log_opt_values /opt/stack/data/venv/lib/python3.12/site-packages/oslo_config/cfg.py:3560}}
Aug 26 07:37:19.044903 np0000008147 nova-conductor[99042]: DEBUG cotyledon.oslo_config_glue [-] profiler_otlp.service_name_prefix = None {{(pid=99042) log_opt_values /opt/stack/data/venv/lib/python3.12/site-packages/oslo_config/cfg.py:3560}}
Aug 26 07:37:19.044903 np0000008147 nova-conductor[99042]: DEBUG cotyledon.oslo_config_glue [-] oslo_messaging_rabbit.amqp_auto_delete = False {{(pid=99042) log_opt_values /opt/stack/data/venv/lib/python3.12/site-packages/oslo_config/cfg.py:3560}}
Aug 26 07:37:19.044903 np0000008147 nova-conductor[99042]: DEBUG cotyledon.oslo_config_glue [-] oslo_messaging_rabbit.amqp_durable_queues = False {{(pid=99042) log_opt_values /opt/stack/data/venv/lib/python3.12/site-packages/oslo_config/cfg.py:3560}}
Aug 26 07:37:19.044903 np0000008147 nova-conductor[99042]: DEBUG cotyledon.oslo_config_glue [-] oslo_messaging_rabbit.conn_pool_min_size = 2 {{(pid=99042) log_opt_values /opt/stack/data/venv/lib/python3.12/site-packages/oslo_config/cfg.py:3560}}
Aug 26 07:37:19.044903 np0000008147 nova-conductor[99042]: DEBUG cotyledon.oslo_config_glue [-] oslo_messaging_rabbit.conn_pool_ttl = 1200 {{(pid=99042) log_opt_values /opt/stack/data/venv/lib/python3.12/site-packages/oslo_config/cfg.py:3560}}
Aug 26 07:37:19.044903 np0000008147 nova-conductor[99042]: DEBUG cotyledon.oslo_config_glue [-] oslo_messaging_rabbit.direct_mandatory_flag = True {{(pid=99042) log_opt_values /opt/stack/data/venv/lib/python3.12/site-packages/oslo_config/cfg.py:3560}}
Aug 26 07:37:19.044903 np0000008147 nova-conductor[99042]: DEBUG cotyledon.oslo_config_glue [-] oslo_messaging_rabbit.enable_cancel_on_failover = False {{(pid=99042) log_opt_values /opt/stack/data/venv/lib/python3.12/site-packages/oslo_config/cfg.py:3560}}
Aug 26 07:37:19.045125 np0000008147 nova-conductor[99042]: DEBUG cotyledon.oslo_config_glue [-] oslo_messaging_rabbit.heartbeat_rate = 3 {{(pid=99042) log_opt_values /opt/stack/data/venv/lib/python3.12/site-packages/oslo_config/cfg.py:3560}}
Aug 26 07:37:19.045125 np0000008147 nova-conductor[99042]: DEBUG cotyledon.oslo_config_glue [-] oslo_messaging_rabbit.heartbeat_timeout_threshold = 60 {{(pid=99042) log_opt_values /opt/stack/data/venv/lib/python3.12/site-packages/oslo_config/cfg.py:3560}}
Aug 26 07:37:19.045125 np0000008147 nova-conductor[99042]: DEBUG cotyledon.oslo_config_glue [-] oslo_messaging_rabbit.hostname = np0000008147 {{(pid=99042) log_opt_values /opt/stack/data/venv/lib/python3.12/site-packages/oslo_config/cfg.py:3560}}
Aug 26 07:37:19.045125 np0000008147 nova-conductor[99042]: DEBUG cotyledon.oslo_config_glue [-] oslo_messaging_rabbit.kombu_compression = None {{(pid=99042) log_opt_values /opt/stack/data/venv/lib/python3.12/site-packages/oslo_config/cfg.py:3560}}
Aug 26 07:37:19.045125 np0000008147 nova-conductor[99042]: DEBUG cotyledon.oslo_config_glue [-] oslo_messaging_rabbit.kombu_failover_strategy = round-robin {{(pid=99042) log_opt_values /opt/stack/data/venv/lib/python3.12/site-packages/oslo_config/cfg.py:3560}}
Aug 26 07:37:19.045125 np0000008147 nova-conductor[99042]: DEBUG cotyledon.oslo_config_glue [-] oslo_messaging_rabbit.kombu_missing_consumer_retry_timeout = 60 {{(pid=99042) log_opt_values /opt/stack/data/venv/lib/python3.12/site-packages/oslo_config/cfg.py:3560}}
Aug 26 07:37:19.045125 np0000008147 nova-conductor[99042]: DEBUG cotyledon.oslo_config_glue [-] oslo_messaging_rabbit.kombu_reconnect_delay = 1.0 {{(pid=99042) log_opt_values /opt/stack/data/venv/lib/python3.12/site-packages/oslo_config/cfg.py:3560}}
Aug 26 07:37:19.045125 np0000008147 nova-conductor[99042]: DEBUG cotyledon.oslo_config_glue [-] oslo_messaging_rabbit.kombu_reconnect_splay = 0.0 {{(pid=99042) log_opt_values /opt/stack/data/venv/lib/python3.12/site-packages/oslo_config/cfg.py:3560}}
Aug 26 07:37:19.045125 np0000008147 nova-conductor[99042]: DEBUG cotyledon.oslo_config_glue [-] oslo_messaging_rabbit.processname = nova-conductor {{(pid=99042) log_opt_values /opt/stack/data/venv/lib/python3.12/site-packages/oslo_config/cfg.py:3560}}
Aug 26 07:37:19.045495 np0000008147 nova-conductor[99042]: DEBUG cotyledon.oslo_config_glue [-] oslo_messaging_rabbit.rabbit_ha_queues = False {{(pid=99042) log_opt_values /opt/stack/data/venv/lib/python3.12/site-packages/oslo_config/cfg.py:3560}}
Aug 26 07:37:19.045495 np0000008147 nova-conductor[99042]: DEBUG cotyledon.oslo_config_glue [-] oslo_messaging_rabbit.rabbit_interval_max = 30 {{(pid=99042) log_opt_values /opt/stack/data/venv/lib/python3.12/site-packages/oslo_config/cfg.py:3560}}
Aug 26 07:37:19.045495 np0000008147 nova-conductor[99042]: DEBUG cotyledon.oslo_config_glue [-] oslo_messaging_rabbit.rabbit_login_method = AMQPLAIN {{(pid=99042) log_opt_values /opt/stack/data/venv/lib/python3.12/site-packages/oslo_config/cfg.py:3560}}
Aug 26 07:37:19.045495 np0000008147 nova-conductor[99042]: DEBUG cotyledon.oslo_config_glue [-] oslo_messaging_rabbit.rabbit_qos_prefetch_count = 0 {{(pid=99042) log_opt_values /opt/stack/data/venv/lib/python3.12/site-packages/oslo_config/cfg.py:3560}}
Aug 26 07:37:19.045495 np0000008147 nova-conductor[99042]: DEBUG cotyledon.oslo_config_glue [-] oslo_messaging_rabbit.rabbit_quorum_delivery_limit = 0 {{(pid=99042) log_opt_values /opt/stack/data/venv/lib/python3.12/site-packages/oslo_config/cfg.py:3560}}
Aug 26 07:37:19.045495 np0000008147 nova-conductor[99042]: DEBUG cotyledon.oslo_config_glue [-] oslo_messaging_rabbit.rabbit_quorum_max_memory_bytes = 0 {{(pid=99042) log_opt_values /opt/stack/data/venv/lib/python3.12/site-packages/oslo_config/cfg.py:3560}}
Aug 26 07:37:19.045495 np0000008147 nova-conductor[99042]: DEBUG cotyledon.oslo_config_glue [-] oslo_messaging_rabbit.rabbit_quorum_max_memory_length = 0 {{(pid=99042) log_opt_values /opt/stack/data/venv/lib/python3.12/site-packages/oslo_config/cfg.py:3560}}
Aug 26 07:37:19.045495 np0000008147 nova-conductor[99042]: DEBUG cotyledon.oslo_config_glue [-] oslo_messaging_rabbit.rabbit_quorum_queue = False {{(pid=99042) log_opt_values /opt/stack/data/venv/lib/python3.12/site-packages/oslo_config/cfg.py:3560}}
Aug 26 07:37:19.045495 np0000008147 nova-conductor[99042]: DEBUG cotyledon.oslo_config_glue [-] oslo_messaging_rabbit.rabbit_retry_backoff = 2 {{(pid=99042) log_opt_values /opt/stack/data/venv/lib/python3.12/site-packages/oslo_config/cfg.py:3560}}
Aug 26 07:37:19.045806 np0000008147 nova-conductor[99042]: DEBUG cotyledon.oslo_config_glue [-] oslo_messaging_rabbit.rabbit_retry_interval = 1 {{(pid=99042) log_opt_values /opt/stack/data/venv/lib/python3.12/site-packages/oslo_config/cfg.py:3560}}
Aug 26 07:37:19.045806 np0000008147 nova-conductor[99042]: DEBUG cotyledon.oslo_config_glue [-] oslo_messaging_rabbit.rabbit_stream_fanout = False {{(pid=99042) log_opt_values /opt/stack/data/venv/lib/python3.12/site-packages/oslo_config/cfg.py:3560}}
Aug 26 07:37:19.045806 np0000008147 nova-conductor[99042]: DEBUG cotyledon.oslo_config_glue [-] oslo_messaging_rabbit.rabbit_transient_queues_ttl = 1800 {{(pid=99042) log_opt_values /opt/stack/data/venv/lib/python3.12/site-packages/oslo_config/cfg.py:3560}}
Aug 26 07:37:19.045806 np0000008147 nova-conductor[99042]: DEBUG cotyledon.oslo_config_glue [-] oslo_messaging_rabbit.rabbit_transient_quorum_queue = False {{(pid=99042) log_opt_values /opt/stack/data/venv/lib/python3.12/site-packages/oslo_config/cfg.py:3560}}
Aug 26 07:37:19.045806 np0000008147 nova-conductor[99042]: DEBUG cotyledon.oslo_config_glue [-] oslo_messaging_rabbit.rpc_conn_pool_size = 30 {{(pid=99042) log_opt_values /opt/stack/data/venv/lib/python3.12/site-packages/oslo_config/cfg.py:3560}}
Aug 26 07:37:19.045806 np0000008147 nova-conductor[99042]: DEBUG cotyledon.oslo_config_glue [-] oslo_messaging_rabbit.ssl = False {{(pid=99042) log_opt_values /opt/stack/data/venv/lib/python3.12/site-packages/oslo_config/cfg.py:3560}}
Aug 26 07:37:19.045806 np0000008147 nova-conductor[99042]: DEBUG cotyledon.oslo_config_glue [-] oslo_messaging_rabbit.ssl_ca_file = {{(pid=99042) log_opt_values /opt/stack/data/venv/lib/python3.12/site-packages/oslo_config/cfg.py:3560}}
Aug 26 07:37:19.045806 np0000008147 nova-conductor[99042]: DEBUG cotyledon.oslo_config_glue [-] oslo_messaging_rabbit.ssl_cert_file = {{(pid=99042) log_opt_values /opt/stack/data/venv/lib/python3.12/site-packages/oslo_config/cfg.py:3560}}
Aug 26 07:37:19.045806 np0000008147 nova-conductor[99042]: DEBUG cotyledon.oslo_config_glue [-] oslo_messaging_rabbit.ssl_enforce_fips_mode = False {{(pid=99042) log_opt_values /opt/stack/data/venv/lib/python3.12/site-packages/oslo_config/cfg.py:3560}}
Aug 26 07:37:19.046142 np0000008147 nova-conductor[99042]: DEBUG cotyledon.oslo_config_glue [-] oslo_messaging_rabbit.ssl_enforce_hostname_verification = True {{(pid=99042) log_opt_values /opt/stack/data/venv/lib/python3.12/site-packages/oslo_config/cfg.py:3560}}
Aug 26 07:37:19.046142 np0000008147 nova-conductor[99042]: DEBUG cotyledon.oslo_config_glue [-] oslo_messaging_rabbit.ssl_key_file = {{(pid=99042) log_opt_values /opt/stack/data/venv/lib/python3.12/site-packages/oslo_config/cfg.py:3560}}
Aug 26 07:37:19.046142 np0000008147 nova-conductor[99042]: DEBUG cotyledon.oslo_config_glue [-] oslo_messaging_rabbit.ssl_version = {{(pid=99042) log_opt_values /opt/stack/data/venv/lib/python3.12/site-packages/oslo_config/cfg.py:3560}}
Aug 26 07:37:19.046142 np0000008147 nova-conductor[99042]: DEBUG cotyledon.oslo_config_glue [-] oslo_messaging_rabbit.use_queue_manager = False {{(pid=99042) log_opt_values /opt/stack/data/venv/lib/python3.12/site-packages/oslo_config/cfg.py:3560}}
Aug 26 07:37:19.046142 np0000008147 nova-conductor[99042]: DEBUG cotyledon.oslo_config_glue [-] oslo_messaging_notifications.driver = ['messagingv2'] {{(pid=99042) log_opt_values /opt/stack/data/venv/lib/python3.12/site-packages/oslo_config/cfg.py:3560}}
Aug 26 07:37:19.046142 np0000008147 nova-conductor[99042]: DEBUG cotyledon.oslo_config_glue [-] oslo_messaging_notifications.retry = -1 {{(pid=99042) log_opt_values /opt/stack/data/venv/lib/python3.12/site-packages/oslo_config/cfg.py:3560}}
Aug 26 07:37:19.046142 np0000008147 nova-conductor[99042]: DEBUG cotyledon.oslo_config_glue [-] oslo_messaging_notifications.topics = ['notifications'] {{(pid=99042) log_opt_values /opt/stack/data/venv/lib/python3.12/site-packages/oslo_config/cfg.py:3560}}
Aug 26 07:37:19.046142 np0000008147 nova-conductor[99042]: DEBUG cotyledon.oslo_config_glue [-] oslo_messaging_notifications.transport_url = **** {{(pid=99042) log_opt_values /opt/stack/data/venv/lib/python3.12/site-packages/oslo_config/cfg.py:3560}}
Aug 26 07:37:19.046142 np0000008147 nova-conductor[99042]: DEBUG cotyledon.oslo_config_glue [-] oslo_limit.auth_section = None {{(pid=99042) log_opt_values /opt/stack/data/venv/lib/python3.12/site-packages/oslo_config/cfg.py:3560}}
Aug 26 07:37:19.046459 np0000008147 nova-conductor[99042]: DEBUG cotyledon.oslo_config_glue [-] oslo_limit.auth_type = None {{(pid=99042) log_opt_values /opt/stack/data/venv/lib/python3.12/site-packages/oslo_config/cfg.py:3560}}
Aug 26 07:37:19.046459 np0000008147 nova-conductor[99042]: DEBUG cotyledon.oslo_config_glue [-] oslo_limit.cafile = None {{(pid=99042) log_opt_values /opt/stack/data/venv/lib/python3.12/site-packages/oslo_config/cfg.py:3560}}
Aug 26 07:37:19.046459 np0000008147 nova-conductor[99042]: DEBUG cotyledon.oslo_config_glue [-] oslo_limit.certfile = None {{(pid=99042) log_opt_values /opt/stack/data/venv/lib/python3.12/site-packages/oslo_config/cfg.py:3560}}
Aug 26 07:37:19.046459 np0000008147 nova-conductor[99042]: DEBUG cotyledon.oslo_config_glue [-] oslo_limit.collect_timing = False {{(pid=99042) log_opt_values /opt/stack/data/venv/lib/python3.12/site-packages/oslo_config/cfg.py:3560}}
Aug 26 07:37:19.046459 np0000008147 nova-conductor[99042]: DEBUG cotyledon.oslo_config_glue [-] oslo_limit.connect_retries = None {{(pid=99042) log_opt_values /opt/stack/data/venv/lib/python3.12/site-packages/oslo_config/cfg.py:3560}}
Aug 26 07:37:19.046459 np0000008147 nova-conductor[99042]: DEBUG cotyledon.oslo_config_glue [-] oslo_limit.connect_retry_delay = None {{(pid=99042) log_opt_values /opt/stack/data/venv/lib/python3.12/site-packages/oslo_config/cfg.py:3560}}
Aug 26 07:37:19.046459 np0000008147 nova-conductor[99042]: DEBUG cotyledon.oslo_config_glue [-] oslo_limit.endpoint_id = None {{(pid=99042) log_opt_values /opt/stack/data/venv/lib/python3.12/site-packages/oslo_config/cfg.py:3560}}
Aug 26 07:37:19.046459 np0000008147 nova-conductor[99042]: DEBUG cotyledon.oslo_config_glue [-] oslo_limit.endpoint_interface = public {{(pid=99042) log_opt_values /opt/stack/data/venv/lib/python3.12/site-packages/oslo_config/cfg.py:3560}}
Aug 26 07:37:19.046459 np0000008147 nova-conductor[99042]: DEBUG cotyledon.oslo_config_glue [-] oslo_limit.endpoint_override = None {{(pid=99042) log_opt_values /opt/stack/data/venv/lib/python3.12/site-packages/oslo_config/cfg.py:3560}}
Aug 26 07:37:19.046763 np0000008147 nova-conductor[99042]: DEBUG cotyledon.oslo_config_glue [-] oslo_limit.endpoint_region_name = None {{(pid=99042) log_opt_values /opt/stack/data/venv/lib/python3.12/site-packages/oslo_config/cfg.py:3560}}
Aug 26 07:37:19.046763 np0000008147 nova-conductor[99042]: DEBUG cotyledon.oslo_config_glue [-] oslo_limit.endpoint_service_name = None {{(pid=99042) log_opt_values /opt/stack/data/venv/lib/python3.12/site-packages/oslo_config/cfg.py:3560}}
Aug 26 07:37:19.046763 np0000008147 nova-conductor[99042]: DEBUG cotyledon.oslo_config_glue [-] oslo_limit.endpoint_service_type = None {{(pid=99042) log_opt_values /opt/stack/data/venv/lib/python3.12/site-packages/oslo_config/cfg.py:3560}}
Aug 26 07:37:19.046763 np0000008147 nova-conductor[99042]: DEBUG cotyledon.oslo_config_glue [-] oslo_limit.insecure = False {{(pid=99042) log_opt_values /opt/stack/data/venv/lib/python3.12/site-packages/oslo_config/cfg.py:3560}}
Aug 26 07:37:19.046763 np0000008147 nova-conductor[99042]: DEBUG cotyledon.oslo_config_glue [-] oslo_limit.keyfile = None {{(pid=99042) log_opt_values /opt/stack/data/venv/lib/python3.12/site-packages/oslo_config/cfg.py:3560}}
Aug 26 07:37:19.046763 np0000008147 nova-conductor[99042]: DEBUG cotyledon.oslo_config_glue [-] oslo_limit.max_version = None {{(pid=99042) log_opt_values /opt/stack/data/venv/lib/python3.12/site-packages/oslo_config/cfg.py:3560}}
Aug 26 07:37:19.046763 np0000008147 nova-conductor[99042]: DEBUG cotyledon.oslo_config_glue [-] oslo_limit.min_version = None {{(pid=99042) log_opt_values /opt/stack/data/venv/lib/python3.12/site-packages/oslo_config/cfg.py:3560}}
Aug 26 07:37:19.046763 np0000008147 nova-conductor[99042]: DEBUG cotyledon.oslo_config_glue [-] oslo_limit.region_name = None {{(pid=99042) log_opt_values /opt/stack/data/venv/lib/python3.12/site-packages/oslo_config/cfg.py:3560}}
Aug 26 07:37:19.046763 np0000008147 nova-conductor[99042]: DEBUG cotyledon.oslo_config_glue [-] oslo_limit.retriable_status_codes = None {{(pid=99042) log_opt_values /opt/stack/data/venv/lib/python3.12/site-packages/oslo_config/cfg.py:3560}}
Aug 26 07:37:19.047076 np0000008147 nova-conductor[99042]: DEBUG cotyledon.oslo_config_glue [-] oslo_limit.service_name = None {{(pid=99042) log_opt_values /opt/stack/data/venv/lib/python3.12/site-packages/oslo_config/cfg.py:3560}}
Aug 26 07:37:19.047076 np0000008147 nova-conductor[99042]: DEBUG cotyledon.oslo_config_glue [-] oslo_limit.service_type = None {{(pid=99042) log_opt_values /opt/stack/data/venv/lib/python3.12/site-packages/oslo_config/cfg.py:3560}}
Aug 26 07:37:19.047076 np0000008147 nova-conductor[99042]: DEBUG cotyledon.oslo_config_glue [-] oslo_limit.split_loggers = False {{(pid=99042) log_opt_values /opt/stack/data/venv/lib/python3.12/site-packages/oslo_config/cfg.py:3560}}
Aug 26 07:37:19.047076 np0000008147 nova-conductor[99042]: DEBUG cotyledon.oslo_config_glue [-] oslo_limit.status_code_retries = None {{(pid=99042) log_opt_values /opt/stack/data/venv/lib/python3.12/site-packages/oslo_config/cfg.py:3560}}
Aug 26 07:37:19.047076 np0000008147 nova-conductor[99042]: DEBUG cotyledon.oslo_config_glue [-] oslo_limit.status_code_retry_delay = None {{(pid=99042) log_opt_values /opt/stack/data/venv/lib/python3.12/site-packages/oslo_config/cfg.py:3560}}
Aug 26 07:37:19.047076 np0000008147 nova-conductor[99042]: DEBUG cotyledon.oslo_config_glue [-] oslo_limit.timeout = None {{(pid=99042) log_opt_values /opt/stack/data/venv/lib/python3.12/site-packages/oslo_config/cfg.py:3560}}
Aug 26 07:37:19.047076 np0000008147 nova-conductor[99042]: DEBUG cotyledon.oslo_config_glue [-] oslo_limit.valid_interfaces = None {{(pid=99042) log_opt_values /opt/stack/data/venv/lib/python3.12/site-packages/oslo_config/cfg.py:3560}}
Aug 26 07:37:19.047076 np0000008147 nova-conductor[99042]: DEBUG cotyledon.oslo_config_glue [-] oslo_limit.version = None {{(pid=99042) log_opt_values /opt/stack/data/venv/lib/python3.12/site-packages/oslo_config/cfg.py:3560}}
Aug 26 07:37:19.047076 np0000008147 nova-conductor[99042]: DEBUG cotyledon.oslo_config_glue [-] oslo_reports.file_event_handler = None {{(pid=99042) log_opt_values /opt/stack/data/venv/lib/python3.12/site-packages/oslo_config/cfg.py:3560}}
Aug 26 07:37:19.047389 np0000008147 nova-conductor[99042]: DEBUG cotyledon.oslo_config_glue [-] oslo_reports.file_event_handler_interval = 1 {{(pid=99042) log_opt_values /opt/stack/data/venv/lib/python3.12/site-packages/oslo_config/cfg.py:3560}}
Aug 26 07:37:19.047389 np0000008147 nova-conductor[99042]: DEBUG cotyledon.oslo_config_glue [-] oslo_reports.log_dir = None {{(pid=99042) log_opt_values /opt/stack/data/venv/lib/python3.12/site-packages/oslo_config/cfg.py:3560}}
Aug 26 07:37:19.047389 np0000008147 nova-conductor[99042]: DEBUG cotyledon.oslo_config_glue [-] ******************************************************************************** {{(pid=99042) log_opt_values /opt/stack/data/venv/lib/python3.12/site-packages/oslo_config/cfg.py:3567}}
Aug 26 07:37:19.047389 np0000008147 nova-conductor[99042]: DEBUG cotyledon._service_worker [-] Run service ServiceWrapper(3) [99042] {{(pid=99042) wait_forever /opt/stack/data/venv/lib/python3.12/site-packages/cotyledon/_service_worker.py:218}}
Aug 26 07:37:19.047389 np0000008147 nova-conductor[99042]: INFO nova.service [-] Starting conductor node (version 33.1.0)
Aug 26 07:37:19.047389 np0000008147 nova-conductor[99042]: INFO dbcounter [None req-54536ff1-d264-4078-8f70-17ca8e5ac46d None None] Registered counter for database nova_cell0
Aug 26 07:37:19.047609 np0000008147 nova-conductor[99018]: DEBUG oslo_db.sqlalchemy.engines [None req-10635a6d-3c6d-4539-b90f-1a22b00aaa30 None None] MySQL server mode set to STRICT_TRANS_TABLES,STRICT_ALL_TABLES,NO_ZERO_IN_DATE,NO_ZERO_DATE,ERROR_FOR_DIVISION_BY_ZERO,TRADITIONAL,NO_ENGINE_SUBSTITUTION {{(pid=99018) _check_effective_sql_mode /opt/stack/data/venv/lib/python3.12/site-packages/oslo_db/sqlalchemy/engines.py:325}}
Aug 26 07:37:19.047609 np0000008147 nova-conductor[99018]: DEBUG dbcounter [-] [99018] Writer thread running {{(pid=99018) stat_writer /opt/stack/data/venv/lib/python3.12/site-packages/dbcounter.py:102}}
Aug 26 07:37:19.047690 np0000008147 nova-conductor[99030]: DEBUG oslo_db.sqlalchemy.engines [None req-6bd2bb01-671d-41b5-8a6c-9bf3ab3f1a9c None None] MySQL server mode set to STRICT_TRANS_TABLES,STRICT_ALL_TABLES,NO_ZERO_IN_DATE,NO_ZERO_DATE,ERROR_FOR_DIVISION_BY_ZERO,TRADITIONAL,NO_ENGINE_SUBSTITUTION {{(pid=99030) _check_effective_sql_mode /opt/stack/data/venv/lib/python3.12/site-packages/oslo_db/sqlalchemy/engines.py:325}}
Aug 26 07:37:19.047742 np0000008147 nova-conductor[99035]: DEBUG oslo_db.sqlalchemy.engines [None req-558d346b-8255-4f34-9a09-24d76f221810 None None] MySQL server mode set to STRICT_TRANS_TABLES,STRICT_ALL_TABLES,NO_ZERO_IN_DATE,NO_ZERO_DATE,ERROR_FOR_DIVISION_BY_ZERO,TRADITIONAL,NO_ENGINE_SUBSTITUTION {{(pid=99035) _check_effective_sql_mode /opt/stack/data/venv/lib/python3.12/site-packages/oslo_db/sqlalchemy/engines.py:325}}
Aug 26 07:37:19.047788 np0000008147 nova-conductor[99030]: DEBUG dbcounter [-] [99030] Writer thread running {{(pid=99030) stat_writer /opt/stack/data/venv/lib/python3.12/site-packages/dbcounter.py:102}}
Aug 26 07:37:19.047827 np0000008147 nova-conductor[99018]: DEBUG nova.service [None req-10635a6d-3c6d-4539-b90f-1a22b00aaa30 None None] Creating RPC server for service: nova-conductor on topic: conductor {{(pid=99018) start /opt/stack/nova/nova/service.py:262}}
Aug 26 07:37:19.050978 np0000008147 nova-conductor[99035]: DEBUG dbcounter [-] [99035] Writer thread running {{(pid=99035) stat_writer /opt/stack/data/venv/lib/python3.12/site-packages/dbcounter.py:102}}
Aug 26 07:37:19.054565 np0000008147 nova-conductor[99035]: DEBUG nova.service [None req-558d346b-8255-4f34-9a09-24d76f221810 None None] Creating RPC server for service: nova-conductor on topic: conductor {{(pid=99035) start /opt/stack/nova/nova/service.py:262}}
Aug 26 07:37:19.058981 np0000008147 nova-conductor[99030]: DEBUG nova.service [None req-6bd2bb01-671d-41b5-8a6c-9bf3ab3f1a9c None None] Creating RPC server for service: nova-conductor on topic: conductor {{(pid=99030) start /opt/stack/nova/nova/service.py:262}}
Aug 26 07:37:19.073039 np0000008147 nova-conductor[99042]: DEBUG oslo_db.sqlalchemy.engines [None req-54536ff1-d264-4078-8f70-17ca8e5ac46d None None] MySQL server mode set to STRICT_TRANS_TABLES,STRICT_ALL_TABLES,NO_ZERO_IN_DATE,NO_ZERO_DATE,ERROR_FOR_DIVISION_BY_ZERO,TRADITIONAL,NO_ENGINE_SUBSTITUTION {{(pid=99042) _check_effective_sql_mode /opt/stack/data/venv/lib/python3.12/site-packages/oslo_db/sqlalchemy/engines.py:325}}
Aug 26 07:37:19.082391 np0000008147 nova-conductor[99042]: DEBUG dbcounter [-] [99042] Writer thread running {{(pid=99042) stat_writer /opt/stack/data/venv/lib/python3.12/site-packages/dbcounter.py:102}}
Aug 26 07:37:19.082678 np0000008147 nova-conductor[99035]: DEBUG nova.service [None req-558d346b-8255-4f34-9a09-24d76f221810 None None] Join ServiceGroup membership for this service conductor {{(pid=99035) start /opt/stack/nova/nova/service.py:288}}
Aug 26 07:37:19.082852 np0000008147 nova-conductor[99035]: DEBUG nova.servicegroup.drivers.db [None req-558d346b-8255-4f34-9a09-24d76f221810 None None] DB_Driver: join new ServiceGroup member np0000008147 to the conductor group, service = {{(pid=99035) join /opt/stack/nova/nova/servicegroup/drivers/db.py:44}}
Aug 26 07:37:19.082974 np0000008147 nova-conductor[99030]: DEBUG nova.service [None req-6bd2bb01-671d-41b5-8a6c-9bf3ab3f1a9c None None] Join ServiceGroup membership for this service conductor {{(pid=99030) start /opt/stack/nova/nova/service.py:288}}
Aug 26 07:37:19.083175 np0000008147 nova-conductor[99030]: DEBUG nova.servicegroup.drivers.db [None req-6bd2bb01-671d-41b5-8a6c-9bf3ab3f1a9c None None] DB_Driver: join new ServiceGroup member np0000008147 to the conductor group, service = {{(pid=99030) join /opt/stack/nova/nova/servicegroup/drivers/db.py:44}}
Aug 26 07:37:19.086289 np0000008147 nova-conductor[99042]: DEBUG nova.service [None req-54536ff1-d264-4078-8f70-17ca8e5ac46d None None] Creating RPC server for service: nova-conductor on topic: conductor {{(pid=99042) start /opt/stack/nova/nova/service.py:262}}
Aug 26 07:37:19.086385 np0000008147 nova-conductor[99018]: DEBUG nova.service [None req-10635a6d-3c6d-4539-b90f-1a22b00aaa30 None None] Join ServiceGroup membership for this service conductor {{(pid=99018) start /opt/stack/nova/nova/service.py:288}}
Aug 26 07:37:19.086596 np0000008147 nova-conductor[99018]: DEBUG nova.servicegroup.drivers.db [None req-10635a6d-3c6d-4539-b90f-1a22b00aaa30 None None] DB_Driver: join new ServiceGroup member np0000008147 to the conductor group, service = {{(pid=99018) join /opt/stack/nova/nova/servicegroup/drivers/db.py:44}}
Aug 26 07:37:19.107659 np0000008147 nova-conductor[99042]: DEBUG nova.service [None req-54536ff1-d264-4078-8f70-17ca8e5ac46d None None] Join ServiceGroup membership for this service conductor {{(pid=99042) start /opt/stack/nova/nova/service.py:288}}
Aug 26 07:37:19.107850 np0000008147 nova-conductor[99042]: DEBUG nova.servicegroup.drivers.db [None req-54536ff1-d264-4078-8f70-17ca8e5ac46d None None] DB_Driver: join new ServiceGroup member np0000008147 to the conductor group, service = {{(pid=99042) join /opt/stack/nova/nova/servicegroup/drivers/db.py:44}}
Aug 26 07:37:24.103888 np0000008147 nova-conductor[99030]: DEBUG oslo.service.backend._threading.loopingcall [-] Fixed interval looping call 'nova.servicegroup.drivers.db.DbDriver._report_state' sleeping for 119.98 seconds {{(pid=99030) _run_loop /opt/stack/data/venv/lib/python3.12/site-packages/oslo_service/backend/_threading/loopingcall.py:125}}
Aug 26 07:37:24.104769 np0000008147 nova-conductor[99035]: DEBUG oslo.service.backend._threading.loopingcall [-] Fixed interval looping call 'nova.servicegroup.drivers.db.DbDriver._report_state' sleeping for 119.98 seconds {{(pid=99035) _run_loop /opt/stack/data/venv/lib/python3.12/site-packages/oslo_service/backend/_threading/loopingcall.py:125}}
Aug 26 07:37:24.107619 np0000008147 nova-conductor[99018]: DEBUG oslo.service.backend._threading.loopingcall [-] Fixed interval looping call 'nova.servicegroup.drivers.db.DbDriver._report_state' sleeping for 119.98 seconds {{(pid=99018) _run_loop /opt/stack/data/venv/lib/python3.12/site-packages/oslo_service/backend/_threading/loopingcall.py:125}}
Aug 26 07:37:24.121888 np0000008147 nova-conductor[99042]: DEBUG oslo.service.backend._threading.loopingcall [-] Fixed interval looping call 'nova.servicegroup.drivers.db.DbDriver._report_state' sleeping for 119.99 seconds {{(pid=99042) _run_loop /opt/stack/data/venv/lib/python3.12/site-packages/oslo_service/backend/_threading/loopingcall.py:125}}
Aug 26 07:37:27.635715 np0000008147 nova-conductor[97534]: DEBUG dbcounter [-] [97534] Writing DB stats nova_api:SELECT=1 {{(pid=97534) stat_writer /opt/stack/data/venv/lib/python3.12/site-packages/dbcounter.py:115}}
Aug 26 07:37:27.764987 np0000008147 nova-conductor[97534]: DEBUG dbcounter [-] [97534] Writing DB stats nova_cell0:SELECT=1 {{(pid=97534) stat_writer /opt/stack/data/venv/lib/python3.12/site-packages/dbcounter.py:115}}
Aug 26 07:37:27.770238 np0000008147 nova-conductor[97534]: DEBUG dbcounter [-] [97534] Writing DB stats nova_cell1:SELECT=1 {{(pid=97534) stat_writer /opt/stack/data/venv/lib/python3.12/site-packages/dbcounter.py:115}}
Aug 26 07:37:29.084597 np0000008147 nova-conductor[99035]: DEBUG oslo.service.backend._threading.loopingcall [None req-cda6221c-5421-4e19-ac2a-ff8b637d44c7 None None] Dynamic interval looping call 'nova.service.Service.periodic_tasks' sleeping for 60.00 seconds {{(pid=99035) _run_loop /opt/stack/data/venv/lib/python3.12/site-packages/oslo_service/backend/_threading/loopingcall.py:125}}
Aug 26 07:37:34.095023 np0000008147 nova-conductor[99030]: DEBUG dbcounter [-] [99030] Writing DB stats nova_cell0:SELECT=4,nova_cell0:INSERT=1,nova_cell0:UPDATE=1 {{(pid=99030) stat_writer /opt/stack/data/venv/lib/python3.12/site-packages/dbcounter.py:115}}
Aug 26 07:37:34.095280 np0000008147 nova-conductor[99035]: DEBUG dbcounter [-] [99035] Writing DB stats nova_cell0:SELECT=3,nova_cell0:UPDATE=1 {{(pid=99035) stat_writer /opt/stack/data/venv/lib/python3.12/site-packages/dbcounter.py:115}}
Aug 26 07:37:34.103895 np0000008147 nova-conductor[99018]: DEBUG dbcounter [-] [99018] Writing DB stats nova_cell0:SELECT=4,nova_cell0:INSERT=1,nova_cell0:UPDATE=1 {{(pid=99018) stat_writer /opt/stack/data/venv/lib/python3.12/site-packages/dbcounter.py:115}}
Aug 26 07:37:34.119218 np0000008147 nova-conductor[99042]: DEBUG dbcounter [-] [99042] Writing DB stats nova_cell0:SELECT=3 {{(pid=99042) stat_writer /opt/stack/data/venv/lib/python3.12/site-packages/dbcounter.py:115}}
Aug 26 07:37:46.085067 np0000008147 nova-conductor[99030]: DEBUG oslo.service.backend._threading.loopingcall [None req-0ae0676e-ebdb-42c5-86e5-9b6445dea0f5 None None] Dynamic interval looping call 'nova.service.Service.periodic_tasks' sleeping for 60.00 seconds {{(pid=99030) _run_loop /opt/stack/data/venv/lib/python3.12/site-packages/oslo_service/backend/_threading/loopingcall.py:125}}
Aug 26 07:37:57.110259 np0000008147 nova-conductor[99042]: DEBUG oslo.service.backend._threading.loopingcall [None req-f40b7110-dd53-4999-a71c-abf073465069 None None] Dynamic interval looping call 'nova.service.Service.periodic_tasks' sleeping for 60.00 seconds {{(pid=99042) _run_loop /opt/stack/data/venv/lib/python3.12/site-packages/oslo_service/backend/_threading/loopingcall.py:125}}
Aug 26 07:38:00.089310 np0000008147 nova-conductor[99018]: DEBUG oslo.service.backend._threading.loopingcall [None req-933bfaa1-8422-4dab-bf5e-44578f0646d5 None None] Dynamic interval looping call 'nova.service.Service.periodic_tasks' sleeping for 60.00 seconds {{(pid=99018) _run_loop /opt/stack/data/venv/lib/python3.12/site-packages/oslo_service/backend/_threading/loopingcall.py:125}}
Aug 26 07:38:29.085228 np0000008147 nova-conductor[99035]: DEBUG oslo.service.backend._threading.loopingcall [None req-cda6221c-5421-4e19-ac2a-ff8b637d44c7 None None] Dynamic interval looping call 'nova.service.Service.periodic_tasks' sleeping for 60.00 seconds {{(pid=99035) _run_loop /opt/stack/data/venv/lib/python3.12/site-packages/oslo_service/backend/_threading/loopingcall.py:125}}
Aug 26 07:38:46.085737 np0000008147 nova-conductor[99030]: DEBUG oslo.service.backend._threading.loopingcall [None req-0ae0676e-ebdb-42c5-86e5-9b6445dea0f5 None None] Dynamic interval looping call 'nova.service.Service.periodic_tasks' sleeping for 60.00 seconds {{(pid=99030) _run_loop /opt/stack/data/venv/lib/python3.12/site-packages/oslo_service/backend/_threading/loopingcall.py:125}}
Aug 26 07:38:57.110796 np0000008147 nova-conductor[99042]: DEBUG oslo.service.backend._threading.loopingcall [None req-f40b7110-dd53-4999-a71c-abf073465069 None None] Dynamic interval looping call 'nova.service.Service.periodic_tasks' sleeping for 60.00 seconds {{(pid=99042) _run_loop /opt/stack/data/venv/lib/python3.12/site-packages/oslo_service/backend/_threading/loopingcall.py:125}}
Aug 26 07:39:00.089865 np0000008147 nova-conductor[99018]: DEBUG oslo.service.backend._threading.loopingcall [None req-933bfaa1-8422-4dab-bf5e-44578f0646d5 None None] Dynamic interval looping call 'nova.service.Service.periodic_tasks' sleeping for 60.00 seconds {{(pid=99018) _run_loop /opt/stack/data/venv/lib/python3.12/site-packages/oslo_service/backend/_threading/loopingcall.py:125}}
Aug 26 07:39:24.097101 np0000008147 nova-conductor[99030]: DEBUG oslo.service.backend._threading.loopingcall [-] Fixed interval looping call 'nova.servicegroup.drivers.db.DbDriver._report_state' sleeping for 119.99 seconds {{(pid=99030) _run_loop /opt/stack/data/venv/lib/python3.12/site-packages/oslo_service/backend/_threading/loopingcall.py:125}}
Aug 26 07:39:24.099351 np0000008147 nova-conductor[99035]: DEBUG oslo.service.backend._threading.loopingcall [-] Fixed interval looping call 'nova.servicegroup.drivers.db.DbDriver._report_state' sleeping for 119.99 seconds {{(pid=99035) _run_loop /opt/stack/data/venv/lib/python3.12/site-packages/oslo_service/backend/_threading/loopingcall.py:125}}
Aug 26 07:39:24.099705 np0000008147 nova-conductor[99018]: DEBUG oslo.service.backend._threading.loopingcall [-] Fixed interval looping call 'nova.servicegroup.drivers.db.DbDriver._report_state' sleeping for 119.99 seconds {{(pid=99018) _run_loop /opt/stack/data/venv/lib/python3.12/site-packages/oslo_service/backend/_threading/loopingcall.py:125}}
Aug 26 07:39:24.116092 np0000008147 nova-conductor[99042]: DEBUG oslo.service.backend._threading.loopingcall [-] Fixed interval looping call 'nova.servicegroup.drivers.db.DbDriver._report_state' sleeping for 120.00 seconds {{(pid=99042) _run_loop /opt/stack/data/venv/lib/python3.12/site-packages/oslo_service/backend/_threading/loopingcall.py:125}}
Aug 26 07:39:29.085851 np0000008147 nova-conductor[99035]: DEBUG oslo.service.backend._threading.loopingcall [None req-cda6221c-5421-4e19-ac2a-ff8b637d44c7 None None] Dynamic interval looping call 'nova.service.Service.periodic_tasks' sleeping for 60.00 seconds {{(pid=99035) _run_loop /opt/stack/data/venv/lib/python3.12/site-packages/oslo_service/backend/_threading/loopingcall.py:125}}
Aug 26 07:39:34.087801 np0000008147 nova-conductor[99030]: DEBUG dbcounter [-] [99030] Writing DB stats nova_cell0:SELECT=1,nova_cell0:UPDATE=1 {{(pid=99030) stat_writer /opt/stack/data/venv/lib/python3.12/site-packages/dbcounter.py:115}}
Aug 26 07:39:34.090577 np0000008147 nova-conductor[99035]: DEBUG dbcounter [-] [99035] Writing DB stats nova_cell0:SELECT=1,nova_cell0:UPDATE=1 {{(pid=99035) stat_writer /opt/stack/data/venv/lib/python3.12/site-packages/dbcounter.py:115}}
Aug 26 07:39:34.092510 np0000008147 nova-conductor[99018]: DEBUG dbcounter [-] [99018] Writing DB stats nova_cell0:SELECT=1,nova_cell0:UPDATE=1 {{(pid=99018) stat_writer /opt/stack/data/venv/lib/python3.12/site-packages/dbcounter.py:115}}
Aug 26 07:39:34.113688 np0000008147 nova-conductor[99042]: DEBUG dbcounter [-] [99042] Writing DB stats nova_cell0:SELECT=1 {{(pid=99042) stat_writer /opt/stack/data/venv/lib/python3.12/site-packages/dbcounter.py:115}}
Aug 26 07:39:38.894556 np0000008147 nova-conductor[99035]: DEBUG oslo_db.sqlalchemy.engines [None req-83cd090e-7114-4ffe-a277-ab262f75856c tempest-ServerActionsTestOtherB-249323946 tempest-ServerActionsTestOtherB-249323946-project-member] Parent process 97534 forked (99035) with an open database connection, which is being discarded and recreated. {{(pid=99035) checkout /opt/stack/data/venv/lib/python3.12/site-packages/oslo_db/sqlalchemy/engines.py:402}}
Aug 26 07:39:38.957380 np0000008147 nova-conductor[99035]: DEBUG dbcounter [-] [99035] Writer thread running {{(pid=99035) stat_writer /opt/stack/data/venv/lib/python3.12/site-packages/dbcounter.py:102}}
Aug 26 07:39:40.431249 np0000008147 nova-conductor[99035]: DEBUG nova.conductor.manager [None req-83cd090e-7114-4ffe-a277-ab262f75856c tempest-ServerActionsTestOtherB-249323946 tempest-ServerActionsTestOtherB-249323946-project-member] Took 1.47 seconds to select destinations for 1 instance(s). {{(pid=99035) _schedule_instances /opt/stack/nova/nova/conductor/manager.py:957}}
Aug 26 07:39:40.459747 np0000008147 nova-conductor[99035]: DEBUG oslo_concurrency.lockutils [None req-83cd090e-7114-4ffe-a277-ab262f75856c tempest-ServerActionsTestOtherB-249323946 tempest-ServerActionsTestOtherB-249323946-project-member] Acquiring lock "cb378bab-b35d-4037-9e1d-31647c625f8e" by "nova.context.set_target_cell..get_or_set_cached_cell_and_set_connections" {{(pid=99035) inner /opt/stack/data/venv/lib/python3.12/site-packages/oslo_concurrency/lockutils.py:512}}
Aug 26 07:39:40.460039 np0000008147 nova-conductor[99035]: DEBUG oslo_concurrency.lockutils [None req-83cd090e-7114-4ffe-a277-ab262f75856c tempest-ServerActionsTestOtherB-249323946 tempest-ServerActionsTestOtherB-249323946-project-member] Lock "cb378bab-b35d-4037-9e1d-31647c625f8e" acquired by "nova.context.set_target_cell..get_or_set_cached_cell_and_set_connections" :: waited 0.000s {{(pid=99035) inner /opt/stack/data/venv/lib/python3.12/site-packages/oslo_concurrency/lockutils.py:525}}
Aug 26 07:39:40.461689 np0000008147 nova-conductor[99035]: DEBUG oslo_concurrency.lockutils [None req-83cd090e-7114-4ffe-a277-ab262f75856c tempest-ServerActionsTestOtherB-249323946 tempest-ServerActionsTestOtherB-249323946-project-member] Lock "cb378bab-b35d-4037-9e1d-31647c625f8e" "released" by "nova.context.set_target_cell..get_or_set_cached_cell_and_set_connections" :: held 0.002s {{(pid=99035) inner /opt/stack/data/venv/lib/python3.12/site-packages/oslo_concurrency/lockutils.py:544}}
Aug 26 07:39:40.464000 np0000008147 nova-conductor[99035]: INFO dbcounter [None req-83cd090e-7114-4ffe-a277-ab262f75856c tempest-ServerActionsTestOtherB-249323946 tempest-ServerActionsTestOtherB-249323946-project-member] Registered counter for database nova_cell1
Aug 26 07:39:40.525199 np0000008147 nova-conductor[99035]: DEBUG oslo_db.sqlalchemy.engines [None req-83cd090e-7114-4ffe-a277-ab262f75856c tempest-ServerActionsTestOtherB-249323946 tempest-ServerActionsTestOtherB-249323946-project-member] MySQL server mode set to STRICT_TRANS_TABLES,STRICT_ALL_TABLES,NO_ZERO_IN_DATE,NO_ZERO_DATE,ERROR_FOR_DIVISION_BY_ZERO,TRADITIONAL,NO_ENGINE_SUBSTITUTION {{(pid=99035) _check_effective_sql_mode /opt/stack/data/venv/lib/python3.12/site-packages/oslo_db/sqlalchemy/engines.py:325}}
Aug 26 07:39:40.532473 np0000008147 nova-conductor[99030]: DEBUG dbcounter [-] [99030] Writer thread running {{(pid=99030) stat_writer /opt/stack/data/venv/lib/python3.12/site-packages/dbcounter.py:102}}
Aug 26 07:39:40.535194 np0000008147 nova-conductor[99035]: DEBUG dbcounter [-] [99035] Writer thread running {{(pid=99035) stat_writer /opt/stack/data/venv/lib/python3.12/site-packages/dbcounter.py:102}}
Aug 26 07:39:40.651743 np0000008147 nova-conductor[99035]: DEBUG oslo_concurrency.lockutils [None req-83cd090e-7114-4ffe-a277-ab262f75856c tempest-ServerActionsTestOtherB-249323946 tempest-ServerActionsTestOtherB-249323946-project-member] Acquiring lock "00000000-0000-0000-0000-000000000000" by "nova.context.set_target_cell..get_or_set_cached_cell_and_set_connections" {{(pid=99035) inner /opt/stack/data/venv/lib/python3.12/site-packages/oslo_concurrency/lockutils.py:512}}
Aug 26 07:39:40.651743 np0000008147 nova-conductor[99035]: DEBUG oslo_concurrency.lockutils [None req-83cd090e-7114-4ffe-a277-ab262f75856c tempest-ServerActionsTestOtherB-249323946 tempest-ServerActionsTestOtherB-249323946-project-member] Lock "00000000-0000-0000-0000-000000000000" acquired by "nova.context.set_target_cell..get_or_set_cached_cell_and_set_connections" :: waited 0.000s {{(pid=99035) inner /opt/stack/data/venv/lib/python3.12/site-packages/oslo_concurrency/lockutils.py:525}}
Aug 26 07:39:40.652952 np0000008147 nova-conductor[99035]: DEBUG oslo_concurrency.lockutils [None req-83cd090e-7114-4ffe-a277-ab262f75856c tempest-ServerActionsTestOtherB-249323946 tempest-ServerActionsTestOtherB-249323946-project-member] Lock "00000000-0000-0000-0000-000000000000" "released" by "nova.context.set_target_cell..get_or_set_cached_cell_and_set_connections" :: held 0.000s {{(pid=99035) inner /opt/stack/data/venv/lib/python3.12/site-packages/oslo_concurrency/lockutils.py:544}}
Aug 26 07:39:40.652952 np0000008147 nova-conductor[99035]: INFO nova.thread_pool_factory [None req-83cd090e-7114-4ffe-a277-ab262f75856c tempest-ServerActionsTestOtherB-249323946 tempest-ServerActionsTestOtherB-249323946-project-member] The cell_worker thread pool ForkProcess-3.cell_worker is initialized
Aug 26 07:39:40.653376 np0000008147 nova-conductor[99035]: DEBUG oslo_concurrency.lockutils [None req-83cd090e-7114-4ffe-a277-ab262f75856c tempest-ServerActionsTestOtherB-249323946 tempest-ServerActionsTestOtherB-249323946-project-member] Acquiring lock "cb378bab-b35d-4037-9e1d-31647c625f8e" by "nova.context.set_target_cell..get_or_set_cached_cell_and_set_connections" {{(pid=99035) inner /opt/stack/data/venv/lib/python3.12/site-packages/oslo_concurrency/lockutils.py:512}}
