Jul 05 17:01:40.188202 np0000004577 devstack@g-api.service[99464]: DEBUG glance.api.middleware.version_negotiation [None req-57dcee1d-43d6-44c7-956c-e35ed4feae25 tempest-VolumesActionsTest-253077362 tempest-VolumesActionsTest-253077362-project-member] Using url versioning {{(pid=99464) process_request /opt/stack/glance/glance/api/middleware/version_negotiation.py:57}}
Jul 05 17:01:40.188202 np0000004577 devstack@g-api.service[99464]: DEBUG glance.api.middleware.version_negotiation [None req-57dcee1d-43d6-44c7-956c-e35ed4feae25 tempest-VolumesActionsTest-253077362 tempest-VolumesActionsTest-253077362-project-member] Matched version: v2 {{(pid=99464) process_request /opt/stack/glance/glance/api/middleware/version_negotiation.py:69}}
Jul 05 17:01:40.188325 np0000004577 devstack@g-api.service[99464]: DEBUG glance.api.middleware.version_negotiation [None req-57dcee1d-43d6-44c7-956c-e35ed4feae25 tempest-VolumesActionsTest-253077362 tempest-VolumesActionsTest-253077362-project-member] new path /v2/schemas/image {{(pid=99464) process_request /opt/stack/glance/glance/api/middleware/version_negotiation.py:70}}
Jul 05 17:01:40.191597 np0000004577 devstack@g-api.service[99464]: [pid: 99464|app: 0|req: 125/353] 127.0.0.1 () {44 vars in 1055 bytes} [Sun Jul 5 17:01:40 2026] GET /v2/schemas/image => generated 6083 bytes in 4 msecs (HTTP/1.1 200) 4 headers in 158 bytes (1 switches on core 0)
Jul 05 17:01:40.200866 np0000004577 devstack@g-api.service[99462]: DEBUG glance.api.middleware.version_negotiation [None req-9f273dac-a65a-4172-aaa4-1fc6e08763ad tempest-VolumesExtendTest-1697141906 tempest-VolumesExtendTest-1697141906-project-member] Determining version of request: GET /v2/schemas/image Accept: */* {{(pid=99462) process_request /opt/stack/glance/glance/api/middleware/version_negotiation.py:44}}
Jul 05 17:01:40.201054 np0000004577 devstack@g-api.service[99462]: DEBUG glance.api.middleware.version_negotiation [None req-9f273dac-a65a-4172-aaa4-1fc6e08763ad tempest-VolumesExtendTest-1697141906 tempest-VolumesExtendTest-1697141906-project-member] Using url versioning {{(pid=99462) process_request /opt/stack/glance/glance/api/middleware/version_negotiation.py:57}}
Jul 05 17:01:40.201229 np0000004577 devstack@g-api.service[99462]: DEBUG glance.api.middleware.version_negotiation [None req-9f273dac-a65a-4172-aaa4-1fc6e08763ad tempest-VolumesExtendTest-1697141906 tempest-VolumesExtendTest-1697141906-project-member] Matched version: v2 {{(pid=99462) process_request /opt/stack/glance/glance/api/middleware/version_negotiation.py:69}}
Jul 05 17:01:40.201373 np0000004577 devstack@g-api.service[99462]: DEBUG glance.api.middleware.version_negotiation [None req-9f273dac-a65a-4172-aaa4-1fc6e08763ad tempest-VolumesExtendTest-1697141906 tempest-VolumesExtendTest-1697141906-project-member] new path /v2/schemas/image {{(pid=99462) process_request /opt/stack/glance/glance/api/middleware/version_negotiation.py:70}}
Jul 05 17:01:40.204197 np0000004577 devstack@g-api.service[99462]: [pid: 99462|app: 0|req: 122/354] 127.0.0.1 () {44 vars in 1055 bytes} [Sun Jul 5 17:01:40 2026] GET /v2/schemas/image => generated 6083 bytes in 3 msecs (HTTP/1.1 200) 4 headers in 158 bytes (1 switches on core 0)
Jul 05 17:01:40.218138 np0000004577 devstack@g-api.service[99464]: DEBUG glance.api.middleware.version_negotiation [None req-9f273dac-a65a-4172-aaa4-1fc6e08763ad tempest-VolumesExtendTest-1697141906 tempest-VolumesExtendTest-1697141906-project-member] Determining version of request: GET /v2/images/d8401325-4087-4216-bfa1-99ca46f13f4d Accept: */* {{(pid=99464) process_request /opt/stack/glance/glance/api/middleware/version_negotiation.py:44}}
Jul 05 17:01:40.218138 np0000004577 devstack@g-api.service[99464]: DEBUG glance.api.middleware.version_negotiation [None req-9f273dac-a65a-4172-aaa4-1fc6e08763ad tempest-VolumesExtendTest-1697141906 tempest-VolumesExtendTest-1697141906-project-member] Using url versioning {{(pid=99464) process_request /opt/stack/glance/glance/api/middleware/version_negotiation.py:57}}
Jul 05 17:01:40.218138 np0000004577 devstack@g-api.service[99464]: DEBUG glance.api.middleware.version_negotiation [None req-9f273dac-a65a-4172-aaa4-1fc6e08763ad tempest-VolumesExtendTest-1697141906 tempest-VolumesExtendTest-1697141906-project-member] Matched version: v2 {{(pid=99464) process_request /opt/stack/glance/glance/api/middleware/version_negotiation.py:69}}
Jul 05 17:01:40.218138 np0000004577 devstack@g-api.service[99464]: DEBUG glance.api.middleware.version_negotiation [None req-9f273dac-a65a-4172-aaa4-1fc6e08763ad tempest-VolumesExtendTest-1697141906 tempest-VolumesExtendTest-1697141906-project-member] new path /v2/images/d8401325-4087-4216-bfa1-99ca46f13f4d {{(pid=99464) process_request /opt/stack/glance/glance/api/middleware/version_negotiation.py:70}}
Jul 05 17:01:40.234804 np0000004577 devstack@g-api.service[99464]: [pid: 99464|app: 0|req: 126/355] 127.0.0.1 () {44 vars in 1115 bytes} [Sun Jul 5 17:01:40 2026] GET /v2/images/d8401325-4087-4216-bfa1-99ca46f13f4d => generated 1044 bytes in 18 msecs (HTTP/1.1 200) 4 headers in 158 bytes (1 switches on core 0)
Jul 05 17:01:40.247949 np0000004577 devstack@g-api.service[99462]: DEBUG glance.api.middleware.version_negotiation [None req-9f273dac-a65a-4172-aaa4-1fc6e08763ad tempest-VolumesExtendTest-1697141906 tempest-VolumesExtendTest-1697141906-project-member] Determining version of request: GET /v2/schemas/image Accept: */* {{(pid=99462) process_request /opt/stack/glance/glance/api/middleware/version_negotiation.py:44}}
Jul 05 17:01:40.248110 np0000004577 devstack@g-api.service[99462]: DEBUG glance.api.middleware.version_negotiation [None req-9f273dac-a65a-4172-aaa4-1fc6e08763ad tempest-VolumesExtendTest-1697141906 tempest-VolumesExtendTest-1697141906-project-member] Using url versioning {{(pid=99462) process_request /opt/stack/glance/glance/api/middleware/version_negotiation.py:57}}
Jul 05 17:01:40.248295 np0000004577 devstack@g-api.service[99462]: DEBUG glance.api.middleware.version_negotiation [None req-9f273dac-a65a-4172-aaa4-1fc6e08763ad tempest-VolumesExtendTest-1697141906 tempest-VolumesExtendTest-1697141906-project-member] Matched version: v2 {{(pid=99462) process_request /opt/stack/glance/glance/api/middleware/version_negotiation.py:69}}
Jul 05 17:01:40.248356 np0000004577 devstack@g-api.service[99462]: DEBUG glance.api.middleware.version_negotiation [None req-9f273dac-a65a-4172-aaa4-1fc6e08763ad tempest-VolumesExtendTest-1697141906 tempest-VolumesExtendTest-1697141906-project-member] new path /v2/schemas/image {{(pid=99462) process_request /opt/stack/glance/glance/api/middleware/version_negotiation.py:70}}
Jul 05 17:01:40.252108 np0000004577 devstack@g-api.service[99462]: [pid: 99462|app: 0|req: 123/356] 127.0.0.1 () {44 vars in 1055 bytes} [Sun Jul 5 17:01:40 2026] GET /v2/schemas/image => generated 6083 bytes in 4 msecs (HTTP/1.1 200) 4 headers in 158 bytes (1 switches on core 0)
Jul 05 17:01:40.261829 np0000004577 devstack@g-api.service[99464]: DEBUG glance.api.middleware.version_negotiation [None req-9f273dac-a65a-4172-aaa4-1fc6e08763ad tempest-VolumesExtendTest-1697141906 tempest-VolumesExtendTest-1697141906-project-member] Determining version of request: GET /v2/schemas/image Accept: */* {{(pid=99464) process_request /opt/stack/glance/glance/api/middleware/version_negotiation.py:44}}
Jul 05 17:01:40.262649 np0000004577 devstack@g-api.service[99464]: DEBUG glance.api.middleware.version_negotiation [None req-9f273dac-a65a-4172-aaa4-1fc6e08763ad tempest-VolumesExtendTest-1697141906 tempest-VolumesExtendTest-1697141906-project-member] Using url versioning {{(pid=99464) process_request /opt/stack/glance/glance/api/middleware/version_negotiation.py:57}}
Jul 05 17:01:40.262799 np0000004577 devstack@g-api.service[99464]: DEBUG glance.api.middleware.version_negotiation [None req-9f273dac-a65a-4172-aaa4-1fc6e08763ad tempest-VolumesExtendTest-1697141906 tempest-VolumesExtendTest-1697141906-project-member] Matched version: v2 {{(pid=99464) process_request /opt/stack/glance/glance/api/middleware/version_negotiation.py:69}}
Jul 05 17:01:40.262898 np0000004577 devstack@g-api.service[99464]: DEBUG glance.api.middleware.version_negotiation [None req-9f273dac-a65a-4172-aaa4-1fc6e08763ad tempest-VolumesExtendTest-1697141906 tempest-VolumesExtendTest-1697141906-project-member] new path /v2/schemas/image {{(pid=99464) process_request /opt/stack/glance/glance/api/middleware/version_negotiation.py:70}}
Jul 05 17:01:40.266621 np0000004577 devstack@g-api.service[99464]: [pid: 99464|app: 0|req: 127/357] 127.0.0.1 () {44 vars in 1055 bytes} [Sun Jul 5 17:01:40 2026] GET /v2/schemas/image => generated 6083 bytes in 5 msecs (HTTP/1.1 200) 4 headers in 158 bytes (1 switches on core 0)
Jul 05 17:01:40.297821 np0000004577 devstack@g-api.service[99462]: DEBUG glance.api.middleware.version_negotiation [None req-9f273dac-a65a-4172-aaa4-1fc6e08763ad tempest-VolumesExtendTest-1697141906 tempest-VolumesExtendTest-1697141906-project-member] Determining version of request: GET /v2/images/d8401325-4087-4216-bfa1-99ca46f13f4d Accept: */* {{(pid=99462) process_request /opt/stack/glance/glance/api/middleware/version_negotiation.py:44}}
Jul 05 17:01:40.298026 np0000004577 devstack@g-api.service[99462]: DEBUG glance.api.middleware.version_negotiation [None req-9f273dac-a65a-4172-aaa4-1fc6e08763ad tempest-VolumesExtendTest-1697141906 tempest-VolumesExtendTest-1697141906-project-member] Using url versioning {{(pid=99462) process_request /opt/stack/glance/glance/api/middleware/version_negotiation.py:57}}
Jul 05 17:01:40.298239 np0000004577 devstack@g-api.service[99462]: DEBUG glance.api.middleware.version_negotiation [None req-9f273dac-a65a-4172-aaa4-1fc6e08763ad tempest-VolumesExtendTest-1697141906 tempest-VolumesExtendTest-1697141906-project-member] Matched version: v2 {{(pid=99462) process_request /opt/stack/glance/glance/api/middleware/version_negotiation.py:69}}
Jul 05 17:01:40.298401 np0000004577 devstack@g-api.service[99462]: DEBUG glance.api.middleware.version_negotiation [None req-9f273dac-a65a-4172-aaa4-1fc6e08763ad tempest-VolumesExtendTest-1697141906 tempest-VolumesExtendTest-1697141906-project-member] new path /v2/images/d8401325-4087-4216-bfa1-99ca46f13f4d {{(pid=99462) process_request /opt/stack/glance/glance/api/middleware/version_negotiation.py:70}}
Jul 05 17:01:40.309122 np0000004577 devstack@g-api.service[99462]: [pid: 99462|app: 0|req: 124/358] 127.0.0.1 () {44 vars in 1115 bytes} [Sun Jul 5 17:01:40 2026] GET /v2/images/d8401325-4087-4216-bfa1-99ca46f13f4d => generated 1044 bytes in 11 msecs (HTTP/1.1 200) 4 headers in 158 bytes (1 switches on core 0)
Jul 05 17:01:40.321431 np0000004577 devstack@g-api.service[99464]: DEBUG glance.api.middleware.version_negotiation [None req-9f273dac-a65a-4172-aaa4-1fc6e08763ad tempest-VolumesExtendTest-1697141906 tempest-VolumesExtendTest-1697141906-project-member] Determining version of request: GET /v2/schemas/image Accept: */* {{(pid=99464) process_request /opt/stack/glance/glance/api/middleware/version_negotiation.py:44}}
Jul 05 17:01:40.321747 np0000004577 devstack@g-api.service[99464]: DEBUG glance.api.middleware.version_negotiation [None req-9f273dac-a65a-4172-aaa4-1fc6e08763ad tempest-VolumesExtendTest-1697141906 tempest-VolumesExtendTest-1697141906-project-member] Using url versioning {{(pid=99464) process_request /opt/stack/glance/glance/api/middleware/version_negotiation.py:57}}
Jul 05 17:01:40.321879 np0000004577 devstack@g-api.service[99464]: DEBUG glance.api.middleware.version_negotiation [None req-9f273dac-a65a-4172-aaa4-1fc6e08763ad tempest-VolumesExtendTest-1697141906 tempest-VolumesExtendTest-1697141906-project-member] Matched version: v2 {{(pid=99464) process_request /opt/stack/glance/glance/api/middleware/version_negotiation.py:69}}
Jul 05 17:01:40.323083 np0000004577 devstack@g-api.service[99464]: DEBUG glance.api.middleware.version_negotiation [None req-9f273dac-a65a-4172-aaa4-1fc6e08763ad tempest-VolumesExtendTest-1697141906 tempest-VolumesExtendTest-1697141906-project-member] new path /v2/schemas/image {{(pid=99464) process_request /opt/stack/glance/glance/api/middleware/version_negotiation.py:70}}
Jul 05 17:01:40.326721 np0000004577 devstack@g-api.service[99464]: [pid: 99464|app: 0|req: 128/359] 127.0.0.1 () {44 vars in 1055 bytes} [Sun Jul 5 17:01:40 2026] GET /v2/schemas/image => generated 6083 bytes in 5 msecs (HTTP/1.1 200) 4 headers in 158 bytes (1 switches on core 0)
Jul 05 17:01:40.717849 np0000004577 devstack@g-api.service[99462]: DEBUG glance.api.middleware.version_negotiation [None req-9f273dac-a65a-4172-aaa4-1fc6e08763ad tempest-VolumesExtendTest-1697141906 tempest-VolumesExtendTest-1697141906-project-member] Determining version of request: GET /versions Accept: */* {{(pid=99462) process_request /opt/stack/glance/glance/api/middleware/version_negotiation.py:44}}
Jul 05 17:01:40.719502 np0000004577 devstack@g-api.service[99462]: [pid: 99462|app: 0|req: 125/360] 127.0.0.1 () {44 vars in 1039 bytes} [Sun Jul 5 17:01:40 2026] GET /versions => generated 1515 bytes in 1 msecs (HTTP/1.1 200) 3 headers in 92 bytes (1 switches on core 0)
Jul 05 17:01:40.738529 np0000004577 devstack@g-api.service[99464]: DEBUG glance.api.middleware.version_negotiation [None req-9f273dac-a65a-4172-aaa4-1fc6e08763ad tempest-VolumesExtendTest-1697141906 tempest-VolumesExtendTest-1697141906-project-member] Determining version of request: GET /v2/images/d8401325-4087-4216-bfa1-99ca46f13f4d/locations Accept: */* {{(pid=99464) process_request /opt/stack/glance/glance/api/middleware/version_negotiation.py:44}}
Jul 05 17:01:40.738727 np0000004577 devstack@g-api.service[99464]: DEBUG glance.api.middleware.version_negotiation [None req-9f273dac-a65a-4172-aaa4-1fc6e08763ad tempest-VolumesExtendTest-1697141906 tempest-VolumesExtendTest-1697141906-project-member] Using url versioning {{(pid=99464) process_request /opt/stack/glance/glance/api/middleware/version_negotiation.py:57}}
Jul 05 17:01:40.738846 np0000004577 devstack@g-api.service[99464]: DEBUG glance.api.middleware.version_negotiation [None req-9f273dac-a65a-4172-aaa4-1fc6e08763ad tempest-VolumesExtendTest-1697141906 tempest-VolumesExtendTest-1697141906-project-member] Matched version: v2 {{(pid=99464) process_request /opt/stack/glance/glance/api/middleware/version_negotiation.py:69}}
Jul 05 17:01:40.738974 np0000004577 devstack@g-api.service[99464]: DEBUG glance.api.middleware.version_negotiation [None req-9f273dac-a65a-4172-aaa4-1fc6e08763ad tempest-VolumesExtendTest-1697141906 tempest-VolumesExtendTest-1697141906-project-member] new path /v2/images/d8401325-4087-4216-bfa1-99ca46f13f4d/locations {{(pid=99464) process_request /opt/stack/glance/glance/api/middleware/version_negotiation.py:70}}
Jul 05 17:01:40.803890 np0000004577 devstack@g-api.service[99464]: [pid: 99464|app: 0|req: 129/361] 127.0.0.1 () {44 vars in 1135 bytes} [Sun Jul 5 17:01:40 2026] GET /v2/images/d8401325-4087-4216-bfa1-99ca46f13f4d/locations => generated 92 bytes in 65 msecs (HTTP/1.1 200) 4 headers in 156 bytes (1 switches on core 0)
Jul 05 17:01:40.812334 np0000004577 devstack@g-api.service[99462]: DEBUG glance.api.middleware.version_negotiation [None req-9f273dac-a65a-4172-aaa4-1fc6e08763ad tempest-VolumesExtendTest-1697141906 tempest-VolumesExtendTest-1697141906-project-member] Determining version of request: GET /v2/images/d8401325-4087-4216-bfa1-99ca46f13f4d Accept: */* {{(pid=99462) process_request /opt/stack/glance/glance/api/middleware/version_negotiation.py:44}}
Jul 05 17:01:40.812586 np0000004577 devstack@g-api.service[99462]: DEBUG glance.api.middleware.version_negotiation [None req-9f273dac-a65a-4172-aaa4-1fc6e08763ad tempest-VolumesExtendTest-1697141906 tempest-VolumesExtendTest-1697141906-project-member] Using url versioning {{(pid=99462) process_request /opt/stack/glance/glance/api/middleware/version_negotiation.py:57}}
Jul 05 17:01:40.812677 np0000004577 devstack@g-api.service[99462]: DEBUG glance.api.middleware.version_negotiation [None req-9f273dac-a65a-4172-aaa4-1fc6e08763ad tempest-VolumesExtendTest-1697141906 tempest-VolumesExtendTest-1697141906-project-member] Matched version: v2 {{(pid=99462) process_request /opt/stack/glance/glance/api/middleware/version_negotiation.py:69}}
Jul 05 17:01:40.812803 np0000004577 devstack@g-api.service[99462]: DEBUG glance.api.middleware.version_negotiation [None req-9f273dac-a65a-4172-aaa4-1fc6e08763ad tempest-VolumesExtendTest-1697141906 tempest-VolumesExtendTest-1697141906-project-member] new path /v2/images/d8401325-4087-4216-bfa1-99ca46f13f4d {{(pid=99462) process_request /opt/stack/glance/glance/api/middleware/version_negotiation.py:70}}
Jul 05 17:01:40.828087 np0000004577 devstack@g-api.service[99462]: [pid: 99462|app: 0|req: 126/362] 127.0.0.1 () {44 vars in 1115 bytes} [Sun Jul 5 17:01:40 2026] GET /v2/images/d8401325-4087-4216-bfa1-99ca46f13f4d => generated 1044 bytes in 16 msecs (HTTP/1.1 200) 4 headers in 158 bytes (1 switches on core 0)
Jul 05 17:01:40.835322 np0000004577 devstack@g-api.service[99464]: DEBUG glance.api.middleware.version_negotiation [None req-9f273dac-a65a-4172-aaa4-1fc6e08763ad service glance] Determining version of request: GET /v2/schemas/image Accept: */* {{(pid=99464) process_request /opt/stack/glance/glance/api/middleware/version_negotiation.py:44}}
Jul 05 17:01:40.835508 np0000004577 devstack@g-api.service[99464]: DEBUG glance.api.middleware.version_negotiation [None req-9f273dac-a65a-4172-aaa4-1fc6e08763ad service glance] Using url versioning {{(pid=99464) process_request /opt/stack/glance/glance/api/middleware/version_negotiation.py:57}}
Jul 05 17:01:40.835645 np0000004577 devstack@g-api.service[99464]: DEBUG glance.api.middleware.version_negotiation [None req-9f273dac-a65a-4172-aaa4-1fc6e08763ad service glance] Matched version: v2 {{(pid=99464) process_request /opt/stack/glance/glance/api/middleware/version_negotiation.py:69}}
Jul 05 17:01:40.837652 np0000004577 devstack@g-api.service[99464]: DEBUG glance.api.middleware.version_negotiation [None req-9f273dac-a65a-4172-aaa4-1fc6e08763ad service glance] new path /v2/schemas/image {{(pid=99464) process_request /opt/stack/glance/glance/api/middleware/version_negotiation.py:70}}
Jul 05 17:01:40.844131 np0000004577 devstack@g-api.service[99464]: [pid: 99464|app: 0|req: 130/363] 127.0.0.1 () {44 vars in 1055 bytes} [Sun Jul 5 17:01:40 2026] GET /v2/schemas/image => generated 6083 bytes in 7 msecs (HTTP/1.1 200) 4 headers in 158 bytes (1 switches on core 0)
Jul 05 17:01:40.852380 np0000004577 devstack@g-api.service[99462]: DEBUG glance.api.middleware.version_negotiation [None req-9f273dac-a65a-4172-aaa4-1fc6e08763ad tempest-VolumesExtendTest-1697141906 tempest-VolumesExtendTest-1697141906-project-member] Determining version of request: GET /v2/schemas/image Accept: */* {{(pid=99462) process_request /opt/stack/glance/glance/api/middleware/version_negotiation.py:44}}
Jul 05 17:01:40.852594 np0000004577 devstack@g-api.service[99462]: DEBUG glance.api.middleware.version_negotiation [None req-9f273dac-a65a-4172-aaa4-1fc6e08763ad tempest-VolumesExtendTest-1697141906 tempest-VolumesExtendTest-1697141906-project-member] Using url versioning {{(pid=99462) process_request /opt/stack/glance/glance/api/middleware/version_negotiation.py:57}}
Jul 05 17:01:40.852667 np0000004577 devstack@g-api.service[99462]: DEBUG glance.api.middleware.version_negotiation [None req-9f273dac-a65a-4172-aaa4-1fc6e08763ad tempest-VolumesExtendTest-1697141906 tempest-VolumesExtendTest-1697141906-project-member] Matched version: v2 {{(pid=99462) process_request /opt/stack/glance/glance/api/middleware/version_negotiation.py:69}}
Jul 05 17:01:40.852769 np0000004577 devstack@g-api.service[99462]: DEBUG glance.api.middleware.version_negotiation [None req-9f273dac-a65a-4172-aaa4-1fc6e08763ad tempest-VolumesExtendTest-1697141906 tempest-VolumesExtendTest-1697141906-project-member] new path /v2/schemas/image {{(pid=99462) process_request /opt/stack/glance/glance/api/middleware/version_negotiation.py:70}}
Jul 05 17:01:40.855690 np0000004577 devstack@g-api.service[99462]: [pid: 99462|app: 0|req: 127/364] 127.0.0.1 () {44 vars in 1055 bytes} [Sun Jul 5 17:01:40 2026] GET /v2/schemas/image => generated 6083 bytes in 3 msecs (HTTP/1.1 200) 4 headers in 158 bytes (1 switches on core 0)
Jul 05 17:01:41.165020 np0000004577 devstack@g-api.service[99464]: DEBUG glance.api.middleware.version_negotiation [None req-9f273dac-a65a-4172-aaa4-1fc6e08763ad tempest-VolumesExtendTest-1697141906 tempest-VolumesExtendTest-1697141906-project-member] Determining version of request: GET /v2/images/776bd436-a7a1-43a7-8c78-635e6a4b5460 Accept: application/json {{(pid=99464) process_request /opt/stack/glance/glance/api/middleware/version_negotiation.py:44}}
Jul 05 17:01:41.165565 np0000004577 devstack@g-api.service[99464]: DEBUG glance.api.middleware.version_negotiation [None req-9f273dac-a65a-4172-aaa4-1fc6e08763ad tempest-VolumesExtendTest-1697141906 tempest-VolumesExtendTest-1697141906-project-member] Using url versioning {{(pid=99464) process_request /opt/stack/glance/glance/api/middleware/version_negotiation.py:57}}
Jul 05 17:01:41.165565 np0000004577 devstack@g-api.service[99464]: DEBUG glance.api.middleware.version_negotiation [None req-9f273dac-a65a-4172-aaa4-1fc6e08763ad tempest-VolumesExtendTest-1697141906 tempest-VolumesExtendTest-1697141906-project-member] Matched version: v2 {{(pid=99464) process_request /opt/stack/glance/glance/api/middleware/version_negotiation.py:69}}
Jul 05 17:01:41.165565 np0000004577 devstack@g-api.service[99464]: DEBUG glance.api.middleware.version_negotiation [None req-9f273dac-a65a-4172-aaa4-1fc6e08763ad tempest-VolumesExtendTest-1697141906 tempest-VolumesExtendTest-1697141906-project-member] new path /v2/images/776bd436-a7a1-43a7-8c78-635e6a4b5460 {{(pid=99464) process_request /opt/stack/glance/glance/api/middleware/version_negotiation.py:70}}
Jul 05 17:01:41.175572 np0000004577 devstack@g-api.service[99464]: [pid: 99464|app: 0|req: 131/365] 127.0.0.1 () {40 vars in 838 bytes} [Sun Jul 5 17:01:41 2026] GET /v2/images/776bd436-a7a1-43a7-8c78-635e6a4b5460 => generated 650 bytes in 11 msecs (HTTP/1.1 200) 4 headers in 157 bytes (1 switches on core 0)
Jul 05 17:01:41.229707 np0000004577 devstack@g-api.service[99463]: DEBUG swiftclient [None req-2cdda3ee-827e-4f6b-8be9-b42dc76cb016 tempest-VolumesActionsTest-253077362 tempest-VolumesActionsTest-253077362-project-member] REQ: curl -i https://10.4.3.110:8080/v1/AUTH_4bb2e354b25a42708248fbf477a93d24/glance/776bd436-a7a1-43a7-8c78-635e6a4b5460-00004 -X PUT -H "X-Auth-Token: gAAAAABqSo3tp6U1..." {{(pid=99463) http_log /opt/stack/data/venv/lib/python3.12/site-packages/swiftclient/client.py:160}}
Jul 05 17:01:41.230120 np0000004577 devstack@g-api.service[99463]: DEBUG swiftclient [None req-2cdda3ee-827e-4f6b-8be9-b42dc76cb016 tempest-VolumesActionsTest-253077362 tempest-VolumesActionsTest-253077362-project-member] RESP STATUS: 201 Created {{(pid=99463) http_log /opt/stack/data/venv/lib/python3.12/site-packages/swiftclient/client.py:161}}
Jul 05 17:01:41.230120 np0000004577 devstack@g-api.service[99463]: DEBUG swiftclient [None req-2cdda3ee-827e-4f6b-8be9-b42dc76cb016 tempest-VolumesActionsTest-253077362 tempest-VolumesActionsTest-253077362-project-member] RESP HEADERS: {'Date': 'Sun, 05 Jul 2026 17:01:41 GMT', 'Server': 'Apache/2.4.58 (Ubuntu)', 'Content-Type': 'text/html; charset=UTF-8', 'Content-Length': '0', 'Etag': 'eda9a9889837ac4bc81d6387d92c1bec', 'Last-Modified': 'Sun, 05 Jul 2026 17:01:40 GMT', 'X-Trans-Id': 'tx9da6c54f73f444aa9e304-006a4a8df3', 'X-Openstack-Request-Id': 'tx9da6c54f73f444aa9e304-006a4a8df3', 'Connection': 'close'} {{(pid=99463) http_log /opt/stack/data/venv/lib/python3.12/site-packages/swiftclient/client.py:162}}
Jul 05 17:01:41.230120 np0000004577 devstack@g-api.service[99463]: DEBUG glance_store._drivers.swift.store [None req-2cdda3ee-827e-4f6b-8be9-b42dc76cb016 tempest-VolumesActionsTest-253077362 tempest-VolumesActionsTest-253077362-project-member] Wrote chunk 776bd436-a7a1-43a7-8c78-635e6a4b5460-00004 (4/?) of length 204800000 to Swift returning MD5 of content: eda9a9889837ac4bc81d6387d92c1bec {{(pid=99463) add /opt/stack/data/venv/lib/python3.12/site-packages/glance_store/_drivers/swift/store.py:1059}}
Jul 05 17:01:42.195030 np0000004577 devstack@g-api.service[99462]: DEBUG glance.api.middleware.version_negotiation [None req-9f273dac-a65a-4172-aaa4-1fc6e08763ad tempest-VolumesExtendTest-1697141906 tempest-VolumesExtendTest-1697141906-project-member] Determining version of request: GET /v2/images/776bd436-a7a1-43a7-8c78-635e6a4b5460 Accept: application/json {{(pid=99462) process_request /opt/stack/glance/glance/api/middleware/version_negotiation.py:44}}
Jul 05 17:01:42.196172 np0000004577 devstack@g-api.service[99462]: DEBUG glance.api.middleware.version_negotiation [None req-9f273dac-a65a-4172-aaa4-1fc6e08763ad tempest-VolumesExtendTest-1697141906 tempest-VolumesExtendTest-1697141906-project-member] Using url versioning {{(pid=99462) process_request /opt/stack/glance/glance/api/middleware/version_negotiation.py:57}}
Jul 05 17:01:42.196172 np0000004577 devstack@g-api.service[99462]: DEBUG glance.api.middleware.version_negotiation [None req-9f273dac-a65a-4172-aaa4-1fc6e08763ad tempest-VolumesExtendTest-1697141906 tempest-VolumesExtendTest-1697141906-project-member] Matched version: v2 {{(pid=99462) process_request /opt/stack/glance/glance/api/middleware/version_negotiation.py:69}}
Jul 05 17:01:42.196172 np0000004577 devstack@g-api.service[99462]: DEBUG glance.api.middleware.version_negotiation [None req-9f273dac-a65a-4172-aaa4-1fc6e08763ad tempest-VolumesExtendTest-1697141906 tempest-VolumesExtendTest-1697141906-project-member] new path /v2/images/776bd436-a7a1-43a7-8c78-635e6a4b5460 {{(pid=99462) process_request /opt/stack/glance/glance/api/middleware/version_negotiation.py:70}}
Jul 05 17:01:42.207070 np0000004577 devstack@g-api.service[99462]: [pid: 99462|app: 0|req: 128/366] 127.0.0.1 () {40 vars in 838 bytes} [Sun Jul 5 17:01:42 2026] GET /v2/images/776bd436-a7a1-43a7-8c78-635e6a4b5460 => generated 650 bytes in 14 msecs (HTTP/1.1 200) 4 headers in 157 bytes (1 switches on core 0)
Jul 05 17:01:43.091405 np0000004577 devstack@g-api.service[99463]: DEBUG swiftclient [None req-2cdda3ee-827e-4f6b-8be9-b42dc76cb016 tempest-VolumesActionsTest-253077362 tempest-VolumesActionsTest-253077362-project-member] REQ: curl -i https://10.4.3.110:8080/v1/AUTH_4bb2e354b25a42708248fbf477a93d24/glance/776bd436-a7a1-43a7-8c78-635e6a4b5460-00005 -X PUT -H "X-Auth-Token: gAAAAABqSo3tp6U1..." {{(pid=99463) http_log /opt/stack/data/venv/lib/python3.12/site-packages/swiftclient/client.py:160}}
Jul 05 17:01:43.091706 np0000004577 devstack@g-api.service[99463]: DEBUG swiftclient [None req-2cdda3ee-827e-4f6b-8be9-b42dc76cb016 tempest-VolumesActionsTest-253077362 tempest-VolumesActionsTest-253077362-project-member] RESP STATUS: 201 Created {{(pid=99463) http_log /opt/stack/data/venv/lib/python3.12/site-packages/swiftclient/client.py:161}}
Jul 05 17:01:43.091706 np0000004577 devstack@g-api.service[99463]: DEBUG swiftclient [None req-2cdda3ee-827e-4f6b-8be9-b42dc76cb016 tempest-VolumesActionsTest-253077362 tempest-VolumesActionsTest-253077362-project-member] RESP HEADERS: {'Date': 'Sun, 05 Jul 2026 17:01:43 GMT', 'Server': 'Apache/2.4.58 (Ubuntu)', 'Content-Type': 'text/html; charset=UTF-8', 'Content-Length': '0', 'Etag': 'eda9a9889837ac4bc81d6387d92c1bec', 'Last-Modified': 'Sun, 05 Jul 2026 17:01:42 GMT', 'X-Trans-Id': 'txb62a8578a12c4c9aa1062-006a4a8df5', 'X-Openstack-Request-Id': 'txb62a8578a12c4c9aa1062-006a4a8df5', 'Connection': 'close'} {{(pid=99463) http_log /opt/stack/data/venv/lib/python3.12/site-packages/swiftclient/client.py:162}}
Jul 05 17:01:43.091706 np0000004577 devstack@g-api.service[99463]: DEBUG glance_store._drivers.swift.store [None req-2cdda3ee-827e-4f6b-8be9-b42dc76cb016 tempest-VolumesActionsTest-253077362 tempest-VolumesActionsTest-253077362-project-member] Wrote chunk 776bd436-a7a1-43a7-8c78-635e6a4b5460-00005 (5/?) of length 204800000 to Swift returning MD5 of content: eda9a9889837ac4bc81d6387d92c1bec {{(pid=99463) add /opt/stack/data/venv/lib/python3.12/site-packages/glance_store/_drivers/swift/store.py:1059}}
Jul 05 17:01:43.215749 np0000004577 devstack@g-api.service[99464]: DEBUG glance.api.middleware.version_negotiation [None req-02b8dfa5-93de-4fed-a15f-7df2d9de8ca7 tempest-VolumesActionsTest-253077362 tempest-VolumesActionsTest-253077362-project-member] Determining version of request: GET /v2/images/776bd436-a7a1-43a7-8c78-635e6a4b5460 Accept: application/json {{(pid=99464) process_request /opt/stack/glance/glance/api/middleware/version_negotiation.py:44}}
Jul 05 17:01:43.216222 np0000004577 devstack@g-api.service[99464]: DEBUG glance.api.middleware.version_negotiation [None req-02b8dfa5-93de-4fed-a15f-7df2d9de8ca7 tempest-VolumesActionsTest-253077362 tempest-VolumesActionsTest-253077362-project-member] Using url versioning {{(pid=99464) process_request /opt/stack/glance/glance/api/middleware/version_negotiation.py:57}}
Jul 05 17:01:43.216222 np0000004577 devstack@g-api.service[99464]: DEBUG glance.api.middleware.version_negotiation [None req-02b8dfa5-93de-4fed-a15f-7df2d9de8ca7 tempest-VolumesActionsTest-253077362 tempest-VolumesActionsTest-253077362-project-member] Matched version: v2 {{(pid=99464) process_request /opt/stack/glance/glance/api/middleware/version_negotiation.py:69}}
Jul 05 17:01:43.216222 np0000004577 devstack@g-api.service[99464]: DEBUG glance.api.middleware.version_negotiation [None req-02b8dfa5-93de-4fed-a15f-7df2d9de8ca7 tempest-VolumesActionsTest-253077362 tempest-VolumesActionsTest-253077362-project-member] new path /v2/images/776bd436-a7a1-43a7-8c78-635e6a4b5460 {{(pid=99464) process_request /opt/stack/glance/glance/api/middleware/version_negotiation.py:70}}
Jul 05 17:01:43.233426 np0000004577 devstack@g-api.service[99464]: [pid: 99464|app: 0|req: 132/367] 127.0.0.1 () {40 vars in 838 bytes} [Sun Jul 5 17:01:43 2026] GET /v2/images/776bd436-a7a1-43a7-8c78-635e6a4b5460 => generated 650 bytes in 16 msecs (HTTP/1.1 200) 4 headers in 157 bytes (1 switches on core 0)
Jul 05 17:01:43.316058 np0000004577 devstack@g-api.service[99462]: DEBUG glance.api.middleware.version_negotiation [None req-807711ea-3a4c-4027-a957-269bd7324bee tempest-VolumesActionsTest-253077362 tempest-VolumesActionsTest-253077362-project-member] Determining version of request: GET /v2/images/bd718224-6c23-423a-b6f7-78e848f80bee Accept: */* {{(pid=99462) process_request /opt/stack/glance/glance/api/middleware/version_negotiation.py:44}}
Jul 05 17:01:43.317714 np0000004577 devstack@g-api.service[99462]: DEBUG glance.api.middleware.version_negotiation [None req-807711ea-3a4c-4027-a957-269bd7324bee tempest-VolumesActionsTest-253077362 tempest-VolumesActionsTest-253077362-project-member] Using url versioning {{(pid=99462) process_request /opt/stack/glance/glance/api/middleware/version_negotiation.py:57}}
Jul 05 17:01:43.317714 np0000004577 devstack@g-api.service[99462]: DEBUG glance.api.middleware.version_negotiation [None req-807711ea-3a4c-4027-a957-269bd7324bee tempest-VolumesActionsTest-253077362 tempest-VolumesActionsTest-253077362-project-member] Matched version: v2 {{(pid=99462) process_request /opt/stack/glance/glance/api/middleware/version_negotiation.py:69}}
Jul 05 17:01:43.317714 np0000004577 devstack@g-api.service[99462]: DEBUG glance.api.middleware.version_negotiation [None req-807711ea-3a4c-4027-a957-269bd7324bee tempest-VolumesActionsTest-253077362 tempest-VolumesActionsTest-253077362-project-member] new path /v2/images/bd718224-6c23-423a-b6f7-78e848f80bee {{(pid=99462) process_request /opt/stack/glance/glance/api/middleware/version_negotiation.py:70}}
Jul 05 17:01:43.329354 np0000004577 devstack@g-api.service[99462]: [pid: 99462|app: 0|req: 129/368] 127.0.0.1 () {44 vars in 1115 bytes} [Sun Jul 5 17:01:43 2026] GET /v2/images/bd718224-6c23-423a-b6f7-78e848f80bee => generated 1044 bytes in 13 msecs (HTTP/1.1 200) 4 headers in 158 bytes (1 switches on core 0)
Jul 05 17:01:43.364212 np0000004577 devstack@g-api.service[99463]: DEBUG dbcounter [-] [99463] Writing DB stats glance:SELECT=78,glance:INSERT=2,glance:UPDATE=26,glance:DELETE=1 {{(pid=99463) stat_writer /opt/stack/data/venv/lib/python3.12/site-packages/dbcounter.py:115}}
Jul 05 17:01:43.367554 np0000004577 devstack@g-api.service[99464]: DEBUG glance.api.middleware.version_negotiation [None req-92279de8-c8ec-4250-add1-0dfa77d6a70e tempest-VolumesActionsTest-253077362 tempest-VolumesActionsTest-253077362-project-member] Determining version of request: GET /v2/images/bd718224-6c23-423a-b6f7-78e848f80bee/file Accept: */* {{(pid=99464) process_request /opt/stack/glance/glance/api/middleware/version_negotiation.py:44}}
Jul 05 17:01:43.367709 np0000004577 devstack@g-api.service[99464]: DEBUG glance.api.middleware.version_negotiation [None req-92279de8-c8ec-4250-add1-0dfa77d6a70e tempest-VolumesActionsTest-253077362 tempest-VolumesActionsTest-253077362-project-member] Using url versioning {{(pid=99464) process_request /opt/stack/glance/glance/api/middleware/version_negotiation.py:57}}
Jul 05 17:01:43.367810 np0000004577 devstack@g-api.service[99464]: DEBUG glance.api.middleware.version_negotiation [None req-92279de8-c8ec-4250-add1-0dfa77d6a70e tempest-VolumesActionsTest-253077362 tempest-VolumesActionsTest-253077362-project-member] Matched version: v2 {{(pid=99464) process_request /opt/stack/glance/glance/api/middleware/version_negotiation.py:69}}
Jul 05 17:01:43.367910 np0000004577 devstack@g-api.service[99464]: DEBUG glance.api.middleware.version_negotiation [None req-92279de8-c8ec-4250-add1-0dfa77d6a70e tempest-VolumesActionsTest-253077362 tempest-VolumesActionsTest-253077362-project-member] new path /v2/images/bd718224-6c23-423a-b6f7-78e848f80bee/file {{(pid=99464) process_request /opt/stack/glance/glance/api/middleware/version_negotiation.py:70}}
Jul 05 17:01:43.384785 np0000004577 devstack@g-api.service[99464]: DEBUG glance.api.middleware.cache [None req-2c08f47b-8080-417e-a420-24b3d992e426 tempest-ServerActionsTestOtherA-1387061979 tempest-ServerActionsTestOtherA-1387061979-project-member] Cache hit for image 'bd718224-6c23-423a-b6f7-78e848f80bee' {{(pid=99464) process_request /opt/stack/glance/glance/api/middleware/cache.py:160}}
Jul 05 17:01:43.460915 np0000004577 devstack@g-api.service[99464]: [pid: 99464|app: 0|req: 133/369] 127.0.0.1 () {44 vars in 1125 bytes} [Sun Jul 5 17:01:43 2026] GET /v2/images/bd718224-6c23-423a-b6f7-78e848f80bee/file => generated 21233664 bytes in 93 msecs (HTTP/1.1 200) 5 headers in 217 bytes (330 switches on core 0)
Jul 05 17:01:43.579704 np0000004577 devstack@g-api.service[99463]: DEBUG swiftclient [None req-2cdda3ee-827e-4f6b-8be9-b42dc76cb016 tempest-VolumesActionsTest-253077362 tempest-VolumesActionsTest-253077362-project-member] REQ: curl -i https://10.4.3.110:8080/v1/AUTH_4bb2e354b25a42708248fbf477a93d24/glance/776bd436-a7a1-43a7-8c78-635e6a4b5460-00006 -X PUT -H "X-Auth-Token: gAAAAABqSo3tp6U1..." {{(pid=99463) http_log /opt/stack/data/venv/lib/python3.12/site-packages/swiftclient/client.py:160}}
Jul 05 17:01:43.579814 np0000004577 devstack@g-api.service[99463]: DEBUG swiftclient [None req-2cdda3ee-827e-4f6b-8be9-b42dc76cb016 tempest-VolumesActionsTest-253077362 tempest-VolumesActionsTest-253077362-project-member] RESP STATUS: 201 Created {{(pid=99463) http_log /opt/stack/data/venv/lib/python3.12/site-packages/swiftclient/client.py:161}}
Jul 05 17:01:43.580079 np0000004577 devstack@g-api.service[99463]: DEBUG swiftclient [None req-2cdda3ee-827e-4f6b-8be9-b42dc76cb016 tempest-VolumesActionsTest-253077362 tempest-VolumesActionsTest-253077362-project-member] RESP HEADERS: {'Date': 'Sun, 05 Jul 2026 17:01:43 GMT', 'Server': 'Apache/2.4.58 (Ubuntu)', 'Content-Type': 'text/html; charset=UTF-8', 'Content-Length': '0', 'Etag': '708761f3b8777ec77058e63da08eeeb6', 'Last-Modified': 'Sun, 05 Jul 2026 17:01:44 GMT', 'X-Trans-Id': 'tx0a965fb5da2446a9879cc-006a4a8df7', 'X-Openstack-Request-Id': 'tx0a965fb5da2446a9879cc-006a4a8df7', 'Connection': 'close'} {{(pid=99463) http_log /opt/stack/data/venv/lib/python3.12/site-packages/swiftclient/client.py:162}}
Jul 05 17:01:43.580079 np0000004577 devstack@g-api.service[99463]: DEBUG glance_store._drivers.swift.store [None req-2cdda3ee-827e-4f6b-8be9-b42dc76cb016 tempest-VolumesActionsTest-253077362 tempest-VolumesActionsTest-253077362-project-member] Wrote chunk 776bd436-a7a1-43a7-8c78-635e6a4b5460-00006 (6/?) of length 49741824 to Swift returning MD5 of content: 708761f3b8777ec77058e63da08eeeb6 {{(pid=99463) add /opt/stack/data/venv/lib/python3.12/site-packages/glance_store/_drivers/swift/store.py:1059}}
Jul 05 17:01:43.580314 np0000004577 devstack@g-api.service[99463]: DEBUG glance_store._drivers.swift.store [None req-2cdda3ee-827e-4f6b-8be9-b42dc76cb016 tempest-VolumesActionsTest-253077362 tempest-VolumesActionsTest-253077362-project-member] Not writing zero-length chunk. {{(pid=99463) add /opt/stack/data/venv/lib/python3.12/site-packages/glance_store/_drivers/swift/store.py:1028}}
Jul 05 17:01:43.598201 np0000004577 devstack@g-api.service[99462]: DEBUG glance.api.middleware.version_negotiation [None req-2c08f47b-8080-417e-a420-24b3d992e426 tempest-ServerActionsTestOtherA-1387061979 tempest-ServerActionsTestOtherA-1387061979-project-member] Determining version of request: GET /v2/images/bd718224-6c23-423a-b6f7-78e848f80bee Accept: */* {{(pid=99462) process_request /opt/stack/glance/glance/api/middleware/version_negotiation.py:44}}
Jul 05 17:01:43.598566 np0000004577 devstack@g-api.service[99462]: DEBUG glance.api.middleware.version_negotiation [None req-2c08f47b-8080-417e-a420-24b3d992e426 tempest-ServerActionsTestOtherA-1387061979 tempest-ServerActionsTestOtherA-1387061979-project-member] Using url versioning {{(pid=99462) process_request /opt/stack/glance/glance/api/middleware/version_negotiation.py:57}}
Jul 05 17:01:43.598880 np0000004577 devstack@g-api.service[99462]: DEBUG glance.api.middleware.version_negotiation [None req-2c08f47b-8080-417e-a420-24b3d992e426 tempest-ServerActionsTestOtherA-1387061979 tempest-ServerActionsTestOtherA-1387061979-project-member] Matched version: v2 {{(pid=99462) process_request /opt/stack/glance/glance/api/middleware/version_negotiation.py:69}}
Jul 05 17:01:43.599370 np0000004577 devstack@g-api.service[99462]: DEBUG glance.api.middleware.version_negotiation [None req-2c08f47b-8080-417e-a420-24b3d992e426 tempest-ServerActionsTestOtherA-1387061979 tempest-ServerActionsTestOtherA-1387061979-project-member] new path /v2/images/bd718224-6c23-423a-b6f7-78e848f80bee {{(pid=99462) process_request /opt/stack/glance/glance/api/middleware/version_negotiation.py:70}}
Jul 05 17:01:43.602710 np0000004577 devstack@g-api.service[99463]: DEBUG swiftclient [None req-2cdda3ee-827e-4f6b-8be9-b42dc76cb016 tempest-VolumesActionsTest-253077362 tempest-VolumesActionsTest-253077362-project-member] REQ: curl -i https://10.4.3.110:8080/v1/AUTH_4bb2e354b25a42708248fbf477a93d24/glance/776bd436-a7a1-43a7-8c78-635e6a4b5460 -X PUT -H "X-Object-Manifest: glance/776bd436-a7a1-43a7-8c78-635e6a4b5460-" -H "X-Auth-Token: gAAAAABqSo3tp6U1..." -H "Content-Length: 0" {{(pid=99463) http_log /opt/stack/data/venv/lib/python3.12/site-packages/swiftclient/client.py:160}}
Jul 05 17:01:43.602880 np0000004577 devstack@g-api.service[99463]: DEBUG swiftclient [None req-2cdda3ee-827e-4f6b-8be9-b42dc76cb016 tempest-VolumesActionsTest-253077362 tempest-VolumesActionsTest-253077362-project-member] RESP STATUS: 201 Created {{(pid=99463) http_log /opt/stack/data/venv/lib/python3.12/site-packages/swiftclient/client.py:161}}
Jul 05 17:01:43.603041 np0000004577 devstack@g-api.service[99463]: DEBUG swiftclient [None req-2cdda3ee-827e-4f6b-8be9-b42dc76cb016 tempest-VolumesActionsTest-253077362 tempest-VolumesActionsTest-253077362-project-member] RESP HEADERS: {'Date': 'Sun, 05 Jul 2026 17:01:43 GMT', 'Server': 'Apache/2.4.58 (Ubuntu)', 'Content-Type': 'text/html; charset=UTF-8', 'Content-Length': '0', 'Etag': 'd41d8cd98f00b204e9800998ecf8427e', 'Last-Modified': 'Sun, 05 Jul 2026 17:01:44 GMT', 'X-Trans-Id': 'txa3ac551819fd4d27b753e-006a4a8df7', 'X-Openstack-Request-Id': 'txa3ac551819fd4d27b753e-006a4a8df7', 'Connection': 'close'} {{(pid=99463) http_log /opt/stack/data/venv/lib/python3.12/site-packages/swiftclient/client.py:162}}
Jul 05 17:01:43.603898 np0000004577 devstack@g-api.service[99463]: INFO glance.location [None req-2cdda3ee-827e-4f6b-8be9-b42dc76cb016 tempest-VolumesActionsTest-253077362 tempest-VolumesActionsTest-253077362-project-member] Image format matched and virtual size computed: 1073741824
Jul 05 17:01:43.615602 np0000004577 devstack@g-api.service[99462]: [pid: 99462|app: 0|req: 130/370] 127.0.0.1 () {44 vars in 1115 bytes} [Sun Jul 5 17:01:43 2026] GET /v2/images/bd718224-6c23-423a-b6f7-78e848f80bee => generated 1044 bytes in 18 msecs (HTTP/1.1 200) 4 headers in 158 bytes (1 switches on core 0)
Jul 05 17:01:43.634994 np0000004577 devstack@g-api.service[99463]: DEBUG glance_store.backend [None req-2cdda3ee-827e-4f6b-8be9-b42dc76cb016 tempest-VolumesActionsTest-253077362 tempest-VolumesActionsTest-253077362-project-member] Attempting to import store swift {{(pid=99463) _load_store /opt/stack/data/venv/lib/python3.12/site-packages/glance_store/backend.py:215}}
Jul 05 17:01:43.636334 np0000004577 devstack@g-api.service[99463]: DEBUG glance_store.capabilities [None req-2cdda3ee-827e-4f6b-8be9-b42dc76cb016 tempest-VolumesActionsTest-253077362 tempest-VolumesActionsTest-253077362-project-member] Store glance_store._drivers.swift.store.SingleTenantStore doesn't support updating dynamic storage capabilities. Please overwrite 'update_capabilities' method of the store to implement updating logics if needed. {{(pid=99463) update_capabilities /opt/stack/data/venv/lib/python3.12/site-packages/glance_store/capabilities.py:91}}
Jul 05 17:01:43.636434 np0000004577 devstack@g-api.service[99463]: DEBUG glance_store.driver [None req-2cdda3ee-827e-4f6b-8be9-b42dc76cb016 tempest-VolumesActionsTest-253077362 tempest-VolumesActionsTest-253077362-project-member] Late loading location class glance_store._drivers.swift.store.StoreLocation {{(pid=99463) get_store_location_class /opt/stack/data/venv/lib/python3.12/site-packages/glance_store/driver.py:134}}
Jul 05 17:01:43.636563 np0000004577 devstack@g-api.service[99463]: DEBUG glance_store.location [None req-2cdda3ee-827e-4f6b-8be9-b42dc76cb016 tempest-VolumesActionsTest-253077362 tempest-VolumesActionsTest-253077362-project-member] Registering scheme swift+https with {'store': , 'location_class': , 'store_entry': 'swift'} {{(pid=99463) register_scheme_map /opt/stack/data/venv/lib/python3.12/site-packages/glance_store/location.py:146}}
Jul 05 17:01:43.636664 np0000004577 devstack@g-api.service[99463]: DEBUG glance_store.location [None req-2cdda3ee-827e-4f6b-8be9-b42dc76cb016 tempest-VolumesActionsTest-253077362 tempest-VolumesActionsTest-253077362-project-member] Registering scheme swift+https with {'store': , 'location_class': , 'store_entry': 'swift'} {{(pid=99463) register_scheme_map /opt/stack/data/venv/lib/python3.12/site-packages/glance_store/location.py:146}}
Jul 05 17:01:43.636806 np0000004577 devstack@g-api.service[99463]: DEBUG glance_store.location [None req-2cdda3ee-827e-4f6b-8be9-b42dc76cb016 tempest-VolumesActionsTest-253077362 tempest-VolumesActionsTest-253077362-project-member] Registering scheme swift with {'store': , 'location_class': , 'store_entry': 'swift'} {{(pid=99463) register_scheme_map /opt/stack/data/venv/lib/python3.12/site-packages/glance_store/location.py:146}}
Jul 05 17:01:43.636873 np0000004577 devstack@g-api.service[99463]: DEBUG glance_store.location [None req-2cdda3ee-827e-4f6b-8be9-b42dc76cb016 tempest-VolumesActionsTest-253077362 tempest-VolumesActionsTest-253077362-project-member] Registering scheme swift+https with {'store': , 'location_class': , 'store_entry': 'swift'} {{(pid=99463) register_scheme_map /opt/stack/data/venv/lib/python3.12/site-packages/glance_store/location.py:146}}
Jul 05 17:01:43.636934 np0000004577 devstack@g-api.service[99463]: DEBUG glance_store.location [None req-2cdda3ee-827e-4f6b-8be9-b42dc76cb016 tempest-VolumesActionsTest-253077362 tempest-VolumesActionsTest-253077362-project-member] Registering scheme swift with {'store': , 'location_class': , 'store_entry': 'swift'} {{(pid=99463) register_scheme_map /opt/stack/data/venv/lib/python3.12/site-packages/glance_store/location.py:146}}
Jul 05 17:01:43.637039 np0000004577 devstack@g-api.service[99463]: DEBUG glance_store.location [None req-2cdda3ee-827e-4f6b-8be9-b42dc76cb016 tempest-VolumesActionsTest-253077362 tempest-VolumesActionsTest-253077362-project-member] Registering scheme swift+http with {'store': , 'location_class': , 'store_entry': 'swift'} {{(pid=99463) register_scheme_map /opt/stack/data/venv/lib/python3.12/site-packages/glance_store/location.py:146}}
Jul 05 17:01:43.637181 np0000004577 devstack@g-api.service[99463]: DEBUG glance_store.location [None req-2cdda3ee-827e-4f6b-8be9-b42dc76cb016 tempest-VolumesActionsTest-253077362 tempest-VolumesActionsTest-253077362-project-member] Registering scheme swift+https with {'store': , 'location_class': , 'store_entry': 'swift'} {{(pid=99463) register_scheme_map /opt/stack/data/venv/lib/python3.12/site-packages/glance_store/location.py:146}}
Jul 05 17:01:43.637272 np0000004577 devstack@g-api.service[99463]: DEBUG glance_store.location [None req-2cdda3ee-827e-4f6b-8be9-b42dc76cb016 tempest-VolumesActionsTest-253077362 tempest-VolumesActionsTest-253077362-project-member] Registering scheme swift with {'store': , 'location_class': , 'store_entry': 'swift'} {{(pid=99463) register_scheme_map /opt/stack/data/venv/lib/python3.12/site-packages/glance_store/location.py:146}}
Jul 05 17:01:43.637413 np0000004577 devstack@g-api.service[99463]: DEBUG glance_store.location [None req-2cdda3ee-827e-4f6b-8be9-b42dc76cb016 tempest-VolumesActionsTest-253077362 tempest-VolumesActionsTest-253077362-project-member] Registering scheme swift+http with {'store': , 'location_class': , 'store_entry': 'swift'} {{(pid=99463) register_scheme_map /opt/stack/data/venv/lib/python3.12/site-packages/glance_store/location.py:146}}
Jul 05 17:01:43.637521 np0000004577 devstack@g-api.service[99463]: DEBUG glance_store.location [None req-2cdda3ee-827e-4f6b-8be9-b42dc76cb016 tempest-VolumesActionsTest-253077362 tempest-VolumesActionsTest-253077362-project-member] Registering scheme swift+config with {'store': , 'location_class': , 'store_entry': 'swift'} {{(pid=99463) register_scheme_map /opt/stack/data/venv/lib/python3.12/site-packages/glance_store/location.py:146}}
Jul 05 17:01:43.637641 np0000004577 devstack@g-api.service[99463]: DEBUG glance_store.backend [None req-2cdda3ee-827e-4f6b-8be9-b42dc76cb016 tempest-VolumesActionsTest-253077362 tempest-VolumesActionsTest-253077362-project-member] Skipping store.set_acls... not implemented. {{(pid=99463) set_acls /opt/stack/data/venv/lib/python3.12/site-packages/glance_store/backend.py:507}}
Jul 05 17:01:43.639353 np0000004577 devstack@g-api.service[99463]: [pid: 99463|app: 0|req: 108/371] 127.0.0.1 () {46 vars in 1158 bytes} [Sun Jul 5 17:01:32 2026] PUT /v2/images/776bd436-a7a1-43a7-8c78-635e6a4b5460/file => generated 0 bytes in 11185 msecs (HTTP/1.1 204) 4 headers in 171 bytes (1 switches on core 0)
Jul 05 17:01:43.645240 np0000004577 devstack@g-api.service[99464]: DEBUG glance.api.middleware.version_negotiation [None req-2c08f47b-8080-417e-a420-24b3d992e426 tempest-ServerActionsTestOtherA-1387061979 tempest-ServerActionsTestOtherA-1387061979-project-member] Determining version of request: GET /v2/schemas/image Accept: */* {{(pid=99464) process_request /opt/stack/glance/glance/api/middleware/version_negotiation.py:44}}
Jul 05 17:01:43.646002 np0000004577 devstack@g-api.service[99464]: DEBUG glance.api.middleware.version_negotiation [None req-2c08f47b-8080-417e-a420-24b3d992e426 tempest-ServerActionsTestOtherA-1387061979 tempest-ServerActionsTestOtherA-1387061979-project-member] Using url versioning {{(pid=99464) process_request /opt/stack/glance/glance/api/middleware/version_negotiation.py:57}}
Jul 05 17:01:43.646258 np0000004577 devstack@g-api.service[99464]: DEBUG glance.api.middleware.version_negotiation [None req-2c08f47b-8080-417e-a420-24b3d992e426 tempest-ServerActionsTestOtherA-1387061979 tempest-ServerActionsTestOtherA-1387061979-project-member] Matched version: v2 {{(pid=99464) process_request /opt/stack/glance/glance/api/middleware/version_negotiation.py:69}}
Jul 05 17:01:43.646577 np0000004577 devstack@g-api.service[99464]: DEBUG glance.api.middleware.version_negotiation [None req-2c08f47b-8080-417e-a420-24b3d992e426 tempest-ServerActionsTestOtherA-1387061979 tempest-ServerActionsTestOtherA-1387061979-project-member] new path /v2/schemas/image {{(pid=99464) process_request /opt/stack/glance/glance/api/middleware/version_negotiation.py:70}}
Jul 05 17:01:43.647824 np0000004577 devstack@g-api.service[99462]: DEBUG glance.api.middleware.version_negotiation [None req-2c08f47b-8080-417e-a420-24b3d992e426 tempest-ServerActionsTestOtherA-1387061979 tempest-ServerActionsTestOtherA-1387061979-project-member] Determining version of request: GET /v2/images/776bd436-a7a1-43a7-8c78-635e6a4b5460 Accept: */* {{(pid=99462) process_request /opt/stack/glance/glance/api/middleware/version_negotiation.py:44}}
Jul 05 17:01:43.647941 np0000004577 devstack@g-api.service[99462]: DEBUG glance.api.middleware.version_negotiation [None req-2c08f47b-8080-417e-a420-24b3d992e426 tempest-ServerActionsTestOtherA-1387061979 tempest-ServerActionsTestOtherA-1387061979-project-member] Using url versioning {{(pid=99462) process_request /opt/stack/glance/glance/api/middleware/version_negotiation.py:57}}
