Jul 05 19:43:50.165179 np0000004595 devstack@c-api.service[96761]: DEBUG cinder.api.middleware.request_id [req-4df88781-e2f8-44f9-9a99-78fbadc68bf9 req-9607bf34-bf7d-4018-8106-a87979f88dab None None] RequestId filter calling following filter/app {{(pid=96761) _context_setter /opt/stack/cinder/cinder/api/middleware/request_id.py:62}}
Jul 05 19:43:50.167649 np0000004595 devstack@c-api.service[96761]: INFO cinder.api.openstack.wsgi [req-4df88781-e2f8-44f9-9a99-78fbadc68bf9 req-9607bf34-bf7d-4018-8106-a87979f88dab tempest-TaggedBootDevicesTest-677476815 tempest-TaggedBootDevicesTest-677476815-project-member] GET https://10.4.3.186/volume/v3/volumes/9e7bd038-fb81-4ad3-a828-af38718419d6
Jul 05 19:43:50.167972 np0000004595 devstack@c-api.service[96761]: DEBUG cinder.api.openstack.wsgi [req-4df88781-e2f8-44f9-9a99-78fbadc68bf9 req-9607bf34-bf7d-4018-8106-a87979f88dab tempest-TaggedBootDevicesTest-677476815 tempest-TaggedBootDevicesTest-677476815-project-member] Empty body provided in request {{(pid=96761) get_body /opt/stack/cinder/cinder/api/openstack/wsgi.py:725}}
Jul 05 19:43:50.168292 np0000004595 devstack@c-api.service[96761]: DEBUG cinder.api.openstack.wsgi [req-4df88781-e2f8-44f9-9a99-78fbadc68bf9 req-9607bf34-bf7d-4018-8106-a87979f88dab tempest-TaggedBootDevicesTest-677476815 tempest-TaggedBootDevicesTest-677476815-project-member] Calling method 'show' {{(pid=96761) _process_stack /opt/stack/cinder/cinder/api/openstack/wsgi.py:878}}
Jul 05 19:43:50.192716 np0000004595 devstack@c-api.service[96761]: /opt/stack/data/venv/lib/python3.12/site-packages/oslo_context/context.py:102: DeprecationWarning: Policy enforcement is depending on the value of is_admin. This key is deprecated. Please update your policy file to use the standard policy values.
Jul 05 19:43:50.192716 np0000004595 devstack@c-api.service[96761]: warnings.warn(
Jul 05 19:43:50.198844 np0000004595 devstack@c-api.service[96761]: INFO cinder.volume.api [req-4df88781-e2f8-44f9-9a99-78fbadc68bf9 req-9607bf34-bf7d-4018-8106-a87979f88dab tempest-TaggedBootDevicesTest-677476815 tempest-TaggedBootDevicesTest-677476815-project-member] Volume info retrieved successfully.
Jul 05 19:43:50.205149 np0000004595 devstack@c-api.service[96761]: INFO cinder.api.openstack.wsgi [req-4df88781-e2f8-44f9-9a99-78fbadc68bf9 req-9607bf34-bf7d-4018-8106-a87979f88dab tempest-TaggedBootDevicesTest-677476815 tempest-TaggedBootDevicesTest-677476815-project-member] https://10.4.3.186/volume/v3/volumes/9e7bd038-fb81-4ad3-a828-af38718419d6 returned with HTTP 200
Jul 05 19:43:50.205724 np0000004595 devstack@c-api.service[96761]: [pid: 96761|app: 0|req: 24/72] 10.4.3.186 () {70 vars in 1639 bytes} [Sun Jul 5 19:43:50 2026] GET /volume/v3/volumes/9e7bd038-fb81-4ad3-a828-af38718419d6 => generated 1540 bytes in 41 msecs (HTTP/1.1 200) 7 headers in 287 bytes (1 switches on core 0)
Jul 05 19:43:50.238315 np0000004595 devstack@c-api.service[96762]: DEBUG cinder.api.middleware.request_id [None req-85a42892-7ff1-4cd2-adfa-c9b1819e55d6 None None] RequestId filter calling following filter/app {{(pid=96762) _context_setter /opt/stack/cinder/cinder/api/middleware/request_id.py:62}}
Jul 05 19:43:50.239136 np0000004595 devstack@c-api.service[96762]: INFO cinder.api.openstack.wsgi [None req-85a42892-7ff1-4cd2-adfa-c9b1819e55d6 None None] GET https://10.4.3.186/volume//
Jul 05 19:43:50.239305 np0000004595 devstack@c-api.service[96762]: DEBUG cinder.api.openstack.wsgi [None req-85a42892-7ff1-4cd2-adfa-c9b1819e55d6 None None] Empty body provided in request {{(pid=96762) get_body /opt/stack/cinder/cinder/api/openstack/wsgi.py:725}}
Jul 05 19:43:50.239475 np0000004595 devstack@c-api.service[96762]: DEBUG cinder.api.openstack.wsgi [None req-85a42892-7ff1-4cd2-adfa-c9b1819e55d6 None None] Calling method 'all' {{(pid=96762) _process_stack /opt/stack/cinder/cinder/api/openstack/wsgi.py:878}}
Jul 05 19:43:50.239829 np0000004595 devstack@c-api.service[96762]: INFO cinder.api.openstack.wsgi [None req-85a42892-7ff1-4cd2-adfa-c9b1819e55d6 None None] https://10.4.3.186/volume// returned with HTTP 300
Jul 05 19:43:50.240092 np0000004595 devstack@c-api.service[96762]: [pid: 96762|app: 0|req: 25/73] 10.4.3.186 () {66 vars in 1426 bytes} [Sun Jul 5 19:43:50 2026] GET /volume/ => generated 386 bytes in 2 msecs (HTTP/1.1 300) 7 headers in 299 bytes (1 switches on core 0)
Jul 05 19:43:50.268710 np0000004595 devstack@c-api.service[96760]: DEBUG cinder.api.middleware.request_id [req-fa670a9e-3a7b-4a1a-8796-1adb9db2bece req-31cb869d-7b74-4a97-93f5-fc6caef0ac54 None None] RequestId filter calling following filter/app {{(pid=96760) _context_setter /opt/stack/cinder/cinder/api/middleware/request_id.py:62}}
Jul 05 19:43:50.273625 np0000004595 devstack@c-api.service[96760]: INFO cinder.api.openstack.wsgi [req-fa670a9e-3a7b-4a1a-8796-1adb9db2bece req-31cb869d-7b74-4a97-93f5-fc6caef0ac54 tempest-TaggedBootDevicesTest_v242-108513824 tempest-TaggedBootDevicesTest_v242-108513824-project-member] GET https://10.4.3.186/volume/v3/volumes/9f360ff4-a0c9-48e8-9f90-418b3abf7afe
Jul 05 19:43:50.273999 np0000004595 devstack@c-api.service[96760]: DEBUG cinder.api.openstack.wsgi [req-fa670a9e-3a7b-4a1a-8796-1adb9db2bece req-31cb869d-7b74-4a97-93f5-fc6caef0ac54 tempest-TaggedBootDevicesTest_v242-108513824 tempest-TaggedBootDevicesTest_v242-108513824-project-member] Empty body provided in request {{(pid=96760) get_body /opt/stack/cinder/cinder/api/openstack/wsgi.py:725}}
Jul 05 19:43:50.274132 np0000004595 devstack@c-api.service[96761]: DEBUG cinder.api.middleware.request_id [req-4df88781-e2f8-44f9-9a99-78fbadc68bf9 req-28a8ef72-b8b7-4d8a-bd76-7c3d882c90ce None None] RequestId filter calling following filter/app {{(pid=96761) _context_setter /opt/stack/cinder/cinder/api/middleware/request_id.py:62}}
Jul 05 19:43:50.274508 np0000004595 devstack@c-api.service[96760]: DEBUG cinder.api.openstack.wsgi [req-fa670a9e-3a7b-4a1a-8796-1adb9db2bece req-31cb869d-7b74-4a97-93f5-fc6caef0ac54 tempest-TaggedBootDevicesTest_v242-108513824 tempest-TaggedBootDevicesTest_v242-108513824-project-member] Calling method 'show' {{(pid=96760) _process_stack /opt/stack/cinder/cinder/api/openstack/wsgi.py:878}}
Jul 05 19:43:50.276548 np0000004595 devstack@c-api.service[96761]: INFO cinder.api.openstack.wsgi [req-4df88781-e2f8-44f9-9a99-78fbadc68bf9 req-28a8ef72-b8b7-4d8a-bd76-7c3d882c90ce tempest-TaggedBootDevicesTest-677476815 tempest-TaggedBootDevicesTest-677476815-project-member] PUT https://10.4.3.186/volume/v3/attachments/8e2e4758-1cba-4559-8e8a-0a1c15a98b68
Jul 05 19:43:50.278053 np0000004595 devstack@c-api.service[96761]: DEBUG cinder.api.openstack.wsgi [req-4df88781-e2f8-44f9-9a99-78fbadc68bf9 req-28a8ef72-b8b7-4d8a-bd76-7c3d882c90ce tempest-TaggedBootDevicesTest-677476815 tempest-TaggedBootDevicesTest-677476815-project-member] Action: 'update', calling method: version_select, body: {"attachment": {"connector": {"platform": "x86_64", "os_type": "linux", "ip": "10.4.3.186", "host": "np0000004595", "multipath": false, "enforce_multipath": true, "initiator": "iqn.2016-04.com.open-iscsi:34833fb27ea", "do_local_attach": false, "nvme_hostid": "eacea198-c843-4864-848d-2167d9575a1f", "uuid": "8515de1c-ba7e-467b-adde-6d9f8a8dbc1f", "system uuid": "2d5686e1-ae58-40f9-a2d8-ef94e96493d8", "nqn": "nqn.2014-08.org.nvmexpress:uuid:2d5686e1-ae58-40f9-a2d8-ef94e96493d8", "nvme_native_multipath": true, "found_dsc": "", "host_ips": ["10.4.3.186", "fe80::f816:3eff:fef4:c77d", "192.168.10.6", "fe80::f816:3eff:fe32:ddc9", "192.168.20.6", "fe80::f816:3eff:feb1:121", "192.168.30.6", "fe80::f816:3eff:fe4e:cb2e", "192.168.122.1", "172.24.5.1", "2001:db8::2", "fe80::f80d:89ff:feac:9b4b", "fe80::f816:3eff:fe78:72f0", "fe80::f816:3eff:fe78:43ec", "fe80::cc39:3eff:fe6a:f0e4", "fe80::3c5b:27ff:feff:3261", "fe80::f816:3eff:fee1:b482", "fe80::d866:b0ff:fed9:adbd", "fe80::f816:3eff:fe2b:9122", "fe80::826:d7ff:fee8:379a", "fe80::f816:3eff:fe44:d359", "fe80::d8c2:b1ff:fede:9262", "fe80::f816:3eff:feb1:1b1f", "fe80::3455:a6ff:fe1c:ff94"], "mountpoint": "/dev/vda"}}} {{(pid=96761) _process_stack /opt/stack/cinder/cinder/api/openstack/wsgi.py:876}}
Jul 05 19:43:50.287587 np0000004595 devstack@c-api.service[96761]: DEBUG cinder.coordination [req-4df88781-e2f8-44f9-9a99-78fbadc68bf9 req-28a8ef72-b8b7-4d8a-bd76-7c3d882c90ce tempest-TaggedBootDevicesTest-677476815 tempest-TaggedBootDevicesTest-677476815-project-member] Acquiring lock "cinder-attachment_update-9e7bd038-fb81-4ad3-a828-af38718419d6-np0000004595" by "attachment_update" {{(pid=96761) __acquire /opt/stack/cinder/cinder/coordination.py:138}}
Jul 05 19:43:50.287676 np0000004595 devstack@c-api.service[96760]: /opt/stack/data/venv/lib/python3.12/site-packages/oslo_context/context.py:102: DeprecationWarning: Policy enforcement is depending on the value of is_admin. This key is deprecated. Please update your policy file to use the standard policy values.
Jul 05 19:43:50.287676 np0000004595 devstack@c-api.service[96760]: warnings.warn(
Jul 05 19:43:50.298833 np0000004595 devstack@c-api.service[96760]: INFO cinder.volume.api [req-fa670a9e-3a7b-4a1a-8796-1adb9db2bece req-31cb869d-7b74-4a97-93f5-fc6caef0ac54 tempest-TaggedBootDevicesTest_v242-108513824 tempest-TaggedBootDevicesTest_v242-108513824-project-member] Volume info retrieved successfully.
Jul 05 19:43:50.299154 np0000004595 devstack@c-api.service[96761]: DEBUG cinder.coordination [req-4df88781-e2f8-44f9-9a99-78fbadc68bf9 req-28a8ef72-b8b7-4d8a-bd76-7c3d882c90ce tempest-TaggedBootDevicesTest-677476815 tempest-TaggedBootDevicesTest-677476815-project-member] Lock "cinder-attachment_update-9e7bd038-fb81-4ad3-a828-af38718419d6-np0000004595" acquired by "attachment_update" :: waited 0.012s {{(pid=96761) __acquire /opt/stack/cinder/cinder/coordination.py:141}}
Jul 05 19:43:50.307315 np0000004595 devstack@c-api.service[96761]: /opt/stack/data/venv/lib/python3.12/site-packages/oslo_context/context.py:102: DeprecationWarning: Policy enforcement is depending on the value of is_admin. This key is deprecated. Please update your policy file to use the standard policy values.
Jul 05 19:43:50.307315 np0000004595 devstack@c-api.service[96761]: warnings.warn(
Jul 05 19:43:50.310349 np0000004595 devstack@c-api.service[96760]: INFO cinder.api.openstack.wsgi [req-fa670a9e-3a7b-4a1a-8796-1adb9db2bece req-31cb869d-7b74-4a97-93f5-fc6caef0ac54 tempest-TaggedBootDevicesTest_v242-108513824 tempest-TaggedBootDevicesTest_v242-108513824-project-member] https://10.4.3.186/volume/v3/volumes/9f360ff4-a0c9-48e8-9f90-418b3abf7afe returned with HTTP 200
Jul 05 19:43:50.310937 np0000004595 devstack@c-api.service[96760]: [pid: 96760|app: 0|req: 25/74] 10.4.3.186 () {70 vars in 1639 bytes} [Sun Jul 5 19:43:50 2026] GET /volume/v3/volumes/9f360ff4-a0c9-48e8-9f90-418b3abf7afe => generated 1029 bytes in 43 msecs (HTTP/1.1 200) 7 headers in 287 bytes (1 switches on core 0)
Jul 05 19:43:50.381085 np0000004595 devstack@c-api.service[96762]: DEBUG cinder.api.middleware.request_id [req-fa670a9e-3a7b-4a1a-8796-1adb9db2bece req-ff433179-0fc8-4012-9fbc-78d7057508cb None None] RequestId filter calling following filter/app {{(pid=96762) _context_setter /opt/stack/cinder/cinder/api/middleware/request_id.py:62}}
Jul 05 19:43:50.383671 np0000004595 devstack@c-api.service[96762]: INFO cinder.api.openstack.wsgi [req-fa670a9e-3a7b-4a1a-8796-1adb9db2bece req-ff433179-0fc8-4012-9fbc-78d7057508cb tempest-TaggedBootDevicesTest_v242-108513824 tempest-TaggedBootDevicesTest_v242-108513824-project-member] PUT https://10.4.3.186/volume/v3/attachments/4507bbcb-632a-490f-87b5-b8ff133af51d
Jul 05 19:43:50.384068 np0000004595 devstack@c-api.service[96762]: DEBUG cinder.api.openstack.wsgi [req-fa670a9e-3a7b-4a1a-8796-1adb9db2bece req-ff433179-0fc8-4012-9fbc-78d7057508cb tempest-TaggedBootDevicesTest_v242-108513824 tempest-TaggedBootDevicesTest_v242-108513824-project-member] Action: 'update', calling method: version_select, body: {"attachment": {"connector": {"platform": "x86_64", "os_type": "linux", "ip": "10.4.3.186", "host": "np0000004595", "multipath": false, "enforce_multipath": true, "initiator": "iqn.2016-04.com.open-iscsi:34833fb27ea", "do_local_attach": false, "nvme_hostid": "eacea198-c843-4864-848d-2167d9575a1f", "uuid": "8515de1c-ba7e-467b-adde-6d9f8a8dbc1f", "system uuid": "2d5686e1-ae58-40f9-a2d8-ef94e96493d8", "nqn": "nqn.2014-08.org.nvmexpress:uuid:2d5686e1-ae58-40f9-a2d8-ef94e96493d8", "nvme_native_multipath": true, "found_dsc": "", "host_ips": ["10.4.3.186", "fe80::f816:3eff:fef4:c77d", "192.168.10.6", "fe80::f816:3eff:fe32:ddc9", "192.168.20.6", "fe80::f816:3eff:feb1:121", "192.168.30.6", "fe80::f816:3eff:fe4e:cb2e", "192.168.122.1", "172.24.5.1", "2001:db8::2", "fe80::f80d:89ff:feac:9b4b", "fe80::f816:3eff:fe78:72f0", "fe80::f816:3eff:fe78:43ec", "fe80::cc39:3eff:fe6a:f0e4", "fe80::3c5b:27ff:feff:3261", "fe80::f816:3eff:fee1:b482", "fe80::d866:b0ff:fed9:adbd", "fe80::f816:3eff:fe2b:9122", "fe80::826:d7ff:fee8:379a", "fe80::f816:3eff:fe44:d359", "fe80::d8c2:b1ff:fede:9262", "fe80::f816:3eff:feb1:1b1f", "fe80::3455:a6ff:fe1c:ff94"], "mountpoint": "/dev/vdb"}}} {{(pid=96762) _process_stack /opt/stack/cinder/cinder/api/openstack/wsgi.py:876}}
Jul 05 19:43:50.391663 np0000004595 devstack@c-api.service[96762]: DEBUG cinder.coordination [req-fa670a9e-3a7b-4a1a-8796-1adb9db2bece req-ff433179-0fc8-4012-9fbc-78d7057508cb tempest-TaggedBootDevicesTest_v242-108513824 tempest-TaggedBootDevicesTest_v242-108513824-project-member] Acquiring lock "cinder-attachment_update-9f360ff4-a0c9-48e8-9f90-418b3abf7afe-np0000004595" by "attachment_update" {{(pid=96762) __acquire /opt/stack/cinder/cinder/coordination.py:138}}
Jul 05 19:43:50.397002 np0000004595 devstack@c-api.service[96762]: DEBUG cinder.coordination [req-fa670a9e-3a7b-4a1a-8796-1adb9db2bece req-ff433179-0fc8-4012-9fbc-78d7057508cb tempest-TaggedBootDevicesTest_v242-108513824 tempest-TaggedBootDevicesTest_v242-108513824-project-member] Lock "cinder-attachment_update-9f360ff4-a0c9-48e8-9f90-418b3abf7afe-np0000004595" acquired by "attachment_update" :: waited 0.005s {{(pid=96762) __acquire /opt/stack/cinder/cinder/coordination.py:141}}
Jul 05 19:43:50.397941 np0000004595 devstack@c-api.service[96762]: /opt/stack/data/venv/lib/python3.12/site-packages/oslo_context/context.py:102: DeprecationWarning: Policy enforcement is depending on the value of is_admin. This key is deprecated. Please update your policy file to use the standard policy values.
Jul 05 19:43:50.397941 np0000004595 devstack@c-api.service[96762]: warnings.warn(
Jul 05 19:43:50.643791 np0000004595 devstack@c-api.service[96760]: DEBUG cinder.api.middleware.request_id [None req-2edfe1ea-860f-4384-abf0-b28f35062c84 None None] RequestId filter calling following filter/app {{(pid=96760) _context_setter /opt/stack/cinder/cinder/api/middleware/request_id.py:62}}
Jul 05 19:43:50.644214 np0000004595 devstack@c-api.service[96760]: INFO cinder.api.openstack.wsgi [None req-2edfe1ea-860f-4384-abf0-b28f35062c84 None None] GET https://10.4.3.186/volume//
Jul 05 19:43:50.644409 np0000004595 devstack@c-api.service[96760]: DEBUG cinder.api.openstack.wsgi [None req-2edfe1ea-860f-4384-abf0-b28f35062c84 None None] Empty body provided in request {{(pid=96760) get_body /opt/stack/cinder/cinder/api/openstack/wsgi.py:725}}
Jul 05 19:43:50.644733 np0000004595 devstack@c-api.service[96760]: DEBUG cinder.api.openstack.wsgi [None req-2edfe1ea-860f-4384-abf0-b28f35062c84 None None] Calling method 'all' {{(pid=96760) _process_stack /opt/stack/cinder/cinder/api/openstack/wsgi.py:878}}
Jul 05 19:43:50.645210 np0000004595 devstack@c-api.service[96760]: INFO cinder.api.openstack.wsgi [None req-2edfe1ea-860f-4384-abf0-b28f35062c84 None None] https://10.4.3.186/volume// returned with HTTP 300
Jul 05 19:43:50.645583 np0000004595 devstack@c-api.service[96760]: [pid: 96760|app: 0|req: 26/75] 10.4.3.186 () {66 vars in 1428 bytes} [Sun Jul 5 19:43:50 2026] GET /volume/ => generated 386 bytes in 2 msecs (HTTP/1.1 300) 7 headers in 299 bytes (1 switches on core 0)
Jul 05 19:43:50.669511 np0000004595 devstack@c-api.service[96760]: DEBUG cinder.api.middleware.request_id [req-9cc9c082-89ae-4f9e-a4e1-9c6e8c4bdec4 req-5856c98e-99f4-4d01-87c8-3cca58636cf1 None None] RequestId filter calling following filter/app {{(pid=96760) _context_setter /opt/stack/cinder/cinder/api/middleware/request_id.py:62}}
Jul 05 19:43:50.843092 np0000004595 devstack@c-api.service[96761]: DEBUG cinder.coordination [req-4df88781-e2f8-44f9-9a99-78fbadc68bf9 req-28a8ef72-b8b7-4d8a-bd76-7c3d882c90ce tempest-TaggedBootDevicesTest-677476815 tempest-TaggedBootDevicesTest-677476815-project-member] Lock "cinder-attachment_update-9e7bd038-fb81-4ad3-a828-af38718419d6-np0000004595" released by "attachment_update" :: held 0.544s {{(pid=96761) __release /opt/stack/cinder/cinder/coordination.py:152}}
Jul 05 19:43:50.843457 np0000004595 devstack@c-api.service[96761]: INFO cinder.api.openstack.wsgi [req-4df88781-e2f8-44f9-9a99-78fbadc68bf9 req-28a8ef72-b8b7-4d8a-bd76-7c3d882c90ce tempest-TaggedBootDevicesTest-677476815 tempest-TaggedBootDevicesTest-677476815-project-member] https://10.4.3.186/volume/v3/attachments/8e2e4758-1cba-4559-8e8a-0a1c15a98b68 returned with HTTP 200
Jul 05 19:43:50.847707 np0000004595 devstack@c-api.service[96761]: [pid: 96761|app: 0|req: 25/76] 10.4.3.186 () {74 vars in 1705 bytes} [Sun Jul 5 19:43:50 2026] PUT /volume/v3/attachments/8e2e4758-1cba-4559-8e8a-0a1c15a98b68 => generated 535 bytes in 574 msecs (HTTP/1.1 200) 7 headers in 286 bytes (1 switches on core 0)
Jul 05 19:43:50.859633 np0000004595 devstack@c-api.service[96760]: INFO cinder.api.openstack.wsgi [req-9cc9c082-89ae-4f9e-a4e1-9c6e8c4bdec4 req-5856c98e-99f4-4d01-87c8-3cca58636cf1 tempest-DeleteServersTestJSON-363723334 tempest-DeleteServersTestJSON-363723334-project-member] POST https://10.4.3.186/volume/v3/attachments
Jul 05 19:43:50.859949 np0000004595 devstack@c-api.service[96760]: DEBUG cinder.api.openstack.wsgi [req-9cc9c082-89ae-4f9e-a4e1-9c6e8c4bdec4 req-5856c98e-99f4-4d01-87c8-3cca58636cf1 tempest-DeleteServersTestJSON-363723334 tempest-DeleteServersTestJSON-363723334-project-member] Action: 'create', calling method: version_select, body: {"attachment": {"volume_uuid": "027c5096-bd04-4a41-a280-be963a04c680", "connector": null, "instance_uuid": "d2a68fc9-178d-43f5-b8f2-862dc186e2ab"}} {{(pid=96760) _process_stack /opt/stack/cinder/cinder/api/openstack/wsgi.py:876}}
Jul 05 19:43:50.867384 np0000004595 devstack@c-api.service[96760]: /opt/stack/data/venv/lib/python3.12/site-packages/oslo_context/context.py:102: DeprecationWarning: Policy enforcement is depending on the value of is_admin. This key is deprecated. Please update your policy file to use the standard policy values.
Jul 05 19:43:50.867384 np0000004595 devstack@c-api.service[96760]: warnings.warn(
Jul 05 19:43:50.890065 np0000004595 devstack@c-api.service[96760]: INFO cinder.api.openstack.wsgi [req-9cc9c082-89ae-4f9e-a4e1-9c6e8c4bdec4 req-5856c98e-99f4-4d01-87c8-3cca58636cf1 tempest-DeleteServersTestJSON-363723334 tempest-DeleteServersTestJSON-363723334-project-member] https://10.4.3.186/volume/v3/attachments returned with HTTP 200
Jul 05 19:43:50.891617 np0000004595 devstack@c-api.service[96760]: [pid: 96760|app: 0|req: 27/77] 10.4.3.186 () {74 vars in 1594 bytes} [Sun Jul 5 19:43:50 2026] POST /volume/v3/attachments => generated 273 bytes in 221 msecs (HTTP/1.1 200) 7 headers in 286 bytes (1 switches on core 0)
Jul 05 19:43:50.935310 np0000004595 devstack@c-api.service[96762]: DEBUG cinder.coordination [req-fa670a9e-3a7b-4a1a-8796-1adb9db2bece req-ff433179-0fc8-4012-9fbc-78d7057508cb tempest-TaggedBootDevicesTest_v242-108513824 tempest-TaggedBootDevicesTest_v242-108513824-project-member] Lock "cinder-attachment_update-9f360ff4-a0c9-48e8-9f90-418b3abf7afe-np0000004595" released by "attachment_update" :: held 0.538s {{(pid=96762) __release /opt/stack/cinder/cinder/coordination.py:152}}
Jul 05 19:43:50.935730 np0000004595 devstack@c-api.service[96762]: INFO cinder.api.openstack.wsgi [req-fa670a9e-3a7b-4a1a-8796-1adb9db2bece req-ff433179-0fc8-4012-9fbc-78d7057508cb tempest-TaggedBootDevicesTest_v242-108513824 tempest-TaggedBootDevicesTest_v242-108513824-project-member] https://10.4.3.186/volume/v3/attachments/4507bbcb-632a-490f-87b5-b8ff133af51d returned with HTTP 200
Jul 05 19:43:50.936371 np0000004595 devstack@c-api.service[96762]: [pid: 96762|app: 0|req: 26/78] 10.4.3.186 () {74 vars in 1705 bytes} [Sun Jul 5 19:43:50 2026] PUT /volume/v3/attachments/4507bbcb-632a-490f-87b5-b8ff133af51d => generated 535 bytes in 556 msecs (HTTP/1.1 200) 7 headers in 286 bytes (1 switches on core 0)
Jul 05 19:43:50.976115 np0000004595 devstack@c-api.service[96761]: DEBUG cinder.api.middleware.request_id [None req-2cb6f444-1086-45fd-9684-5c0ba9a5cd36 None None] RequestId filter calling following filter/app {{(pid=96761) _context_setter /opt/stack/cinder/cinder/api/middleware/request_id.py:62}}
Jul 05 19:43:50.980525 np0000004595 devstack@c-api.service[96761]: INFO cinder.api.openstack.wsgi [None req-2cb6f444-1086-45fd-9684-5c0ba9a5cd36 tempest-DeleteServersTestJSON-363723334 tempest-DeleteServersTestJSON-363723334-project-member] GET https://10.4.3.186/volume/v3/volumes/027c5096-bd04-4a41-a280-be963a04c680
Jul 05 19:43:50.980730 np0000004595 devstack@c-api.service[96761]: DEBUG cinder.api.openstack.wsgi [None req-2cb6f444-1086-45fd-9684-5c0ba9a5cd36 tempest-DeleteServersTestJSON-363723334 tempest-DeleteServersTestJSON-363723334-project-member] Empty body provided in request {{(pid=96761) get_body /opt/stack/cinder/cinder/api/openstack/wsgi.py:725}}
Jul 05 19:43:50.980991 np0000004595 devstack@c-api.service[96761]: DEBUG cinder.api.openstack.wsgi [None req-2cb6f444-1086-45fd-9684-5c0ba9a5cd36 tempest-DeleteServersTestJSON-363723334 tempest-DeleteServersTestJSON-363723334-project-member] Calling method 'show' {{(pid=96761) _process_stack /opt/stack/cinder/cinder/api/openstack/wsgi.py:878}}
Jul 05 19:43:50.996156 np0000004595 devstack@c-api.service[96761]: /opt/stack/data/venv/lib/python3.12/site-packages/oslo_context/context.py:102: DeprecationWarning: Policy enforcement is depending on the value of is_admin. This key is deprecated. Please update your policy file to use the standard policy values.
Jul 05 19:43:50.996156 np0000004595 devstack@c-api.service[96761]: warnings.warn(
Jul 05 19:43:51.000106 np0000004595 devstack@c-api.service[96761]: INFO cinder.volume.api [None req-2cb6f444-1086-45fd-9684-5c0ba9a5cd36 tempest-DeleteServersTestJSON-363723334 tempest-DeleteServersTestJSON-363723334-project-member] Volume info retrieved successfully.
Jul 05 19:43:51.005439 np0000004595 devstack@c-api.service[96761]: INFO cinder.api.openstack.wsgi [None req-2cb6f444-1086-45fd-9684-5c0ba9a5cd36 tempest-DeleteServersTestJSON-363723334 tempest-DeleteServersTestJSON-363723334-project-member] https://10.4.3.186/volume/v3/volumes/027c5096-bd04-4a41-a280-be963a04c680 returned with HTTP 200
Jul 05 19:43:51.005999 np0000004595 devstack@c-api.service[96761]: [pid: 96761|app: 0|req: 26/79] 10.4.3.186 () {66 vars in 1348 bytes} [Sun Jul 5 19:43:50 2026] GET /volume/v3/volumes/027c5096-bd04-4a41-a280-be963a04c680 => generated 843 bytes in 30 msecs (HTTP/1.1 200) 7 headers in 285 bytes (1 switches on core 0)
Jul 05 19:43:51.355163 np0000004595 devstack@c-api.service[96760]: DEBUG cinder.api.middleware.request_id [req-4df88781-e2f8-44f9-9a99-78fbadc68bf9 req-73b52603-a342-42a0-9f6e-b826419b3f66 None None] RequestId filter calling following filter/app {{(pid=96760) _context_setter /opt/stack/cinder/cinder/api/middleware/request_id.py:62}}
Jul 05 19:43:51.357871 np0000004595 devstack@c-api.service[96760]: INFO cinder.api.openstack.wsgi [req-4df88781-e2f8-44f9-9a99-78fbadc68bf9 req-73b52603-a342-42a0-9f6e-b826419b3f66 tempest-TaggedBootDevicesTest-677476815 tempest-TaggedBootDevicesTest-677476815-project-member] POST https://10.4.3.186/volume/v3/attachments/8e2e4758-1cba-4559-8e8a-0a1c15a98b68/action
Jul 05 19:43:51.358148 np0000004595 devstack@c-api.service[96760]: DEBUG cinder.api.openstack.wsgi [req-4df88781-e2f8-44f9-9a99-78fbadc68bf9 req-73b52603-a342-42a0-9f6e-b826419b3f66 tempest-TaggedBootDevicesTest-677476815 tempest-TaggedBootDevicesTest-677476815-project-member] Action body: b'{"os-complete": null}' {{(pid=96760) get_method /opt/stack/cinder/cinder/api/openstack/wsgi.py:993}}
Jul 05 19:43:51.358257 np0000004595 devstack@c-api.service[96760]: DEBUG cinder.api.openstack.wsgi [req-4df88781-e2f8-44f9-9a99-78fbadc68bf9 req-73b52603-a342-42a0-9f6e-b826419b3f66 tempest-TaggedBootDevicesTest-677476815 tempest-TaggedBootDevicesTest-677476815-project-member] Action: 'action', calling method: version_select, body: {"os-complete": null} {{(pid=96760) _process_stack /opt/stack/cinder/cinder/api/openstack/wsgi.py:876}}
Jul 05 19:43:51.372302 np0000004595 devstack@c-api.service[96760]: /opt/stack/data/venv/lib/python3.12/site-packages/oslo_context/context.py:102: DeprecationWarning: Policy enforcement is depending on the value of is_admin. This key is deprecated. Please update your policy file to use the standard policy values.
Jul 05 19:43:51.372302 np0000004595 devstack@c-api.service[96760]: warnings.warn(
Jul 05 19:43:51.385384 np0000004595 devstack@c-api.service[96760]: INFO cinder.api.openstack.wsgi [req-4df88781-e2f8-44f9-9a99-78fbadc68bf9 req-73b52603-a342-42a0-9f6e-b826419b3f66 tempest-TaggedBootDevicesTest-677476815 tempest-TaggedBootDevicesTest-677476815-project-member] https://10.4.3.186/volume/v3/attachments/8e2e4758-1cba-4559-8e8a-0a1c15a98b68/action returned with HTTP 204
Jul 05 19:43:51.385895 np0000004595 devstack@c-api.service[96760]: [pid: 96760|app: 0|req: 28/80] 10.4.3.186 () {74 vars in 1725 bytes} [Sun Jul 5 19:43:51 2026] POST /volume/v3/attachments/8e2e4758-1cba-4559-8e8a-0a1c15a98b68/action => generated 0 bytes in 31 msecs (HTTP/1.1 204) 7 headers in 292 bytes (1 switches on core 0)
Jul 05 19:43:51.426765 np0000004595 devstack@c-api.service[96762]: DEBUG cinder.api.middleware.request_id [None req-3ef8a680-3418-4e79-a6a6-b5f0e423d014 None None] RequestId filter calling following filter/app {{(pid=96762) _context_setter /opt/stack/cinder/cinder/api/middleware/request_id.py:62}}
Jul 05 19:43:51.427075 np0000004595 devstack@c-api.service[96762]: INFO cinder.api.openstack.wsgi [None req-3ef8a680-3418-4e79-a6a6-b5f0e423d014 None None] GET https://10.4.3.186/volume//
Jul 05 19:43:51.427238 np0000004595 devstack@c-api.service[96762]: DEBUG cinder.api.openstack.wsgi [None req-3ef8a680-3418-4e79-a6a6-b5f0e423d014 None None] Empty body provided in request {{(pid=96762) get_body /opt/stack/cinder/cinder/api/openstack/wsgi.py:725}}
Jul 05 19:43:51.427426 np0000004595 devstack@c-api.service[96762]: DEBUG cinder.api.openstack.wsgi [None req-3ef8a680-3418-4e79-a6a6-b5f0e423d014 None None] Calling method 'all' {{(pid=96762) _process_stack /opt/stack/cinder/cinder/api/openstack/wsgi.py:878}}
Jul 05 19:43:51.427731 np0000004595 devstack@c-api.service[96762]: INFO cinder.api.openstack.wsgi [None req-3ef8a680-3418-4e79-a6a6-b5f0e423d014 None None] https://10.4.3.186/volume// returned with HTTP 300
Jul 05 19:43:51.427954 np0000004595 devstack@c-api.service[96762]: [pid: 96762|app: 0|req: 27/81] 10.4.3.186 () {66 vars in 1426 bytes} [Sun Jul 5 19:43:51 2026] GET /volume/ => generated 386 bytes in 1 msecs (HTTP/1.1 300) 7 headers in 299 bytes (1 switches on core 0)
Jul 05 19:43:51.438604 np0000004595 devstack@c-api.service[96761]: DEBUG cinder.api.middleware.request_id [req-9cc9c082-89ae-4f9e-a4e1-9c6e8c4bdec4 req-4a64ba21-adc2-4fa5-8158-22a7462e0134 None None] RequestId filter calling following filter/app {{(pid=96761) _context_setter /opt/stack/cinder/cinder/api/middleware/request_id.py:62}}
Jul 05 19:43:51.440514 np0000004595 devstack@c-api.service[96761]: INFO cinder.api.openstack.wsgi [req-9cc9c082-89ae-4f9e-a4e1-9c6e8c4bdec4 req-4a64ba21-adc2-4fa5-8158-22a7462e0134 tempest-DeleteServersTestJSON-363723334 tempest-DeleteServersTestJSON-363723334-project-member] GET https://10.4.3.186/volume/v3/volumes/027c5096-bd04-4a41-a280-be963a04c680
Jul 05 19:43:51.440724 np0000004595 devstack@c-api.service[96761]: DEBUG cinder.api.openstack.wsgi [req-9cc9c082-89ae-4f9e-a4e1-9c6e8c4bdec4 req-4a64ba21-adc2-4fa5-8158-22a7462e0134 tempest-DeleteServersTestJSON-363723334 tempest-DeleteServersTestJSON-363723334-project-member] Empty body provided in request {{(pid=96761) get_body /opt/stack/cinder/cinder/api/openstack/wsgi.py:725}}
Jul 05 19:43:51.440867 np0000004595 devstack@c-api.service[96761]: DEBUG cinder.api.openstack.wsgi [req-9cc9c082-89ae-4f9e-a4e1-9c6e8c4bdec4 req-4a64ba21-adc2-4fa5-8158-22a7462e0134 tempest-DeleteServersTestJSON-363723334 tempest-DeleteServersTestJSON-363723334-project-member] Calling method 'show' {{(pid=96761) _process_stack /opt/stack/cinder/cinder/api/openstack/wsgi.py:878}}
Jul 05 19:43:51.448909 np0000004595 devstack@c-api.service[96760]: DEBUG cinder.api.middleware.request_id [req-fa670a9e-3a7b-4a1a-8796-1adb9db2bece req-fa668584-5d63-41b7-aa35-dcb12bc62b9e None None] RequestId filter calling following filter/app {{(pid=96760) _context_setter /opt/stack/cinder/cinder/api/middleware/request_id.py:62}}
Jul 05 19:43:51.452445 np0000004595 devstack@c-api.service[96761]: /opt/stack/data/venv/lib/python3.12/site-packages/oslo_context/context.py:102: DeprecationWarning: Policy enforcement is depending on the value of is_admin. This key is deprecated. Please update your policy file to use the standard policy values.
Jul 05 19:43:51.452445 np0000004595 devstack@c-api.service[96761]: warnings.warn(
Jul 05 19:43:51.453331 np0000004595 devstack@c-api.service[96760]: INFO cinder.api.openstack.wsgi [req-fa670a9e-3a7b-4a1a-8796-1adb9db2bece req-fa668584-5d63-41b7-aa35-dcb12bc62b9e tempest-TaggedBootDevicesTest_v242-108513824 tempest-TaggedBootDevicesTest_v242-108513824-project-member] POST https://10.4.3.186/volume/v3/attachments/4507bbcb-632a-490f-87b5-b8ff133af51d/action
Jul 05 19:43:51.453767 np0000004595 devstack@c-api.service[96760]: DEBUG cinder.api.openstack.wsgi [req-fa670a9e-3a7b-4a1a-8796-1adb9db2bece req-fa668584-5d63-41b7-aa35-dcb12bc62b9e tempest-TaggedBootDevicesTest_v242-108513824 tempest-TaggedBootDevicesTest_v242-108513824-project-member] Action body: b'{"os-complete": null}' {{(pid=96760) get_method /opt/stack/cinder/cinder/api/openstack/wsgi.py:993}}
Jul 05 19:43:51.453767 np0000004595 devstack@c-api.service[96760]: DEBUG cinder.api.openstack.wsgi [req-fa670a9e-3a7b-4a1a-8796-1adb9db2bece req-fa668584-5d63-41b7-aa35-dcb12bc62b9e tempest-TaggedBootDevicesTest_v242-108513824 tempest-TaggedBootDevicesTest_v242-108513824-project-member] Action: 'action', calling method: complete, body: {"os-complete": null} {{(pid=96760) _process_stack /opt/stack/cinder/cinder/api/openstack/wsgi.py:876}}
Jul 05 19:43:51.461017 np0000004595 devstack@c-api.service[96761]: INFO cinder.volume.api [req-9cc9c082-89ae-4f9e-a4e1-9c6e8c4bdec4 req-4a64ba21-adc2-4fa5-8158-22a7462e0134 tempest-DeleteServersTestJSON-363723334 tempest-DeleteServersTestJSON-363723334-project-member] Volume info retrieved successfully.
Jul 05 19:43:51.464111 np0000004595 devstack@c-api.service[96761]: INFO cinder.api.openstack.wsgi [req-9cc9c082-89ae-4f9e-a4e1-9c6e8c4bdec4 req-4a64ba21-adc2-4fa5-8158-22a7462e0134 tempest-DeleteServersTestJSON-363723334 tempest-DeleteServersTestJSON-363723334-project-member] https://10.4.3.186/volume/v3/volumes/027c5096-bd04-4a41-a280-be963a04c680 returned with HTTP 200
Jul 05 19:43:51.464111 np0000004595 devstack@c-api.service[96761]: [pid: 96761|app: 0|req: 27/82] 10.4.3.186 () {70 vars in 1639 bytes} [Sun Jul 5 19:43:51 2026] GET /volume/v3/volumes/027c5096-bd04-4a41-a280-be963a04c680 => generated 1024 bytes in 26 msecs (HTTP/1.1 200) 7 headers in 287 bytes (1 switches on core 0)
Jul 05 19:43:51.468765 np0000004595 devstack@c-api.service[96760]: /opt/stack/data/venv/lib/python3.12/site-packages/oslo_context/context.py:102: DeprecationWarning: Policy enforcement is depending on the value of is_admin. This key is deprecated. Please update your policy file to use the standard policy values.
Jul 05 19:43:51.468765 np0000004595 devstack@c-api.service[96760]: warnings.warn(
Jul 05 19:43:51.484051 np0000004595 devstack@c-api.service[96760]: INFO cinder.api.openstack.wsgi [req-fa670a9e-3a7b-4a1a-8796-1adb9db2bece req-fa668584-5d63-41b7-aa35-dcb12bc62b9e tempest-TaggedBootDevicesTest_v242-108513824 tempest-TaggedBootDevicesTest_v242-108513824-project-member] https://10.4.3.186/volume/v3/attachments/4507bbcb-632a-490f-87b5-b8ff133af51d/action returned with HTTP 204
Jul 05 19:43:51.484377 np0000004595 devstack@c-api.service[96760]: [pid: 96760|app: 0|req: 29/83] 10.4.3.186 () {74 vars in 1725 bytes} [Sun Jul 5 19:43:51 2026] POST /volume/v3/attachments/4507bbcb-632a-490f-87b5-b8ff133af51d/action => generated 0 bytes in 36 msecs (HTTP/1.1 204) 7 headers in 292 bytes (1 switches on core 0)
Jul 05 19:43:51.544959 np0000004595 devstack@c-api.service[96762]: DEBUG cinder.api.middleware.request_id [req-9cc9c082-89ae-4f9e-a4e1-9c6e8c4bdec4 req-a4671100-49c6-4497-949a-6a51d43d48fe None None] RequestId filter calling following filter/app {{(pid=96762) _context_setter /opt/stack/cinder/cinder/api/middleware/request_id.py:62}}
Jul 05 19:43:51.553919 np0000004595 devstack@c-api.service[96762]: INFO cinder.api.openstack.wsgi [req-9cc9c082-89ae-4f9e-a4e1-9c6e8c4bdec4 req-a4671100-49c6-4497-949a-6a51d43d48fe tempest-DeleteServersTestJSON-363723334 tempest-DeleteServersTestJSON-363723334-project-member] PUT https://10.4.3.186/volume/v3/attachments/4d349416-ca33-4ccb-9afe-a6a544361924
Jul 05 19:43:51.554407 np0000004595 devstack@c-api.service[96762]: DEBUG cinder.api.openstack.wsgi [req-9cc9c082-89ae-4f9e-a4e1-9c6e8c4bdec4 req-a4671100-49c6-4497-949a-6a51d43d48fe tempest-DeleteServersTestJSON-363723334 tempest-DeleteServersTestJSON-363723334-project-member] Action: 'update', calling method: version_select, body: {"attachment": {"connector": {"platform": "x86_64", "os_type": "linux", "ip": "10.4.3.186", "host": "np0000004595", "multipath": false, "enforce_multipath": true, "initiator": "iqn.2016-04.com.open-iscsi:34833fb27ea", "do_local_attach": false, "nvme_hostid": "eacea198-c843-4864-848d-2167d9575a1f", "uuid": "8515de1c-ba7e-467b-adde-6d9f8a8dbc1f", "system uuid": "2d5686e1-ae58-40f9-a2d8-ef94e96493d8", "nqn": "nqn.2014-08.org.nvmexpress:uuid:2d5686e1-ae58-40f9-a2d8-ef94e96493d8", "nvme_native_multipath": true, "found_dsc": "", "host_ips": ["10.4.3.186", "fe80::f816:3eff:fef4:c77d", "192.168.10.6", "fe80::f816:3eff:fe32:ddc9", "192.168.20.6", "fe80::f816:3eff:feb1:121", "192.168.30.6", "fe80::f816:3eff:fe4e:cb2e", "192.168.122.1", "172.24.5.1", "2001:db8::2", "fe80::f80d:89ff:feac:9b4b", "fe80::f816:3eff:fe78:72f0", "fe80::f816:3eff:fe78:43ec", "fe80::cc39:3eff:fe6a:f0e4", "fe80::3c5b:27ff:feff:3261", "fe80::f816:3eff:fee1:b482", "fe80::d866:b0ff:fed9:adbd", "fe80::f816:3eff:fe2b:9122", "fe80::826:d7ff:fee8:379a", "fe80::f816:3eff:feb1:1b1f", "fe80::3455:a6ff:fe1c:ff94"], "mountpoint": "/dev/vdb"}}} {{(pid=96762) _process_stack /opt/stack/cinder/cinder/api/openstack/wsgi.py:876}}
Jul 05 19:43:51.566704 np0000004595 devstack@c-api.service[96762]: DEBUG cinder.coordination [req-9cc9c082-89ae-4f9e-a4e1-9c6e8c4bdec4 req-a4671100-49c6-4497-949a-6a51d43d48fe tempest-DeleteServersTestJSON-363723334 tempest-DeleteServersTestJSON-363723334-project-member] Acquiring lock "cinder-attachment_update-027c5096-bd04-4a41-a280-be963a04c680-np0000004595" by "attachment_update" {{(pid=96762) __acquire /opt/stack/cinder/cinder/coordination.py:138}}
Jul 05 19:43:51.572689 np0000004595 devstack@c-api.service[96762]: DEBUG cinder.coordination [req-9cc9c082-89ae-4f9e-a4e1-9c6e8c4bdec4 req-a4671100-49c6-4497-949a-6a51d43d48fe tempest-DeleteServersTestJSON-363723334 tempest-DeleteServersTestJSON-363723334-project-member] Lock "cinder-attachment_update-027c5096-bd04-4a41-a280-be963a04c680-np0000004595" acquired by "attachment_update" :: waited 0.006s {{(pid=96762) __acquire /opt/stack/cinder/cinder/coordination.py:141}}
Jul 05 19:43:51.574051 np0000004595 devstack@c-api.service[96762]: /opt/stack/data/venv/lib/python3.12/site-packages/oslo_context/context.py:102: DeprecationWarning: Policy enforcement is depending on the value of is_admin. This key is deprecated. Please update your policy file to use the standard policy values.
Jul 05 19:43:51.574051 np0000004595 devstack@c-api.service[96762]: warnings.warn(
Jul 05 19:43:51.898265 np0000004595 devstack@c-api.service[96761]: DEBUG cinder.api.middleware.request_id [None req-3979e7bd-3758-457e-a84b-f4588e945eb6 None None] RequestId filter calling following filter/app {{(pid=96761) _context_setter /opt/stack/cinder/cinder/api/middleware/request_id.py:62}}
Jul 05 19:43:51.899727 np0000004595 devstack@c-api.service[96761]: INFO cinder.api.openstack.wsgi [None req-3979e7bd-3758-457e-a84b-f4588e945eb6 None None] GET https://10.4.3.186/volume//
Jul 05 19:43:51.900424 np0000004595 devstack@c-api.service[96761]: DEBUG cinder.api.openstack.wsgi [None req-3979e7bd-3758-457e-a84b-f4588e945eb6 None None] Empty body provided in request {{(pid=96761) get_body /opt/stack/cinder/cinder/api/openstack/wsgi.py:725}}
Jul 05 19:43:51.902165 np0000004595 devstack@c-api.service[96761]: DEBUG cinder.api.openstack.wsgi [None req-3979e7bd-3758-457e-a84b-f4588e945eb6 None None] Calling method 'all' {{(pid=96761) _process_stack /opt/stack/cinder/cinder/api/openstack/wsgi.py:878}}
Jul 05 19:43:51.902415 np0000004595 devstack@c-api.service[96761]: INFO cinder.api.openstack.wsgi [None req-3979e7bd-3758-457e-a84b-f4588e945eb6 None None] https://10.4.3.186/volume// returned with HTTP 300
Jul 05 19:43:51.902720 np0000004595 devstack@c-api.service[96761]: [pid: 96761|app: 0|req: 28/84] 10.4.3.186 () {66 vars in 1426 bytes} [Sun Jul 5 19:43:51 2026] GET /volume/ => generated 386 bytes in 5 msecs (HTTP/1.1 300) 7 headers in 299 bytes (1 switches on core 0)
Jul 05 19:43:51.912115 np0000004595 devstack@c-api.service[96760]: DEBUG cinder.api.middleware.request_id [req-4df88781-e2f8-44f9-9a99-78fbadc68bf9 req-3d23da14-86ca-4fc9-a215-da1920e57de9 None None] RequestId filter calling following filter/app {{(pid=96760) _context_setter /opt/stack/cinder/cinder/api/middleware/request_id.py:62}}
Jul 05 19:43:51.914809 np0000004595 devstack@c-api.service[96760]: INFO cinder.api.openstack.wsgi [req-4df88781-e2f8-44f9-9a99-78fbadc68bf9 req-3d23da14-86ca-4fc9-a215-da1920e57de9 tempest-TaggedBootDevicesTest-677476815 tempest-TaggedBootDevicesTest-677476815-project-member] GET https://10.4.3.186/volume/v3/volumes/0772f14a-1b84-4c6b-a551-7d6099da6d60
Jul 05 19:43:51.915012 np0000004595 devstack@c-api.service[96760]: DEBUG cinder.api.openstack.wsgi [req-4df88781-e2f8-44f9-9a99-78fbadc68bf9 req-3d23da14-86ca-4fc9-a215-da1920e57de9 tempest-TaggedBootDevicesTest-677476815 tempest-TaggedBootDevicesTest-677476815-project-member] Empty body provided in request {{(pid=96760) get_body /opt/stack/cinder/cinder/api/openstack/wsgi.py:725}}
Jul 05 19:43:51.915159 np0000004595 devstack@c-api.service[96760]: DEBUG cinder.api.openstack.wsgi [req-4df88781-e2f8-44f9-9a99-78fbadc68bf9 req-3d23da14-86ca-4fc9-a215-da1920e57de9 tempest-TaggedBootDevicesTest-677476815 tempest-TaggedBootDevicesTest-677476815-project-member] Calling method 'show' {{(pid=96760) _process_stack /opt/stack/cinder/cinder/api/openstack/wsgi.py:878}}
Jul 05 19:43:51.929972 np0000004595 devstack@c-api.service[96760]: /opt/stack/data/venv/lib/python3.12/site-packages/oslo_context/context.py:102: DeprecationWarning: Policy enforcement is depending on the value of is_admin. This key is deprecated. Please update your policy file to use the standard policy values.
Jul 05 19:43:51.929972 np0000004595 devstack@c-api.service[96760]: warnings.warn(
Jul 05 19:43:51.935382 np0000004595 devstack@c-api.service[96760]: INFO cinder.volume.api [req-4df88781-e2f8-44f9-9a99-78fbadc68bf9 req-3d23da14-86ca-4fc9-a215-da1920e57de9 tempest-TaggedBootDevicesTest-677476815 tempest-TaggedBootDevicesTest-677476815-project-member] Volume info retrieved successfully.
Jul 05 19:43:51.939443 np0000004595 devstack@c-api.service[96760]: INFO cinder.api.openstack.wsgi [req-4df88781-e2f8-44f9-9a99-78fbadc68bf9 req-3d23da14-86ca-4fc9-a215-da1920e57de9 tempest-TaggedBootDevicesTest-677476815 tempest-TaggedBootDevicesTest-677476815-project-member] https://10.4.3.186/volume/v3/volumes/0772f14a-1b84-4c6b-a551-7d6099da6d60 returned with HTTP 200
Jul 05 19:43:51.939953 np0000004595 devstack@c-api.service[96760]: [pid: 96760|app: 0|req: 30/85] 10.4.3.186 () {70 vars in 1639 bytes} [Sun Jul 5 19:43:51 2026] GET /volume/v3/volumes/0772f14a-1b84-4c6b-a551-7d6099da6d60 => generated 1024 bytes in 28 msecs (HTTP/1.1 200) 7 headers in 287 bytes (1 switches on core 0)
Jul 05 19:43:51.999812 np0000004595 devstack@c-api.service[96761]: DEBUG cinder.api.middleware.request_id [None req-3d25f6c4-9b3c-4a45-804a-b978a954bb4a None None] RequestId filter calling following filter/app {{(pid=96761) _context_setter /opt/stack/cinder/cinder/api/middleware/request_id.py:62}}
Jul 05 19:43:52.000173 np0000004595 devstack@c-api.service[96761]: INFO cinder.api.openstack.wsgi [None req-3d25f6c4-9b3c-4a45-804a-b978a954bb4a None None] GET https://10.4.3.186/volume//
Jul 05 19:43:52.000379 np0000004595 devstack@c-api.service[96761]: DEBUG cinder.api.openstack.wsgi [None req-3d25f6c4-9b3c-4a45-804a-b978a954bb4a None None] Empty body provided in request {{(pid=96761) get_body /opt/stack/cinder/cinder/api/openstack/wsgi.py:725}}
Jul 05 19:43:52.000657 np0000004595 devstack@c-api.service[96761]: DEBUG cinder.api.openstack.wsgi [None req-3d25f6c4-9b3c-4a45-804a-b978a954bb4a None None] Calling method 'all' {{(pid=96761) _process_stack /opt/stack/cinder/cinder/api/openstack/wsgi.py:878}}
Jul 05 19:43:52.000991 np0000004595 devstack@c-api.service[96761]: INFO cinder.api.openstack.wsgi [None req-3d25f6c4-9b3c-4a45-804a-b978a954bb4a None None] https://10.4.3.186/volume// returned with HTTP 300
Jul 05 19:43:52.001264 np0000004595 devstack@c-api.service[96761]: [pid: 96761|app: 0|req: 29/86] 10.4.3.186 () {66 vars in 1426 bytes} [Sun Jul 5 19:43:51 2026] GET /volume/ => generated 386 bytes in 2 msecs (HTTP/1.1 300) 7 headers in 299 bytes (1 switches on core 0)
Jul 05 19:43:52.012305 np0000004595 devstack@c-api.service[96760]: DEBUG cinder.api.middleware.request_id [req-fa670a9e-3a7b-4a1a-8796-1adb9db2bece req-5d8e4ef5-ff0f-4abc-ac00-9732f3086b9b None None] RequestId filter calling following filter/app {{(pid=96760) _context_setter /opt/stack/cinder/cinder/api/middleware/request_id.py:62}}
Jul 05 19:43:52.017302 np0000004595 devstack@c-api.service[96761]: DEBUG cinder.api.middleware.request_id [req-4df88781-e2f8-44f9-9a99-78fbadc68bf9 req-469037aa-5277-4364-bfdc-b50c46856c9b None None] RequestId filter calling following filter/app {{(pid=96761) _context_setter /opt/stack/cinder/cinder/api/middleware/request_id.py:62}}
Jul 05 19:43:52.019459 np0000004595 devstack@c-api.service[96760]: INFO cinder.api.openstack.wsgi [req-fa670a9e-3a7b-4a1a-8796-1adb9db2bece req-5d8e4ef5-ff0f-4abc-ac00-9732f3086b9b tempest-TaggedBootDevicesTest_v242-108513824 tempest-TaggedBootDevicesTest_v242-108513824-project-member] GET https://10.4.3.186/volume/v3/volumes/9783e47a-9a0f-4f06-a209-a6cd65e2662d
Jul 05 19:43:52.019712 np0000004595 devstack@c-api.service[96760]: DEBUG cinder.api.openstack.wsgi [req-fa670a9e-3a7b-4a1a-8796-1adb9db2bece req-5d8e4ef5-ff0f-4abc-ac00-9732f3086b9b tempest-TaggedBootDevicesTest_v242-108513824 tempest-TaggedBootDevicesTest_v242-108513824-project-member] Empty body provided in request {{(pid=96760) get_body /opt/stack/cinder/cinder/api/openstack/wsgi.py:725}}
Jul 05 19:43:52.019906 np0000004595 devstack@c-api.service[96760]: DEBUG cinder.api.openstack.wsgi [req-fa670a9e-3a7b-4a1a-8796-1adb9db2bece req-5d8e4ef5-ff0f-4abc-ac00-9732f3086b9b tempest-TaggedBootDevicesTest_v242-108513824 tempest-TaggedBootDevicesTest_v242-108513824-project-member] Calling method 'show' {{(pid=96760) _process_stack /opt/stack/cinder/cinder/api/openstack/wsgi.py:878}}
Jul 05 19:43:52.021988 np0000004595 devstack@c-api.service[96761]: INFO cinder.api.openstack.wsgi [req-4df88781-e2f8-44f9-9a99-78fbadc68bf9 req-469037aa-5277-4364-bfdc-b50c46856c9b tempest-TaggedBootDevicesTest-677476815 tempest-TaggedBootDevicesTest-677476815-project-member] PUT https://10.4.3.186/volume/v3/attachments/fe3da112-8ee8-4c9f-9481-453ab7a9c260
Jul 05 19:43:52.022370 np0000004595 devstack@c-api.service[96761]: DEBUG cinder.api.openstack.wsgi [req-4df88781-e2f8-44f9-9a99-78fbadc68bf9 req-469037aa-5277-4364-bfdc-b50c46856c9b tempest-TaggedBootDevicesTest-677476815 tempest-TaggedBootDevicesTest-677476815-project-member] Action: 'update', calling method: version_select, body: {"attachment": {"connector": {"platform": "x86_64", "os_type": "linux", "ip": "10.4.3.186", "host": "np0000004595", "multipath": false, "enforce_multipath": true, "initiator": "iqn.2016-04.com.open-iscsi:34833fb27ea", "do_local_attach": false, "nvme_hostid": "eacea198-c843-4864-848d-2167d9575a1f", "uuid": "8515de1c-ba7e-467b-adde-6d9f8a8dbc1f", "system uuid": "2d5686e1-ae58-40f9-a2d8-ef94e96493d8", "nqn": "nqn.2014-08.org.nvmexpress:uuid:2d5686e1-ae58-40f9-a2d8-ef94e96493d8", "nvme_native_multipath": true, "found_dsc": "", "host_ips": ["10.4.3.186", "fe80::f816:3eff:fef4:c77d", "192.168.10.6", "fe80::f816:3eff:fe32:ddc9", "192.168.20.6", "fe80::f816:3eff:feb1:121", "192.168.30.6", "fe80::f816:3eff:fe4e:cb2e", "192.168.122.1", "172.24.5.1", "2001:db8::2", "fe80::f80d:89ff:feac:9b4b", "fe80::f816:3eff:fe78:72f0", "fe80::f816:3eff:fe78:43ec", "fe80::cc39:3eff:fe6a:f0e4", "fe80::3c5b:27ff:feff:3261", "fe80::f816:3eff:fee1:b482", "fe80::d866:b0ff:fed9:adbd", "fe80::f816:3eff:fe2b:9122", "fe80::826:d7ff:fee8:379a", "fe80::f816:3eff:feb1:1b1f", "fe80::3455:a6ff:fe1c:ff94"], "mountpoint": "/dev/vdb"}}} {{(pid=96761) _process_stack /opt/stack/cinder/cinder/api/openstack/wsgi.py:876}}
Jul 05 19:43:52.029316 np0000004595 devstack@c-api.service[96760]: /opt/stack/data/venv/lib/python3.12/site-packages/oslo_context/context.py:102: DeprecationWarning: Policy enforcement is depending on the value of is_admin. This key is deprecated. Please update your policy file to use the standard policy values.
Jul 05 19:43:52.029316 np0000004595 devstack@c-api.service[96760]: warnings.warn(
Jul 05 19:43:52.029969 np0000004595 devstack@c-api.service[96761]: DEBUG cinder.coordination [req-4df88781-e2f8-44f9-9a99-78fbadc68bf9 req-469037aa-5277-4364-bfdc-b50c46856c9b tempest-TaggedBootDevicesTest-677476815 tempest-TaggedBootDevicesTest-677476815-project-member] Acquiring lock "cinder-attachment_update-0772f14a-1b84-4c6b-a551-7d6099da6d60-np0000004595" by "attachment_update" {{(pid=96761) __acquire /opt/stack/cinder/cinder/coordination.py:138}}
Jul 05 19:43:52.032521 np0000004595 devstack@c-api.service[96760]: INFO cinder.volume.api [req-fa670a9e-3a7b-4a1a-8796-1adb9db2bece req-5d8e4ef5-ff0f-4abc-ac00-9732f3086b9b tempest-TaggedBootDevicesTest_v242-108513824 tempest-TaggedBootDevicesTest_v242-108513824-project-member] Volume info retrieved successfully.
Jul 05 19:43:52.037721 np0000004595 devstack@c-api.service[96761]: DEBUG cinder.coordination [req-4df88781-e2f8-44f9-9a99-78fbadc68bf9 req-469037aa-5277-4364-bfdc-b50c46856c9b tempest-TaggedBootDevicesTest-677476815 tempest-TaggedBootDevicesTest-677476815-project-member] Lock "cinder-attachment_update-0772f14a-1b84-4c6b-a551-7d6099da6d60-np0000004595" acquired by "attachment_update" :: waited 0.008s {{(pid=96761) __acquire /opt/stack/cinder/cinder/coordination.py:141}}
Jul 05 19:43:52.037910 np0000004595 devstack@c-api.service[96760]: INFO cinder.api.openstack.wsgi [req-fa670a9e-3a7b-4a1a-8796-1adb9db2bece req-5d8e4ef5-ff0f-4abc-ac00-9732f3086b9b tempest-TaggedBootDevicesTest_v242-108513824 tempest-TaggedBootDevicesTest_v242-108513824-project-member] https://10.4.3.186/volume/v3/volumes/9783e47a-9a0f-4f06-a209-a6cd65e2662d returned with HTTP 200
Jul 05 19:43:52.038414 np0000004595 devstack@c-api.service[96760]: [pid: 96760|app: 0|req: 31/87] 10.4.3.186 () {70 vars in 1639 bytes} [Sun Jul 5 19:43:52 2026] GET /volume/v3/volumes/9783e47a-9a0f-4f06-a209-a6cd65e2662d => generated 1029 bytes in 26 msecs (HTTP/1.1 200) 7 headers in 287 bytes (1 switches on core 0)
Jul 05 19:43:52.038711 np0000004595 devstack@c-api.service[96761]: /opt/stack/data/venv/lib/python3.12/site-packages/oslo_context/context.py:102: DeprecationWarning: Policy enforcement is depending on the value of is_admin. This key is deprecated. Please update your policy file to use the standard policy values.
Jul 05 19:43:52.038711 np0000004595 devstack@c-api.service[96761]: warnings.warn(
Jul 05 19:43:52.039122 np0000004595 devstack@c-api.service[96760]: DEBUG cinder.api.middleware.request_id [None req-bebaa4e5-5491-44de-8ac2-e9f2355ae64a None None] RequestId filter calling following filter/app {{(pid=96760) _context_setter /opt/stack/cinder/cinder/api/middleware/request_id.py:62}}
Jul 05 19:43:52.043975 np0000004595 devstack@c-api.service[96760]: INFO cinder.api.openstack.wsgi [None req-bebaa4e5-5491-44de-8ac2-e9f2355ae64a tempest-DeleteServersTestJSON-363723334 tempest-DeleteServersTestJSON-363723334-project-member] GET https://10.4.3.186/volume/v3/volumes/027c5096-bd04-4a41-a280-be963a04c680
Jul 05 19:43:52.043975 np0000004595 devstack@c-api.service[96760]: DEBUG cinder.api.openstack.wsgi [None req-bebaa4e5-5491-44de-8ac2-e9f2355ae64a tempest-DeleteServersTestJSON-363723334 tempest-DeleteServersTestJSON-363723334-project-member] Empty body provided in request {{(pid=96760) get_body /opt/stack/cinder/cinder/api/openstack/wsgi.py:725}}
