Jul 05 19:41:14.029652 np0000004595 devstack@g-api.service[99535]: DEBUG glance_store.location [-] Registering scheme swift+http with {'store': , 'location_class': , 'store_entry': 'swift'} {{(pid=99535) register_scheme_map /opt/stack/data/venv/lib/python3.12/site-packages/glance_store/location.py:146}}
Jul 05 19:41:14.029682 np0000004595 devstack@g-api.service[99536]: DEBUG glance_store.location [-] Registering scheme swift+https with {'store': , 'location_class': , 'store_entry': 'swift'} {{(pid=99536) register_scheme_map /opt/stack/data/venv/lib/python3.12/site-packages/glance_store/location.py:146}}
Jul 05 19:41:14.029708 np0000004595 devstack@g-api.service[99534]: DEBUG glance_store.location [-] Registering scheme swift+https with {'store': , 'location_class': , 'store_entry': 'swift'} {{(pid=99534) register_scheme_map /opt/stack/data/venv/lib/python3.12/site-packages/glance_store/location.py:146}}
Jul 05 19:41:14.029742 np0000004595 devstack@g-api.service[99535]: DEBUG glance_store.location [-] Registering scheme swift+https with {'store': , 'location_class': , 'store_entry': 'swift'} {{(pid=99535) register_scheme_map /opt/stack/data/venv/lib/python3.12/site-packages/glance_store/location.py:146}}
Jul 05 19:41:14.029768 np0000004595 devstack@g-api.service[99536]: DEBUG glance_store.location [-] Registering scheme swift with {'store': , 'location_class': , 'store_entry': 'swift'} {{(pid=99536) register_scheme_map /opt/stack/data/venv/lib/python3.12/site-packages/glance_store/location.py:146}}
Jul 05 19:41:14.029793 np0000004595 devstack@g-api.service[99534]: DEBUG glance_store.location [-] Registering scheme swift+https with {'store': , 'location_class': , 'store_entry': 'swift'} {{(pid=99534) register_scheme_map /opt/stack/data/venv/lib/python3.12/site-packages/glance_store/location.py:146}}
Jul 05 19:41:14.029817 np0000004595 devstack@g-api.service[99535]: DEBUG glance_store.location [-] Registering scheme swift with {'store': , 'location_class': , 'store_entry': 'swift'} {{(pid=99535) register_scheme_map /opt/stack/data/venv/lib/python3.12/site-packages/glance_store/location.py:146}}
Jul 05 19:41:14.029840 np0000004595 devstack@g-api.service[99536]: DEBUG glance_store.location [-] Registering scheme swift+http with {'store': , 'location_class': , 'store_entry': 'swift'} {{(pid=99536) register_scheme_map /opt/stack/data/venv/lib/python3.12/site-packages/glance_store/location.py:146}}
Jul 05 19:41:14.029864 np0000004595 devstack@g-api.service[99534]: DEBUG glance_store.location [-] Registering scheme swift with {'store': , 'location_class': , 'store_entry': 'swift'} {{(pid=99534) register_scheme_map /opt/stack/data/venv/lib/python3.12/site-packages/glance_store/location.py:146}}
Jul 05 19:41:14.029887 np0000004595 devstack@g-api.service[99535]: DEBUG glance_store.location [-] Registering scheme swift+http with {'store': , 'location_class': , 'store_entry': 'swift'} {{(pid=99535) register_scheme_map /opt/stack/data/venv/lib/python3.12/site-packages/glance_store/location.py:146}}
Jul 05 19:41:14.029911 np0000004595 devstack@g-api.service[99536]: DEBUG glance_store.location [-] Registering scheme swift+https with {'store': , 'location_class': , 'store_entry': 'swift'} {{(pid=99536) register_scheme_map /opt/stack/data/venv/lib/python3.12/site-packages/glance_store/location.py:146}}
Jul 05 19:41:14.029934 np0000004595 devstack@g-api.service[99534]: DEBUG glance_store.location [-] Registering scheme swift+https with {'store': , 'location_class': , 'store_entry': 'swift'} {{(pid=99534) register_scheme_map /opt/stack/data/venv/lib/python3.12/site-packages/glance_store/location.py:146}}
Jul 05 19:41:14.029959 np0000004595 devstack@g-api.service[99535]: DEBUG glance_store.location [-] Registering scheme swift+config with {'store': , 'location_class': , 'store_entry': 'swift'} {{(pid=99535) register_scheme_map /opt/stack/data/venv/lib/python3.12/site-packages/glance_store/location.py:146}}
Jul 05 19:41:14.029982 np0000004595 devstack@g-api.service[99536]: DEBUG glance_store.location [-] Registering scheme swift with {'store': , 'location_class': , 'store_entry': 'swift'} {{(pid=99536) register_scheme_map /opt/stack/data/venv/lib/python3.12/site-packages/glance_store/location.py:146}}
Jul 05 19:41:14.030006 np0000004595 devstack@g-api.service[99534]: DEBUG glance_store.location [-] Registering scheme swift with {'store': , 'location_class': , 'store_entry': 'swift'} {{(pid=99534) register_scheme_map /opt/stack/data/venv/lib/python3.12/site-packages/glance_store/location.py:146}}
Jul 05 19:41:14.030006 np0000004595 devstack@g-api.service[99534]: DEBUG glance_store.location [-] Registering scheme swift+http with {'store': , 'location_class': , 'store_entry': 'swift'} {{(pid=99534) register_scheme_map /opt/stack/data/venv/lib/python3.12/site-packages/glance_store/location.py:146}}
Jul 05 19:41:14.030052 np0000004595 devstack@g-api.service[99536]: DEBUG glance_store.location [-] Registering scheme swift+http with {'store': , 'location_class': , 'store_entry': 'swift'} {{(pid=99536) register_scheme_map /opt/stack/data/venv/lib/python3.12/site-packages/glance_store/location.py:146}}
Jul 05 19:41:14.030077 np0000004595 devstack@g-api.service[99534]: DEBUG glance_store.location [-] Registering scheme swift+https with {'store': , 'location_class': , 'store_entry': 'swift'} {{(pid=99534) register_scheme_map /opt/stack/data/venv/lib/python3.12/site-packages/glance_store/location.py:146}}
Jul 05 19:41:14.030100 np0000004595 devstack@g-api.service[99536]: DEBUG glance_store.location [-] Registering scheme swift+config with {'store': , 'location_class': , 'store_entry': 'swift'} {{(pid=99536) register_scheme_map /opt/stack/data/venv/lib/python3.12/site-packages/glance_store/location.py:146}}
Jul 05 19:41:14.030124 np0000004595 devstack@g-api.service[99534]: DEBUG glance_store.location [-] Registering scheme swift with {'store': , 'location_class': , 'store_entry': 'swift'} {{(pid=99534) register_scheme_map /opt/stack/data/venv/lib/python3.12/site-packages/glance_store/location.py:146}}
Jul 05 19:41:14.030124 np0000004595 devstack@g-api.service[99534]: DEBUG glance_store.location [-] Registering scheme swift+http with {'store': , 'location_class': , 'store_entry': 'swift'} {{(pid=99534) register_scheme_map /opt/stack/data/venv/lib/python3.12/site-packages/glance_store/location.py:146}}
Jul 05 19:41:14.030164 np0000004595 devstack@g-api.service[99535]: DEBUG glance.sqlite_migration [-] SQLite caching database not located, skipping migration {{(pid=99535) get_db_path /opt/stack/glance/glance/sqlite_migration.py:68}}
Jul 05 19:41:14.030185 np0000004595 devstack@g-api.service[99534]: DEBUG glance_store.location [-] Registering scheme swift+config with {'store': , 'location_class': , 'store_entry': 'swift'} {{(pid=99534) register_scheme_map /opt/stack/data/venv/lib/python3.12/site-packages/glance_store/location.py:146}}
Jul 05 19:41:14.030206 np0000004595 devstack@g-api.service[99536]: DEBUG glance.sqlite_migration [-] SQLite caching database not located, skipping migration {{(pid=99536) get_db_path /opt/stack/glance/glance/sqlite_migration.py:68}}
Jul 05 19:41:14.030230 np0000004595 devstack@g-api.service[99535]: WARNING glance.common.wsgi_app [-] Import methods are enabled but staging directory /tmp/staging/ does not exist; Imports will fail!
Jul 05 19:41:14.030254 np0000004595 devstack@g-api.service[99534]: DEBUG glance.sqlite_migration [-] SQLite caching database not located, skipping migration {{(pid=99534) get_db_path /opt/stack/glance/glance/sqlite_migration.py:68}}
Jul 05 19:41:14.030318 np0000004595 devstack@g-api.service[99536]: WARNING glance.common.wsgi_app [-] Import methods are enabled but staging directory /tmp/staging/ does not exist; Imports will fail!
Jul 05 19:41:14.030441 np0000004595 devstack@g-api.service[99534]: WARNING glance.common.wsgi_app [-] Import methods are enabled but staging directory /tmp/staging/ does not exist; Imports will fail!
Jul 05 19:41:14.160992 np0000004595 devstack@g-api.service[99536]: DEBUG glance.common.config [None req-ad22e4e0-bfb1-4fae-a9f9-45727cd600e1 None None] Loading glance-api-keystone+cachemanagement from /etc/glance/glance-api-paste.ini {{(pid=99536) load_paste_app /opt/stack/glance/glance/common/config.py:765}}
Jul 05 19:41:14.161511 np0000004595 devstack@g-api.service[99534]: DEBUG glance.common.config [None req-aeef7790-99da-45e2-b6fb-8b563661b041 None None] Loading glance-api-keystone+cachemanagement from /etc/glance/glance-api-paste.ini {{(pid=99534) load_paste_app /opt/stack/glance/glance/common/config.py:765}}
Jul 05 19:41:14.164849 np0000004595 devstack@g-api.service[99535]: DEBUG glance.common.config [None req-05c93a42-848c-4d4b-a1b3-7bfe94d89a8f None None] Loading glance-api-keystone+cachemanagement from /etc/glance/glance-api-paste.ini {{(pid=99535) load_paste_app /opt/stack/glance/glance/common/config.py:765}}
Jul 05 19:41:14.775960 np0000004595 devstack@g-api.service[99534]: INFO glance.image_cache [None req-aeef7790-99da-45e2-b6fb-8b563661b041 None None] Image cache loaded driver 'centralized_db'.
Jul 05 19:41:14.777071 np0000004595 devstack@g-api.service[99536]: INFO glance.image_cache [None req-ad22e4e0-bfb1-4fae-a9f9-45727cd600e1 None None] Image cache loaded driver 'centralized_db'.
Jul 05 19:41:14.784640 np0000004595 devstack@g-api.service[99535]: INFO glance.image_cache [None req-05c93a42-848c-4d4b-a1b3-7bfe94d89a8f None None] Image cache loaded driver 'centralized_db'.
Jul 05 19:41:14.821036 np0000004595 devstack@g-api.service[99534]: INFO dbcounter [None req-aeef7790-99da-45e2-b6fb-8b563661b041 None None] Registered counter for database glance
Jul 05 19:41:14.827185 np0000004595 devstack@g-api.service[99536]: INFO dbcounter [None req-ad22e4e0-bfb1-4fae-a9f9-45727cd600e1 None None] Registered counter for database glance
Jul 05 19:41:14.833025 np0000004595 devstack@g-api.service[99535]: INFO dbcounter [None req-05c93a42-848c-4d4b-a1b3-7bfe94d89a8f None None] Registered counter for database glance
Jul 05 19:41:14.861654 np0000004595 devstack@g-api.service[99534]: DEBUG oslo_db.sqlalchemy.engines [None req-aeef7790-99da-45e2-b6fb-8b563661b041 None None] MySQL server mode set to STRICT_TRANS_TABLES,STRICT_ALL_TABLES,NO_ZERO_IN_DATE,NO_ZERO_DATE,ERROR_FOR_DIVISION_BY_ZERO,TRADITIONAL,NO_ENGINE_SUBSTITUTION {{(pid=99534) _check_effective_sql_mode /opt/stack/data/venv/lib/python3.12/site-packages/oslo_db/sqlalchemy/engines.py:325}}
Jul 05 19:41:14.865937 np0000004595 devstack@g-api.service[99536]: DEBUG oslo_db.sqlalchemy.engines [None req-ad22e4e0-bfb1-4fae-a9f9-45727cd600e1 None None] MySQL server mode set to STRICT_TRANS_TABLES,STRICT_ALL_TABLES,NO_ZERO_IN_DATE,NO_ZERO_DATE,ERROR_FOR_DIVISION_BY_ZERO,TRADITIONAL,NO_ENGINE_SUBSTITUTION {{(pid=99536) _check_effective_sql_mode /opt/stack/data/venv/lib/python3.12/site-packages/oslo_db/sqlalchemy/engines.py:325}}
Jul 05 19:41:14.874179 np0000004595 devstack@g-api.service[99535]: DEBUG oslo_db.sqlalchemy.engines [None req-05c93a42-848c-4d4b-a1b3-7bfe94d89a8f None None] MySQL server mode set to STRICT_TRANS_TABLES,STRICT_ALL_TABLES,NO_ZERO_IN_DATE,NO_ZERO_DATE,ERROR_FOR_DIVISION_BY_ZERO,TRADITIONAL,NO_ENGINE_SUBSTITUTION {{(pid=99535) _check_effective_sql_mode /opt/stack/data/venv/lib/python3.12/site-packages/oslo_db/sqlalchemy/engines.py:325}}
Jul 05 19:41:14.884734 np0000004595 devstack@g-api.service[99534]: DEBUG dbcounter [-] [99534] Writer thread running {{(pid=99534) stat_writer /opt/stack/data/venv/lib/python3.12/site-packages/dbcounter.py:102}}
Jul 05 19:41:14.888273 np0000004595 devstack@g-api.service[99536]: DEBUG dbcounter [-] [99536] Writer thread running {{(pid=99536) stat_writer /opt/stack/data/venv/lib/python3.12/site-packages/dbcounter.py:102}}
Jul 05 19:41:14.901309 np0000004595 devstack@g-api.service[99535]: DEBUG dbcounter [-] [99535] Writer thread running {{(pid=99535) stat_writer /opt/stack/data/venv/lib/python3.12/site-packages/dbcounter.py:102}}
Jul 05 19:41:14.908303 np0000004595 devstack@g-api.service[99534]: INFO glance.image_cache [None req-aeef7790-99da-45e2-b6fb-8b563661b041 None None] Image cache loaded driver 'centralized_db'.
Jul 05 19:41:14.922305 np0000004595 devstack@g-api.service[99536]: DEBUG glance.image_cache.drivers.centralized_db [None req-ad22e4e0-bfb1-4fae-a9f9-45727cd600e1 None None] Node reference is already recorded, ignoring it {{(pid=99536) configure /opt/stack/glance/glance/image_cache/drivers/centralized_db.py:71}}
Jul 05 19:41:14.922653 np0000004595 devstack@g-api.service[99535]: DEBUG glance.image_cache.drivers.centralized_db [None req-05c93a42-848c-4d4b-a1b3-7bfe94d89a8f None None] Node reference is already recorded, ignoring it {{(pid=99535) configure /opt/stack/glance/glance/image_cache/drivers/centralized_db.py:71}}
Jul 05 19:41:14.928328 np0000004595 devstack@g-api.service[99536]: INFO glance.image_cache [None req-ad22e4e0-bfb1-4fae-a9f9-45727cd600e1 None None] Image cache loaded driver 'centralized_db'.
Jul 05 19:41:14.929663 np0000004595 devstack@g-api.service[99535]: INFO glance.image_cache [None req-05c93a42-848c-4d4b-a1b3-7bfe94d89a8f None None] Image cache loaded driver 'centralized_db'.
Jul 05 19:41:15.013040 np0000004595 devstack@g-api.service[99534]: DEBUG glance.image_cache.drivers.centralized_db [None req-aeef7790-99da-45e2-b6fb-8b563661b041 None None] Node reference is already recorded, ignoring it {{(pid=99534) configure /opt/stack/glance/glance/image_cache/drivers/centralized_db.py:71}}
Jul 05 19:41:15.017898 np0000004595 devstack@g-api.service[99534]: DEBUG glance.api.v2.cached_images [None req-aeef7790-99da-45e2-b6fb-8b563661b041 None None] Started cache worker thread {{(pid=99534) __init__ /opt/stack/glance/glance/api/v2/cached_images.py:71}}
Jul 05 19:41:15.018569 np0000004595 devstack@g-api.service[99534]: INFO glance.image_cache [None req-aeef7790-99da-45e2-b6fb-8b563661b041 None None] Image cache loaded driver 'centralized_db'.
Jul 05 19:41:15.026579 np0000004595 devstack@g-api.service[99534]: DEBUG glance.image_cache.drivers.centralized_db [None req-aeef7790-99da-45e2-b6fb-8b563661b041 None None] Node reference is already recorded, ignoring it {{(pid=99534) configure /opt/stack/glance/glance/image_cache/drivers/centralized_db.py:71}}
Jul 05 19:41:15.029074 np0000004595 devstack@g-api.service[99536]: DEBUG glance.image_cache.drivers.centralized_db [None req-ad22e4e0-bfb1-4fae-a9f9-45727cd600e1 None None] Node reference is already recorded, ignoring it {{(pid=99536) configure /opt/stack/glance/glance/image_cache/drivers/centralized_db.py:71}}
Jul 05 19:41:15.031362 np0000004595 devstack@g-api.service[99534]: INFO glance.api.middleware.cache_manage [None req-aeef7790-99da-45e2-b6fb-8b563661b041 None None] Initialized image cache management middleware
Jul 05 19:41:15.031529 np0000004595 devstack@g-api.service[99534]: INFO glance.image_cache [None req-aeef7790-99da-45e2-b6fb-8b563661b041 None None] Image cache loaded driver 'centralized_db'.
Jul 05 19:41:15.031970 np0000004595 devstack@g-api.service[99535]: DEBUG glance.image_cache.drivers.centralized_db [None req-05c93a42-848c-4d4b-a1b3-7bfe94d89a8f None None] Node reference is already recorded, ignoring it {{(pid=99535) configure /opt/stack/glance/glance/image_cache/drivers/centralized_db.py:71}}
Jul 05 19:41:15.035129 np0000004595 devstack@g-api.service[99536]: DEBUG glance.api.v2.cached_images [None req-ad22e4e0-bfb1-4fae-a9f9-45727cd600e1 None None] Started cache worker thread {{(pid=99536) __init__ /opt/stack/glance/glance/api/v2/cached_images.py:71}}
Jul 05 19:41:15.035773 np0000004595 devstack@g-api.service[99536]: INFO glance.image_cache [None req-ad22e4e0-bfb1-4fae-a9f9-45727cd600e1 None None] Image cache loaded driver 'centralized_db'.
Jul 05 19:41:15.038875 np0000004595 devstack@g-api.service[99535]: DEBUG glance.api.v2.cached_images [None req-05c93a42-848c-4d4b-a1b3-7bfe94d89a8f None None] Started cache worker thread {{(pid=99535) __init__ /opt/stack/glance/glance/api/v2/cached_images.py:71}}
Jul 05 19:41:15.039168 np0000004595 devstack@g-api.service[99534]: DEBUG glance.image_cache.drivers.centralized_db [None req-aeef7790-99da-45e2-b6fb-8b563661b041 None None] Node reference is already recorded, ignoring it {{(pid=99534) configure /opt/stack/glance/glance/image_cache/drivers/centralized_db.py:71}}
Jul 05 19:41:15.039764 np0000004595 devstack@g-api.service[99535]: INFO glance.image_cache [None req-05c93a42-848c-4d4b-a1b3-7bfe94d89a8f None None] Image cache loaded driver 'centralized_db'.
Jul 05 19:41:15.042724 np0000004595 devstack@g-api.service[99536]: DEBUG glance.image_cache.drivers.centralized_db [None req-ad22e4e0-bfb1-4fae-a9f9-45727cd600e1 None None] Node reference is already recorded, ignoring it {{(pid=99536) configure /opt/stack/glance/glance/image_cache/drivers/centralized_db.py:71}}
Jul 05 19:41:15.043039 np0000004595 devstack@g-api.service[99534]: INFO glance.api.middleware.cache [None req-aeef7790-99da-45e2-b6fb-8b563661b041 None None] Initialized image cache middleware
Jul 05 19:41:15.047222 np0000004595 devstack@g-api.service[99536]: INFO glance.api.middleware.cache_manage [None req-ad22e4e0-bfb1-4fae-a9f9-45727cd600e1 None None] Initialized image cache management middleware
Jul 05 19:41:15.047390 np0000004595 devstack@g-api.service[99536]: INFO glance.image_cache [None req-ad22e4e0-bfb1-4fae-a9f9-45727cd600e1 None None] Image cache loaded driver 'centralized_db'.
Jul 05 19:41:15.049975 np0000004595 devstack@g-api.service[99535]: DEBUG glance.image_cache.drivers.centralized_db [None req-05c93a42-848c-4d4b-a1b3-7bfe94d89a8f None None] Node reference is already recorded, ignoring it {{(pid=99535) configure /opt/stack/glance/glance/image_cache/drivers/centralized_db.py:71}}
Jul 05 19:41:15.054746 np0000004595 devstack@g-api.service[99536]: DEBUG glance.image_cache.drivers.centralized_db [None req-ad22e4e0-bfb1-4fae-a9f9-45727cd600e1 None None] Node reference is already recorded, ignoring it {{(pid=99536) configure /opt/stack/glance/glance/image_cache/drivers/centralized_db.py:71}}
Jul 05 19:41:15.056247 np0000004595 devstack@g-api.service[99534]: DEBUG glance.common.config [None req-aeef7790-99da-45e2-b6fb-8b563661b041 None None] ******************************************************************************** {{(pid=99534) log_opt_values /opt/stack/data/venv/lib/python3.12/site-packages/oslo_config/cfg.py:3226}}
Jul 05 19:41:15.056421 np0000004595 devstack@g-api.service[99534]: DEBUG glance.common.config [None req-aeef7790-99da-45e2-b6fb-8b563661b041 None None] Configuration options gathered from: {{(pid=99534) log_opt_values /opt/stack/data/venv/lib/python3.12/site-packages/oslo_config/cfg.py:3227}}
Jul 05 19:41:15.056477 np0000004595 devstack@g-api.service[99535]: INFO glance.api.middleware.cache_manage [None req-05c93a42-848c-4d4b-a1b3-7bfe94d89a8f None None] Initialized image cache management middleware
Jul 05 19:41:15.056647 np0000004595 devstack@g-api.service[99535]: INFO glance.image_cache [None req-05c93a42-848c-4d4b-a1b3-7bfe94d89a8f None None] Image cache loaded driver 'centralized_db'.
Jul 05 19:41:15.056783 np0000004595 devstack@g-api.service[99534]: DEBUG glance.common.config [None req-aeef7790-99da-45e2-b6fb-8b563661b041 None None] command line args: [] {{(pid=99534) log_opt_values /opt/stack/data/venv/lib/python3.12/site-packages/oslo_config/cfg.py:3228}}
Jul 05 19:41:15.056945 np0000004595 devstack@g-api.service[99534]: DEBUG glance.common.config [None req-aeef7790-99da-45e2-b6fb-8b563661b041 None None] config files: ['/etc/glance/glance-image-import.conf', '/etc/glance/glance-api.conf'] {{(pid=99534) log_opt_values /opt/stack/data/venv/lib/python3.12/site-packages/oslo_config/cfg.py:3229}}
Jul 05 19:41:15.057055 np0000004595 devstack@g-api.service[99534]: DEBUG glance.common.config [None req-aeef7790-99da-45e2-b6fb-8b563661b041 None None] ================================================================================ {{(pid=99534) log_opt_values /opt/stack/data/venv/lib/python3.12/site-packages/oslo_config/cfg.py:3234}}
Jul 05 19:41:15.057224 np0000004595 devstack@g-api.service[99534]: DEBUG glance.common.config [None req-aeef7790-99da-45e2-b6fb-8b563661b041 None None] allow_anonymous_access = False {{(pid=99534) log_opt_values /opt/stack/data/venv/lib/python3.12/site-packages/oslo_config/cfg.py:3242}}
Jul 05 19:41:15.057376 np0000004595 devstack@g-api.service[99534]: DEBUG glance.common.config [None req-aeef7790-99da-45e2-b6fb-8b563661b041 None None] api_limit_max = 1000 {{(pid=99534) log_opt_values /opt/stack/data/venv/lib/python3.12/site-packages/oslo_config/cfg.py:3242}}
Jul 05 19:41:15.057526 np0000004595 devstack@g-api.service[99534]: DEBUG glance.common.config [None req-aeef7790-99da-45e2-b6fb-8b563661b041 None None] config_dir = [] {{(pid=99534) log_opt_values /opt/stack/data/venv/lib/python3.12/site-packages/oslo_config/cfg.py:3242}}
Jul 05 19:41:15.057629 np0000004595 devstack@g-api.service[99534]: DEBUG glance.common.config [None req-aeef7790-99da-45e2-b6fb-8b563661b041 None None] config_file = ['/etc/glance/glance-image-import.conf', '/etc/glance/glance-api.conf'] {{(pid=99534) log_opt_values /opt/stack/data/venv/lib/python3.12/site-packages/oslo_config/cfg.py:3242}}
Jul 05 19:41:15.057766 np0000004595 devstack@g-api.service[99534]: DEBUG glance.common.config [None req-aeef7790-99da-45e2-b6fb-8b563661b041 None None] config_source = [] {{(pid=99534) log_opt_values /opt/stack/data/venv/lib/python3.12/site-packages/oslo_config/cfg.py:3242}}
Jul 05 19:41:15.057908 np0000004595 devstack@g-api.service[99534]: DEBUG glance.common.config [None req-aeef7790-99da-45e2-b6fb-8b563661b041 None None] control_exchange = glance {{(pid=99534) log_opt_values /opt/stack/data/venv/lib/python3.12/site-packages/oslo_config/cfg.py:3242}}
Jul 05 19:41:15.058006 np0000004595 devstack@g-api.service[99534]: DEBUG glance.common.config [None req-aeef7790-99da-45e2-b6fb-8b563661b041 None None] debug = True {{(pid=99534) log_opt_values /opt/stack/data/venv/lib/python3.12/site-packages/oslo_config/cfg.py:3242}}
Jul 05 19:41:15.058256 np0000004595 devstack@g-api.service[99534]: DEBUG glance.common.config [None req-aeef7790-99da-45e2-b6fb-8b563661b041 None None] default_log_levels = ['amqp=WARN', 'boto=WARN', 'sqlalchemy=WARN', 'suds=INFO', 'oslo.messaging=INFO', 'oslo_messaging=INFO', 'iso8601=WARN', 'requests.packages.urllib3.connectionpool=WARN', 'urllib3.connectionpool=WARN', 'websocket=WARN', 'requests.packages.urllib3.util.retry=WARN', 'urllib3.util.retry=WARN', 'keystonemiddleware=WARN', 'routes.middleware=WARN', 'stevedore=WARN', 'taskflow=WARN', 'keystoneauth=WARN', 'oslo.cache=INFO', 'oslo_policy=INFO', 'dogpile.core.dogpile=INFO'] {{(pid=99534) log_opt_values /opt/stack/data/venv/lib/python3.12/site-packages/oslo_config/cfg.py:3242}}
Jul 05 19:41:15.058401 np0000004595 devstack@g-api.service[99534]: DEBUG glance.common.config [None req-aeef7790-99da-45e2-b6fb-8b563661b041 None None] default_publisher_id = image.localhost {{(pid=99534) log_opt_values /opt/stack/data/venv/lib/python3.12/site-packages/oslo_config/cfg.py:3242}}
Jul 05 19:41:15.059037 np0000004595 devstack@g-api.service[99534]: DEBUG glance.common.config [None req-aeef7790-99da-45e2-b6fb-8b563661b041 None None] delayed_delete = False {{(pid=99534) log_opt_values /opt/stack/data/venv/lib/python3.12/site-packages/oslo_config/cfg.py:3242}}
Jul 05 19:41:15.059037 np0000004595 devstack@g-api.service[99534]: DEBUG glance.common.config [None req-aeef7790-99da-45e2-b6fb-8b563661b041 None None] digest_algorithm = sha256 {{(pid=99534) log_opt_values /opt/stack/data/venv/lib/python3.12/site-packages/oslo_config/cfg.py:3242}}
Jul 05 19:41:15.059037 np0000004595 devstack@g-api.service[99534]: DEBUG glance.common.config [None req-aeef7790-99da-45e2-b6fb-8b563661b041 None None] disabled_notifications = [] {{(pid=99534) log_opt_values /opt/stack/data/venv/lib/python3.12/site-packages/oslo_config/cfg.py:3242}}
Jul 05 19:41:15.059037 np0000004595 devstack@g-api.service[99534]: DEBUG glance.common.config [None req-aeef7790-99da-45e2-b6fb-8b563661b041 None None] do_secure_hash = True {{(pid=99534) log_opt_values /opt/stack/data/venv/lib/python3.12/site-packages/oslo_config/cfg.py:3242}}
Jul 05 19:41:15.059037 np0000004595 devstack@g-api.service[99534]: DEBUG glance.common.config [None req-aeef7790-99da-45e2-b6fb-8b563661b041 None None] enabled_backends = None {{(pid=99534) log_opt_values /opt/stack/data/venv/lib/python3.12/site-packages/oslo_config/cfg.py:3242}}
Jul 05 19:41:15.059037 np0000004595 devstack@g-api.service[99534]: DEBUG glance.common.config [None req-aeef7790-99da-45e2-b6fb-8b563661b041 None None] enabled_import_methods = ['glance-direct', 'web-download', 'copy-image'] {{(pid=99534) log_opt_values /opt/stack/data/venv/lib/python3.12/site-packages/oslo_config/cfg.py:3242}}
Jul 05 19:41:15.059037 np0000004595 devstack@g-api.service[99534]: DEBUG glance.common.config [None req-aeef7790-99da-45e2-b6fb-8b563661b041 None None] fatal_deprecations = False {{(pid=99534) log_opt_values /opt/stack/data/venv/lib/python3.12/site-packages/oslo_config/cfg.py:3242}}
Jul 05 19:41:15.059329 np0000004595 devstack@g-api.service[99534]: DEBUG glance.common.config [None req-aeef7790-99da-45e2-b6fb-8b563661b041 None None] hashing_algorithm = sha512 {{(pid=99534) log_opt_values /opt/stack/data/venv/lib/python3.12/site-packages/oslo_config/cfg.py:3242}}
Jul 05 19:41:15.059329 np0000004595 devstack@g-api.service[99534]: DEBUG glance.common.config [None req-aeef7790-99da-45e2-b6fb-8b563661b041 None None] http_retries = 3 {{(pid=99534) log_opt_values /opt/stack/data/venv/lib/python3.12/site-packages/oslo_config/cfg.py:3242}}
Jul 05 19:41:15.059449 np0000004595 devstack@g-api.service[99534]: DEBUG glance.common.config [None req-aeef7790-99da-45e2-b6fb-8b563661b041 None None] image_cache_dir = /opt/stack/data/glance/cache/ {{(pid=99534) log_opt_values /opt/stack/data/venv/lib/python3.12/site-packages/oslo_config/cfg.py:3242}}
Jul 05 19:41:15.059564 np0000004595 devstack@g-api.service[99534]: DEBUG glance.common.config [None req-aeef7790-99da-45e2-b6fb-8b563661b041 None None] image_cache_driver = centralized_db {{(pid=99534) log_opt_values /opt/stack/data/venv/lib/python3.12/site-packages/oslo_config/cfg.py:3242}}
Jul 05 19:41:15.059655 np0000004595 devstack@g-api.service[99534]: DEBUG glance.common.config [None req-aeef7790-99da-45e2-b6fb-8b563661b041 None None] image_cache_max_size = 10737418240 {{(pid=99534) log_opt_values /opt/stack/data/venv/lib/python3.12/site-packages/oslo_config/cfg.py:3242}}
Jul 05 19:41:15.059704 np0000004595 devstack@g-api.service[99536]: INFO glance.api.middleware.cache [None req-ad22e4e0-bfb1-4fae-a9f9-45727cd600e1 None None] Initialized image cache middleware
Jul 05 19:41:15.059749 np0000004595 devstack@g-api.service[99534]: DEBUG glance.common.config [None req-aeef7790-99da-45e2-b6fb-8b563661b041 None None] image_cache_sqlite_db = cache.db {{(pid=99534) log_opt_values /opt/stack/data/venv/lib/python3.12/site-packages/oslo_config/cfg.py:3242}}
Jul 05 19:41:15.059861 np0000004595 devstack@g-api.service[99534]: DEBUG glance.common.config [None req-aeef7790-99da-45e2-b6fb-8b563661b041 None None] image_cache_stall_time = 86400 {{(pid=99534) log_opt_values /opt/stack/data/venv/lib/python3.12/site-packages/oslo_config/cfg.py:3242}}
Jul 05 19:41:15.059961 np0000004595 devstack@g-api.service[99534]: DEBUG glance.common.config [None req-aeef7790-99da-45e2-b6fb-8b563661b041 None None] image_location_quota = 10 {{(pid=99534) log_opt_values /opt/stack/data/venv/lib/python3.12/site-packages/oslo_config/cfg.py:3242}}
Jul 05 19:41:15.060073 np0000004595 devstack@g-api.service[99534]: DEBUG glance.common.config [None req-aeef7790-99da-45e2-b6fb-8b563661b041 None None] image_member_quota = 128 {{(pid=99534) log_opt_values /opt/stack/data/venv/lib/python3.12/site-packages/oslo_config/cfg.py:3242}}
Jul 05 19:41:15.060170 np0000004595 devstack@g-api.service[99534]: DEBUG glance.common.config [None req-aeef7790-99da-45e2-b6fb-8b563661b041 None None] image_property_quota = 128 {{(pid=99534) log_opt_values /opt/stack/data/venv/lib/python3.12/site-packages/oslo_config/cfg.py:3242}}
Jul 05 19:41:15.060258 np0000004595 devstack@g-api.service[99534]: DEBUG glance.common.config [None req-aeef7790-99da-45e2-b6fb-8b563661b041 None None] image_size_cap = 1099511627776 {{(pid=99534) log_opt_values /opt/stack/data/venv/lib/python3.12/site-packages/oslo_config/cfg.py:3242}}
Jul 05 19:41:15.060365 np0000004595 devstack@g-api.service[99534]: DEBUG glance.common.config [None req-aeef7790-99da-45e2-b6fb-8b563661b041 None None] image_tag_quota = 128 {{(pid=99534) log_opt_values /opt/stack/data/venv/lib/python3.12/site-packages/oslo_config/cfg.py:3242}}
Jul 05 19:41:15.060494 np0000004595 devstack@g-api.service[99534]: DEBUG glance.common.config [None req-aeef7790-99da-45e2-b6fb-8b563661b041 None None] instance_format = [instance: %(uuid)s] {{(pid=99534) log_opt_values /opt/stack/data/venv/lib/python3.12/site-packages/oslo_config/cfg.py:3242}}
Jul 05 19:41:15.060602 np0000004595 devstack@g-api.service[99534]: DEBUG glance.common.config [None req-aeef7790-99da-45e2-b6fb-8b563661b041 None None] instance_uuid_format = [instance: %(uuid)s] {{(pid=99534) log_opt_values /opt/stack/data/venv/lib/python3.12/site-packages/oslo_config/cfg.py:3242}}
Jul 05 19:41:15.060692 np0000004595 devstack@g-api.service[99534]: DEBUG glance.common.config [None req-aeef7790-99da-45e2-b6fb-8b563661b041 None None] limit_param_default = 25 {{(pid=99534) log_opt_values /opt/stack/data/venv/lib/python3.12/site-packages/oslo_config/cfg.py:3242}}
Jul 05 19:41:15.060788 np0000004595 devstack@g-api.service[99534]: DEBUG glance.common.config [None req-aeef7790-99da-45e2-b6fb-8b563661b041 None None] log_color = False {{(pid=99534) log_opt_values /opt/stack/data/venv/lib/python3.12/site-packages/oslo_config/cfg.py:3242}}
Jul 05 19:41:15.060879 np0000004595 devstack@g-api.service[99534]: DEBUG glance.common.config [None req-aeef7790-99da-45e2-b6fb-8b563661b041 None None] log_config_append = None {{(pid=99534) log_opt_values /opt/stack/data/venv/lib/python3.12/site-packages/oslo_config/cfg.py:3242}}
Jul 05 19:41:15.060972 np0000004595 devstack@g-api.service[99534]: DEBUG glance.common.config [None req-aeef7790-99da-45e2-b6fb-8b563661b041 None None] log_date_format = %Y-%m-%d %H:%M:%S {{(pid=99534) log_opt_values /opt/stack/data/venv/lib/python3.12/site-packages/oslo_config/cfg.py:3242}}
Jul 05 19:41:15.061059 np0000004595 devstack@g-api.service[99534]: DEBUG glance.common.config [None req-aeef7790-99da-45e2-b6fb-8b563661b041 None None] log_dir = None {{(pid=99534) log_opt_values /opt/stack/data/venv/lib/python3.12/site-packages/oslo_config/cfg.py:3242}}
Jul 05 19:41:15.061144 np0000004595 devstack@g-api.service[99534]: DEBUG glance.common.config [None req-aeef7790-99da-45e2-b6fb-8b563661b041 None None] log_file = None {{(pid=99534) log_opt_values /opt/stack/data/venv/lib/python3.12/site-packages/oslo_config/cfg.py:3242}}
Jul 05 19:41:15.061231 np0000004595 devstack@g-api.service[99534]: DEBUG glance.common.config [None req-aeef7790-99da-45e2-b6fb-8b563661b041 None None] log_rotate_interval = 1 {{(pid=99534) log_opt_values /opt/stack/data/venv/lib/python3.12/site-packages/oslo_config/cfg.py:3242}}
Jul 05 19:41:15.061345 np0000004595 devstack@g-api.service[99534]: DEBUG glance.common.config [None req-aeef7790-99da-45e2-b6fb-8b563661b041 None None] log_rotate_interval_type = days {{(pid=99534) log_opt_values /opt/stack/data/venv/lib/python3.12/site-packages/oslo_config/cfg.py:3242}}
Jul 05 19:41:15.061527 np0000004595 devstack@g-api.service[99534]: DEBUG glance.common.config [None req-aeef7790-99da-45e2-b6fb-8b563661b041 None None] log_rotation_type = none {{(pid=99534) log_opt_values /opt/stack/data/venv/lib/python3.12/site-packages/oslo_config/cfg.py:3242}}
Jul 05 19:41:15.061578 np0000004595 devstack@g-api.service[99534]: DEBUG glance.common.config [None req-aeef7790-99da-45e2-b6fb-8b563661b041 None None] logging_context_format_string = %(color)s%(levelname)s %(name)s [%(global_request_id)s %(request_id)s %(project_name)s %(user_name)s%(color)s] %(instance)s%(color)s%(message)s {{(pid=99534) log_opt_values /opt/stack/data/venv/lib/python3.12/site-packages/oslo_config/cfg.py:3242}}
Jul 05 19:41:15.061622 np0000004595 devstack@g-api.service[99534]: DEBUG glance.common.config [None req-aeef7790-99da-45e2-b6fb-8b563661b041 None None] logging_debug_format_suffix = {{(pid=%(process)d) %(funcName)s %(pathname)s:%(lineno)d}} {{(pid=99534) log_opt_values /opt/stack/data/venv/lib/python3.12/site-packages/oslo_config/cfg.py:3242}}
Jul 05 19:41:15.061715 np0000004595 devstack@g-api.service[99534]: DEBUG glance.common.config [None req-aeef7790-99da-45e2-b6fb-8b563661b041 None None] logging_default_format_string = %(color)s%(levelname)s %(name)s [-%(color)s] %(instance)s%(color)s%(message)s {{(pid=99534) log_opt_values /opt/stack/data/venv/lib/python3.12/site-packages/oslo_config/cfg.py:3242}}
Jul 05 19:41:15.061814 np0000004595 devstack@g-api.service[99534]: DEBUG glance.common.config [None req-aeef7790-99da-45e2-b6fb-8b563661b041 None None] logging_exception_prefix = ERROR %(name)s %(instance)s {{(pid=99534) log_opt_values /opt/stack/data/venv/lib/python3.12/site-packages/oslo_config/cfg.py:3242}}
Jul 05 19:41:15.061899 np0000004595 devstack@g-api.service[99534]: DEBUG glance.common.config [None req-aeef7790-99da-45e2-b6fb-8b563661b041 None None] logging_user_identity_format = %(user)s %(project)s %(domain)s %(system_scope)s %(user_domain)s %(project_domain)s {{(pid=99534) log_opt_values /opt/stack/data/venv/lib/python3.12/site-packages/oslo_config/cfg.py:3242}}
Jul 05 19:41:15.061993 np0000004595 devstack@g-api.service[99534]: DEBUG glance.common.config [None req-aeef7790-99da-45e2-b6fb-8b563661b041 None None] max_logfile_count = 30 {{(pid=99534) log_opt_values /opt/stack/data/venv/lib/python3.12/site-packages/oslo_config/cfg.py:3242}}
Jul 05 19:41:15.062081 np0000004595 devstack@g-api.service[99534]: DEBUG glance.common.config [None req-aeef7790-99da-45e2-b6fb-8b563661b041 None None] max_logfile_size_mb = 200 {{(pid=99534) log_opt_values /opt/stack/data/venv/lib/python3.12/site-packages/oslo_config/cfg.py:3242}}
Jul 05 19:41:15.062170 np0000004595 devstack@g-api.service[99534]: DEBUG glance.common.config [None req-aeef7790-99da-45e2-b6fb-8b563661b041 None None] max_request_id_length = 64 {{(pid=99534) log_opt_values /opt/stack/data/venv/lib/python3.12/site-packages/oslo_config/cfg.py:3242}}
Jul 05 19:41:15.062262 np0000004595 devstack@g-api.service[99534]: DEBUG glance.common.config [None req-aeef7790-99da-45e2-b6fb-8b563661b041 None None] metadata_encryption_key = **** {{(pid=99534) log_opt_values /opt/stack/data/venv/lib/python3.12/site-packages/oslo_config/cfg.py:3242}}
Jul 05 19:41:15.062375 np0000004595 devstack@g-api.service[99534]: DEBUG glance.common.config [None req-aeef7790-99da-45e2-b6fb-8b563661b041 None None] node_staging_uri = file:///tmp/staging/ {{(pid=99534) log_opt_values /opt/stack/data/venv/lib/python3.12/site-packages/oslo_config/cfg.py:3242}}
Jul 05 19:41:15.062493 np0000004595 devstack@g-api.service[99534]: DEBUG glance.common.config [None req-aeef7790-99da-45e2-b6fb-8b563661b041 None None] property_protection_file = None {{(pid=99534) log_opt_values /opt/stack/data/venv/lib/python3.12/site-packages/oslo_config/cfg.py:3242}}
Jul 05 19:41:15.062609 np0000004595 devstack@g-api.service[99534]: DEBUG glance.common.config [None req-aeef7790-99da-45e2-b6fb-8b563661b041 None None] property_protection_rule_format = roles {{(pid=99534) log_opt_values /opt/stack/data/venv/lib/python3.12/site-packages/oslo_config/cfg.py:3242}}
Jul 05 19:41:15.062703 np0000004595 devstack@g-api.service[99534]: DEBUG glance.common.config [None req-aeef7790-99da-45e2-b6fb-8b563661b041 None None] public_endpoint = https://10.4.3.186/image {{(pid=99534) log_opt_values /opt/stack/data/venv/lib/python3.12/site-packages/oslo_config/cfg.py:3242}}
Jul 05 19:41:15.062787 np0000004595 devstack@g-api.service[99534]: DEBUG glance.common.config [None req-aeef7790-99da-45e2-b6fb-8b563661b041 None None] publish_errors = False {{(pid=99534) log_opt_values /opt/stack/data/venv/lib/python3.12/site-packages/oslo_config/cfg.py:3242}}
Jul 05 19:41:15.062874 np0000004595 devstack@g-api.service[99534]: DEBUG glance.common.config [None req-aeef7790-99da-45e2-b6fb-8b563661b041 None None] pydev_worker_debug_host = None {{(pid=99534) log_opt_values /opt/stack/data/venv/lib/python3.12/site-packages/oslo_config/cfg.py:3242}}
Jul 05 19:41:15.062966 np0000004595 devstack@g-api.service[99534]: DEBUG glance.common.config [None req-aeef7790-99da-45e2-b6fb-8b563661b041 None None] pydev_worker_debug_port = 5678 {{(pid=99534) log_opt_values /opt/stack/data/venv/lib/python3.12/site-packages/oslo_config/cfg.py:3242}}
Jul 05 19:41:15.063058 np0000004595 devstack@g-api.service[99534]: DEBUG glance.common.config [None req-aeef7790-99da-45e2-b6fb-8b563661b041 None None] rate_limit_burst = 0 {{(pid=99534) log_opt_values /opt/stack/data/venv/lib/python3.12/site-packages/oslo_config/cfg.py:3242}}
Jul 05 19:41:15.063186 np0000004595 devstack@g-api.service[99534]: DEBUG glance.common.config [None req-aeef7790-99da-45e2-b6fb-8b563661b041 None None] rate_limit_except_level = CRITICAL {{(pid=99534) log_opt_values /opt/stack/data/venv/lib/python3.12/site-packages/oslo_config/cfg.py:3242}}
Jul 05 19:41:15.063264 np0000004595 devstack@g-api.service[99534]: DEBUG glance.common.config [None req-aeef7790-99da-45e2-b6fb-8b563661b041 None None] rate_limit_interval = 0 {{(pid=99534) log_opt_values /opt/stack/data/venv/lib/python3.12/site-packages/oslo_config/cfg.py:3242}}
Jul 05 19:41:15.063370 np0000004595 devstack@g-api.service[99534]: DEBUG glance.common.config [None req-aeef7790-99da-45e2-b6fb-8b563661b041 None None] scrub_pool_size = 1 {{(pid=99534) log_opt_values /opt/stack/data/venv/lib/python3.12/site-packages/oslo_config/cfg.py:3242}}
Jul 05 19:41:15.063483 np0000004595 devstack@g-api.service[99534]: DEBUG glance.common.config [None req-aeef7790-99da-45e2-b6fb-8b563661b041 None None] scrub_time = 0 {{(pid=99534) log_opt_values /opt/stack/data/venv/lib/python3.12/site-packages/oslo_config/cfg.py:3242}}
Jul 05 19:41:15.063589 np0000004595 devstack@g-api.service[99534]: DEBUG glance.common.config [None req-aeef7790-99da-45e2-b6fb-8b563661b041 None None] shell_completion = None {{(pid=99534) log_opt_values /opt/stack/data/venv/lib/python3.12/site-packages/oslo_config/cfg.py:3242}}
Jul 05 19:41:15.063689 np0000004595 devstack@g-api.service[99534]: DEBUG glance.common.config [None req-aeef7790-99da-45e2-b6fb-8b563661b041 None None] show_image_direct_url = False {{(pid=99534) log_opt_values /opt/stack/data/venv/lib/python3.12/site-packages/oslo_config/cfg.py:3242}}
Jul 05 19:41:15.063919 np0000004595 devstack@g-api.service[99534]: WARNING oslo_config.cfg [None req-aeef7790-99da-45e2-b6fb-8b563661b041 None None] Deprecated: Option "show_multiple_locations" from group "DEFAULT" is deprecated for removal (Use of this option, deprecated since Newton, is a security risk and will be removed once we figure out a way to satisfy those use cases that currently require it. An earlier announcement that the same functionality can be achieved with greater granularity by using policies is incorrect. You cannot work around this option via policy configuration at the present time, though that is the direction we believe the fix will take. Please keep an eye on the Glance release notes to stay up to date on progress in addressing this issue.). Its value may be silently ignored in the future.
Jul 05 19:41:15.064036 np0000004595 devstack@g-api.service[99534]: DEBUG glance.common.config [None req-aeef7790-99da-45e2-b6fb-8b563661b041 None None] show_multiple_locations = False {{(pid=99534) log_opt_values /opt/stack/data/venv/lib/python3.12/site-packages/oslo_config/cfg.py:3242}}
Jul 05 19:41:15.064151 np0000004595 devstack@g-api.service[99534]: DEBUG glance.common.config [None req-aeef7790-99da-45e2-b6fb-8b563661b041 None None] syslog_log_facility = LOG_USER {{(pid=99534) log_opt_values /opt/stack/data/venv/lib/python3.12/site-packages/oslo_config/cfg.py:3242}}
Jul 05 19:41:15.064249 np0000004595 devstack@g-api.service[99534]: DEBUG glance.common.config [None req-aeef7790-99da-45e2-b6fb-8b563661b041 None None] transport_url = **** {{(pid=99534) log_opt_values /opt/stack/data/venv/lib/python3.12/site-packages/oslo_config/cfg.py:3242}}
Jul 05 19:41:15.064356 np0000004595 devstack@g-api.service[99534]: DEBUG glance.common.config [None req-aeef7790-99da-45e2-b6fb-8b563661b041 None None] use_journal = False {{(pid=99534) log_opt_values /opt/stack/data/venv/lib/python3.12/site-packages/oslo_config/cfg.py:3242}}
Jul 05 19:41:15.064450 np0000004595 devstack@g-api.service[99534]: DEBUG glance.common.config [None req-aeef7790-99da-45e2-b6fb-8b563661b041 None None] use_json = False {{(pid=99534) log_opt_values /opt/stack/data/venv/lib/python3.12/site-packages/oslo_config/cfg.py:3242}}
Jul 05 19:41:15.064578 np0000004595 devstack@g-api.service[99534]: DEBUG glance.common.config [None req-aeef7790-99da-45e2-b6fb-8b563661b041 None None] use_keystone_limits = True {{(pid=99534) log_opt_values /opt/stack/data/venv/lib/python3.12/site-packages/oslo_config/cfg.py:3242}}
Jul 05 19:41:15.065015 np0000004595 devstack@g-api.service[99534]: DEBUG glance.common.config [None req-aeef7790-99da-45e2-b6fb-8b563661b041 None None] use_stderr = False {{(pid=99534) log_opt_values /opt/stack/data/venv/lib/python3.12/site-packages/oslo_config/cfg.py:3242}}
Jul 05 19:41:15.065015 np0000004595 devstack@g-api.service[99534]: DEBUG glance.common.config [None req-aeef7790-99da-45e2-b6fb-8b563661b041 None None] use_syslog = False {{(pid=99534) log_opt_values /opt/stack/data/venv/lib/python3.12/site-packages/oslo_config/cfg.py:3242}}
Jul 05 19:41:15.065015 np0000004595 devstack@g-api.service[99534]: DEBUG glance.common.config [None req-aeef7790-99da-45e2-b6fb-8b563661b041 None None] user_storage_quota = 0 {{(pid=99534) log_opt_values /opt/stack/data/venv/lib/python3.12/site-packages/oslo_config/cfg.py:3242}}
Jul 05 19:41:15.065015 np0000004595 devstack@g-api.service[99534]: DEBUG glance.common.config [None req-aeef7790-99da-45e2-b6fb-8b563661b041 None None] worker_self_reference_url = http://127.0.0.1:60999 {{(pid=99534) log_opt_values /opt/stack/data/venv/lib/python3.12/site-packages/oslo_config/cfg.py:3242}}
Jul 05 19:41:15.065015 np0000004595 devstack@g-api.service[99534]: DEBUG glance.common.config [None req-aeef7790-99da-45e2-b6fb-8b563661b041 None None] oslo_concurrency.disable_process_locking = False {{(pid=99534) log_opt_values /opt/stack/data/venv/lib/python3.12/site-packages/oslo_config/cfg.py:3253}}
Jul 05 19:41:15.065225 np0000004595 devstack@g-api.service[99534]: DEBUG glance.common.config [None req-aeef7790-99da-45e2-b6fb-8b563661b041 None None] oslo_concurrency.lock_path = /opt/stack/data/glance/locks {{(pid=99534) log_opt_values /opt/stack/data/venv/lib/python3.12/site-packages/oslo_config/cfg.py:3253}}
Jul 05 19:41:15.065225 np0000004595 devstack@g-api.service[99534]: DEBUG glance.common.config [None req-aeef7790-99da-45e2-b6fb-8b563661b041 None None] oslo_middleware.enable_proxy_headers_parsing = False {{(pid=99534) log_opt_values /opt/stack/data/venv/lib/python3.12/site-packages/oslo_config/cfg.py:3253}}
Jul 05 19:41:15.065336 np0000004595 devstack@g-api.service[99534]: DEBUG glance.common.config [None req-aeef7790-99da-45e2-b6fb-8b563661b041 None None] oslo_middleware.http_basic_auth_user_file = /etc/htpasswd {{(pid=99534) log_opt_values /opt/stack/data/venv/lib/python3.12/site-packages/oslo_config/cfg.py:3253}}
Jul 05 19:41:15.065392 np0000004595 devstack@g-api.service[99534]: DEBUG glance.common.config [None req-aeef7790-99da-45e2-b6fb-8b563661b041 None None] paste_deploy.config_file = None {{(pid=99534) log_opt_values /opt/stack/data/venv/lib/python3.12/site-packages/oslo_config/cfg.py:3253}}
Jul 05 19:41:15.065524 np0000004595 devstack@g-api.service[99534]: DEBUG glance.common.config [None req-aeef7790-99da-45e2-b6fb-8b563661b041 None None] paste_deploy.flavor = keystone+cachemanagement {{(pid=99534) log_opt_values /opt/stack/data/venv/lib/python3.12/site-packages/oslo_config/cfg.py:3253}}
Jul 05 19:41:15.065680 np0000004595 devstack@g-api.service[99534]: DEBUG glance.common.config [None req-aeef7790-99da-45e2-b6fb-8b563661b041 None None] image_format.container_formats = ['ami', 'ari', 'aki', 'bare', 'ovf', 'ova', 'docker', 'compressed'] {{(pid=99534) log_opt_values /opt/stack/data/venv/lib/python3.12/site-packages/oslo_config/cfg.py:3253}}
Jul 05 19:41:15.065863 np0000004595 devstack@g-api.service[99534]: DEBUG glance.common.config [None req-aeef7790-99da-45e2-b6fb-8b563661b041 None None] image_format.disk_formats = ['ami', 'ari', 'aki', 'vhd', 'vhdx', 'vmdk', 'raw', 'qcow2', 'vdi', 'iso', 'ploop'] {{(pid=99534) log_opt_values /opt/stack/data/venv/lib/python3.12/site-packages/oslo_config/cfg.py:3253}}
Jul 05 19:41:15.065959 np0000004595 devstack@g-api.service[99534]: DEBUG glance.common.config [None req-aeef7790-99da-45e2-b6fb-8b563661b041 None None] image_format.gpt_safety_checks_nonfatal = [] {{(pid=99534) log_opt_values /opt/stack/data/venv/lib/python3.12/site-packages/oslo_config/cfg.py:3253}}
Jul 05 19:41:15.066056 np0000004595 devstack@g-api.service[99534]: DEBUG glance.common.config [None req-aeef7790-99da-45e2-b6fb-8b563661b041 None None] image_format.require_image_format_match = True {{(pid=99534) log_opt_values /opt/stack/data/venv/lib/python3.12/site-packages/oslo_config/cfg.py:3253}}
Jul 05 19:41:15.066170 np0000004595 devstack@g-api.service[99534]: DEBUG glance.common.config [None req-aeef7790-99da-45e2-b6fb-8b563661b041 None None] image_format.vmdk_allowed_types = ['streamOptimized', 'monolithicSparse'] {{(pid=99534) log_opt_values /opt/stack/data/venv/lib/python3.12/site-packages/oslo_config/cfg.py:3253}}
Jul 05 19:41:15.066254 np0000004595 devstack@g-api.service[99535]: DEBUG glance.image_cache.drivers.centralized_db [None req-05c93a42-848c-4d4b-a1b3-7bfe94d89a8f None None] Node reference is already recorded, ignoring it {{(pid=99535) configure /opt/stack/glance/glance/image_cache/drivers/centralized_db.py:71}}
Jul 05 19:41:15.066323 np0000004595 devstack@g-api.service[99534]: DEBUG glance.common.config [None req-aeef7790-99da-45e2-b6fb-8b563661b041 None None] task.task_executor = taskflow {{(pid=99534) log_opt_values /opt/stack/data/venv/lib/python3.12/site-packages/oslo_config/cfg.py:3253}}
Jul 05 19:41:15.066384 np0000004595 devstack@g-api.service[99534]: DEBUG glance.common.config [None req-aeef7790-99da-45e2-b6fb-8b563661b041 None None] task.task_time_to_live = 48 {{(pid=99534) log_opt_values /opt/stack/data/venv/lib/python3.12/site-packages/oslo_config/cfg.py:3253}}
Jul 05 19:41:15.066454 np0000004595 devstack@g-api.service[99534]: DEBUG glance.common.config [None req-aeef7790-99da-45e2-b6fb-8b563661b041 None None] task.work_dir = None {{(pid=99534) log_opt_values /opt/stack/data/venv/lib/python3.12/site-packages/oslo_config/cfg.py:3253}}
Jul 05 19:41:15.066602 np0000004595 devstack@g-api.service[99534]: DEBUG glance.common.config [None req-aeef7790-99da-45e2-b6fb-8b563661b041 None None] wsgi.python_interpreter = /opt/stack/data/venv/bin/python3 {{(pid=99534) log_opt_values /opt/stack/data/venv/lib/python3.12/site-packages/oslo_config/cfg.py:3253}}
Jul 05 19:41:15.066696 np0000004595 devstack@g-api.service[99534]: DEBUG glance.common.config [None req-aeef7790-99da-45e2-b6fb-8b563661b041 None None] wsgi.task_pool_threads = 16 {{(pid=99534) log_opt_values /opt/stack/data/venv/lib/python3.12/site-packages/oslo_config/cfg.py:3253}}
Jul 05 19:41:15.066790 np0000004595 devstack@g-api.service[99534]: DEBUG glance.common.config [None req-aeef7790-99da-45e2-b6fb-8b563661b041 None None] import_filtering_opts.allowed_hosts = [] {{(pid=99534) log_opt_values /opt/stack/data/venv/lib/python3.12/site-packages/oslo_config/cfg.py:3253}}
Jul 05 19:41:15.066883 np0000004595 devstack@g-api.service[99534]: DEBUG glance.common.config [None req-aeef7790-99da-45e2-b6fb-8b563661b041 None None] import_filtering_opts.allowed_ports = [80, 443] {{(pid=99534) log_opt_values /opt/stack/data/venv/lib/python3.12/site-packages/oslo_config/cfg.py:3253}}
Jul 05 19:41:15.066986 np0000004595 devstack@g-api.service[99534]: DEBUG glance.common.config [None req-aeef7790-99da-45e2-b6fb-8b563661b041 None None] import_filtering_opts.allowed_schemes = ['http', 'https'] {{(pid=99534) log_opt_values /opt/stack/data/venv/lib/python3.12/site-packages/oslo_config/cfg.py:3253}}
Jul 05 19:41:15.067098 np0000004595 devstack@g-api.service[99534]: DEBUG glance.common.config [None req-aeef7790-99da-45e2-b6fb-8b563661b041 None None] import_filtering_opts.disallowed_hosts = [] {{(pid=99534) log_opt_values /opt/stack/data/venv/lib/python3.12/site-packages/oslo_config/cfg.py:3253}}
Jul 05 19:41:15.067199 np0000004595 devstack@g-api.service[99534]: DEBUG glance.common.config [None req-aeef7790-99da-45e2-b6fb-8b563661b041 None None] import_filtering_opts.disallowed_ports = [] {{(pid=99534) log_opt_values /opt/stack/data/venv/lib/python3.12/site-packages/oslo_config/cfg.py:3253}}
Jul 05 19:41:15.067306 np0000004595 devstack@g-api.service[99534]: DEBUG glance.common.config [None req-aeef7790-99da-45e2-b6fb-8b563661b041 None None] import_filtering_opts.disallowed_schemes = [] {{(pid=99534) log_opt_values /opt/stack/data/venv/lib/python3.12/site-packages/oslo_config/cfg.py:3253}}
Jul 05 19:41:15.067404 np0000004595 devstack@g-api.service[99534]: DEBUG glance.common.config [None req-aeef7790-99da-45e2-b6fb-8b563661b041 None None] oslo_messaging_metrics.metrics_buffer_size = 1000 {{(pid=99534) log_opt_values /opt/stack/data/venv/lib/python3.12/site-packages/oslo_config/cfg.py:3253}}
