Jul 05 19:40:52.987306 np0000004595 nova-scheduler[93269]: DEBUG cotyledon.oslo_config_glue [-] oslo_limit.cafile = None {{(pid=93269) log_opt_values /opt/stack/data/venv/lib/python3.12/site-packages/oslo_config/cfg.py:3253}}
Jul 05 19:40:52.987306 np0000004595 nova-scheduler[93269]: DEBUG cotyledon.oslo_config_glue [-] oslo_limit.certfile = None {{(pid=93269) log_opt_values /opt/stack/data/venv/lib/python3.12/site-packages/oslo_config/cfg.py:3253}}
Jul 05 19:40:52.987306 np0000004595 nova-scheduler[93269]: DEBUG cotyledon.oslo_config_glue [-] oslo_limit.collect_timing = False {{(pid=93269) log_opt_values /opt/stack/data/venv/lib/python3.12/site-packages/oslo_config/cfg.py:3253}}
Jul 05 19:40:52.987434 np0000004595 nova-scheduler[93269]: DEBUG cotyledon.oslo_config_glue [-] oslo_limit.connect_retries = None {{(pid=93269) log_opt_values /opt/stack/data/venv/lib/python3.12/site-packages/oslo_config/cfg.py:3253}}
Jul 05 19:40:52.987434 np0000004595 nova-scheduler[93269]: DEBUG cotyledon.oslo_config_glue [-] oslo_limit.connect_retry_delay = None {{(pid=93269) log_opt_values /opt/stack/data/venv/lib/python3.12/site-packages/oslo_config/cfg.py:3253}}
Jul 05 19:40:52.987434 np0000004595 nova-scheduler[93269]: DEBUG cotyledon.oslo_config_glue [-] oslo_limit.endpoint_id = None {{(pid=93269) log_opt_values /opt/stack/data/venv/lib/python3.12/site-packages/oslo_config/cfg.py:3253}}
Jul 05 19:40:52.987434 np0000004595 nova-scheduler[93269]: DEBUG cotyledon.oslo_config_glue [-] oslo_limit.endpoint_interface = public {{(pid=93269) log_opt_values /opt/stack/data/venv/lib/python3.12/site-packages/oslo_config/cfg.py:3253}}
Jul 05 19:40:52.987605 np0000004595 nova-scheduler[93269]: DEBUG cotyledon.oslo_config_glue [-] oslo_limit.endpoint_override = None {{(pid=93269) log_opt_values /opt/stack/data/venv/lib/python3.12/site-packages/oslo_config/cfg.py:3253}}
Jul 05 19:40:52.987605 np0000004595 nova-scheduler[93269]: DEBUG cotyledon.oslo_config_glue [-] oslo_limit.endpoint_region_name = None {{(pid=93269) log_opt_values /opt/stack/data/venv/lib/python3.12/site-packages/oslo_config/cfg.py:3253}}
Jul 05 19:40:52.987605 np0000004595 nova-scheduler[93269]: DEBUG cotyledon.oslo_config_glue [-] oslo_limit.endpoint_service_name = None {{(pid=93269) log_opt_values /opt/stack/data/venv/lib/python3.12/site-packages/oslo_config/cfg.py:3253}}
Jul 05 19:40:52.987605 np0000004595 nova-scheduler[93269]: DEBUG cotyledon.oslo_config_glue [-] oslo_limit.endpoint_service_type = None {{(pid=93269) log_opt_values /opt/stack/data/venv/lib/python3.12/site-packages/oslo_config/cfg.py:3253}}
Jul 05 19:40:52.987743 np0000004595 nova-scheduler[93269]: DEBUG cotyledon.oslo_config_glue [-] oslo_limit.insecure = False {{(pid=93269) log_opt_values /opt/stack/data/venv/lib/python3.12/site-packages/oslo_config/cfg.py:3253}}
Jul 05 19:40:52.987743 np0000004595 nova-scheduler[93269]: DEBUG cotyledon.oslo_config_glue [-] oslo_limit.keyfile = None {{(pid=93269) log_opt_values /opt/stack/data/venv/lib/python3.12/site-packages/oslo_config/cfg.py:3253}}
Jul 05 19:40:52.987743 np0000004595 nova-scheduler[93269]: DEBUG cotyledon.oslo_config_glue [-] oslo_limit.max_version = None {{(pid=93269) log_opt_values /opt/stack/data/venv/lib/python3.12/site-packages/oslo_config/cfg.py:3253}}
Jul 05 19:40:52.987743 np0000004595 nova-scheduler[93269]: DEBUG cotyledon.oslo_config_glue [-] oslo_limit.min_version = None {{(pid=93269) log_opt_values /opt/stack/data/venv/lib/python3.12/site-packages/oslo_config/cfg.py:3253}}
Jul 05 19:40:52.987891 np0000004595 nova-scheduler[93269]: DEBUG cotyledon.oslo_config_glue [-] oslo_limit.region_name = None {{(pid=93269) log_opt_values /opt/stack/data/venv/lib/python3.12/site-packages/oslo_config/cfg.py:3253}}
Jul 05 19:40:52.987891 np0000004595 nova-scheduler[93269]: DEBUG cotyledon.oslo_config_glue [-] oslo_limit.retriable_status_codes = None {{(pid=93269) log_opt_values /opt/stack/data/venv/lib/python3.12/site-packages/oslo_config/cfg.py:3253}}
Jul 05 19:40:52.987891 np0000004595 nova-scheduler[93269]: DEBUG cotyledon.oslo_config_glue [-] oslo_limit.service_name = None {{(pid=93269) log_opt_values /opt/stack/data/venv/lib/python3.12/site-packages/oslo_config/cfg.py:3253}}
Jul 05 19:40:52.987891 np0000004595 nova-scheduler[93269]: DEBUG cotyledon.oslo_config_glue [-] oslo_limit.service_type = None {{(pid=93269) log_opt_values /opt/stack/data/venv/lib/python3.12/site-packages/oslo_config/cfg.py:3253}}
Jul 05 19:40:52.987891 np0000004595 nova-scheduler[93269]: DEBUG cotyledon.oslo_config_glue [-] oslo_limit.split_loggers = False {{(pid=93269) log_opt_values /opt/stack/data/venv/lib/python3.12/site-packages/oslo_config/cfg.py:3253}}
Jul 05 19:40:52.988057 np0000004595 nova-scheduler[93269]: DEBUG cotyledon.oslo_config_glue [-] oslo_limit.status_code_retries = None {{(pid=93269) log_opt_values /opt/stack/data/venv/lib/python3.12/site-packages/oslo_config/cfg.py:3253}}
Jul 05 19:40:52.988057 np0000004595 nova-scheduler[93269]: DEBUG cotyledon.oslo_config_glue [-] oslo_limit.status_code_retry_delay = None {{(pid=93269) log_opt_values /opt/stack/data/venv/lib/python3.12/site-packages/oslo_config/cfg.py:3253}}
Jul 05 19:40:52.988057 np0000004595 nova-scheduler[93269]: DEBUG cotyledon.oslo_config_glue [-] oslo_limit.timeout = None {{(pid=93269) log_opt_values /opt/stack/data/venv/lib/python3.12/site-packages/oslo_config/cfg.py:3253}}
Jul 05 19:40:52.988057 np0000004595 nova-scheduler[93269]: DEBUG cotyledon.oslo_config_glue [-] oslo_limit.valid_interfaces = None {{(pid=93269) log_opt_values /opt/stack/data/venv/lib/python3.12/site-packages/oslo_config/cfg.py:3253}}
Jul 05 19:40:52.988057 np0000004595 nova-scheduler[93269]: DEBUG cotyledon.oslo_config_glue [-] oslo_limit.version = None {{(pid=93269) log_opt_values /opt/stack/data/venv/lib/python3.12/site-packages/oslo_config/cfg.py:3253}}
Jul 05 19:40:52.988236 np0000004595 nova-scheduler[93269]: DEBUG cotyledon.oslo_config_glue [-] oslo_reports.file_event_handler = None {{(pid=93269) log_opt_values /opt/stack/data/venv/lib/python3.12/site-packages/oslo_config/cfg.py:3253}}
Jul 05 19:40:52.988236 np0000004595 nova-scheduler[93269]: DEBUG cotyledon.oslo_config_glue [-] oslo_reports.file_event_handler_interval = 1 {{(pid=93269) log_opt_values /opt/stack/data/venv/lib/python3.12/site-packages/oslo_config/cfg.py:3253}}
Jul 05 19:40:52.988236 np0000004595 nova-scheduler[93269]: DEBUG cotyledon.oslo_config_glue [-] oslo_reports.log_dir = None {{(pid=93269) log_opt_values /opt/stack/data/venv/lib/python3.12/site-packages/oslo_config/cfg.py:3253}}
Jul 05 19:40:52.988236 np0000004595 nova-scheduler[93269]: DEBUG cotyledon.oslo_config_glue [-] ******************************************************************************** {{(pid=93269) log_opt_values /opt/stack/data/venv/lib/python3.12/site-packages/oslo_config/cfg.py:3260}}
Jul 05 19:40:52.988384 np0000004595 nova-scheduler[93269]: DEBUG cotyledon._service_worker [-] Run service ServiceWrapper(2) [93269] {{(pid=93269) wait_forever /opt/stack/data/venv/lib/python3.12/site-packages/cotyledon/_service_worker.py:218}}
Jul 05 19:40:52.990027 np0000004595 nova-scheduler[93269]: INFO nova.service [-] Starting scheduler node (version 33.1.0)
Jul 05 19:40:52.993960 np0000004595 nova-scheduler[93269]: INFO dbcounter [None req-7197488f-216d-4258-b697-1bc4a19bdef9 None None] Registered counter for database nova_cell0
Jul 05 19:40:52.996075 np0000004595 nova-scheduler[93266]: DEBUG oslo_db.sqlalchemy.engines [None req-64ae3f70-650f-43c1-b830-b430e00727d0 None None] MySQL server mode set to STRICT_TRANS_TABLES,STRICT_ALL_TABLES,NO_ZERO_IN_DATE,NO_ZERO_DATE,ERROR_FOR_DIVISION_BY_ZERO,TRADITIONAL,NO_ENGINE_SUBSTITUTION {{(pid=93266) _check_effective_sql_mode /opt/stack/data/venv/lib/python3.12/site-packages/oslo_db/sqlalchemy/engines.py:325}}
Jul 05 19:40:53.001016 np0000004595 nova-scheduler[93261]: DEBUG oslo_db.sqlalchemy.engines [None req-2cfb4d4c-b425-49ce-ba7f-51caa342746e None None] MySQL server mode set to STRICT_TRANS_TABLES,STRICT_ALL_TABLES,NO_ZERO_IN_DATE,NO_ZERO_DATE,ERROR_FOR_DIVISION_BY_ZERO,TRADITIONAL,NO_ENGINE_SUBSTITUTION {{(pid=93261) _check_effective_sql_mode /opt/stack/data/venv/lib/python3.12/site-packages/oslo_db/sqlalchemy/engines.py:325}}
Jul 05 19:40:53.013826 np0000004595 nova-scheduler[93266]: DEBUG dbcounter [-] [93266] Writer thread running {{(pid=93266) stat_writer /opt/stack/data/venv/lib/python3.12/site-packages/dbcounter.py:102}}
Jul 05 19:40:53.013992 np0000004595 nova-scheduler[93261]: DEBUG dbcounter [-] [93261] Writer thread running {{(pid=93261) stat_writer /opt/stack/data/venv/lib/python3.12/site-packages/dbcounter.py:102}}
Jul 05 19:40:53.029356 np0000004595 nova-scheduler[93261]: DEBUG nova.service [None req-2cfb4d4c-b425-49ce-ba7f-51caa342746e None None] Creating RPC server for service: nova-scheduler on topic: scheduler {{(pid=93261) start /opt/stack/nova/nova/service.py:196}}
Jul 05 19:40:53.032611 np0000004595 nova-scheduler[93269]: DEBUG oslo_db.sqlalchemy.engines [None req-7197488f-216d-4258-b697-1bc4a19bdef9 None None] MySQL server mode set to STRICT_TRANS_TABLES,STRICT_ALL_TABLES,NO_ZERO_IN_DATE,NO_ZERO_DATE,ERROR_FOR_DIVISION_BY_ZERO,TRADITIONAL,NO_ENGINE_SUBSTITUTION {{(pid=93269) _check_effective_sql_mode /opt/stack/data/venv/lib/python3.12/site-packages/oslo_db/sqlalchemy/engines.py:325}}
Jul 05 19:40:53.033899 np0000004595 nova-scheduler[93266]: DEBUG nova.service [None req-64ae3f70-650f-43c1-b830-b430e00727d0 None None] Creating RPC server for service: nova-scheduler on topic: scheduler {{(pid=93266) start /opt/stack/nova/nova/service.py:196}}
Jul 05 19:40:53.042671 np0000004595 nova-scheduler[93269]: DEBUG dbcounter [-] [93269] Writer thread running {{(pid=93269) stat_writer /opt/stack/data/venv/lib/python3.12/site-packages/dbcounter.py:102}}
Jul 05 19:40:53.045711 np0000004595 nova-scheduler[93269]: DEBUG nova.service [None req-7197488f-216d-4258-b697-1bc4a19bdef9 None None] Creating RPC server for service: nova-scheduler on topic: scheduler {{(pid=93269) start /opt/stack/nova/nova/service.py:196}}
Jul 05 19:40:53.055239 np0000004595 nova-scheduler[93266]: DEBUG nova.service [None req-64ae3f70-650f-43c1-b830-b430e00727d0 None None] Join ServiceGroup membership for this service scheduler {{(pid=93266) start /opt/stack/nova/nova/service.py:222}}
Jul 05 19:40:53.055574 np0000004595 nova-scheduler[93266]: DEBUG nova.servicegroup.drivers.db [None req-64ae3f70-650f-43c1-b830-b430e00727d0 None None] DB_Driver: join new ServiceGroup member np0000004595 to the scheduler group, service = {{(pid=93266) join /opt/stack/nova/nova/servicegroup/drivers/db.py:44}}
Jul 05 19:40:53.059163 np0000004595 nova-scheduler[93261]: DEBUG nova.service [None req-2cfb4d4c-b425-49ce-ba7f-51caa342746e None None] Join ServiceGroup membership for this service scheduler {{(pid=93261) start /opt/stack/nova/nova/service.py:222}}
Jul 05 19:40:53.059384 np0000004595 nova-scheduler[93261]: DEBUG nova.servicegroup.drivers.db [None req-2cfb4d4c-b425-49ce-ba7f-51caa342746e None None] DB_Driver: join new ServiceGroup member np0000004595 to the scheduler group, service = {{(pid=93261) join /opt/stack/nova/nova/servicegroup/drivers/db.py:44}}
Jul 05 19:40:53.061260 np0000004595 nova-scheduler[93269]: DEBUG nova.service [None req-7197488f-216d-4258-b697-1bc4a19bdef9 None None] Join ServiceGroup membership for this service scheduler {{(pid=93269) start /opt/stack/nova/nova/service.py:222}}
Jul 05 19:40:53.061444 np0000004595 nova-scheduler[93269]: DEBUG nova.servicegroup.drivers.db [None req-7197488f-216d-4258-b697-1bc4a19bdef9 None None] DB_Driver: join new ServiceGroup member np0000004595 to the scheduler group, service = {{(pid=93269) join /opt/stack/nova/nova/servicegroup/drivers/db.py:44}}
Jul 05 19:40:58.070071 np0000004595 nova-scheduler[93266]: DEBUG oslo.service.backend._threading.loopingcall [-] Fixed interval looping call 'nova.servicegroup.drivers.db.DbDriver._report_state' sleeping for 119.99 seconds {{(pid=93266) _run_loop /opt/stack/data/venv/lib/python3.12/site-packages/oslo_service/backend/_threading/loopingcall.py:125}}
Jul 05 19:40:58.073992 np0000004595 nova-scheduler[93261]: DEBUG oslo.service.backend._threading.loopingcall [-] Fixed interval looping call 'nova.servicegroup.drivers.db.DbDriver._report_state' sleeping for 119.99 seconds {{(pid=93261) _run_loop /opt/stack/data/venv/lib/python3.12/site-packages/oslo_service/backend/_threading/loopingcall.py:125}}
Jul 05 19:40:58.076311 np0000004595 nova-scheduler[93269]: DEBUG oslo.service.backend._threading.loopingcall [-] Fixed interval looping call 'nova.servicegroup.drivers.db.DbDriver._report_state' sleeping for 119.99 seconds {{(pid=93269) _run_loop /opt/stack/data/venv/lib/python3.12/site-packages/oslo_service/backend/_threading/loopingcall.py:125}}
Jul 05 19:41:01.602554 np0000004595 nova-scheduler[92057]: DEBUG dbcounter [-] [92057] Writing DB stats nova_api:SELECT=3 {{(pid=92057) stat_writer /opt/stack/data/venv/lib/python3.12/site-packages/dbcounter.py:115}}
Jul 05 19:41:01.724642 np0000004595 nova-scheduler[92057]: DEBUG dbcounter [-] [92057] Writing DB stats nova_cell0:SELECT=1 {{(pid=92057) stat_writer /opt/stack/data/venv/lib/python3.12/site-packages/dbcounter.py:115}}
Jul 05 19:41:01.728312 np0000004595 nova-scheduler[92057]: DEBUG dbcounter [-] [92057] Writing DB stats nova_cell1:SELECT=1 {{(pid=92057) stat_writer /opt/stack/data/venv/lib/python3.12/site-packages/dbcounter.py:115}}
Jul 05 19:41:07.063558 np0000004595 nova-scheduler[93269]: DEBUG oslo.service.backend._threading.loopingcall [None req-5aab7725-7d5c-42b6-a8e4-8e30650e5dd5 None None] Dynamic interval looping call 'nova.service.Service.periodic_tasks' sleeping for 60.00 seconds {{(pid=93269) _run_loop /opt/stack/data/venv/lib/python3.12/site-packages/oslo_service/backend/_threading/loopingcall.py:125}}
Jul 05 19:41:08.066793 np0000004595 nova-scheduler[93266]: DEBUG dbcounter [-] [93266] Writing DB stats nova_cell0:SELECT=5,nova_cell0:INSERT=1,nova_cell0:UPDATE=1 {{(pid=93266) stat_writer /opt/stack/data/venv/lib/python3.12/site-packages/dbcounter.py:115}}
Jul 05 19:41:08.073313 np0000004595 nova-scheduler[93261]: DEBUG dbcounter [-] [93261] Writing DB stats nova_cell0:SELECT=4,nova_cell0:INSERT=1,nova_cell0:UPDATE=1 {{(pid=93261) stat_writer /opt/stack/data/venv/lib/python3.12/site-packages/dbcounter.py:115}}
Jul 05 19:41:08.073737 np0000004595 nova-scheduler[93269]: DEBUG dbcounter [-] [93269] Writing DB stats nova_cell0:SELECT=3 {{(pid=93269) stat_writer /opt/stack/data/venv/lib/python3.12/site-packages/dbcounter.py:115}}
Jul 05 19:41:17.061319 np0000004595 nova-scheduler[93261]: DEBUG oslo.service.backend._threading.loopingcall [None req-b2f94d49-03aa-4ffd-bad0-be21caec4094 None None] Dynamic interval looping call 'nova.service.Service.periodic_tasks' sleeping for 60.00 seconds {{(pid=93261) _run_loop /opt/stack/data/venv/lib/python3.12/site-packages/oslo_service/backend/_threading/loopingcall.py:125}}
Jul 05 19:41:37.058063 np0000004595 nova-scheduler[93266]: DEBUG oslo.service.backend._threading.loopingcall [None req-3d30d171-06bc-402a-8b28-578e9461c23a None None] Dynamic interval looping call 'nova.service.Service.periodic_tasks' sleeping for 60.00 seconds {{(pid=93266) _run_loop /opt/stack/data/venv/lib/python3.12/site-packages/oslo_service/backend/_threading/loopingcall.py:125}}
Jul 05 19:42:07.064080 np0000004595 nova-scheduler[93269]: DEBUG oslo.service.backend._threading.loopingcall [None req-5aab7725-7d5c-42b6-a8e4-8e30650e5dd5 None None] Dynamic interval looping call 'nova.service.Service.periodic_tasks' sleeping for 60.00 seconds {{(pid=93269) _run_loop /opt/stack/data/venv/lib/python3.12/site-packages/oslo_service/backend/_threading/loopingcall.py:125}}
Jul 05 19:42:17.061841 np0000004595 nova-scheduler[93261]: DEBUG oslo.service.backend._threading.loopingcall [None req-b2f94d49-03aa-4ffd-bad0-be21caec4094 None None] Dynamic interval looping call 'nova.service.Service.periodic_tasks' sleeping for 60.00 seconds {{(pid=93261) _run_loop /opt/stack/data/venv/lib/python3.12/site-packages/oslo_service/backend/_threading/loopingcall.py:125}}
Jul 05 19:42:37.058619 np0000004595 nova-scheduler[93266]: DEBUG oslo.service.backend._threading.loopingcall [None req-3d30d171-06bc-402a-8b28-578e9461c23a None None] Dynamic interval looping call 'nova.service.Service.periodic_tasks' sleeping for 60.00 seconds {{(pid=93266) _run_loop /opt/stack/data/venv/lib/python3.12/site-packages/oslo_service/backend/_threading/loopingcall.py:125}}
Jul 05 19:42:58.068135 np0000004595 nova-scheduler[93266]: DEBUG oslo.service.backend._threading.loopingcall [-] Fixed interval looping call 'nova.servicegroup.drivers.db.DbDriver._report_state' sleeping for 119.99 seconds {{(pid=93266) _run_loop /opt/stack/data/venv/lib/python3.12/site-packages/oslo_service/backend/_threading/loopingcall.py:125}}
Jul 05 19:42:58.070143 np0000004595 nova-scheduler[93269]: DEBUG oslo.service.backend._threading.loopingcall [-] Fixed interval looping call 'nova.servicegroup.drivers.db.DbDriver._report_state' sleeping for 120.00 seconds {{(pid=93269) _run_loop /opt/stack/data/venv/lib/python3.12/site-packages/oslo_service/backend/_threading/loopingcall.py:125}}
Jul 05 19:42:58.071484 np0000004595 nova-scheduler[93261]: DEBUG oslo.service.backend._threading.loopingcall [-] Fixed interval looping call 'nova.servicegroup.drivers.db.DbDriver._report_state' sleeping for 119.99 seconds {{(pid=93261) _run_loop /opt/stack/data/venv/lib/python3.12/site-packages/oslo_service/backend/_threading/loopingcall.py:125}}
Jul 05 19:43:07.064499 np0000004595 nova-scheduler[93269]: DEBUG oslo.service.backend._threading.loopingcall [None req-5aab7725-7d5c-42b6-a8e4-8e30650e5dd5 None None] Dynamic interval looping call 'nova.service.Service.periodic_tasks' sleeping for 60.00 seconds {{(pid=93269) _run_loop /opt/stack/data/venv/lib/python3.12/site-packages/oslo_service/backend/_threading/loopingcall.py:125}}
Jul 05 19:43:08.063894 np0000004595 nova-scheduler[93266]: DEBUG dbcounter [-] [93266] Writing DB stats nova_cell0:SELECT=1,nova_cell0:UPDATE=1 {{(pid=93266) stat_writer /opt/stack/data/venv/lib/python3.12/site-packages/dbcounter.py:115}}
Jul 05 19:43:08.067860 np0000004595 nova-scheduler[93269]: DEBUG dbcounter [-] [93269] Writing DB stats nova_cell0:SELECT=1 {{(pid=93269) stat_writer /opt/stack/data/venv/lib/python3.12/site-packages/dbcounter.py:115}}
Jul 05 19:43:08.068255 np0000004595 nova-scheduler[93261]: DEBUG dbcounter [-] [93261] Writing DB stats nova_cell0:SELECT=1,nova_cell0:UPDATE=1 {{(pid=93261) stat_writer /opt/stack/data/venv/lib/python3.12/site-packages/dbcounter.py:115}}
Jul 05 19:43:17.062572 np0000004595 nova-scheduler[93261]: DEBUG oslo.service.backend._threading.loopingcall [None req-b2f94d49-03aa-4ffd-bad0-be21caec4094 None None] Dynamic interval looping call 'nova.service.Service.periodic_tasks' sleeping for 60.00 seconds {{(pid=93261) _run_loop /opt/stack/data/venv/lib/python3.12/site-packages/oslo_service/backend/_threading/loopingcall.py:125}}
Jul 05 19:43:20.715156 np0000004595 nova-scheduler[93266]: DEBUG nova.scheduler.manager [None req-133cd332-9b17-4d3b-8cf3-f165cc5b695e tempest-DeleteServersTestJSON-363723334 tempest-DeleteServersTestJSON-363723334-project-member] Starting to schedule for instances: ['d2a68fc9-178d-43f5-b8f2-862dc186e2ab'] {{(pid=93266) select_destinations /opt/stack/nova/nova/scheduler/manager.py:209}}
Jul 05 19:43:20.719149 np0000004595 nova-scheduler[93266]: DEBUG nova.scheduler.request_filter [None req-133cd332-9b17-4d3b-8cf3-f165cc5b695e tempest-DeleteServersTestJSON-363723334 tempest-DeleteServersTestJSON-363723334-project-member] compute_status_filter request filter added forbidden trait COMPUTE_STATUS_DISABLED {{(pid=93266) compute_status_filter /opt/stack/nova/nova/scheduler/request_filter.py:253}}
Jul 05 19:43:20.719654 np0000004595 nova-scheduler[93266]: DEBUG nova.scheduler.request_filter [None req-133cd332-9b17-4d3b-8cf3-f165cc5b695e tempest-DeleteServersTestJSON-363723334 tempest-DeleteServersTestJSON-363723334-project-member] Request filter 'compute_status_filter' took 0.0 seconds {{(pid=93266) wrapper /opt/stack/nova/nova/scheduler/request_filter.py:46}}
Jul 05 19:43:20.720078 np0000004595 nova-scheduler[93266]: DEBUG nova.scheduler.request_filter [None req-133cd332-9b17-4d3b-8cf3-f165cc5b695e tempest-DeleteServersTestJSON-363723334 tempest-DeleteServersTestJSON-363723334-project-member] Request filter 'accelerators_filter' took 0.0 seconds {{(pid=93266) wrapper /opt/stack/nova/nova/scheduler/request_filter.py:46}}
Jul 05 19:43:20.720471 np0000004595 nova-scheduler[93266]: DEBUG nova.scheduler.request_filter [None req-133cd332-9b17-4d3b-8cf3-f165cc5b695e tempest-DeleteServersTestJSON-363723334 tempest-DeleteServersTestJSON-363723334-project-member] Request filter 'packed_virtqueue_filter' took 0.0 seconds {{(pid=93266) wrapper /opt/stack/nova/nova/scheduler/request_filter.py:46}}
Jul 05 19:43:20.720921 np0000004595 nova-scheduler[93266]: DEBUG nova.scheduler.request_filter [None req-133cd332-9b17-4d3b-8cf3-f165cc5b695e tempest-DeleteServersTestJSON-363723334 tempest-DeleteServersTestJSON-363723334-project-member] Request filter 'remote_managed_ports_filter' took 0.0 seconds {{(pid=93266) wrapper /opt/stack/nova/nova/scheduler/request_filter.py:46}}
Jul 05 19:43:20.721224 np0000004595 nova-scheduler[93266]: DEBUG nova.scheduler.request_filter [None req-133cd332-9b17-4d3b-8cf3-f165cc5b695e tempest-DeleteServersTestJSON-363723334 tempest-DeleteServersTestJSON-363723334-project-member] ephemeral_encryption_filter skipped {{(pid=93266) ephemeral_encryption_filter /opt/stack/nova/nova/scheduler/request_filter.py:426}}
Jul 05 19:43:20.721606 np0000004595 nova-scheduler[93266]: DEBUG nova.scheduler.request_filter [None req-133cd332-9b17-4d3b-8cf3-f165cc5b695e tempest-DeleteServersTestJSON-363723334 tempest-DeleteServersTestJSON-363723334-project-member] virtio_sound_filter skipped {{(pid=93266) virtio_sound_filter /opt/stack/nova/nova/scheduler/request_filter.py:460}}
Jul 05 19:43:20.721892 np0000004595 nova-scheduler[93266]: DEBUG nova.scheduler.request_filter [None req-133cd332-9b17-4d3b-8cf3-f165cc5b695e tempest-DeleteServersTestJSON-363723334 tempest-DeleteServersTestJSON-363723334-project-member] tpm_secret_security_filter skipped {{(pid=93266) tpm_secret_security_filter /opt/stack/nova/nova/scheduler/request_filter.py:477}}
Jul 05 19:43:21.220306 np0000004595 nova-scheduler[93266]: INFO nova.utils [None req-133cd332-9b17-4d3b-8cf3-f165cc5b695e tempest-DeleteServersTestJSON-363723334 tempest-DeleteServersTestJSON-363723334-project-member] The cell worker thread pool ForkProcess-2.cell_worker is initialized
Jul 05 19:43:21.220688 np0000004595 nova-scheduler[93266]: DEBUG oslo_concurrency.lockutils [None req-133cd332-9b17-4d3b-8cf3-f165cc5b695e tempest-DeleteServersTestJSON-363723334 tempest-DeleteServersTestJSON-363723334-project-member] Acquiring lock "ce35bc07-f794-47e1-878d-ce29aace0901" by "nova.context.set_target_cell..get_or_set_cached_cell_and_set_connections" {{(pid=93266) inner /opt/stack/data/venv/lib/python3.12/site-packages/oslo_concurrency/lockutils.py:511}}
Jul 05 19:43:21.220901 np0000004595 nova-scheduler[93266]: DEBUG oslo_concurrency.lockutils [None req-133cd332-9b17-4d3b-8cf3-f165cc5b695e tempest-DeleteServersTestJSON-363723334 tempest-DeleteServersTestJSON-363723334-project-member] Lock "ce35bc07-f794-47e1-878d-ce29aace0901" acquired by "nova.context.set_target_cell..get_or_set_cached_cell_and_set_connections" :: waited 0.000s {{(pid=93266) inner /opt/stack/data/venv/lib/python3.12/site-packages/oslo_concurrency/lockutils.py:524}}
Jul 05 19:43:21.222276 np0000004595 nova-scheduler[93266]: DEBUG oslo_concurrency.lockutils [None req-133cd332-9b17-4d3b-8cf3-f165cc5b695e tempest-DeleteServersTestJSON-363723334 tempest-DeleteServersTestJSON-363723334-project-member] Lock "ce35bc07-f794-47e1-878d-ce29aace0901" "released" by "nova.context.set_target_cell..get_or_set_cached_cell_and_set_connections" :: held 0.001s {{(pid=93266) inner /opt/stack/data/venv/lib/python3.12/site-packages/oslo_concurrency/lockutils.py:543}}
Jul 05 19:43:21.223897 np0000004595 nova-scheduler[93266]: INFO dbcounter [None req-133cd332-9b17-4d3b-8cf3-f165cc5b695e tempest-DeleteServersTestJSON-363723334 tempest-DeleteServersTestJSON-363723334-project-member] Registered counter for database nova_cell1
Jul 05 19:43:21.271951 np0000004595 nova-scheduler[93266]: DEBUG oslo_db.sqlalchemy.engines [None req-133cd332-9b17-4d3b-8cf3-f165cc5b695e tempest-DeleteServersTestJSON-363723334 tempest-DeleteServersTestJSON-363723334-project-member] MySQL server mode set to STRICT_TRANS_TABLES,STRICT_ALL_TABLES,NO_ZERO_IN_DATE,NO_ZERO_DATE,ERROR_FOR_DIVISION_BY_ZERO,TRADITIONAL,NO_ENGINE_SUBSTITUTION {{(pid=93266) _check_effective_sql_mode /opt/stack/data/venv/lib/python3.12/site-packages/oslo_db/sqlalchemy/engines.py:325}}
Jul 05 19:43:21.277706 np0000004595 nova-scheduler[93266]: DEBUG dbcounter [-] [93266] Writer thread running {{(pid=93266) stat_writer /opt/stack/data/venv/lib/python3.12/site-packages/dbcounter.py:102}}
Jul 05 19:43:21.292119 np0000004595 nova-scheduler[93266]: DEBUG oslo_db.sqlalchemy.engines [None req-133cd332-9b17-4d3b-8cf3-f165cc5b695e tempest-DeleteServersTestJSON-363723334 tempest-DeleteServersTestJSON-363723334-project-member] Parent process 92057 forked (93266) with an open database connection, which is being discarded and recreated. {{(pid=93266) checkout /opt/stack/data/venv/lib/python3.12/site-packages/oslo_db/sqlalchemy/engines.py:402}}
Jul 05 19:43:21.334171 np0000004595 nova-scheduler[93266]: DEBUG dbcounter [-] [93266] Writer thread running {{(pid=93266) stat_writer /opt/stack/data/venv/lib/python3.12/site-packages/dbcounter.py:102}}
Jul 05 19:43:21.337926 np0000004595 nova-scheduler[93266]: DEBUG oslo_concurrency.lockutils [None req-133cd332-9b17-4d3b-8cf3-f165cc5b695e tempest-DeleteServersTestJSON-363723334 tempest-DeleteServersTestJSON-363723334-project-member] Acquiring lock "ce35bc07-f794-47e1-878d-ce29aace0901" by "nova.context.set_target_cell..get_or_set_cached_cell_and_set_connections" {{(pid=93266) inner /opt/stack/data/venv/lib/python3.12/site-packages/oslo_concurrency/lockutils.py:511}}
Jul 05 19:43:21.338139 np0000004595 nova-scheduler[93266]: DEBUG oslo_concurrency.lockutils [None req-133cd332-9b17-4d3b-8cf3-f165cc5b695e tempest-DeleteServersTestJSON-363723334 tempest-DeleteServersTestJSON-363723334-project-member] Lock "ce35bc07-f794-47e1-878d-ce29aace0901" acquired by "nova.context.set_target_cell..get_or_set_cached_cell_and_set_connections" :: waited 0.000s {{(pid=93266) inner /opt/stack/data/venv/lib/python3.12/site-packages/oslo_concurrency/lockutils.py:524}}
Jul 05 19:43:21.338304 np0000004595 nova-scheduler[93266]: DEBUG oslo_concurrency.lockutils [None req-133cd332-9b17-4d3b-8cf3-f165cc5b695e tempest-DeleteServersTestJSON-363723334 tempest-DeleteServersTestJSON-363723334-project-member] Lock "ce35bc07-f794-47e1-878d-ce29aace0901" "released" by "nova.context.set_target_cell..get_or_set_cached_cell_and_set_connections" :: held 0.000s {{(pid=93266) inner /opt/stack/data/venv/lib/python3.12/site-packages/oslo_concurrency/lockutils.py:543}}
Jul 05 19:43:21.341719 np0000004595 nova-scheduler[93266]: DEBUG oslo_concurrency.lockutils [None req-133cd332-9b17-4d3b-8cf3-f165cc5b695e tempest-DeleteServersTestJSON-363723334 tempest-DeleteServersTestJSON-363723334-project-member] Acquiring lock "np0000004595-np0000004595" by "nova.scheduler.host_manager.HostState.update.._locked_update" {{(pid=93266) inner /opt/stack/data/venv/lib/python3.12/site-packages/oslo_concurrency/lockutils.py:511}}
Jul 05 19:43:21.341857 np0000004595 nova-scheduler[93266]: DEBUG oslo_concurrency.lockutils [None req-133cd332-9b17-4d3b-8cf3-f165cc5b695e tempest-DeleteServersTestJSON-363723334 tempest-DeleteServersTestJSON-363723334-project-member] Lock "np0000004595-np0000004595" acquired by "nova.scheduler.host_manager.HostState.update.._locked_update" :: waited 0.000s {{(pid=93266) inner /opt/stack/data/venv/lib/python3.12/site-packages/oslo_concurrency/lockutils.py:524}}
Jul 05 19:43:21.342712 np0000004595 nova-scheduler[93266]: DEBUG nova.scheduler.host_manager [None req-133cd332-9b17-4d3b-8cf3-f165cc5b695e tempest-DeleteServersTestJSON-363723334 tempest-DeleteServersTestJSON-363723334-project-member] Update host state from compute node: ComputeNode(cpu_allocation_ratio=4.0,cpu_info='{"arch": "x86_64", "model": "EPYC-Milan", "vendor": "AMD", "topology": {"cells": 1, "sockets": 16, "cores": 1, "threads": 1}, "maxphysaddr": {"mode": "emulate", "bits": 40}, "features": ["abm", "pni", "topoext", "osvw", "lbrv", "fxsr", "vpclmulqdq", "xsavec", "mds-no", "fpu", "lfence-always-serializing", "mmxext", "misalignsse", "nrip-save", "tsc", "pat", "pae", "tsc-deadline", "xsaveopt", "cr8legacy", "x2apic", "syscall", "ibrs", "aes", "movbe", "sse", "fma", "rdseed", "msr", "pge", "nx", "sep", "erms", "perfctr_core", "cx16", "arat", "fsgsbase", "rdrand", "mce", "amd-ssbd", "ibpb", "rdtscp", "adx", "pause-filter", "lm", "sse4.1", "vme", "svm", "stibp", "de", "ssse3", "gds-no", "amd-stibp", "tsc-scale", "smap", "xsaves", "apic", "rdctl-no", "clzero", "invpcid", "cmp_legacy", "smep", "xsaveerptr", "xgetbv1", "pfthreshold", "cmov", "avx2", "umip", "sse4.2", "hypervisor", "mmx", "pdpe1gb", "no-nested-data-bp", "avx", "virt-ssbd", "pclmuldq", "lahf_lm", "cx8", "vmcb-clean", "pschange-mc-no", "rdpid", "sse4a", "clflush", "spec-ctrl", "f16c", "mca", "fxsr_opt", "null-sel-clr-base", "vaes", "skip-l1dfl-vmentry", "xsave", "clflushopt", "npt", "ssbd", "mtrr", "bmi1", "vgif", "3dnowprefetch", "pku", "bmi2", "v-vmsave-vmload", "sha-ni", "pse36", "clwb", "wbnoinvd", "arch-capabilities", "tsc_adjust", "sse2", "svme-addr-chk", "fsrm", "amd-psfd", "pse", "flushbyasid", "stibp-always-on", "pcid", "popcnt"]}',created_at=2026-07-05T19:41:18Z,current_workload=0,deleted=False,deleted_at=None,disk_allocation_ratio=1.0,disk_available_least=73,free_disk_gb=95,free_ram_mb=62765,host='np0000004595',host_ip=10.4.3.186,hypervisor_hostname='np0000004595',hypervisor_type='QEMU',hypervisor_version=8002002,id=1,local_gb=95,local_gb_used=0,mapped=1,memory_mb=63277,memory_mb_used=512,metrics='[]',numa_topology='{"nova_object.name": "NUMATopology", "nova_object.namespace": "nova", "nova_object.version": "1.2", "nova_object.data": {"cells": [{"nova_object.name": "NUMACell", "nova_object.namespace": "nova", "nova_object.version": "1.5", "nova_object.data": {"id": 0, "cpuset": [0, 1, 2, 3, 4, 5, 6, 7, 8, 9, 10, 11, 12, 13, 14, 15], "pcpuset": [0, 1, 2, 3, 4, 5, 6, 7, 8, 9, 10, 11, 12, 13, 14, 15], "memory": 63277, "cpu_usage": 0, "memory_usage": 0, "pinned_cpus": [], "siblings": [[6], [12], [2], [15], [5], [11], [8], [14], [4], [1], [7], [10], [0], [13], [3], [9]], "mempages": [{"nova_object.name": "NUMAPagesTopology", "nova_object.namespace": "nova", "nova_object.version": "1.1", "nova_object.data": {"size_kb": 4, "total": 16177929, "used": 0, "reserved": 0}, "nova_object.changes": ["reserved", "used", "size_kb", "total"]}, {"nova_object.name": "NUMAPagesTopology", "nova_object.namespace": "nova", "nova_object.version": "1.1", "nova_object.data": {"size_kb": 2048, "total": 41, "used": 0, "reserved": 0}, "nova_object.changes": ["reserved", "used", "size_kb", "total"]}, {"nova_object.name": "NUMAPagesTopology", "nova_object.namespace": "nova", "nova_object.version": "1.1", "nova_object.data": {"size_kb": 1048576, "total": 0, "used": 0, "reserved": 0}, "nova_object.changes": ["reserved", "used", "size_kb", "total"]}], "network_metadata": {"nova_object.name": "NetworkMetadata", "nova_object.namespace": "nova", "nova_object.version": "1.0", "nova_object.data": {"physnets": [], "tunneled": false}, "nova_object.changes": ["tunneled", "physnets"]}, "socket": null}, "nova_object.changes": ["socket", "siblings", "cpu_usage", "network_metadata", "pcpuset", "pinned_cpus", "mempages", "cpuset", "id", "memory_usage", "memory"]}]}, "nova_object.changes": ["cells"]}',pci_device_pools=PciDevicePoolList,ram_allocation_ratio=1.0,running_vms=0,service_id=2,stats={failed_builds='0',uptime=' 19:43:03 up 13 min, 2 users, load average: 1.56, 1.67, 0.94
Jul 05 19:43:21.342712 np0000004595 nova-scheduler[93266]: '},supported_hv_specs=[HVSpec,HVSpec,HVSpec,HVSpec,HVSpec,HVSpec,HVSpec,HVSpec,HVSpec,HVSpec,HVSpec,HVSpec,HVSpec,HVSpec,HVSpec,HVSpec,HVSpec,HVSpec,HVSpec,HVSpec,HVSpec,HVSpec,HVSpec,HVSpec,HVSpec],updated_at=2026-07-05T19:43:05Z,uuid=c7f9fa5f-a61f-4ff5-944f-65e448475c92,vcpus=16,vcpus_used=0) {{(pid=93266) _locked_update /opt/stack/nova/nova/scheduler/host_manager.py:168}}
Jul 05 19:43:21.343445 np0000004595 nova-scheduler[93266]: DEBUG nova.scheduler.host_manager [None req-133cd332-9b17-4d3b-8cf3-f165cc5b695e tempest-DeleteServersTestJSON-363723334 tempest-DeleteServersTestJSON-363723334-project-member] Update host state with aggregates: [] {{(pid=93266) _locked_update /opt/stack/nova/nova/scheduler/host_manager.py:171}}
Jul 05 19:43:21.343633 np0000004595 nova-scheduler[93266]: DEBUG nova.scheduler.host_manager [None req-133cd332-9b17-4d3b-8cf3-f165cc5b695e tempest-DeleteServersTestJSON-363723334 tempest-DeleteServersTestJSON-363723334-project-member] Update host state with service dict: {'id': 2, 'uuid': '8a8567f4-93f8-46d6-b371-562bc73920b4', 'host': 'np0000004595', 'binary': 'nova-compute', 'topic': 'compute', 'report_count': 1, 'disabled': False, 'disabled_reason': None, 'last_seen_up': datetime.datetime(2026, 7, 5, 19, 41, 27, tzinfo=datetime.timezone.utc), 'forced_down': False, 'version': 72, 'created_at': datetime.datetime(2026, 7, 5, 19, 41, 16, tzinfo=datetime.timezone.utc), 'updated_at': datetime.datetime(2026, 7, 5, 19, 41, 27, tzinfo=datetime.timezone.utc), 'deleted_at': None, 'deleted': False} {{(pid=93266) _locked_update /opt/stack/nova/nova/scheduler/host_manager.py:174}}
Jul 05 19:43:21.343842 np0000004595 nova-scheduler[93266]: DEBUG nova.scheduler.host_manager [None req-133cd332-9b17-4d3b-8cf3-f165cc5b695e tempest-DeleteServersTestJSON-363723334 tempest-DeleteServersTestJSON-363723334-project-member] Update host state with instances: [] {{(pid=93266) _locked_update /opt/stack/nova/nova/scheduler/host_manager.py:177}}
Jul 05 19:43:21.343948 np0000004595 nova-scheduler[93266]: DEBUG oslo_concurrency.lockutils [None req-133cd332-9b17-4d3b-8cf3-f165cc5b695e tempest-DeleteServersTestJSON-363723334 tempest-DeleteServersTestJSON-363723334-project-member] Lock "np0000004595-np0000004595" "released" by "nova.scheduler.host_manager.HostState.update.._locked_update" :: held 0.002s {{(pid=93266) inner /opt/stack/data/venv/lib/python3.12/site-packages/oslo_concurrency/lockutils.py:543}}
Jul 05 19:43:21.344626 np0000004595 nova-scheduler[93266]: DEBUG nova.filters [None req-133cd332-9b17-4d3b-8cf3-f165cc5b695e tempest-DeleteServersTestJSON-363723334 tempest-DeleteServersTestJSON-363723334-project-member] Starting with 1 host(s) {{(pid=93266) get_filtered_objects /opt/stack/nova/nova/filters.py:70}}
Jul 05 19:43:21.344881 np0000004595 nova-scheduler[93266]: DEBUG nova.filters [None req-133cd332-9b17-4d3b-8cf3-f165cc5b695e tempest-DeleteServersTestJSON-363723334 tempest-DeleteServersTestJSON-363723334-project-member] Filter ComputeFilter returned 1 host(s) {{(pid=93266) get_filtered_objects /opt/stack/nova/nova/filters.py:102}}
Jul 05 19:43:21.345089 np0000004595 nova-scheduler[93266]: DEBUG nova.filters [None req-133cd332-9b17-4d3b-8cf3-f165cc5b695e tempest-DeleteServersTestJSON-363723334 tempest-DeleteServersTestJSON-363723334-project-member] Filter ComputeCapabilitiesFilter returned 1 host(s) {{(pid=93266) get_filtered_objects /opt/stack/nova/nova/filters.py:102}}
Jul 05 19:43:21.345382 np0000004595 nova-scheduler[93266]: DEBUG nova.filters [None req-133cd332-9b17-4d3b-8cf3-f165cc5b695e tempest-DeleteServersTestJSON-363723334 tempest-DeleteServersTestJSON-363723334-project-member] Filter ImagePropertiesFilter returned 1 host(s) {{(pid=93266) get_filtered_objects /opt/stack/nova/nova/filters.py:102}}
Jul 05 19:43:21.345564 np0000004595 nova-scheduler[93266]: DEBUG nova.filters [None req-133cd332-9b17-4d3b-8cf3-f165cc5b695e tempest-DeleteServersTestJSON-363723334 tempest-DeleteServersTestJSON-363723334-project-member] Filter ServerGroupAntiAffinityFilter returned 1 host(s) {{(pid=93266) get_filtered_objects /opt/stack/nova/nova/filters.py:102}}
Jul 05 19:43:21.345712 np0000004595 nova-scheduler[93266]: DEBUG nova.filters [None req-133cd332-9b17-4d3b-8cf3-f165cc5b695e tempest-DeleteServersTestJSON-363723334 tempest-DeleteServersTestJSON-363723334-project-member] Filter ServerGroupAffinityFilter returned 1 host(s) {{(pid=93266) get_filtered_objects /opt/stack/nova/nova/filters.py:102}}
Jul 05 19:43:21.345901 np0000004595 nova-scheduler[93266]: DEBUG nova.filters [None req-133cd332-9b17-4d3b-8cf3-f165cc5b695e tempest-DeleteServersTestJSON-363723334 tempest-DeleteServersTestJSON-363723334-project-member] Filter SameHostFilter returned 1 host(s) {{(pid=93266) get_filtered_objects /opt/stack/nova/nova/filters.py:102}}
Jul 05 19:43:21.346049 np0000004595 nova-scheduler[93266]: DEBUG nova.filters [None req-133cd332-9b17-4d3b-8cf3-f165cc5b695e tempest-DeleteServersTestJSON-363723334 tempest-DeleteServersTestJSON-363723334-project-member] Filter DifferentHostFilter returned 1 host(s) {{(pid=93266) get_filtered_objects /opt/stack/nova/nova/filters.py:102}}
Jul 05 19:43:21.346144 np0000004595 nova-scheduler[93266]: DEBUG nova.scheduler.manager [None req-133cd332-9b17-4d3b-8cf3-f165cc5b695e tempest-DeleteServersTestJSON-363723334 tempest-DeleteServersTestJSON-363723334-project-member] Filtered [(np0000004595, np0000004595) ram: 62765MB disk: 74752MB io_ops: 0 instances: 0, allocation_candidates: 1] {{(pid=93266) _get_sorted_hosts /opt/stack/nova/nova/scheduler/manager.py:742}}
Jul 05 19:43:21.346366 np0000004595 nova-scheduler[93266]: DEBUG nova.scheduler.manager [None req-133cd332-9b17-4d3b-8cf3-f165cc5b695e tempest-DeleteServersTestJSON-363723334 tempest-DeleteServersTestJSON-363723334-project-member] Weighed [WeighedHost [host: (np0000004595, np0000004595) ram: 62765MB disk: 74752MB io_ops: 0 instances: 0, allocation_candidates: 1, weight: 0.0]] {{(pid=93266) _get_sorted_hosts /opt/stack/nova/nova/scheduler/manager.py:764}}
Jul 05 19:43:21.346573 np0000004595 nova-scheduler[93266]: DEBUG nova.scheduler.utils [None req-133cd332-9b17-4d3b-8cf3-f165cc5b695e tempest-DeleteServersTestJSON-363723334 tempest-DeleteServersTestJSON-363723334-project-member] Attempting to claim resources in the placement API for instance d2a68fc9-178d-43f5-b8f2-862dc186e2ab {{(pid=93266) claim_resources /opt/stack/nova/nova/scheduler/utils.py:1345}}
Jul 05 19:43:21.519190 np0000004595 nova-scheduler[93266]: DEBUG nova.scheduler.manager [None req-133cd332-9b17-4d3b-8cf3-f165cc5b695e tempest-DeleteServersTestJSON-363723334 tempest-DeleteServersTestJSON-363723334-project-member] [instance: d2a68fc9-178d-43f5-b8f2-862dc186e2ab] Selected host: (np0000004595, np0000004595) ram: 62765MB disk: 74752MB io_ops: 0 instances: 0, allocation_candidates: 1 {{(pid=93266) _consume_selected_host /opt/stack/nova/nova/scheduler/manager.py:624}}
Jul 05 19:43:21.519549 np0000004595 nova-scheduler[93266]: DEBUG oslo_concurrency.lockutils [None req-133cd332-9b17-4d3b-8cf3-f165cc5b695e tempest-DeleteServersTestJSON-363723334 tempest-DeleteServersTestJSON-363723334-project-member] Acquiring lock "np0000004595-np0000004595" by "nova.scheduler.host_manager.HostState.consume_from_request.._locked" {{(pid=93266) inner /opt/stack/data/venv/lib/python3.12/site-packages/oslo_concurrency/lockutils.py:511}}
Jul 05 19:43:21.519750 np0000004595 nova-scheduler[93266]: DEBUG oslo_concurrency.lockutils [None req-133cd332-9b17-4d3b-8cf3-f165cc5b695e tempest-DeleteServersTestJSON-363723334 tempest-DeleteServersTestJSON-363723334-project-member] Lock "np0000004595-np0000004595" acquired by "nova.scheduler.host_manager.HostState.consume_from_request.._locked" :: waited 0.000s {{(pid=93266) inner /opt/stack/data/venv/lib/python3.12/site-packages/oslo_concurrency/lockutils.py:524}}
Jul 05 19:43:21.520194 np0000004595 nova-scheduler[93266]: DEBUG oslo_concurrency.lockutils [None req-133cd332-9b17-4d3b-8cf3-f165cc5b695e tempest-DeleteServersTestJSON-363723334 tempest-DeleteServersTestJSON-363723334-project-member] Lock "np0000004595-np0000004595" "released" by "nova.scheduler.host_manager.HostState.consume_from_request.._locked" :: held 0.000s {{(pid=93266) inner /opt/stack/data/venv/lib/python3.12/site-packages/oslo_concurrency/lockutils.py:543}}
Jul 05 19:43:22.617824 np0000004595 nova-scheduler[93261]: DEBUG nova.scheduler.manager [None req-5dca3c97-f103-43d1-927c-ed11a26fcc31 tempest-AttachVolumeShelveTestJSON-1807394284 tempest-AttachVolumeShelveTestJSON-1807394284-project-member] Starting to schedule for instances: ['4d8e5d52-00c1-4054-a541-2589529f0acf'] {{(pid=93261) select_destinations /opt/stack/nova/nova/scheduler/manager.py:209}}
Jul 05 19:43:22.618696 np0000004595 nova-scheduler[93261]: DEBUG nova.scheduler.request_filter [None req-5dca3c97-f103-43d1-927c-ed11a26fcc31 tempest-AttachVolumeShelveTestJSON-1807394284 tempest-AttachVolumeShelveTestJSON-1807394284-project-member] compute_status_filter request filter added forbidden trait COMPUTE_STATUS_DISABLED {{(pid=93261) compute_status_filter /opt/stack/nova/nova/scheduler/request_filter.py:253}}
Jul 05 19:43:22.618923 np0000004595 nova-scheduler[93261]: DEBUG nova.scheduler.request_filter [None req-5dca3c97-f103-43d1-927c-ed11a26fcc31 tempest-AttachVolumeShelveTestJSON-1807394284 tempest-AttachVolumeShelveTestJSON-1807394284-project-member] Request filter 'compute_status_filter' took 0.0 seconds {{(pid=93261) wrapper /opt/stack/nova/nova/scheduler/request_filter.py:46}}
Jul 05 19:43:22.619207 np0000004595 nova-scheduler[93261]: DEBUG nova.scheduler.request_filter [None req-5dca3c97-f103-43d1-927c-ed11a26fcc31 tempest-AttachVolumeShelveTestJSON-1807394284 tempest-AttachVolumeShelveTestJSON-1807394284-project-member] Request filter 'accelerators_filter' took 0.0 seconds {{(pid=93261) wrapper /opt/stack/nova/nova/scheduler/request_filter.py:46}}
Jul 05 19:43:22.619469 np0000004595 nova-scheduler[93261]: DEBUG nova.scheduler.request_filter [None req-5dca3c97-f103-43d1-927c-ed11a26fcc31 tempest-AttachVolumeShelveTestJSON-1807394284 tempest-AttachVolumeShelveTestJSON-1807394284-project-member] Request filter 'packed_virtqueue_filter' took 0.0 seconds {{(pid=93261) wrapper /opt/stack/nova/nova/scheduler/request_filter.py:46}}
Jul 05 19:43:22.619777 np0000004595 nova-scheduler[93261]: DEBUG nova.scheduler.request_filter [None req-5dca3c97-f103-43d1-927c-ed11a26fcc31 tempest-AttachVolumeShelveTestJSON-1807394284 tempest-AttachVolumeShelveTestJSON-1807394284-project-member] Request filter 'remote_managed_ports_filter' took 0.0 seconds {{(pid=93261) wrapper /opt/stack/nova/nova/scheduler/request_filter.py:46}}
Jul 05 19:43:22.619950 np0000004595 nova-scheduler[93261]: DEBUG nova.scheduler.request_filter [None req-5dca3c97-f103-43d1-927c-ed11a26fcc31 tempest-AttachVolumeShelveTestJSON-1807394284 tempest-AttachVolumeShelveTestJSON-1807394284-project-member] ephemeral_encryption_filter skipped {{(pid=93261) ephemeral_encryption_filter /opt/stack/nova/nova/scheduler/request_filter.py:426}}
Jul 05 19:43:22.620138 np0000004595 nova-scheduler[93261]: DEBUG nova.scheduler.request_filter [None req-5dca3c97-f103-43d1-927c-ed11a26fcc31 tempest-AttachVolumeShelveTestJSON-1807394284 tempest-AttachVolumeShelveTestJSON-1807394284-project-member] virtio_sound_filter skipped {{(pid=93261) virtio_sound_filter /opt/stack/nova/nova/scheduler/request_filter.py:460}}
Jul 05 19:43:22.620488 np0000004595 nova-scheduler[93261]: DEBUG nova.scheduler.request_filter [None req-5dca3c97-f103-43d1-927c-ed11a26fcc31 tempest-AttachVolumeShelveTestJSON-1807394284 tempest-AttachVolumeShelveTestJSON-1807394284-project-member] tpm_secret_security_filter skipped {{(pid=93261) tpm_secret_security_filter /opt/stack/nova/nova/scheduler/request_filter.py:477}}
Jul 05 19:43:22.728090 np0000004595 nova-scheduler[93261]: INFO nova.utils [None req-5dca3c97-f103-43d1-927c-ed11a26fcc31 tempest-AttachVolumeShelveTestJSON-1807394284 tempest-AttachVolumeShelveTestJSON-1807394284-project-member] The cell worker thread pool ForkProcess-1.cell_worker is initialized
Jul 05 19:43:22.728434 np0000004595 nova-scheduler[93261]: DEBUG oslo_concurrency.lockutils [None req-5dca3c97-f103-43d1-927c-ed11a26fcc31 tempest-AttachVolumeShelveTestJSON-1807394284 tempest-AttachVolumeShelveTestJSON-1807394284-project-member] Acquiring lock "ce35bc07-f794-47e1-878d-ce29aace0901" by "nova.context.set_target_cell..get_or_set_cached_cell_and_set_connections" {{(pid=93261) inner /opt/stack/data/venv/lib/python3.12/site-packages/oslo_concurrency/lockutils.py:511}}
Jul 05 19:43:22.728699 np0000004595 nova-scheduler[93261]: DEBUG oslo_concurrency.lockutils [None req-5dca3c97-f103-43d1-927c-ed11a26fcc31 tempest-AttachVolumeShelveTestJSON-1807394284 tempest-AttachVolumeShelveTestJSON-1807394284-project-member] Lock "ce35bc07-f794-47e1-878d-ce29aace0901" acquired by "nova.context.set_target_cell..get_or_set_cached_cell_and_set_connections" :: waited 0.000s {{(pid=93261) inner /opt/stack/data/venv/lib/python3.12/site-packages/oslo_concurrency/lockutils.py:524}}
Jul 05 19:43:22.730091 np0000004595 nova-scheduler[93261]: DEBUG oslo_concurrency.lockutils [None req-5dca3c97-f103-43d1-927c-ed11a26fcc31 tempest-AttachVolumeShelveTestJSON-1807394284 tempest-AttachVolumeShelveTestJSON-1807394284-project-member] Lock "ce35bc07-f794-47e1-878d-ce29aace0901" "released" by "nova.context.set_target_cell..get_or_set_cached_cell_and_set_connections" :: held 0.001s {{(pid=93261) inner /opt/stack/data/venv/lib/python3.12/site-packages/oslo_concurrency/lockutils.py:543}}
Jul 05 19:43:22.732581 np0000004595 nova-scheduler[93261]: INFO dbcounter [None req-5dca3c97-f103-43d1-927c-ed11a26fcc31 tempest-AttachVolumeShelveTestJSON-1807394284 tempest-AttachVolumeShelveTestJSON-1807394284-project-member] Registered counter for database nova_cell1
Jul 05 19:43:22.765711 np0000004595 nova-scheduler[93261]: DEBUG oslo_db.sqlalchemy.engines [None req-5dca3c97-f103-43d1-927c-ed11a26fcc31 tempest-AttachVolumeShelveTestJSON-1807394284 tempest-AttachVolumeShelveTestJSON-1807394284-project-member] MySQL server mode set to STRICT_TRANS_TABLES,STRICT_ALL_TABLES,NO_ZERO_IN_DATE,NO_ZERO_DATE,ERROR_FOR_DIVISION_BY_ZERO,TRADITIONAL,NO_ENGINE_SUBSTITUTION {{(pid=93261) _check_effective_sql_mode /opt/stack/data/venv/lib/python3.12/site-packages/oslo_db/sqlalchemy/engines.py:325}}
Jul 05 19:43:22.771230 np0000004595 nova-scheduler[93261]: DEBUG dbcounter [-] [93261] Writer thread running {{(pid=93261) stat_writer /opt/stack/data/venv/lib/python3.12/site-packages/dbcounter.py:102}}
Jul 05 19:43:22.825612 np0000004595 nova-scheduler[93261]: DEBUG dbcounter [-] [93261] Writer thread running {{(pid=93261) stat_writer /opt/stack/data/venv/lib/python3.12/site-packages/dbcounter.py:102}}
Jul 05 19:43:22.831986 np0000004595 nova-scheduler[93261]: DEBUG oslo_concurrency.lockutils [None req-5dca3c97-f103-43d1-927c-ed11a26fcc31 tempest-AttachVolumeShelveTestJSON-1807394284 tempest-AttachVolumeShelveTestJSON-1807394284-project-member] Acquiring lock "ce35bc07-f794-47e1-878d-ce29aace0901" by "nova.context.set_target_cell..get_or_set_cached_cell_and_set_connections" {{(pid=93261) inner /opt/stack/data/venv/lib/python3.12/site-packages/oslo_concurrency/lockutils.py:511}}
Jul 05 19:43:22.832384 np0000004595 nova-scheduler[93261]: DEBUG oslo_concurrency.lockutils [None req-5dca3c97-f103-43d1-927c-ed11a26fcc31 tempest-AttachVolumeShelveTestJSON-1807394284 tempest-AttachVolumeShelveTestJSON-1807394284-project-member] Lock "ce35bc07-f794-47e1-878d-ce29aace0901" acquired by "nova.context.set_target_cell..get_or_set_cached_cell_and_set_connections" :: waited 0.000s {{(pid=93261) inner /opt/stack/data/venv/lib/python3.12/site-packages/oslo_concurrency/lockutils.py:524}}
Jul 05 19:43:22.832384 np0000004595 nova-scheduler[93261]: DEBUG oslo_concurrency.lockutils [None req-5dca3c97-f103-43d1-927c-ed11a26fcc31 tempest-AttachVolumeShelveTestJSON-1807394284 tempest-AttachVolumeShelveTestJSON-1807394284-project-member] Lock "ce35bc07-f794-47e1-878d-ce29aace0901" "released" by "nova.context.set_target_cell..get_or_set_cached_cell_and_set_connections" :: held 0.000s {{(pid=93261) inner /opt/stack/data/venv/lib/python3.12/site-packages/oslo_concurrency/lockutils.py:543}}
Jul 05 19:43:22.843347 np0000004595 nova-scheduler[93261]: DEBUG oslo_concurrency.lockutils [None req-5dca3c97-f103-43d1-927c-ed11a26fcc31 tempest-AttachVolumeShelveTestJSON-1807394284 tempest-AttachVolumeShelveTestJSON-1807394284-project-member] Acquiring lock "np0000004595-np0000004595" by "nova.scheduler.host_manager.HostState.update.._locked_update" {{(pid=93261) inner /opt/stack/data/venv/lib/python3.12/site-packages/oslo_concurrency/lockutils.py:511}}
Jul 05 19:43:22.843508 np0000004595 nova-scheduler[93261]: DEBUG oslo_concurrency.lockutils [None req-5dca3c97-f103-43d1-927c-ed11a26fcc31 tempest-AttachVolumeShelveTestJSON-1807394284 tempest-AttachVolumeShelveTestJSON-1807394284-project-member] Lock "np0000004595-np0000004595" acquired by "nova.scheduler.host_manager.HostState.update.._locked_update" :: waited 0.000s {{(pid=93261) inner /opt/stack/data/venv/lib/python3.12/site-packages/oslo_concurrency/lockutils.py:524}}
