Jul 04 22:45:07.277199 np0000004538 nova-conductor[98975]: DEBUG cotyledon.oslo_config_glue [-] profiler.es_scroll_size = 10000 {{(pid=98975) log_opt_values /opt/stack/data/venv/lib/python3.12/site-packages/oslo_config/cfg.py:3253}}
Jul 04 22:45:07.277199 np0000004538 nova-conductor[98975]: DEBUG cotyledon.oslo_config_glue [-] profiler.es_scroll_time = 2m {{(pid=98975) log_opt_values /opt/stack/data/venv/lib/python3.12/site-packages/oslo_config/cfg.py:3253}}
Jul 04 22:45:07.277620 np0000004538 nova-conductor[98975]: DEBUG cotyledon.oslo_config_glue [-] profiler.filter_error_trace = False {{(pid=98975) log_opt_values /opt/stack/data/venv/lib/python3.12/site-packages/oslo_config/cfg.py:3253}}
Jul 04 22:45:07.277620 np0000004538 nova-conductor[98975]: DEBUG cotyledon.oslo_config_glue [-] profiler.hmac_keys = **** {{(pid=98975) log_opt_values /opt/stack/data/venv/lib/python3.12/site-packages/oslo_config/cfg.py:3253}}
Jul 04 22:45:07.277620 np0000004538 nova-conductor[98975]: DEBUG cotyledon.oslo_config_glue [-] profiler.sentinel_service_name = mymaster {{(pid=98975) log_opt_values /opt/stack/data/venv/lib/python3.12/site-packages/oslo_config/cfg.py:3253}}
Jul 04 22:45:07.277620 np0000004538 nova-conductor[98975]: DEBUG cotyledon.oslo_config_glue [-] profiler.socket_timeout = 0.1 {{(pid=98975) log_opt_values /opt/stack/data/venv/lib/python3.12/site-packages/oslo_config/cfg.py:3253}}
Jul 04 22:45:07.277620 np0000004538 nova-conductor[98975]: DEBUG cotyledon.oslo_config_glue [-] profiler.trace_requests = False {{(pid=98975) log_opt_values /opt/stack/data/venv/lib/python3.12/site-packages/oslo_config/cfg.py:3253}}
Jul 04 22:45:07.277620 np0000004538 nova-conductor[98975]: DEBUG cotyledon.oslo_config_glue [-] profiler.trace_sqlalchemy = False {{(pid=98975) log_opt_values /opt/stack/data/venv/lib/python3.12/site-packages/oslo_config/cfg.py:3253}}
Jul 04 22:45:07.277620 np0000004538 nova-conductor[98975]: DEBUG cotyledon.oslo_config_glue [-] profiler_jaeger.process_tags = {} {{(pid=98975) log_opt_values /opt/stack/data/venv/lib/python3.12/site-packages/oslo_config/cfg.py:3253}}
Jul 04 22:45:07.277620 np0000004538 nova-conductor[98975]: DEBUG cotyledon.oslo_config_glue [-] profiler_jaeger.service_name_prefix = None {{(pid=98975) log_opt_values /opt/stack/data/venv/lib/python3.12/site-packages/oslo_config/cfg.py:3253}}
Jul 04 22:45:07.277620 np0000004538 nova-conductor[98975]: DEBUG cotyledon.oslo_config_glue [-] profiler_otlp.service_name_prefix = None {{(pid=98975) log_opt_values /opt/stack/data/venv/lib/python3.12/site-packages/oslo_config/cfg.py:3253}}
Jul 04 22:45:07.277915 np0000004538 nova-conductor[98975]: DEBUG cotyledon.oslo_config_glue [-] oslo_messaging_rabbit.amqp_auto_delete = False {{(pid=98975) log_opt_values /opt/stack/data/venv/lib/python3.12/site-packages/oslo_config/cfg.py:3253}}
Jul 04 22:45:07.277915 np0000004538 nova-conductor[98975]: DEBUG cotyledon.oslo_config_glue [-] oslo_messaging_rabbit.amqp_durable_queues = False {{(pid=98975) log_opt_values /opt/stack/data/venv/lib/python3.12/site-packages/oslo_config/cfg.py:3253}}
Jul 04 22:45:07.277915 np0000004538 nova-conductor[98975]: DEBUG cotyledon.oslo_config_glue [-] oslo_messaging_rabbit.conn_pool_min_size = 2 {{(pid=98975) log_opt_values /opt/stack/data/venv/lib/python3.12/site-packages/oslo_config/cfg.py:3253}}
Jul 04 22:45:07.277915 np0000004538 nova-conductor[98975]: DEBUG cotyledon.oslo_config_glue [-] oslo_messaging_rabbit.conn_pool_ttl = 1200 {{(pid=98975) log_opt_values /opt/stack/data/venv/lib/python3.12/site-packages/oslo_config/cfg.py:3253}}
Jul 04 22:45:07.277915 np0000004538 nova-conductor[98975]: DEBUG cotyledon.oslo_config_glue [-] oslo_messaging_rabbit.direct_mandatory_flag = True {{(pid=98975) log_opt_values /opt/stack/data/venv/lib/python3.12/site-packages/oslo_config/cfg.py:3253}}
Jul 04 22:45:07.277915 np0000004538 nova-conductor[98975]: DEBUG cotyledon.oslo_config_glue [-] oslo_messaging_rabbit.enable_cancel_on_failover = False {{(pid=98975) log_opt_values /opt/stack/data/venv/lib/python3.12/site-packages/oslo_config/cfg.py:3253}}
Jul 04 22:45:07.277915 np0000004538 nova-conductor[98975]: DEBUG cotyledon.oslo_config_glue [-] oslo_messaging_rabbit.heartbeat_rate = 3 {{(pid=98975) log_opt_values /opt/stack/data/venv/lib/python3.12/site-packages/oslo_config/cfg.py:3253}}
Jul 04 22:45:07.277915 np0000004538 nova-conductor[98975]: DEBUG cotyledon.oslo_config_glue [-] oslo_messaging_rabbit.heartbeat_timeout_threshold = 60 {{(pid=98975) log_opt_values /opt/stack/data/venv/lib/python3.12/site-packages/oslo_config/cfg.py:3253}}
Jul 04 22:45:07.277915 np0000004538 nova-conductor[98975]: DEBUG cotyledon.oslo_config_glue [-] oslo_messaging_rabbit.hostname = np0000004538 {{(pid=98975) log_opt_values /opt/stack/data/venv/lib/python3.12/site-packages/oslo_config/cfg.py:3253}}
Jul 04 22:45:07.278326 np0000004538 nova-conductor[98975]: DEBUG cotyledon.oslo_config_glue [-] oslo_messaging_rabbit.kombu_compression = None {{(pid=98975) log_opt_values /opt/stack/data/venv/lib/python3.12/site-packages/oslo_config/cfg.py:3253}}
Jul 04 22:45:07.278326 np0000004538 nova-conductor[98975]: DEBUG cotyledon.oslo_config_glue [-] oslo_messaging_rabbit.kombu_failover_strategy = round-robin {{(pid=98975) log_opt_values /opt/stack/data/venv/lib/python3.12/site-packages/oslo_config/cfg.py:3253}}
Jul 04 22:45:07.278326 np0000004538 nova-conductor[98975]: DEBUG cotyledon.oslo_config_glue [-] oslo_messaging_rabbit.kombu_missing_consumer_retry_timeout = 60 {{(pid=98975) log_opt_values /opt/stack/data/venv/lib/python3.12/site-packages/oslo_config/cfg.py:3253}}
Jul 04 22:45:07.278326 np0000004538 nova-conductor[98975]: DEBUG cotyledon.oslo_config_glue [-] oslo_messaging_rabbit.kombu_reconnect_delay = 1.0 {{(pid=98975) log_opt_values /opt/stack/data/venv/lib/python3.12/site-packages/oslo_config/cfg.py:3253}}
Jul 04 22:45:07.278326 np0000004538 nova-conductor[98975]: DEBUG cotyledon.oslo_config_glue [-] oslo_messaging_rabbit.kombu_reconnect_splay = 0.0 {{(pid=98975) log_opt_values /opt/stack/data/venv/lib/python3.12/site-packages/oslo_config/cfg.py:3253}}
Jul 04 22:45:07.278326 np0000004538 nova-conductor[98975]: DEBUG cotyledon.oslo_config_glue [-] oslo_messaging_rabbit.processname = nova-conductor {{(pid=98975) log_opt_values /opt/stack/data/venv/lib/python3.12/site-packages/oslo_config/cfg.py:3253}}
Jul 04 22:45:07.278326 np0000004538 nova-conductor[98975]: DEBUG cotyledon.oslo_config_glue [-] oslo_messaging_rabbit.rabbit_ha_queues = False {{(pid=98975) log_opt_values /opt/stack/data/venv/lib/python3.12/site-packages/oslo_config/cfg.py:3253}}
Jul 04 22:45:07.278326 np0000004538 nova-conductor[98975]: DEBUG cotyledon.oslo_config_glue [-] oslo_messaging_rabbit.rabbit_interval_max = 30 {{(pid=98975) log_opt_values /opt/stack/data/venv/lib/python3.12/site-packages/oslo_config/cfg.py:3253}}
Jul 04 22:45:07.278326 np0000004538 nova-conductor[98975]: DEBUG cotyledon.oslo_config_glue [-] oslo_messaging_rabbit.rabbit_login_method = AMQPLAIN {{(pid=98975) log_opt_values /opt/stack/data/venv/lib/python3.12/site-packages/oslo_config/cfg.py:3253}}
Jul 04 22:45:07.278790 np0000004538 nova-conductor[98975]: DEBUG cotyledon.oslo_config_glue [-] oslo_messaging_rabbit.rabbit_qos_prefetch_count = 0 {{(pid=98975) log_opt_values /opt/stack/data/venv/lib/python3.12/site-packages/oslo_config/cfg.py:3253}}
Jul 04 22:45:07.278790 np0000004538 nova-conductor[98975]: DEBUG cotyledon.oslo_config_glue [-] oslo_messaging_rabbit.rabbit_quorum_delivery_limit = 0 {{(pid=98975) log_opt_values /opt/stack/data/venv/lib/python3.12/site-packages/oslo_config/cfg.py:3253}}
Jul 04 22:45:07.278790 np0000004538 nova-conductor[98975]: DEBUG cotyledon.oslo_config_glue [-] oslo_messaging_rabbit.rabbit_quorum_max_memory_bytes = 0 {{(pid=98975) log_opt_values /opt/stack/data/venv/lib/python3.12/site-packages/oslo_config/cfg.py:3253}}
Jul 04 22:45:07.278790 np0000004538 nova-conductor[98975]: DEBUG cotyledon.oslo_config_glue [-] oslo_messaging_rabbit.rabbit_quorum_max_memory_length = 0 {{(pid=98975) log_opt_values /opt/stack/data/venv/lib/python3.12/site-packages/oslo_config/cfg.py:3253}}
Jul 04 22:45:07.278790 np0000004538 nova-conductor[98975]: DEBUG cotyledon.oslo_config_glue [-] oslo_messaging_rabbit.rabbit_quorum_queue = False {{(pid=98975) log_opt_values /opt/stack/data/venv/lib/python3.12/site-packages/oslo_config/cfg.py:3253}}
Jul 04 22:45:07.278790 np0000004538 nova-conductor[98975]: DEBUG cotyledon.oslo_config_glue [-] oslo_messaging_rabbit.rabbit_retry_backoff = 2 {{(pid=98975) log_opt_values /opt/stack/data/venv/lib/python3.12/site-packages/oslo_config/cfg.py:3253}}
Jul 04 22:45:07.278790 np0000004538 nova-conductor[98975]: DEBUG cotyledon.oslo_config_glue [-] oslo_messaging_rabbit.rabbit_retry_interval = 1 {{(pid=98975) log_opt_values /opt/stack/data/venv/lib/python3.12/site-packages/oslo_config/cfg.py:3253}}
Jul 04 22:45:07.278790 np0000004538 nova-conductor[98975]: DEBUG cotyledon.oslo_config_glue [-] oslo_messaging_rabbit.rabbit_stream_fanout = False {{(pid=98975) log_opt_values /opt/stack/data/venv/lib/python3.12/site-packages/oslo_config/cfg.py:3253}}
Jul 04 22:45:07.279034 np0000004538 nova-conductor[98975]: DEBUG cotyledon.oslo_config_glue [-] oslo_messaging_rabbit.rabbit_transient_queues_ttl = 1800 {{(pid=98975) log_opt_values /opt/stack/data/venv/lib/python3.12/site-packages/oslo_config/cfg.py:3253}}
Jul 04 22:45:07.279034 np0000004538 nova-conductor[98975]: DEBUG cotyledon.oslo_config_glue [-] oslo_messaging_rabbit.rabbit_transient_quorum_queue = False {{(pid=98975) log_opt_values /opt/stack/data/venv/lib/python3.12/site-packages/oslo_config/cfg.py:3253}}
Jul 04 22:45:07.279034 np0000004538 nova-conductor[98975]: DEBUG cotyledon.oslo_config_glue [-] oslo_messaging_rabbit.rpc_conn_pool_size = 30 {{(pid=98975) log_opt_values /opt/stack/data/venv/lib/python3.12/site-packages/oslo_config/cfg.py:3253}}
Jul 04 22:45:07.279034 np0000004538 nova-conductor[98975]: DEBUG cotyledon.oslo_config_glue [-] oslo_messaging_rabbit.ssl = False {{(pid=98975) log_opt_values /opt/stack/data/venv/lib/python3.12/site-packages/oslo_config/cfg.py:3253}}
Jul 04 22:45:07.279034 np0000004538 nova-conductor[98975]: DEBUG cotyledon.oslo_config_glue [-] oslo_messaging_rabbit.ssl_ca_file = {{(pid=98975) log_opt_values /opt/stack/data/venv/lib/python3.12/site-packages/oslo_config/cfg.py:3253}}
Jul 04 22:45:07.279034 np0000004538 nova-conductor[98975]: DEBUG cotyledon.oslo_config_glue [-] oslo_messaging_rabbit.ssl_cert_file = {{(pid=98975) log_opt_values /opt/stack/data/venv/lib/python3.12/site-packages/oslo_config/cfg.py:3253}}
Jul 04 22:45:07.279034 np0000004538 nova-conductor[98975]: DEBUG cotyledon.oslo_config_glue [-] oslo_messaging_rabbit.ssl_enforce_fips_mode = False {{(pid=98975) log_opt_values /opt/stack/data/venv/lib/python3.12/site-packages/oslo_config/cfg.py:3253}}
Jul 04 22:45:07.279034 np0000004538 nova-conductor[98975]: DEBUG cotyledon.oslo_config_glue [-] oslo_messaging_rabbit.ssl_enforce_hostname_verification = True {{(pid=98975) log_opt_values /opt/stack/data/venv/lib/python3.12/site-packages/oslo_config/cfg.py:3253}}
Jul 04 22:45:07.279034 np0000004538 nova-conductor[98975]: DEBUG cotyledon.oslo_config_glue [-] oslo_messaging_rabbit.ssl_key_file = {{(pid=98975) log_opt_values /opt/stack/data/venv/lib/python3.12/site-packages/oslo_config/cfg.py:3253}}
Jul 04 22:45:07.279346 np0000004538 nova-conductor[98975]: DEBUG cotyledon.oslo_config_glue [-] oslo_messaging_rabbit.ssl_version = {{(pid=98975) log_opt_values /opt/stack/data/venv/lib/python3.12/site-packages/oslo_config/cfg.py:3253}}
Jul 04 22:45:07.279346 np0000004538 nova-conductor[98975]: DEBUG cotyledon.oslo_config_glue [-] oslo_messaging_rabbit.use_queue_manager = False {{(pid=98975) log_opt_values /opt/stack/data/venv/lib/python3.12/site-packages/oslo_config/cfg.py:3253}}
Jul 04 22:45:07.279346 np0000004538 nova-conductor[98975]: DEBUG cotyledon.oslo_config_glue [-] oslo_messaging_notifications.driver = ['messagingv2'] {{(pid=98975) log_opt_values /opt/stack/data/venv/lib/python3.12/site-packages/oslo_config/cfg.py:3253}}
Jul 04 22:45:07.279346 np0000004538 nova-conductor[98975]: DEBUG cotyledon.oslo_config_glue [-] oslo_messaging_notifications.retry = -1 {{(pid=98975) log_opt_values /opt/stack/data/venv/lib/python3.12/site-packages/oslo_config/cfg.py:3253}}
Jul 04 22:45:07.279346 np0000004538 nova-conductor[98975]: DEBUG cotyledon.oslo_config_glue [-] oslo_messaging_notifications.topics = ['notifications'] {{(pid=98975) log_opt_values /opt/stack/data/venv/lib/python3.12/site-packages/oslo_config/cfg.py:3253}}
Jul 04 22:45:07.279346 np0000004538 nova-conductor[98975]: DEBUG cotyledon.oslo_config_glue [-] oslo_messaging_notifications.transport_url = **** {{(pid=98975) log_opt_values /opt/stack/data/venv/lib/python3.12/site-packages/oslo_config/cfg.py:3253}}
Jul 04 22:45:07.279346 np0000004538 nova-conductor[98975]: DEBUG cotyledon.oslo_config_glue [-] oslo_limit.auth_section = None {{(pid=98975) log_opt_values /opt/stack/data/venv/lib/python3.12/site-packages/oslo_config/cfg.py:3253}}
Jul 04 22:45:07.279346 np0000004538 nova-conductor[98975]: DEBUG cotyledon.oslo_config_glue [-] oslo_limit.auth_type = None {{(pid=98975) log_opt_values /opt/stack/data/venv/lib/python3.12/site-packages/oslo_config/cfg.py:3253}}
Jul 04 22:45:07.279346 np0000004538 nova-conductor[98975]: DEBUG cotyledon.oslo_config_glue [-] oslo_limit.cafile = None {{(pid=98975) log_opt_values /opt/stack/data/venv/lib/python3.12/site-packages/oslo_config/cfg.py:3253}}
Jul 04 22:45:07.279619 np0000004538 nova-conductor[98975]: DEBUG cotyledon.oslo_config_glue [-] oslo_limit.certfile = None {{(pid=98975) log_opt_values /opt/stack/data/venv/lib/python3.12/site-packages/oslo_config/cfg.py:3253}}
Jul 04 22:45:07.279619 np0000004538 nova-conductor[98975]: DEBUG cotyledon.oslo_config_glue [-] oslo_limit.collect_timing = False {{(pid=98975) log_opt_values /opt/stack/data/venv/lib/python3.12/site-packages/oslo_config/cfg.py:3253}}
Jul 04 22:45:07.279619 np0000004538 nova-conductor[98975]: DEBUG cotyledon.oslo_config_glue [-] oslo_limit.connect_retries = None {{(pid=98975) log_opt_values /opt/stack/data/venv/lib/python3.12/site-packages/oslo_config/cfg.py:3253}}
Jul 04 22:45:07.279619 np0000004538 nova-conductor[98975]: DEBUG cotyledon.oslo_config_glue [-] oslo_limit.connect_retry_delay = None {{(pid=98975) log_opt_values /opt/stack/data/venv/lib/python3.12/site-packages/oslo_config/cfg.py:3253}}
Jul 04 22:45:07.279619 np0000004538 nova-conductor[98975]: DEBUG cotyledon.oslo_config_glue [-] oslo_limit.endpoint_id = None {{(pid=98975) log_opt_values /opt/stack/data/venv/lib/python3.12/site-packages/oslo_config/cfg.py:3253}}
Jul 04 22:45:07.279619 np0000004538 nova-conductor[98975]: DEBUG cotyledon.oslo_config_glue [-] oslo_limit.endpoint_interface = public {{(pid=98975) log_opt_values /opt/stack/data/venv/lib/python3.12/site-packages/oslo_config/cfg.py:3253}}
Jul 04 22:45:07.279619 np0000004538 nova-conductor[98975]: DEBUG cotyledon.oslo_config_glue [-] oslo_limit.endpoint_override = None {{(pid=98975) log_opt_values /opt/stack/data/venv/lib/python3.12/site-packages/oslo_config/cfg.py:3253}}
Jul 04 22:45:07.279619 np0000004538 nova-conductor[98975]: DEBUG cotyledon.oslo_config_glue [-] oslo_limit.endpoint_region_name = None {{(pid=98975) log_opt_values /opt/stack/data/venv/lib/python3.12/site-packages/oslo_config/cfg.py:3253}}
Jul 04 22:45:07.279619 np0000004538 nova-conductor[98975]: DEBUG cotyledon.oslo_config_glue [-] oslo_limit.endpoint_service_name = None {{(pid=98975) log_opt_values /opt/stack/data/venv/lib/python3.12/site-packages/oslo_config/cfg.py:3253}}
Jul 04 22:45:07.279892 np0000004538 nova-conductor[98975]: DEBUG cotyledon.oslo_config_glue [-] oslo_limit.endpoint_service_type = None {{(pid=98975) log_opt_values /opt/stack/data/venv/lib/python3.12/site-packages/oslo_config/cfg.py:3253}}
Jul 04 22:45:07.279892 np0000004538 nova-conductor[98975]: DEBUG cotyledon.oslo_config_glue [-] oslo_limit.insecure = False {{(pid=98975) log_opt_values /opt/stack/data/venv/lib/python3.12/site-packages/oslo_config/cfg.py:3253}}
Jul 04 22:45:07.279892 np0000004538 nova-conductor[98975]: DEBUG cotyledon.oslo_config_glue [-] oslo_limit.keyfile = None {{(pid=98975) log_opt_values /opt/stack/data/venv/lib/python3.12/site-packages/oslo_config/cfg.py:3253}}
Jul 04 22:45:07.279892 np0000004538 nova-conductor[98975]: DEBUG cotyledon.oslo_config_glue [-] oslo_limit.max_version = None {{(pid=98975) log_opt_values /opt/stack/data/venv/lib/python3.12/site-packages/oslo_config/cfg.py:3253}}
Jul 04 22:45:07.279892 np0000004538 nova-conductor[98975]: DEBUG cotyledon.oslo_config_glue [-] oslo_limit.min_version = None {{(pid=98975) log_opt_values /opt/stack/data/venv/lib/python3.12/site-packages/oslo_config/cfg.py:3253}}
Jul 04 22:45:07.279892 np0000004538 nova-conductor[98975]: DEBUG cotyledon.oslo_config_glue [-] oslo_limit.region_name = None {{(pid=98975) log_opt_values /opt/stack/data/venv/lib/python3.12/site-packages/oslo_config/cfg.py:3253}}
Jul 04 22:45:07.279892 np0000004538 nova-conductor[98975]: DEBUG cotyledon.oslo_config_glue [-] oslo_limit.retriable_status_codes = None {{(pid=98975) log_opt_values /opt/stack/data/venv/lib/python3.12/site-packages/oslo_config/cfg.py:3253}}
Jul 04 22:45:07.279892 np0000004538 nova-conductor[98975]: DEBUG cotyledon.oslo_config_glue [-] oslo_limit.service_name = None {{(pid=98975) log_opt_values /opt/stack/data/venv/lib/python3.12/site-packages/oslo_config/cfg.py:3253}}
Jul 04 22:45:07.279892 np0000004538 nova-conductor[98975]: DEBUG cotyledon.oslo_config_glue [-] oslo_limit.service_type = None {{(pid=98975) log_opt_values /opt/stack/data/venv/lib/python3.12/site-packages/oslo_config/cfg.py:3253}}
Jul 04 22:45:07.280188 np0000004538 nova-conductor[98975]: DEBUG cotyledon.oslo_config_glue [-] oslo_limit.split_loggers = False {{(pid=98975) log_opt_values /opt/stack/data/venv/lib/python3.12/site-packages/oslo_config/cfg.py:3253}}
Jul 04 22:45:07.280188 np0000004538 nova-conductor[98975]: DEBUG cotyledon.oslo_config_glue [-] oslo_limit.status_code_retries = None {{(pid=98975) log_opt_values /opt/stack/data/venv/lib/python3.12/site-packages/oslo_config/cfg.py:3253}}
Jul 04 22:45:07.280188 np0000004538 nova-conductor[98975]: DEBUG cotyledon.oslo_config_glue [-] oslo_limit.status_code_retry_delay = None {{(pid=98975) log_opt_values /opt/stack/data/venv/lib/python3.12/site-packages/oslo_config/cfg.py:3253}}
Jul 04 22:45:07.280188 np0000004538 nova-conductor[98975]: DEBUG cotyledon.oslo_config_glue [-] oslo_limit.timeout = None {{(pid=98975) log_opt_values /opt/stack/data/venv/lib/python3.12/site-packages/oslo_config/cfg.py:3253}}
Jul 04 22:45:07.280188 np0000004538 nova-conductor[98975]: DEBUG cotyledon.oslo_config_glue [-] oslo_limit.valid_interfaces = None {{(pid=98975) log_opt_values /opt/stack/data/venv/lib/python3.12/site-packages/oslo_config/cfg.py:3253}}
Jul 04 22:45:07.280188 np0000004538 nova-conductor[98975]: DEBUG cotyledon.oslo_config_glue [-] oslo_limit.version = None {{(pid=98975) log_opt_values /opt/stack/data/venv/lib/python3.12/site-packages/oslo_config/cfg.py:3253}}
Jul 04 22:45:07.280188 np0000004538 nova-conductor[98975]: DEBUG cotyledon.oslo_config_glue [-] oslo_reports.file_event_handler = None {{(pid=98975) log_opt_values /opt/stack/data/venv/lib/python3.12/site-packages/oslo_config/cfg.py:3253}}
Jul 04 22:45:07.280188 np0000004538 nova-conductor[98975]: DEBUG cotyledon.oslo_config_glue [-] oslo_reports.file_event_handler_interval = 1 {{(pid=98975) log_opt_values /opt/stack/data/venv/lib/python3.12/site-packages/oslo_config/cfg.py:3253}}
Jul 04 22:45:07.280188 np0000004538 nova-conductor[98975]: DEBUG cotyledon.oslo_config_glue [-] oslo_reports.log_dir = None {{(pid=98975) log_opt_values /opt/stack/data/venv/lib/python3.12/site-packages/oslo_config/cfg.py:3253}}
Jul 04 22:45:07.281208 np0000004538 nova-conductor[98975]: DEBUG cotyledon.oslo_config_glue [-] ******************************************************************************** {{(pid=98975) log_opt_values /opt/stack/data/venv/lib/python3.12/site-packages/oslo_config/cfg.py:3260}}
Jul 04 22:45:07.281208 np0000004538 nova-conductor[98975]: DEBUG cotyledon._service_worker [-] Run service ServiceWrapper(3) [98975] {{(pid=98975) wait_forever /opt/stack/data/venv/lib/python3.12/site-packages/cotyledon/_service_worker.py:218}}
Jul 04 22:45:07.281208 np0000004538 nova-conductor[98975]: INFO nova.service [-] Starting conductor node (version 33.1.0)
Jul 04 22:45:07.281408 np0000004538 nova-conductor[98953]: DEBUG oslo_db.sqlalchemy.engines [None req-bd3659e7-4617-4efb-8ede-c7eeaf7a9821 None None] MySQL server mode set to STRICT_TRANS_TABLES,STRICT_ALL_TABLES,NO_ZERO_IN_DATE,NO_ZERO_DATE,ERROR_FOR_DIVISION_BY_ZERO,TRADITIONAL,NO_ENGINE_SUBSTITUTION {{(pid=98953) _check_effective_sql_mode /opt/stack/data/venv/lib/python3.12/site-packages/oslo_db/sqlalchemy/engines.py:325}}
Jul 04 22:45:07.281468 np0000004538 nova-conductor[98975]: INFO dbcounter [None req-1dc15e0d-2789-4209-8331-114e7343a056 None None] Registered counter for database nova_cell0
Jul 04 22:45:07.281652 np0000004538 nova-conductor[98953]: DEBUG dbcounter [-] [98953] Writer thread running {{(pid=98953) stat_writer /opt/stack/data/venv/lib/python3.12/site-packages/dbcounter.py:102}}
Jul 04 22:45:07.281845 np0000004538 nova-conductor[98963]: DEBUG oslo_db.sqlalchemy.engines [None req-a2f34ca6-2cd3-4027-b236-41cf68ce2732 None None] MySQL server mode set to STRICT_TRANS_TABLES,STRICT_ALL_TABLES,NO_ZERO_IN_DATE,NO_ZERO_DATE,ERROR_FOR_DIVISION_BY_ZERO,TRADITIONAL,NO_ENGINE_SUBSTITUTION {{(pid=98963) _check_effective_sql_mode /opt/stack/data/venv/lib/python3.12/site-packages/oslo_db/sqlalchemy/engines.py:325}}
Jul 04 22:45:07.281893 np0000004538 nova-conductor[98968]: DEBUG oslo_db.sqlalchemy.engines [None req-a12e99a0-500a-4c09-8f34-0d1e48ebf444 None None] MySQL server mode set to STRICT_TRANS_TABLES,STRICT_ALL_TABLES,NO_ZERO_IN_DATE,NO_ZERO_DATE,ERROR_FOR_DIVISION_BY_ZERO,TRADITIONAL,NO_ENGINE_SUBSTITUTION {{(pid=98968) _check_effective_sql_mode /opt/stack/data/venv/lib/python3.12/site-packages/oslo_db/sqlalchemy/engines.py:325}}
Jul 04 22:45:07.281955 np0000004538 nova-conductor[98953]: DEBUG nova.service [None req-bd3659e7-4617-4efb-8ede-c7eeaf7a9821 None None] Creating RPC server for service: nova-conductor on topic: conductor {{(pid=98953) start /opt/stack/nova/nova/service.py:196}}
Jul 04 22:45:07.282001 np0000004538 nova-conductor[98963]: DEBUG dbcounter [-] [98963] Writer thread running {{(pid=98963) stat_writer /opt/stack/data/venv/lib/python3.12/site-packages/dbcounter.py:102}}
Jul 04 22:45:07.282037 np0000004538 nova-conductor[98968]: DEBUG dbcounter [-] [98968] Writer thread running {{(pid=98968) stat_writer /opt/stack/data/venv/lib/python3.12/site-packages/dbcounter.py:102}}
Jul 04 22:45:07.282037 np0000004538 nova-conductor[98968]: DEBUG nova.service [None req-a12e99a0-500a-4c09-8f34-0d1e48ebf444 None None] Creating RPC server for service: nova-conductor on topic: conductor {{(pid=98968) start /opt/stack/nova/nova/service.py:196}}
Jul 04 22:45:07.282119 np0000004538 nova-conductor[98963]: DEBUG nova.service [None req-a2f34ca6-2cd3-4027-b236-41cf68ce2732 None None] Creating RPC server for service: nova-conductor on topic: conductor {{(pid=98963) start /opt/stack/nova/nova/service.py:196}}
Jul 04 22:45:07.294839 np0000004538 nova-conductor[98953]: DEBUG nova.service [None req-bd3659e7-4617-4efb-8ede-c7eeaf7a9821 None None] Join ServiceGroup membership for this service conductor {{(pid=98953) start /opt/stack/nova/nova/service.py:222}}
Jul 04 22:45:07.295053 np0000004538 nova-conductor[98953]: DEBUG nova.servicegroup.drivers.db [None req-bd3659e7-4617-4efb-8ede-c7eeaf7a9821 None None] DB_Driver: join new ServiceGroup member np0000004538 to the conductor group, service = {{(pid=98953) join /opt/stack/nova/nova/servicegroup/drivers/db.py:44}}
Jul 04 22:45:07.297340 np0000004538 nova-conductor[98963]: DEBUG nova.service [None req-a2f34ca6-2cd3-4027-b236-41cf68ce2732 None None] Join ServiceGroup membership for this service conductor {{(pid=98963) start /opt/stack/nova/nova/service.py:222}}
Jul 04 22:45:07.297340 np0000004538 nova-conductor[98963]: DEBUG nova.servicegroup.drivers.db [None req-a2f34ca6-2cd3-4027-b236-41cf68ce2732 None None] DB_Driver: join new ServiceGroup member np0000004538 to the conductor group, service = {{(pid=98963) join /opt/stack/nova/nova/servicegroup/drivers/db.py:44}}
Jul 04 22:45:07.297643 np0000004538 nova-conductor[98975]: DEBUG oslo_db.sqlalchemy.engines [None req-1dc15e0d-2789-4209-8331-114e7343a056 None None] MySQL server mode set to STRICT_TRANS_TABLES,STRICT_ALL_TABLES,NO_ZERO_IN_DATE,NO_ZERO_DATE,ERROR_FOR_DIVISION_BY_ZERO,TRADITIONAL,NO_ENGINE_SUBSTITUTION {{(pid=98975) _check_effective_sql_mode /opt/stack/data/venv/lib/python3.12/site-packages/oslo_db/sqlalchemy/engines.py:325}}
Jul 04 22:45:07.302705 np0000004538 nova-conductor[98968]: DEBUG nova.service [None req-a12e99a0-500a-4c09-8f34-0d1e48ebf444 None None] Join ServiceGroup membership for this service conductor {{(pid=98968) start /opt/stack/nova/nova/service.py:222}}
Jul 04 22:45:07.302936 np0000004538 nova-conductor[98968]: DEBUG nova.servicegroup.drivers.db [None req-a12e99a0-500a-4c09-8f34-0d1e48ebf444 None None] DB_Driver: join new ServiceGroup member np0000004538 to the conductor group, service = {{(pid=98968) join /opt/stack/nova/nova/servicegroup/drivers/db.py:44}}
Jul 04 22:45:07.307743 np0000004538 nova-conductor[98975]: DEBUG dbcounter [-] [98975] Writer thread running {{(pid=98975) stat_writer /opt/stack/data/venv/lib/python3.12/site-packages/dbcounter.py:102}}
Jul 04 22:45:07.310669 np0000004538 nova-conductor[98975]: DEBUG nova.service [None req-1dc15e0d-2789-4209-8331-114e7343a056 None None] Creating RPC server for service: nova-conductor on topic: conductor {{(pid=98975) start /opt/stack/nova/nova/service.py:196}}
Jul 04 22:45:07.333055 np0000004538 nova-conductor[98975]: DEBUG nova.service [None req-1dc15e0d-2789-4209-8331-114e7343a056 None None] Join ServiceGroup membership for this service conductor {{(pid=98975) start /opt/stack/nova/nova/service.py:222}}
Jul 04 22:45:07.333302 np0000004538 nova-conductor[98975]: DEBUG nova.servicegroup.drivers.db [None req-1dc15e0d-2789-4209-8331-114e7343a056 None None] DB_Driver: join new ServiceGroup member np0000004538 to the conductor group, service = {{(pid=98975) join /opt/stack/nova/nova/servicegroup/drivers/db.py:44}}
Jul 04 22:45:12.320798 np0000004538 nova-conductor[98968]: DEBUG oslo.service.backend._threading.loopingcall [-] Fixed interval looping call 'nova.servicegroup.drivers.db.DbDriver._report_state' sleeping for 119.98 seconds {{(pid=98968) _run_loop /opt/stack/data/venv/lib/python3.12/site-packages/oslo_service/backend/_threading/loopingcall.py:125}}
Jul 04 22:45:12.321917 np0000004538 nova-conductor[98953]: DEBUG oslo.service.backend._threading.loopingcall [-] Fixed interval looping call 'nova.servicegroup.drivers.db.DbDriver._report_state' sleeping for 119.98 seconds {{(pid=98953) _run_loop /opt/stack/data/venv/lib/python3.12/site-packages/oslo_service/backend/_threading/loopingcall.py:125}}
Jul 04 22:45:12.322971 np0000004538 nova-conductor[98963]: DEBUG oslo.service.backend._threading.loopingcall [-] Fixed interval looping call 'nova.servicegroup.drivers.db.DbDriver._report_state' sleeping for 119.98 seconds {{(pid=98963) _run_loop /opt/stack/data/venv/lib/python3.12/site-packages/oslo_service/backend/_threading/loopingcall.py:125}}
Jul 04 22:45:12.344501 np0000004538 nova-conductor[98975]: DEBUG oslo.service.backend._threading.loopingcall [-] Fixed interval looping call 'nova.servicegroup.drivers.db.DbDriver._report_state' sleeping for 119.99 seconds {{(pid=98975) _run_loop /opt/stack/data/venv/lib/python3.12/site-packages/oslo_service/backend/_threading/loopingcall.py:125}}
Jul 04 22:45:15.861308 np0000004538 nova-conductor[97453]: DEBUG dbcounter [-] [97453] Writing DB stats nova_api:SELECT=1 {{(pid=97453) stat_writer /opt/stack/data/venv/lib/python3.12/site-packages/dbcounter.py:115}}
Jul 04 22:45:15.989392 np0000004538 nova-conductor[97453]: DEBUG dbcounter [-] [97453] Writing DB stats nova_cell0:SELECT=1 {{(pid=97453) stat_writer /opt/stack/data/venv/lib/python3.12/site-packages/dbcounter.py:115}}
Jul 04 22:45:15.995355 np0000004538 nova-conductor[97453]: DEBUG dbcounter [-] [97453] Writing DB stats nova_cell1:SELECT=1 {{(pid=97453) stat_writer /opt/stack/data/venv/lib/python3.12/site-packages/dbcounter.py:115}}
Jul 04 22:45:18.298638 np0000004538 nova-conductor[98963]: DEBUG oslo.service.backend._threading.loopingcall [None req-fc8b757e-0930-4fcc-bfac-bac3d319cee4 None None] Dynamic interval looping call 'nova.service.Service.periodic_tasks' sleeping for 60.00 seconds {{(pid=98963) _run_loop /opt/stack/data/venv/lib/python3.12/site-packages/oslo_service/backend/_threading/loopingcall.py:125}}
Jul 04 22:45:19.305355 np0000004538 nova-conductor[98968]: DEBUG oslo.service.backend._threading.loopingcall [None req-62bdb629-f57b-4ee2-a7d3-5aab20362b7e None None] Dynamic interval looping call 'nova.service.Service.periodic_tasks' sleeping for 60.00 seconds {{(pid=98968) _run_loop /opt/stack/data/venv/lib/python3.12/site-packages/oslo_service/backend/_threading/loopingcall.py:125}}
Jul 04 22:45:21.297959 np0000004538 nova-conductor[98953]: DEBUG oslo.service.backend._threading.loopingcall [None req-2c01cf72-aaa3-44e5-a7b8-f8b2d9b07f3c None None] Dynamic interval looping call 'nova.service.Service.periodic_tasks' sleeping for 60.00 seconds {{(pid=98953) _run_loop /opt/stack/data/venv/lib/python3.12/site-packages/oslo_service/backend/_threading/loopingcall.py:125}}
Jul 04 22:45:22.316222 np0000004538 nova-conductor[98968]: DEBUG dbcounter [-] [98968] Writing DB stats nova_cell0:SELECT=3,nova_cell0:UPDATE=1 {{(pid=98968) stat_writer /opt/stack/data/venv/lib/python3.12/site-packages/dbcounter.py:115}}
Jul 04 22:45:22.317509 np0000004538 nova-conductor[98953]: DEBUG dbcounter [-] [98953] Writing DB stats nova_cell0:SELECT=4,nova_cell0:INSERT=1,nova_cell0:UPDATE=1 {{(pid=98953) stat_writer /opt/stack/data/venv/lib/python3.12/site-packages/dbcounter.py:115}}
Jul 04 22:45:22.318532 np0000004538 nova-conductor[98963]: DEBUG dbcounter [-] [98963] Writing DB stats nova_cell0:SELECT=3,nova_cell0:UPDATE=1 {{(pid=98963) stat_writer /opt/stack/data/venv/lib/python3.12/site-packages/dbcounter.py:115}}
Jul 04 22:45:22.343548 np0000004538 nova-conductor[98975]: DEBUG dbcounter [-] [98975] Writing DB stats nova_cell0:SELECT=3 {{(pid=98975) stat_writer /opt/stack/data/venv/lib/python3.12/site-packages/dbcounter.py:115}}
Jul 04 22:45:37.335210 np0000004538 nova-conductor[98975]: DEBUG oslo.service.backend._threading.loopingcall [None req-855545e1-c4c2-4d1a-9efc-7184257ca5bd None None] Dynamic interval looping call 'nova.service.Service.periodic_tasks' sleeping for 60.00 seconds {{(pid=98975) _run_loop /opt/stack/data/venv/lib/python3.12/site-packages/oslo_service/backend/_threading/loopingcall.py:125}}
Jul 04 22:46:18.299263 np0000004538 nova-conductor[98963]: DEBUG oslo.service.backend._threading.loopingcall [None req-fc8b757e-0930-4fcc-bfac-bac3d319cee4 None None] Dynamic interval looping call 'nova.service.Service.periodic_tasks' sleeping for 60.00 seconds {{(pid=98963) _run_loop /opt/stack/data/venv/lib/python3.12/site-packages/oslo_service/backend/_threading/loopingcall.py:125}}
Jul 04 22:46:19.305889 np0000004538 nova-conductor[98968]: DEBUG oslo.service.backend._threading.loopingcall [None req-62bdb629-f57b-4ee2-a7d3-5aab20362b7e None None] Dynamic interval looping call 'nova.service.Service.periodic_tasks' sleeping for 60.00 seconds {{(pid=98968) _run_loop /opt/stack/data/venv/lib/python3.12/site-packages/oslo_service/backend/_threading/loopingcall.py:125}}
Jul 04 22:46:21.298538 np0000004538 nova-conductor[98953]: DEBUG oslo.service.backend._threading.loopingcall [None req-2c01cf72-aaa3-44e5-a7b8-f8b2d9b07f3c None None] Dynamic interval looping call 'nova.service.Service.periodic_tasks' sleeping for 60.00 seconds {{(pid=98953) _run_loop /opt/stack/data/venv/lib/python3.12/site-packages/oslo_service/backend/_threading/loopingcall.py:125}}
Jul 04 22:46:37.335870 np0000004538 nova-conductor[98975]: DEBUG oslo.service.backend._threading.loopingcall [None req-855545e1-c4c2-4d1a-9efc-7184257ca5bd None None] Dynamic interval looping call 'nova.service.Service.periodic_tasks' sleeping for 60.00 seconds {{(pid=98975) _run_loop /opt/stack/data/venv/lib/python3.12/site-packages/oslo_service/backend/_threading/loopingcall.py:125}}
Jul 04 22:47:12.314643 np0000004538 nova-conductor[98963]: DEBUG oslo.service.backend._threading.loopingcall [-] Fixed interval looping call 'nova.servicegroup.drivers.db.DbDriver._report_state' sleeping for 119.99 seconds {{(pid=98963) _run_loop /opt/stack/data/venv/lib/python3.12/site-packages/oslo_service/backend/_threading/loopingcall.py:125}}
Jul 04 22:47:12.317418 np0000004538 nova-conductor[98968]: DEBUG oslo.service.backend._threading.loopingcall [-] Fixed interval looping call 'nova.servicegroup.drivers.db.DbDriver._report_state' sleeping for 119.98 seconds {{(pid=98968) _run_loop /opt/stack/data/venv/lib/python3.12/site-packages/oslo_service/backend/_threading/loopingcall.py:125}}
Jul 04 22:47:12.318490 np0000004538 nova-conductor[98953]: DEBUG oslo.service.backend._threading.loopingcall [-] Fixed interval looping call 'nova.servicegroup.drivers.db.DbDriver._report_state' sleeping for 119.98 seconds {{(pid=98953) _run_loop /opt/stack/data/venv/lib/python3.12/site-packages/oslo_service/backend/_threading/loopingcall.py:125}}
Jul 04 22:47:12.338478 np0000004538 nova-conductor[98975]: DEBUG oslo.service.backend._threading.loopingcall [-] Fixed interval looping call 'nova.servicegroup.drivers.db.DbDriver._report_state' sleeping for 120.00 seconds {{(pid=98975) _run_loop /opt/stack/data/venv/lib/python3.12/site-packages/oslo_service/backend/_threading/loopingcall.py:125}}
Jul 04 22:47:18.299737 np0000004538 nova-conductor[98963]: DEBUG oslo.service.backend._threading.loopingcall [None req-fc8b757e-0930-4fcc-bfac-bac3d319cee4 None None] Dynamic interval looping call 'nova.service.Service.periodic_tasks' sleeping for 60.00 seconds {{(pid=98963) _run_loop /opt/stack/data/venv/lib/python3.12/site-packages/oslo_service/backend/_threading/loopingcall.py:125}}
Jul 04 22:47:19.306972 np0000004538 nova-conductor[98968]: DEBUG oslo.service.backend._threading.loopingcall [None req-62bdb629-f57b-4ee2-a7d3-5aab20362b7e None None] Dynamic interval looping call 'nova.service.Service.periodic_tasks' sleeping for 60.00 seconds {{(pid=98968) _run_loop /opt/stack/data/venv/lib/python3.12/site-packages/oslo_service/backend/_threading/loopingcall.py:125}}
Jul 04 22:47:21.588947 np0000004538 nova-conductor[98953]: DEBUG oslo.service.backend._threading.loopingcall [None req-2c01cf72-aaa3-44e5-a7b8-f8b2d9b07f3c None None] Dynamic interval looping call 'nova.service.Service.periodic_tasks' sleeping for 60.00 seconds {{(pid=98953) _run_loop /opt/stack/data/venv/lib/python3.12/site-packages/oslo_service/backend/_threading/loopingcall.py:125}}
Jul 04 22:47:22.308205 np0000004538 nova-conductor[98968]: DEBUG dbcounter [-] [98968] Writing DB stats nova_cell0:SELECT=1,nova_cell0:UPDATE=1 {{(pid=98968) stat_writer /opt/stack/data/venv/lib/python3.12/site-packages/dbcounter.py:115}}
Jul 04 22:47:22.310021 np0000004538 nova-conductor[98963]: DEBUG dbcounter [-] [98963] Writing DB stats nova_cell0:SELECT=1,nova_cell0:UPDATE=1 {{(pid=98963) stat_writer /opt/stack/data/venv/lib/python3.12/site-packages/dbcounter.py:115}}
Jul 04 22:47:22.312891 np0000004538 nova-conductor[98953]: DEBUG dbcounter [-] [98953] Writing DB stats nova_cell0:SELECT=1,nova_cell0:UPDATE=1 {{(pid=98953) stat_writer /opt/stack/data/venv/lib/python3.12/site-packages/dbcounter.py:115}}
Jul 04 22:47:22.336969 np0000004538 nova-conductor[98975]: DEBUG dbcounter [-] [98975] Writing DB stats nova_cell0:SELECT=1 {{(pid=98975) stat_writer /opt/stack/data/venv/lib/python3.12/site-packages/dbcounter.py:115}}
Jul 04 22:47:37.338870 np0000004538 nova-conductor[98975]: DEBUG oslo.service.backend._threading.loopingcall [None req-855545e1-c4c2-4d1a-9efc-7184257ca5bd None None] Dynamic interval looping call 'nova.service.Service.periodic_tasks' sleeping for 60.00 seconds {{(pid=98975) _run_loop /opt/stack/data/venv/lib/python3.12/site-packages/oslo_service/backend/_threading/loopingcall.py:125}}
Jul 04 22:47:47.882910 np0000004538 nova-conductor[98953]: DEBUG oslo_db.sqlalchemy.engines [None req-841426ab-d931-47af-afc7-101947e6e385 tempest-VolumesAdminNegativeTest-1324088567 tempest-VolumesAdminNegativeTest-1324088567-project-member] Parent process 97453 forked (98953) with an open database connection, which is being discarded and recreated. {{(pid=98953) checkout /opt/stack/data/venv/lib/python3.12/site-packages/oslo_db/sqlalchemy/engines.py:402}}
Jul 04 22:47:47.930921 np0000004538 nova-conductor[98953]: DEBUG dbcounter [-] [98953] Writer thread running {{(pid=98953) stat_writer /opt/stack/data/venv/lib/python3.12/site-packages/dbcounter.py:102}}
Jul 04 22:47:47.956794 np0000004538 nova-conductor[98963]: DEBUG dbcounter [-] [98963] Writer thread running {{(pid=98963) stat_writer /opt/stack/data/venv/lib/python3.12/site-packages/dbcounter.py:102}}
Jul 04 22:47:48.160709 np0000004538 nova-conductor[98968]: DEBUG dbcounter [-] [98968] Writer thread running {{(pid=98968) stat_writer /opt/stack/data/venv/lib/python3.12/site-packages/dbcounter.py:102}}
Jul 04 22:47:48.994766 np0000004538 nova-conductor[98963]: DEBUG nova.conductor.manager [None req-2e660e16-83d5-400d-ab2c-3bc1e200fd19 tempest-ServerActionsV293TestJSON-184612538 tempest-ServerActionsV293TestJSON-184612538-project-member] Took 1.03 seconds to select destinations for 1 instance(s). {{(pid=98963) _schedule_instances /opt/stack/nova/nova/conductor/manager.py:968}}
Jul 04 22:47:49.027340 np0000004538 nova-conductor[98963]: DEBUG oslo_concurrency.lockutils [None req-2e660e16-83d5-400d-ab2c-3bc1e200fd19 tempest-ServerActionsV293TestJSON-184612538 tempest-ServerActionsV293TestJSON-184612538-project-member] Acquiring lock "7c2ccf00-8fea-4a84-933d-9a952d54e384" by "nova.context.set_target_cell..get_or_set_cached_cell_and_set_connections" {{(pid=98963) inner /opt/stack/data/venv/lib/python3.12/site-packages/oslo_concurrency/lockutils.py:511}}
Jul 04 22:47:49.027502 np0000004538 nova-conductor[98963]: DEBUG oslo_concurrency.lockutils [None req-2e660e16-83d5-400d-ab2c-3bc1e200fd19 tempest-ServerActionsV293TestJSON-184612538 tempest-ServerActionsV293TestJSON-184612538-project-member] Lock "7c2ccf00-8fea-4a84-933d-9a952d54e384" acquired by "nova.context.set_target_cell..get_or_set_cached_cell_and_set_connections" :: waited 0.000s {{(pid=98963) inner /opt/stack/data/venv/lib/python3.12/site-packages/oslo_concurrency/lockutils.py:524}}
Jul 04 22:47:49.029153 np0000004538 nova-conductor[98963]: DEBUG oslo_concurrency.lockutils [None req-2e660e16-83d5-400d-ab2c-3bc1e200fd19 tempest-ServerActionsV293TestJSON-184612538 tempest-ServerActionsV293TestJSON-184612538-project-member] Lock "7c2ccf00-8fea-4a84-933d-9a952d54e384" "released" by "nova.context.set_target_cell..get_or_set_cached_cell_and_set_connections" :: held 0.002s {{(pid=98963) inner /opt/stack/data/venv/lib/python3.12/site-packages/oslo_concurrency/lockutils.py:543}}
Jul 04 22:47:49.031508 np0000004538 nova-conductor[98963]: INFO dbcounter [None req-2e660e16-83d5-400d-ab2c-3bc1e200fd19 tempest-ServerActionsV293TestJSON-184612538 tempest-ServerActionsV293TestJSON-184612538-project-member] Registered counter for database nova_cell1
Jul 04 22:47:49.093685 np0000004538 nova-conductor[98963]: DEBUG oslo_db.sqlalchemy.engines [None req-2e660e16-83d5-400d-ab2c-3bc1e200fd19 tempest-ServerActionsV293TestJSON-184612538 tempest-ServerActionsV293TestJSON-184612538-project-member] MySQL server mode set to STRICT_TRANS_TABLES,STRICT_ALL_TABLES,NO_ZERO_IN_DATE,NO_ZERO_DATE,ERROR_FOR_DIVISION_BY_ZERO,TRADITIONAL,NO_ENGINE_SUBSTITUTION {{(pid=98963) _check_effective_sql_mode /opt/stack/data/venv/lib/python3.12/site-packages/oslo_db/sqlalchemy/engines.py:325}}
Jul 04 22:47:49.104112 np0000004538 nova-conductor[98963]: DEBUG dbcounter [-] [98963] Writer thread running {{(pid=98963) stat_writer /opt/stack/data/venv/lib/python3.12/site-packages/dbcounter.py:102}}
Jul 04 22:47:49.196455 np0000004538 nova-conductor[98963]: INFO nova.utils [None req-2e660e16-83d5-400d-ab2c-3bc1e200fd19 tempest-ServerActionsV293TestJSON-184612538 tempest-ServerActionsV293TestJSON-184612538-project-member] The cell worker thread pool ForkProcess-2.cell_worker is initialized
Jul 04 22:47:49.196748 np0000004538 nova-conductor[98963]: DEBUG oslo_concurrency.lockutils [None req-2e660e16-83d5-400d-ab2c-3bc1e200fd19 tempest-ServerActionsV293TestJSON-184612538 tempest-ServerActionsV293TestJSON-184612538-project-member] Acquiring lock "00000000-0000-0000-0000-000000000000" by "nova.context.set_target_cell..get_or_set_cached_cell_and_set_connections" {{(pid=98963) inner /opt/stack/data/venv/lib/python3.12/site-packages/oslo_concurrency/lockutils.py:511}}
Jul 04 22:47:49.196845 np0000004538 nova-conductor[98963]: DEBUG oslo_concurrency.lockutils [None req-2e660e16-83d5-400d-ab2c-3bc1e200fd19 tempest-ServerActionsV293TestJSON-184612538 tempest-ServerActionsV293TestJSON-184612538-project-member] Lock "00000000-0000-0000-0000-000000000000" acquired by "nova.context.set_target_cell..get_or_set_cached_cell_and_set_connections" :: waited 0.000s {{(pid=98963) inner /opt/stack/data/venv/lib/python3.12/site-packages/oslo_concurrency/lockutils.py:524}}
Jul 04 22:47:49.197254 np0000004538 nova-conductor[98963]: DEBUG oslo_concurrency.lockutils [None req-2e660e16-83d5-400d-ab2c-3bc1e200fd19 tempest-ServerActionsV293TestJSON-184612538 tempest-ServerActionsV293TestJSON-184612538-project-member] Lock "00000000-0000-0000-0000-000000000000" "released" by "nova.context.set_target_cell..get_or_set_cached_cell_and_set_connections" :: held 0.000s {{(pid=98963) inner /opt/stack/data/venv/lib/python3.12/site-packages/oslo_concurrency/lockutils.py:543}}
Jul 04 22:47:49.198027 np0000004538 nova-conductor[98963]: DEBUG oslo_concurrency.lockutils [None req-2e660e16-83d5-400d-ab2c-3bc1e200fd19 tempest-ServerActionsV293TestJSON-184612538 tempest-ServerActionsV293TestJSON-184612538-project-member] Acquiring lock "7c2ccf00-8fea-4a84-933d-9a952d54e384" by "nova.context.set_target_cell..get_or_set_cached_cell_and_set_connections" {{(pid=98963) inner /opt/stack/data/venv/lib/python3.12/site-packages/oslo_concurrency/lockutils.py:511}}
Jul 04 22:47:49.198207 np0000004538 nova-conductor[98963]: DEBUG oslo_concurrency.lockutils [None req-2e660e16-83d5-400d-ab2c-3bc1e200fd19 tempest-ServerActionsV293TestJSON-184612538 tempest-ServerActionsV293TestJSON-184612538-project-member] Lock "7c2ccf00-8fea-4a84-933d-9a952d54e384" acquired by "nova.context.set_target_cell..get_or_set_cached_cell_and_set_connections" :: waited 0.000s {{(pid=98963) inner /opt/stack/data/venv/lib/python3.12/site-packages/oslo_concurrency/lockutils.py:524}}
Jul 04 22:47:49.198475 np0000004538 nova-conductor[98963]: DEBUG oslo_concurrency.lockutils [None req-2e660e16-83d5-400d-ab2c-3bc1e200fd19 tempest-ServerActionsV293TestJSON-184612538 tempest-ServerActionsV293TestJSON-184612538-project-member] Lock "7c2ccf00-8fea-4a84-933d-9a952d54e384" "released" by "nova.context.set_target_cell..get_or_set_cached_cell_and_set_connections" :: held 0.000s {{(pid=98963) inner /opt/stack/data/venv/lib/python3.12/site-packages/oslo_concurrency/lockutils.py:543}}
Jul 04 22:47:49.200508 np0000004538 nova-conductor[98963]: INFO dbcounter [None req-2e660e16-83d5-400d-ab2c-3bc1e200fd19 tempest-ServerActionsV293TestJSON-184612538 tempest-ServerActionsV293TestJSON-184612538-project-member] Registered counter for database nova_cell0
Jul 04 22:47:49.240582 np0000004538 nova-conductor[98963]: DEBUG oslo_db.sqlalchemy.engines [None req-2e660e16-83d5-400d-ab2c-3bc1e200fd19 tempest-ServerActionsV293TestJSON-184612538 tempest-ServerActionsV293TestJSON-184612538-project-member] MySQL server mode set to STRICT_TRANS_TABLES,STRICT_ALL_TABLES,NO_ZERO_IN_DATE,NO_ZERO_DATE,ERROR_FOR_DIVISION_BY_ZERO,TRADITIONAL,NO_ENGINE_SUBSTITUTION {{(pid=98963) _check_effective_sql_mode /opt/stack/data/venv/lib/python3.12/site-packages/oslo_db/sqlalchemy/engines.py:325}}
Jul 04 22:47:49.245870 np0000004538 nova-conductor[98963]: DEBUG dbcounter [-] [98963] Writer thread running {{(pid=98963) stat_writer /opt/stack/data/venv/lib/python3.12/site-packages/dbcounter.py:102}}
Jul 04 22:47:49.255786 np0000004538 nova-conductor[98963]: DEBUG nova.quota [None req-2e660e16-83d5-400d-ab2c-3bc1e200fd19 tempest-ServerActionsV293TestJSON-184612538 tempest-ServerActionsV293TestJSON-184612538-project-member] Getting quotas for project 278f2683816942e1b75cba93a660f5bb. Resources: {'cores', 'instances', 'ram'} {{(pid=98963) _get_quotas /opt/stack/nova/nova/quota.py:389}}
Jul 04 22:47:49.259492 np0000004538 nova-conductor[98963]: DEBUG nova.quota [None req-2e660e16-83d5-400d-ab2c-3bc1e200fd19 tempest-ServerActionsV293TestJSON-184612538 tempest-ServerActionsV293TestJSON-184612538-project-member] Getting quotas for user 5dfa1f1a7d724194b4d5410bdf500aea and project 278f2683816942e1b75cba93a660f5bb. Resources: {'cores', 'instances', 'ram'} {{(pid=98963) _get_quotas /opt/stack/nova/nova/quota.py:379}}
Jul 04 22:47:49.266786 np0000004538 nova-conductor[98963]: DEBUG nova.conductor.manager [None req-2e660e16-83d5-400d-ab2c-3bc1e200fd19 tempest-ServerActionsV293TestJSON-184612538 tempest-ServerActionsV293TestJSON-184612538-project-member] [instance: f92a001c-a5a9-441e-962b-eb681617f095] Selected host: np0000004538; Selected node: np0000004538; Alternates: [] {{(pid=98963) schedule_and_build_instances /opt/stack/nova/nova/conductor/manager.py:1784}}
Jul 04 22:47:49.267651 np0000004538 nova-conductor[98963]: DEBUG oslo_concurrency.lockutils [None req-2e660e16-83d5-400d-ab2c-3bc1e200fd19 tempest-ServerActionsV293TestJSON-184612538 tempest-ServerActionsV293TestJSON-184612538-project-member] Acquiring lock "7c2ccf00-8fea-4a84-933d-9a952d54e384" by "nova.context.set_target_cell..get_or_set_cached_cell_and_set_connections" {{(pid=98963) inner /opt/stack/data/venv/lib/python3.12/site-packages/oslo_concurrency/lockutils.py:511}}
Jul 04 22:47:49.267651 np0000004538 nova-conductor[98963]: DEBUG oslo_concurrency.lockutils [None req-2e660e16-83d5-400d-ab2c-3bc1e200fd19 tempest-ServerActionsV293TestJSON-184612538 tempest-ServerActionsV293TestJSON-184612538-project-member] Lock "7c2ccf00-8fea-4a84-933d-9a952d54e384" acquired by "nova.context.set_target_cell..get_or_set_cached_cell_and_set_connections" :: waited 0.000s {{(pid=98963) inner /opt/stack/data/venv/lib/python3.12/site-packages/oslo_concurrency/lockutils.py:524}}
Jul 04 22:47:49.268586 np0000004538 nova-conductor[98963]: DEBUG oslo_concurrency.lockutils [None req-2e660e16-83d5-400d-ab2c-3bc1e200fd19 tempest-ServerActionsV293TestJSON-184612538 tempest-ServerActionsV293TestJSON-184612538-project-member] Lock "7c2ccf00-8fea-4a84-933d-9a952d54e384" "released" by "nova.context.set_target_cell..get_or_set_cached_cell_and_set_connections" :: held 0.000s {{(pid=98963) inner /opt/stack/data/venv/lib/python3.12/site-packages/oslo_concurrency/lockutils.py:543}}
Jul 04 22:47:49.277533 np0000004538 nova-conductor[98963]: DEBUG nova.conductor.manager [None req-2e660e16-83d5-400d-ab2c-3bc1e200fd19 tempest-ServerActionsV293TestJSON-184612538 tempest-ServerActionsV293TestJSON-184612538-project-member] [instance: f92a001c-a5a9-441e-962b-eb681617f095] block_device_mapping [BlockDeviceMapping(attachment_id=7c4da641-f790-4a15-978c-1949a73f3426,boot_index=0,connection_info=None,created_at=,delete_on_termination=True,deleted=,deleted_at=,destination_type='volume',device_name=None,device_type=None,disk_bus=None,encrypted=False,encryption_format=None,encryption_options=None,encryption_secret_uuid=None,guest_format=None,id=,image_id=None,instance=,instance_uuid=,no_device=False,snapshot_id=None,source_type='volume',tag=None,updated_at=,uuid=,volume_id='9a125f76-de78-4a53-a3f4-87c33b83f0fc',volume_size=1,volume_type=None)] {{(pid=98963) _create_block_device_mapping /opt/stack/nova/nova/conductor/manager.py:1529}}
Jul 04 22:47:49.279348 np0000004538 nova-conductor[98963]: DEBUG oslo_concurrency.lockutils [None req-2e660e16-83d5-400d-ab2c-3bc1e200fd19 tempest-ServerActionsV293TestJSON-184612538 tempest-ServerActionsV293TestJSON-184612538-project-member] Acquiring lock "7c2ccf00-8fea-4a84-933d-9a952d54e384" by "nova.context.set_target_cell..get_or_set_cached_cell_and_set_connections" {{(pid=98963) inner /opt/stack/data/venv/lib/python3.12/site-packages/oslo_concurrency/lockutils.py:511}}
Jul 04 22:47:49.279524 np0000004538 nova-conductor[98963]: DEBUG oslo_concurrency.lockutils [None req-2e660e16-83d5-400d-ab2c-3bc1e200fd19 tempest-ServerActionsV293TestJSON-184612538 tempest-ServerActionsV293TestJSON-184612538-project-member] Lock "7c2ccf00-8fea-4a84-933d-9a952d54e384" acquired by "nova.context.set_target_cell..get_or_set_cached_cell_and_set_connections" :: waited 0.000s {{(pid=98963) inner /opt/stack/data/venv/lib/python3.12/site-packages/oslo_concurrency/lockutils.py:524}}
Jul 04 22:47:49.279739 np0000004538 nova-conductor[98963]: DEBUG oslo_concurrency.lockutils [None req-2e660e16-83d5-400d-ab2c-3bc1e200fd19 tempest-ServerActionsV293TestJSON-184612538 tempest-ServerActionsV293TestJSON-184612538-project-member] Lock "7c2ccf00-8fea-4a84-933d-9a952d54e384" "released" by "nova.context.set_target_cell..get_or_set_cached_cell_and_set_connections" :: held 0.000s {{(pid=98963) inner /opt/stack/data/venv/lib/python3.12/site-packages/oslo_concurrency/lockutils.py:543}}
