Jul 19 14:30:48.862582 np0000005429 nova-scheduler[93779]: DEBUG cotyledon.oslo_config_glue [-] oslo_messaging_rabbit.rabbit_qos_prefetch_count = 0 {{(pid=93779) log_opt_values /opt/stack/data/venv/lib/python3.12/site-packages/oslo_config/cfg.py:3253}}
Jul 19 14:30:48.862641 np0000005429 nova-scheduler[93779]: DEBUG cotyledon.oslo_config_glue [-] oslo_messaging_rabbit.rabbit_quorum_delivery_limit = 0 {{(pid=93779) log_opt_values /opt/stack/data/venv/lib/python3.12/site-packages/oslo_config/cfg.py:3253}}
Jul 19 14:30:48.862696 np0000005429 nova-scheduler[93779]: DEBUG cotyledon.oslo_config_glue [-] oslo_messaging_rabbit.rabbit_quorum_max_memory_bytes = 0 {{(pid=93779) log_opt_values /opt/stack/data/venv/lib/python3.12/site-packages/oslo_config/cfg.py:3253}}
Jul 19 14:30:48.862746 np0000005429 nova-scheduler[93779]: DEBUG cotyledon.oslo_config_glue [-] oslo_messaging_rabbit.rabbit_quorum_max_memory_length = 0 {{(pid=93779) log_opt_values /opt/stack/data/venv/lib/python3.12/site-packages/oslo_config/cfg.py:3253}}
Jul 19 14:30:48.862811 np0000005429 nova-scheduler[93779]: DEBUG cotyledon.oslo_config_glue [-] oslo_messaging_rabbit.rabbit_quorum_queue = False {{(pid=93779) log_opt_values /opt/stack/data/venv/lib/python3.12/site-packages/oslo_config/cfg.py:3253}}
Jul 19 14:30:48.862866 np0000005429 nova-scheduler[93779]: DEBUG cotyledon.oslo_config_glue [-] oslo_messaging_rabbit.rabbit_retry_backoff = 2 {{(pid=93779) log_opt_values /opt/stack/data/venv/lib/python3.12/site-packages/oslo_config/cfg.py:3253}}
Jul 19 14:30:48.862930 np0000005429 nova-scheduler[93779]: DEBUG cotyledon.oslo_config_glue [-] oslo_messaging_rabbit.rabbit_retry_interval = 1 {{(pid=93779) log_opt_values /opt/stack/data/venv/lib/python3.12/site-packages/oslo_config/cfg.py:3253}}
Jul 19 14:30:48.862994 np0000005429 nova-scheduler[93779]: DEBUG cotyledon.oslo_config_glue [-] oslo_messaging_rabbit.rabbit_stream_fanout = False {{(pid=93779) log_opt_values /opt/stack/data/venv/lib/python3.12/site-packages/oslo_config/cfg.py:3253}}
Jul 19 14:30:48.863048 np0000005429 nova-scheduler[93779]: DEBUG cotyledon.oslo_config_glue [-] oslo_messaging_rabbit.rabbit_transient_queues_ttl = 1800 {{(pid=93779) log_opt_values /opt/stack/data/venv/lib/python3.12/site-packages/oslo_config/cfg.py:3253}}
Jul 19 14:30:48.863101 np0000005429 nova-scheduler[93779]: DEBUG cotyledon.oslo_config_glue [-] oslo_messaging_rabbit.rabbit_transient_quorum_queue = False {{(pid=93779) log_opt_values /opt/stack/data/venv/lib/python3.12/site-packages/oslo_config/cfg.py:3253}}
Jul 19 14:30:48.863157 np0000005429 nova-scheduler[93779]: DEBUG cotyledon.oslo_config_glue [-] oslo_messaging_rabbit.rpc_conn_pool_size = 30 {{(pid=93779) log_opt_values /opt/stack/data/venv/lib/python3.12/site-packages/oslo_config/cfg.py:3253}}
Jul 19 14:30:48.863215 np0000005429 nova-scheduler[93779]: DEBUG cotyledon.oslo_config_glue [-] oslo_messaging_rabbit.ssl = False {{(pid=93779) log_opt_values /opt/stack/data/venv/lib/python3.12/site-packages/oslo_config/cfg.py:3253}}
Jul 19 14:30:48.863267 np0000005429 nova-scheduler[93779]: DEBUG cotyledon.oslo_config_glue [-] oslo_messaging_rabbit.ssl_ca_file = {{(pid=93779) log_opt_values /opt/stack/data/venv/lib/python3.12/site-packages/oslo_config/cfg.py:3253}}
Jul 19 14:30:48.863320 np0000005429 nova-scheduler[93779]: DEBUG cotyledon.oslo_config_glue [-] oslo_messaging_rabbit.ssl_cert_file = {{(pid=93779) log_opt_values /opt/stack/data/venv/lib/python3.12/site-packages/oslo_config/cfg.py:3253}}
Jul 19 14:30:48.863375 np0000005429 nova-scheduler[93779]: DEBUG cotyledon.oslo_config_glue [-] oslo_messaging_rabbit.ssl_enforce_fips_mode = False {{(pid=93779) log_opt_values /opt/stack/data/venv/lib/python3.12/site-packages/oslo_config/cfg.py:3253}}
Jul 19 14:30:48.863428 np0000005429 nova-scheduler[93779]: DEBUG cotyledon.oslo_config_glue [-] oslo_messaging_rabbit.ssl_enforce_hostname_verification = True {{(pid=93779) log_opt_values /opt/stack/data/venv/lib/python3.12/site-packages/oslo_config/cfg.py:3253}}
Jul 19 14:30:48.863481 np0000005429 nova-scheduler[93779]: DEBUG cotyledon.oslo_config_glue [-] oslo_messaging_rabbit.ssl_key_file = {{(pid=93779) log_opt_values /opt/stack/data/venv/lib/python3.12/site-packages/oslo_config/cfg.py:3253}}
Jul 19 14:30:48.863546 np0000005429 nova-scheduler[93779]: DEBUG cotyledon.oslo_config_glue [-] oslo_messaging_rabbit.ssl_version = {{(pid=93779) log_opt_values /opt/stack/data/venv/lib/python3.12/site-packages/oslo_config/cfg.py:3253}}
Jul 19 14:30:48.863601 np0000005429 nova-scheduler[93779]: DEBUG cotyledon.oslo_config_glue [-] oslo_messaging_rabbit.use_queue_manager = False {{(pid=93779) log_opt_values /opt/stack/data/venv/lib/python3.12/site-packages/oslo_config/cfg.py:3253}}
Jul 19 14:30:48.863673 np0000005429 nova-scheduler[93779]: DEBUG cotyledon.oslo_config_glue [-] oslo_messaging_notifications.driver = ['messagingv2'] {{(pid=93779) log_opt_values /opt/stack/data/venv/lib/python3.12/site-packages/oslo_config/cfg.py:3253}}
Jul 19 14:30:48.863737 np0000005429 nova-scheduler[93779]: DEBUG cotyledon.oslo_config_glue [-] oslo_messaging_notifications.retry = -1 {{(pid=93779) log_opt_values /opt/stack/data/venv/lib/python3.12/site-packages/oslo_config/cfg.py:3253}}
Jul 19 14:30:48.863812 np0000005429 nova-scheduler[93779]: DEBUG cotyledon.oslo_config_glue [-] oslo_messaging_notifications.topics = ['notifications'] {{(pid=93779) log_opt_values /opt/stack/data/venv/lib/python3.12/site-packages/oslo_config/cfg.py:3253}}
Jul 19 14:30:48.863877 np0000005429 nova-scheduler[93779]: DEBUG cotyledon.oslo_config_glue [-] oslo_messaging_notifications.transport_url = **** {{(pid=93779) log_opt_values /opt/stack/data/venv/lib/python3.12/site-packages/oslo_config/cfg.py:3253}}
Jul 19 14:30:48.863971 np0000005429 nova-scheduler[93779]: DEBUG cotyledon.oslo_config_glue [-] oslo_limit.auth_section = None {{(pid=93779) log_opt_values /opt/stack/data/venv/lib/python3.12/site-packages/oslo_config/cfg.py:3253}}
Jul 19 14:30:48.864033 np0000005429 nova-scheduler[93779]: DEBUG cotyledon.oslo_config_glue [-] oslo_limit.auth_type = None {{(pid=93779) log_opt_values /opt/stack/data/venv/lib/python3.12/site-packages/oslo_config/cfg.py:3253}}
Jul 19 14:30:48.864087 np0000005429 nova-scheduler[93779]: DEBUG cotyledon.oslo_config_glue [-] oslo_limit.cafile = None {{(pid=93779) log_opt_values /opt/stack/data/venv/lib/python3.12/site-packages/oslo_config/cfg.py:3253}}
Jul 19 14:30:48.864142 np0000005429 nova-scheduler[93779]: DEBUG cotyledon.oslo_config_glue [-] oslo_limit.certfile = None {{(pid=93779) log_opt_values /opt/stack/data/venv/lib/python3.12/site-packages/oslo_config/cfg.py:3253}}
Jul 19 14:30:48.864210 np0000005429 nova-scheduler[93779]: DEBUG cotyledon.oslo_config_glue [-] oslo_limit.collect_timing = False {{(pid=93779) log_opt_values /opt/stack/data/venv/lib/python3.12/site-packages/oslo_config/cfg.py:3253}}
Jul 19 14:30:48.864255 np0000005429 nova-scheduler[93779]: DEBUG cotyledon.oslo_config_glue [-] oslo_limit.connect_retries = None {{(pid=93779) log_opt_values /opt/stack/data/venv/lib/python3.12/site-packages/oslo_config/cfg.py:3253}}
Jul 19 14:30:48.864311 np0000005429 nova-scheduler[93779]: DEBUG cotyledon.oslo_config_glue [-] oslo_limit.connect_retry_delay = None {{(pid=93779) log_opt_values /opt/stack/data/venv/lib/python3.12/site-packages/oslo_config/cfg.py:3253}}
Jul 19 14:30:48.864381 np0000005429 nova-scheduler[93779]: DEBUG cotyledon.oslo_config_glue [-] oslo_limit.endpoint_id = None {{(pid=93779) log_opt_values /opt/stack/data/venv/lib/python3.12/site-packages/oslo_config/cfg.py:3253}}
Jul 19 14:30:48.864434 np0000005429 nova-scheduler[93779]: DEBUG cotyledon.oslo_config_glue [-] oslo_limit.endpoint_interface = public {{(pid=93779) log_opt_values /opt/stack/data/venv/lib/python3.12/site-packages/oslo_config/cfg.py:3253}}
Jul 19 14:30:48.864488 np0000005429 nova-scheduler[93779]: DEBUG cotyledon.oslo_config_glue [-] oslo_limit.endpoint_override = None {{(pid=93779) log_opt_values /opt/stack/data/venv/lib/python3.12/site-packages/oslo_config/cfg.py:3253}}
Jul 19 14:30:48.864540 np0000005429 nova-scheduler[93779]: DEBUG cotyledon.oslo_config_glue [-] oslo_limit.endpoint_region_name = None {{(pid=93779) log_opt_values /opt/stack/data/venv/lib/python3.12/site-packages/oslo_config/cfg.py:3253}}
Jul 19 14:30:48.864599 np0000005429 nova-scheduler[93779]: DEBUG cotyledon.oslo_config_glue [-] oslo_limit.endpoint_service_name = None {{(pid=93779) log_opt_values /opt/stack/data/venv/lib/python3.12/site-packages/oslo_config/cfg.py:3253}}
Jul 19 14:30:48.864651 np0000005429 nova-scheduler[93779]: DEBUG cotyledon.oslo_config_glue [-] oslo_limit.endpoint_service_type = None {{(pid=93779) log_opt_values /opt/stack/data/venv/lib/python3.12/site-packages/oslo_config/cfg.py:3253}}
Jul 19 14:30:48.864702 np0000005429 nova-scheduler[93779]: DEBUG cotyledon.oslo_config_glue [-] oslo_limit.insecure = False {{(pid=93779) log_opt_values /opt/stack/data/venv/lib/python3.12/site-packages/oslo_config/cfg.py:3253}}
Jul 19 14:30:48.864752 np0000005429 nova-scheduler[93779]: DEBUG cotyledon.oslo_config_glue [-] oslo_limit.keyfile = None {{(pid=93779) log_opt_values /opt/stack/data/venv/lib/python3.12/site-packages/oslo_config/cfg.py:3253}}
Jul 19 14:30:48.864825 np0000005429 nova-scheduler[93779]: DEBUG cotyledon.oslo_config_glue [-] oslo_limit.max_version = None {{(pid=93779) log_opt_values /opt/stack/data/venv/lib/python3.12/site-packages/oslo_config/cfg.py:3253}}
Jul 19 14:30:48.864884 np0000005429 nova-scheduler[93779]: DEBUG cotyledon.oslo_config_glue [-] oslo_limit.min_version = None {{(pid=93779) log_opt_values /opt/stack/data/venv/lib/python3.12/site-packages/oslo_config/cfg.py:3253}}
Jul 19 14:30:48.864950 np0000005429 nova-scheduler[93779]: DEBUG cotyledon.oslo_config_glue [-] oslo_limit.region_name = None {{(pid=93779) log_opt_values /opt/stack/data/venv/lib/python3.12/site-packages/oslo_config/cfg.py:3253}}
Jul 19 14:30:48.865001 np0000005429 nova-scheduler[93779]: DEBUG cotyledon.oslo_config_glue [-] oslo_limit.retriable_status_codes = None {{(pid=93779) log_opt_values /opt/stack/data/venv/lib/python3.12/site-packages/oslo_config/cfg.py:3253}}
Jul 19 14:30:48.865041 np0000005429 nova-scheduler[93779]: DEBUG cotyledon.oslo_config_glue [-] oslo_limit.service_name = None {{(pid=93779) log_opt_values /opt/stack/data/venv/lib/python3.12/site-packages/oslo_config/cfg.py:3253}}
Jul 19 14:30:48.865100 np0000005429 nova-scheduler[93779]: DEBUG cotyledon.oslo_config_glue [-] oslo_limit.service_type = None {{(pid=93779) log_opt_values /opt/stack/data/venv/lib/python3.12/site-packages/oslo_config/cfg.py:3253}}
Jul 19 14:30:48.865151 np0000005429 nova-scheduler[93779]: DEBUG cotyledon.oslo_config_glue [-] oslo_limit.split_loggers = False {{(pid=93779) log_opt_values /opt/stack/data/venv/lib/python3.12/site-packages/oslo_config/cfg.py:3253}}
Jul 19 14:30:48.865209 np0000005429 nova-scheduler[93779]: DEBUG cotyledon.oslo_config_glue [-] oslo_limit.status_code_retries = None {{(pid=93779) log_opt_values /opt/stack/data/venv/lib/python3.12/site-packages/oslo_config/cfg.py:3253}}
Jul 19 14:30:48.865273 np0000005429 nova-scheduler[93779]: DEBUG cotyledon.oslo_config_glue [-] oslo_limit.status_code_retry_delay = None {{(pid=93779) log_opt_values /opt/stack/data/venv/lib/python3.12/site-packages/oslo_config/cfg.py:3253}}
Jul 19 14:30:48.865320 np0000005429 nova-scheduler[93779]: DEBUG cotyledon.oslo_config_glue [-] oslo_limit.timeout = None {{(pid=93779) log_opt_values /opt/stack/data/venv/lib/python3.12/site-packages/oslo_config/cfg.py:3253}}
Jul 19 14:30:48.865356 np0000005429 nova-scheduler[93779]: DEBUG cotyledon.oslo_config_glue [-] oslo_limit.valid_interfaces = None {{(pid=93779) log_opt_values /opt/stack/data/venv/lib/python3.12/site-packages/oslo_config/cfg.py:3253}}
Jul 19 14:30:48.865399 np0000005429 nova-scheduler[93779]: DEBUG cotyledon.oslo_config_glue [-] oslo_limit.version = None {{(pid=93779) log_opt_values /opt/stack/data/venv/lib/python3.12/site-packages/oslo_config/cfg.py:3253}}
Jul 19 14:30:48.865480 np0000005429 nova-scheduler[93779]: DEBUG cotyledon.oslo_config_glue [-] oslo_reports.file_event_handler = None {{(pid=93779) log_opt_values /opt/stack/data/venv/lib/python3.12/site-packages/oslo_config/cfg.py:3253}}
Jul 19 14:30:48.865530 np0000005429 nova-scheduler[93779]: DEBUG cotyledon.oslo_config_glue [-] oslo_reports.file_event_handler_interval = 1 {{(pid=93779) log_opt_values /opt/stack/data/venv/lib/python3.12/site-packages/oslo_config/cfg.py:3253}}
Jul 19 14:30:48.865597 np0000005429 nova-scheduler[93779]: DEBUG cotyledon.oslo_config_glue [-] oslo_reports.log_dir = None {{(pid=93779) log_opt_values /opt/stack/data/venv/lib/python3.12/site-packages/oslo_config/cfg.py:3253}}
Jul 19 14:30:48.865642 np0000005429 nova-scheduler[93779]: DEBUG cotyledon.oslo_config_glue [-] ******************************************************************************** {{(pid=93779) log_opt_values /opt/stack/data/venv/lib/python3.12/site-packages/oslo_config/cfg.py:3260}}
Jul 19 14:30:48.865814 np0000005429 nova-scheduler[93779]: DEBUG cotyledon._service_worker [-] Run service ServiceWrapper(1) [93779] {{(pid=93779) wait_forever /opt/stack/data/venv/lib/python3.12/site-packages/cotyledon/_service_worker.py:218}}
Jul 19 14:30:48.867252 np0000005429 nova-scheduler[93779]: INFO nova.service [-] Starting scheduler node (version 33.1.0)
Jul 19 14:30:48.871885 np0000005429 nova-scheduler[93779]: INFO dbcounter [None req-1aee1044-e2eb-4b76-9ef9-d5d635f7d2c1 None None] Registered counter for database nova_cell0
Jul 19 14:30:48.888404 np0000005429 nova-scheduler[93782]: DEBUG oslo_db.sqlalchemy.engines [None req-0ad57c86-ee16-4846-aa6c-7c7a0a83b329 None None] MySQL server mode set to STRICT_TRANS_TABLES,STRICT_ALL_TABLES,NO_ZERO_IN_DATE,NO_ZERO_DATE,ERROR_FOR_DIVISION_BY_ZERO,TRADITIONAL,NO_ENGINE_SUBSTITUTION {{(pid=93782) _check_effective_sql_mode /opt/stack/data/venv/lib/python3.12/site-packages/oslo_db/sqlalchemy/engines.py:325}}
Jul 19 14:30:48.897291 np0000005429 nova-scheduler[93782]: DEBUG dbcounter [-] [93782] Writer thread running {{(pid=93782) stat_writer /opt/stack/data/venv/lib/python3.12/site-packages/dbcounter.py:102}}
Jul 19 14:30:48.901490 np0000005429 nova-scheduler[93774]: DEBUG oslo_db.sqlalchemy.engines [None req-6133f7a0-8855-4608-af99-1ad61a6f4efd None None] MySQL server mode set to STRICT_TRANS_TABLES,STRICT_ALL_TABLES,NO_ZERO_IN_DATE,NO_ZERO_DATE,ERROR_FOR_DIVISION_BY_ZERO,TRADITIONAL,NO_ENGINE_SUBSTITUTION {{(pid=93774) _check_effective_sql_mode /opt/stack/data/venv/lib/python3.12/site-packages/oslo_db/sqlalchemy/engines.py:325}}
Jul 19 14:30:48.911827 np0000005429 nova-scheduler[93782]: DEBUG nova.service [None req-0ad57c86-ee16-4846-aa6c-7c7a0a83b329 None None] Creating RPC server for service: nova-scheduler on topic: scheduler {{(pid=93782) start /opt/stack/nova/nova/service.py:196}}
Jul 19 14:30:48.913485 np0000005429 nova-scheduler[93774]: DEBUG dbcounter [-] [93774] Writer thread running {{(pid=93774) stat_writer /opt/stack/data/venv/lib/python3.12/site-packages/dbcounter.py:102}}
Jul 19 14:30:48.917264 np0000005429 nova-scheduler[93779]: DEBUG oslo_db.sqlalchemy.engines [None req-1aee1044-e2eb-4b76-9ef9-d5d635f7d2c1 None None] MySQL server mode set to STRICT_TRANS_TABLES,STRICT_ALL_TABLES,NO_ZERO_IN_DATE,NO_ZERO_DATE,ERROR_FOR_DIVISION_BY_ZERO,TRADITIONAL,NO_ENGINE_SUBSTITUTION {{(pid=93779) _check_effective_sql_mode /opt/stack/data/venv/lib/python3.12/site-packages/oslo_db/sqlalchemy/engines.py:325}}
Jul 19 14:30:48.917400 np0000005429 nova-scheduler[93774]: DEBUG nova.service [None req-6133f7a0-8855-4608-af99-1ad61a6f4efd None None] Creating RPC server for service: nova-scheduler on topic: scheduler {{(pid=93774) start /opt/stack/nova/nova/service.py:196}}
Jul 19 14:30:48.928132 np0000005429 nova-scheduler[93779]: DEBUG dbcounter [-] [93779] Writer thread running {{(pid=93779) stat_writer /opt/stack/data/venv/lib/python3.12/site-packages/dbcounter.py:102}}
Jul 19 14:30:48.930808 np0000005429 nova-scheduler[93779]: DEBUG nova.service [None req-1aee1044-e2eb-4b76-9ef9-d5d635f7d2c1 None None] Creating RPC server for service: nova-scheduler on topic: scheduler {{(pid=93779) start /opt/stack/nova/nova/service.py:196}}
Jul 19 14:30:48.939575 np0000005429 nova-scheduler[93774]: DEBUG nova.service [None req-6133f7a0-8855-4608-af99-1ad61a6f4efd None None] Join ServiceGroup membership for this service scheduler {{(pid=93774) start /opt/stack/nova/nova/service.py:222}}
Jul 19 14:30:48.940551 np0000005429 nova-scheduler[93774]: DEBUG nova.servicegroup.drivers.db [None req-6133f7a0-8855-4608-af99-1ad61a6f4efd None None] DB_Driver: join new ServiceGroup member np0000005429 to the scheduler group, service = {{(pid=93774) join /opt/stack/nova/nova/servicegroup/drivers/db.py:44}}
Jul 19 14:30:48.940949 np0000005429 nova-scheduler[93782]: DEBUG nova.service [None req-0ad57c86-ee16-4846-aa6c-7c7a0a83b329 None None] Join ServiceGroup membership for this service scheduler {{(pid=93782) start /opt/stack/nova/nova/service.py:222}}
Jul 19 14:30:48.941163 np0000005429 nova-scheduler[93782]: DEBUG nova.servicegroup.drivers.db [None req-0ad57c86-ee16-4846-aa6c-7c7a0a83b329 None None] DB_Driver: join new ServiceGroup member np0000005429 to the scheduler group, service = {{(pid=93782) join /opt/stack/nova/nova/servicegroup/drivers/db.py:44}}
Jul 19 14:30:48.948946 np0000005429 nova-scheduler[93779]: DEBUG nova.service [None req-1aee1044-e2eb-4b76-9ef9-d5d635f7d2c1 None None] Join ServiceGroup membership for this service scheduler {{(pid=93779) start /opt/stack/nova/nova/service.py:222}}
Jul 19 14:30:48.949077 np0000005429 nova-scheduler[93779]: DEBUG nova.servicegroup.drivers.db [None req-1aee1044-e2eb-4b76-9ef9-d5d635f7d2c1 None None] DB_Driver: join new ServiceGroup member np0000005429 to the scheduler group, service = {{(pid=93779) join /opt/stack/nova/nova/servicegroup/drivers/db.py:44}}
Jul 19 14:30:53.964989 np0000005429 nova-scheduler[93782]: DEBUG oslo.service.backend._threading.loopingcall [-] Fixed interval looping call 'nova.servicegroup.drivers.db.DbDriver._report_state' sleeping for 119.98 seconds {{(pid=93782) _run_loop /opt/stack/data/venv/lib/python3.12/site-packages/oslo_service/backend/_threading/loopingcall.py:125}}
Jul 19 14:30:53.970159 np0000005429 nova-scheduler[93774]: DEBUG oslo.service.backend._threading.loopingcall [-] Fixed interval looping call 'nova.servicegroup.drivers.db.DbDriver._report_state' sleeping for 119.97 seconds {{(pid=93774) _run_loop /opt/stack/data/venv/lib/python3.12/site-packages/oslo_service/backend/_threading/loopingcall.py:125}}
Jul 19 14:30:53.972889 np0000005429 nova-scheduler[93779]: DEBUG oslo.service.backend._threading.loopingcall [-] Fixed interval looping call 'nova.servicegroup.drivers.db.DbDriver._report_state' sleeping for 119.98 seconds {{(pid=93779) _run_loop /opt/stack/data/venv/lib/python3.12/site-packages/oslo_service/backend/_threading/loopingcall.py:125}}
Jul 19 14:30:57.485278 np0000005429 nova-scheduler[92497]: DEBUG dbcounter [-] [92497] Writing DB stats nova_api:SELECT=3 {{(pid=92497) stat_writer /opt/stack/data/venv/lib/python3.12/site-packages/dbcounter.py:115}}
Jul 19 14:30:57.619729 np0000005429 nova-scheduler[92497]: DEBUG dbcounter [-] [92497] Writing DB stats nova_cell0:SELECT=1 {{(pid=92497) stat_writer /opt/stack/data/venv/lib/python3.12/site-packages/dbcounter.py:115}}
Jul 19 14:30:57.624221 np0000005429 nova-scheduler[92497]: DEBUG dbcounter [-] [92497] Writing DB stats nova_cell1:SELECT=1 {{(pid=92497) stat_writer /opt/stack/data/venv/lib/python3.12/site-packages/dbcounter.py:115}}
Jul 19 14:31:01.943492 np0000005429 nova-scheduler[93782]: DEBUG oslo.service.backend._threading.loopingcall [None req-13d9c2ad-e040-4234-935c-e81d74c0ff74 None None] Dynamic interval looping call 'nova.service.Service.periodic_tasks' sleeping for 60.00 seconds {{(pid=93782) _run_loop /opt/stack/data/venv/lib/python3.12/site-packages/oslo_service/backend/_threading/loopingcall.py:125}}
Jul 19 14:31:03.960135 np0000005429 nova-scheduler[93782]: DEBUG dbcounter [-] [93782] Writing DB stats nova_cell0:SELECT=4,nova_cell0:INSERT=1,nova_cell0:UPDATE=1 {{(pid=93782) stat_writer /opt/stack/data/venv/lib/python3.12/site-packages/dbcounter.py:115}}
Jul 19 14:31:03.964189 np0000005429 nova-scheduler[93779]: DEBUG dbcounter [-] [93779] Writing DB stats nova_cell0:SELECT=3,nova_cell0:UPDATE=1 {{(pid=93779) stat_writer /opt/stack/data/venv/lib/python3.12/site-packages/dbcounter.py:115}}
Jul 19 14:31:03.965019 np0000005429 nova-scheduler[93774]: DEBUG dbcounter [-] [93774] Writing DB stats nova_cell0:SELECT=3 {{(pid=93774) stat_writer /opt/stack/data/venv/lib/python3.12/site-packages/dbcounter.py:115}}
Jul 19 14:31:31.951593 np0000005429 nova-scheduler[93779]: DEBUG oslo.service.backend._threading.loopingcall [None req-7015c582-e730-4f33-9780-f527486ea6f4 None None] Dynamic interval looping call 'nova.service.Service.periodic_tasks' sleeping for 60.00 seconds {{(pid=93779) _run_loop /opt/stack/data/venv/lib/python3.12/site-packages/oslo_service/backend/_threading/loopingcall.py:125}}
Jul 19 14:31:39.943336 np0000005429 nova-scheduler[93774]: DEBUG oslo.service.backend._threading.loopingcall [None req-451aaefe-3907-4db8-a99a-f397d778c47b None None] Dynamic interval looping call 'nova.service.Service.periodic_tasks' sleeping for 60.00 seconds {{(pid=93774) _run_loop /opt/stack/data/venv/lib/python3.12/site-packages/oslo_service/backend/_threading/loopingcall.py:125}}
Jul 19 14:32:01.944041 np0000005429 nova-scheduler[93782]: DEBUG oslo.service.backend._threading.loopingcall [None req-13d9c2ad-e040-4234-935c-e81d74c0ff74 None None] Dynamic interval looping call 'nova.service.Service.periodic_tasks' sleeping for 60.00 seconds {{(pid=93782) _run_loop /opt/stack/data/venv/lib/python3.12/site-packages/oslo_service/backend/_threading/loopingcall.py:125}}
Jul 19 14:32:31.952068 np0000005429 nova-scheduler[93779]: DEBUG oslo.service.backend._threading.loopingcall [None req-7015c582-e730-4f33-9780-f527486ea6f4 None None] Dynamic interval looping call 'nova.service.Service.periodic_tasks' sleeping for 60.00 seconds {{(pid=93779) _run_loop /opt/stack/data/venv/lib/python3.12/site-packages/oslo_service/backend/_threading/loopingcall.py:125}}
Jul 19 14:32:39.944107 np0000005429 nova-scheduler[93774]: DEBUG oslo.service.backend._threading.loopingcall [None req-451aaefe-3907-4db8-a99a-f397d778c47b None None] Dynamic interval looping call 'nova.service.Service.periodic_tasks' sleeping for 60.00 seconds {{(pid=93774) _run_loop /opt/stack/data/venv/lib/python3.12/site-packages/oslo_service/backend/_threading/loopingcall.py:125}}
Jul 19 14:32:53.951741 np0000005429 nova-scheduler[93774]: DEBUG oslo.service.backend._threading.loopingcall [-] Fixed interval looping call 'nova.servicegroup.drivers.db.DbDriver._report_state' sleeping for 119.99 seconds {{(pid=93774) _run_loop /opt/stack/data/venv/lib/python3.12/site-packages/oslo_service/backend/_threading/loopingcall.py:125}}
Jul 19 14:32:53.955928 np0000005429 nova-scheduler[93782]: DEBUG oslo.service.backend._threading.loopingcall [-] Fixed interval looping call 'nova.servicegroup.drivers.db.DbDriver._report_state' sleeping for 119.99 seconds {{(pid=93782) _run_loop /opt/stack/data/venv/lib/python3.12/site-packages/oslo_service/backend/_threading/loopingcall.py:125}}
Jul 19 14:32:53.957247 np0000005429 nova-scheduler[93779]: DEBUG oslo.service.backend._threading.loopingcall [-] Fixed interval looping call 'nova.servicegroup.drivers.db.DbDriver._report_state' sleeping for 120.00 seconds {{(pid=93779) _run_loop /opt/stack/data/venv/lib/python3.12/site-packages/oslo_service/backend/_threading/loopingcall.py:125}}
Jul 19 14:33:01.944541 np0000005429 nova-scheduler[93782]: DEBUG oslo.service.backend._threading.loopingcall [None req-13d9c2ad-e040-4234-935c-e81d74c0ff74 None None] Dynamic interval looping call 'nova.service.Service.periodic_tasks' sleeping for 60.00 seconds {{(pid=93782) _run_loop /opt/stack/data/venv/lib/python3.12/site-packages/oslo_service/backend/_threading/loopingcall.py:125}}
Jul 19 14:33:03.945737 np0000005429 nova-scheduler[93774]: DEBUG dbcounter [-] [93774] Writing DB stats nova_cell0:SELECT=1,nova_cell0:UPDATE=1 {{(pid=93774) stat_writer /opt/stack/data/venv/lib/python3.12/site-packages/dbcounter.py:115}}
Jul 19 14:33:03.951138 np0000005429 nova-scheduler[93782]: DEBUG dbcounter [-] [93782] Writing DB stats nova_cell0:SELECT=1 {{(pid=93782) stat_writer /opt/stack/data/venv/lib/python3.12/site-packages/dbcounter.py:115}}
Jul 19 14:33:03.955026 np0000005429 nova-scheduler[93779]: DEBUG dbcounter [-] [93779] Writing DB stats nova_cell0:SELECT=1 {{(pid=93779) stat_writer /opt/stack/data/venv/lib/python3.12/site-packages/dbcounter.py:115}}
Jul 19 14:33:09.164635 np0000005429 nova-scheduler[93774]: DEBUG nova.scheduler.manager [None req-31f6612d-ffc8-49fa-935a-19f4d5a77d0f tempest-DeleteServersTestJSON-76795207 tempest-DeleteServersTestJSON-76795207-project-member] Starting to schedule for instances: ['09775a68-2ba8-4931-969f-3ba055b4465f'] {{(pid=93774) select_destinations /opt/stack/nova/nova/scheduler/manager.py:209}}
Jul 19 14:33:09.165722 np0000005429 nova-scheduler[93774]: DEBUG nova.scheduler.request_filter [None req-31f6612d-ffc8-49fa-935a-19f4d5a77d0f tempest-DeleteServersTestJSON-76795207 tempest-DeleteServersTestJSON-76795207-project-member] compute_status_filter request filter added forbidden trait COMPUTE_STATUS_DISABLED {{(pid=93774) compute_status_filter /opt/stack/nova/nova/scheduler/request_filter.py:253}}
Jul 19 14:33:09.166589 np0000005429 nova-scheduler[93774]: DEBUG nova.scheduler.request_filter [None req-31f6612d-ffc8-49fa-935a-19f4d5a77d0f tempest-DeleteServersTestJSON-76795207 tempest-DeleteServersTestJSON-76795207-project-member] Request filter 'compute_status_filter' took 0.0 seconds {{(pid=93774) wrapper /opt/stack/nova/nova/scheduler/request_filter.py:46}}
Jul 19 14:33:09.166589 np0000005429 nova-scheduler[93774]: DEBUG nova.scheduler.request_filter [None req-31f6612d-ffc8-49fa-935a-19f4d5a77d0f tempest-DeleteServersTestJSON-76795207 tempest-DeleteServersTestJSON-76795207-project-member] Request filter 'accelerators_filter' took 0.0 seconds {{(pid=93774) wrapper /opt/stack/nova/nova/scheduler/request_filter.py:46}}
Jul 19 14:33:09.166589 np0000005429 nova-scheduler[93774]: DEBUG nova.scheduler.request_filter [None req-31f6612d-ffc8-49fa-935a-19f4d5a77d0f tempest-DeleteServersTestJSON-76795207 tempest-DeleteServersTestJSON-76795207-project-member] Request filter 'packed_virtqueue_filter' took 0.0 seconds {{(pid=93774) wrapper /opt/stack/nova/nova/scheduler/request_filter.py:46}}
Jul 19 14:33:09.166839 np0000005429 nova-scheduler[93774]: DEBUG nova.scheduler.request_filter [None req-31f6612d-ffc8-49fa-935a-19f4d5a77d0f tempest-DeleteServersTestJSON-76795207 tempest-DeleteServersTestJSON-76795207-project-member] Request filter 'remote_managed_ports_filter' took 0.0 seconds {{(pid=93774) wrapper /opt/stack/nova/nova/scheduler/request_filter.py:46}}
Jul 19 14:33:09.167098 np0000005429 nova-scheduler[93774]: DEBUG nova.scheduler.request_filter [None req-31f6612d-ffc8-49fa-935a-19f4d5a77d0f tempest-DeleteServersTestJSON-76795207 tempest-DeleteServersTestJSON-76795207-project-member] ephemeral_encryption_filter skipped {{(pid=93774) ephemeral_encryption_filter /opt/stack/nova/nova/scheduler/request_filter.py:426}}
Jul 19 14:33:09.167312 np0000005429 nova-scheduler[93774]: DEBUG nova.scheduler.request_filter [None req-31f6612d-ffc8-49fa-935a-19f4d5a77d0f tempest-DeleteServersTestJSON-76795207 tempest-DeleteServersTestJSON-76795207-project-member] virtio_sound_filter skipped {{(pid=93774) virtio_sound_filter /opt/stack/nova/nova/scheduler/request_filter.py:460}}
Jul 19 14:33:09.167488 np0000005429 nova-scheduler[93774]: DEBUG nova.scheduler.request_filter [None req-31f6612d-ffc8-49fa-935a-19f4d5a77d0f tempest-DeleteServersTestJSON-76795207 tempest-DeleteServersTestJSON-76795207-project-member] tpm_secret_security_filter skipped {{(pid=93774) tpm_secret_security_filter /opt/stack/nova/nova/scheduler/request_filter.py:477}}
Jul 19 14:33:09.676978 np0000005429 nova-scheduler[93774]: INFO nova.utils [None req-31f6612d-ffc8-49fa-935a-19f4d5a77d0f tempest-DeleteServersTestJSON-76795207 tempest-DeleteServersTestJSON-76795207-project-member] The cell worker thread pool ForkProcess-1.cell_worker is initialized
Jul 19 14:33:09.677365 np0000005429 nova-scheduler[93774]: DEBUG oslo_concurrency.lockutils [None req-31f6612d-ffc8-49fa-935a-19f4d5a77d0f tempest-DeleteServersTestJSON-76795207 tempest-DeleteServersTestJSON-76795207-project-member] Acquiring lock "77d794c5-8024-4afa-bb46-83eb8e0b3f9e" by "nova.context.set_target_cell..get_or_set_cached_cell_and_set_connections" {{(pid=93774) inner /opt/stack/data/venv/lib/python3.12/site-packages/oslo_concurrency/lockutils.py:512}}
Jul 19 14:33:09.677637 np0000005429 nova-scheduler[93774]: DEBUG oslo_concurrency.lockutils [None req-31f6612d-ffc8-49fa-935a-19f4d5a77d0f tempest-DeleteServersTestJSON-76795207 tempest-DeleteServersTestJSON-76795207-project-member] Lock "77d794c5-8024-4afa-bb46-83eb8e0b3f9e" acquired by "nova.context.set_target_cell..get_or_set_cached_cell_and_set_connections" :: waited 0.000s {{(pid=93774) inner /opt/stack/data/venv/lib/python3.12/site-packages/oslo_concurrency/lockutils.py:525}}
Jul 19 14:33:09.679152 np0000005429 nova-scheduler[93774]: DEBUG oslo_concurrency.lockutils [None req-31f6612d-ffc8-49fa-935a-19f4d5a77d0f tempest-DeleteServersTestJSON-76795207 tempest-DeleteServersTestJSON-76795207-project-member] Lock "77d794c5-8024-4afa-bb46-83eb8e0b3f9e" "released" by "nova.context.set_target_cell..get_or_set_cached_cell_and_set_connections" :: held 0.001s {{(pid=93774) inner /opt/stack/data/venv/lib/python3.12/site-packages/oslo_concurrency/lockutils.py:544}}
Jul 19 14:33:09.680668 np0000005429 nova-scheduler[93774]: INFO dbcounter [None req-31f6612d-ffc8-49fa-935a-19f4d5a77d0f tempest-DeleteServersTestJSON-76795207 tempest-DeleteServersTestJSON-76795207-project-member] Registered counter for database nova_cell1
Jul 19 14:33:09.719376 np0000005429 nova-scheduler[93774]: DEBUG oslo_db.sqlalchemy.engines [None req-31f6612d-ffc8-49fa-935a-19f4d5a77d0f tempest-DeleteServersTestJSON-76795207 tempest-DeleteServersTestJSON-76795207-project-member] MySQL server mode set to STRICT_TRANS_TABLES,STRICT_ALL_TABLES,NO_ZERO_IN_DATE,NO_ZERO_DATE,ERROR_FOR_DIVISION_BY_ZERO,TRADITIONAL,NO_ENGINE_SUBSTITUTION {{(pid=93774) _check_effective_sql_mode /opt/stack/data/venv/lib/python3.12/site-packages/oslo_db/sqlalchemy/engines.py:325}}
Jul 19 14:33:09.724356 np0000005429 nova-scheduler[93774]: DEBUG dbcounter [-] [93774] Writer thread running {{(pid=93774) stat_writer /opt/stack/data/venv/lib/python3.12/site-packages/dbcounter.py:102}}
Jul 19 14:33:09.737895 np0000005429 nova-scheduler[93774]: DEBUG oslo_db.sqlalchemy.engines [None req-31f6612d-ffc8-49fa-935a-19f4d5a77d0f tempest-DeleteServersTestJSON-76795207 tempest-DeleteServersTestJSON-76795207-project-member] Parent process 92497 forked (93774) with an open database connection, which is being discarded and recreated. {{(pid=93774) checkout /opt/stack/data/venv/lib/python3.12/site-packages/oslo_db/sqlalchemy/engines.py:402}}
Jul 19 14:33:09.773579 np0000005429 nova-scheduler[93774]: DEBUG dbcounter [-] [93774] Writer thread running {{(pid=93774) stat_writer /opt/stack/data/venv/lib/python3.12/site-packages/dbcounter.py:102}}
Jul 19 14:33:09.776340 np0000005429 nova-scheduler[93774]: DEBUG oslo_concurrency.lockutils [None req-31f6612d-ffc8-49fa-935a-19f4d5a77d0f tempest-DeleteServersTestJSON-76795207 tempest-DeleteServersTestJSON-76795207-project-member] Acquiring lock "77d794c5-8024-4afa-bb46-83eb8e0b3f9e" by "nova.context.set_target_cell..get_or_set_cached_cell_and_set_connections" {{(pid=93774) inner /opt/stack/data/venv/lib/python3.12/site-packages/oslo_concurrency/lockutils.py:512}}
Jul 19 14:33:09.776864 np0000005429 nova-scheduler[93774]: DEBUG oslo_concurrency.lockutils [None req-31f6612d-ffc8-49fa-935a-19f4d5a77d0f tempest-DeleteServersTestJSON-76795207 tempest-DeleteServersTestJSON-76795207-project-member] Lock "77d794c5-8024-4afa-bb46-83eb8e0b3f9e" acquired by "nova.context.set_target_cell..get_or_set_cached_cell_and_set_connections" :: waited 0.000s {{(pid=93774) inner /opt/stack/data/venv/lib/python3.12/site-packages/oslo_concurrency/lockutils.py:525}}
Jul 19 14:33:09.776864 np0000005429 nova-scheduler[93774]: DEBUG oslo_concurrency.lockutils [None req-31f6612d-ffc8-49fa-935a-19f4d5a77d0f tempest-DeleteServersTestJSON-76795207 tempest-DeleteServersTestJSON-76795207-project-member] Lock "77d794c5-8024-4afa-bb46-83eb8e0b3f9e" "released" by "nova.context.set_target_cell..get_or_set_cached_cell_and_set_connections" :: held 0.000s {{(pid=93774) inner /opt/stack/data/venv/lib/python3.12/site-packages/oslo_concurrency/lockutils.py:544}}
Jul 19 14:33:09.781147 np0000005429 nova-scheduler[93774]: DEBUG oslo_concurrency.lockutils [None req-31f6612d-ffc8-49fa-935a-19f4d5a77d0f tempest-DeleteServersTestJSON-76795207 tempest-DeleteServersTestJSON-76795207-project-member] Acquiring lock "np0000005429-np0000005429" by "nova.scheduler.host_manager.HostState.update.._locked_update" {{(pid=93774) inner /opt/stack/data/venv/lib/python3.12/site-packages/oslo_concurrency/lockutils.py:512}}
Jul 19 14:33:09.781301 np0000005429 nova-scheduler[93774]: DEBUG oslo_concurrency.lockutils [None req-31f6612d-ffc8-49fa-935a-19f4d5a77d0f tempest-DeleteServersTestJSON-76795207 tempest-DeleteServersTestJSON-76795207-project-member] Lock "np0000005429-np0000005429" acquired by "nova.scheduler.host_manager.HostState.update.._locked_update" :: waited 0.000s {{(pid=93774) inner /opt/stack/data/venv/lib/python3.12/site-packages/oslo_concurrency/lockutils.py:525}}
Jul 19 14:33:09.782469 np0000005429 nova-scheduler[93774]: DEBUG nova.scheduler.host_manager [None req-31f6612d-ffc8-49fa-935a-19f4d5a77d0f tempest-DeleteServersTestJSON-76795207 tempest-DeleteServersTestJSON-76795207-project-member] Update host state from compute node: ComputeNode(cpu_allocation_ratio=4.0,cpu_info='{"arch": "x86_64", "model": "EPYC-Milan", "vendor": "AMD", "topology": {"cells": 1, "sockets": 16, "cores": 1, "threads": 1}, "maxphysaddr": {"mode": "emulate", "bits": 40}, "features": ["sha-ni", "null-sel-clr-base", "cx8", "clflushopt", "mca", "erms", "apic", "npt", "sse4a", "lfence-always-serializing", "hypervisor", "adx", "msr", "xsaveerptr", "pfthreshold", "sep", "xsaveopt", "misalignsse", "arch-capabilities", "tsc_adjust", "nrip-save", "amd-ssbd", "rdseed", "smep", "pku", "mtrr", "mce", "ibpb", "x2apic", "mmx", "smap", "lahf_lm", "stibp", "cx16", "xsavec", "arat", "avx", "skip-l1dfl-vmentry", "clzero", "ssbd", "ibrs", "amd-stibp", "xsave", "lbrv", "wbnoinvd", "pcid", "tsc-scale", "pclmuldq", "cmp_legacy", "fma", "vmcb-clean", "tsc", "vgif", "bmi1", "rdtscp", "abm", "movbe", "pni", "sse4.1", "fpu", "gds-no", "invpcid", "3dnowprefetch", "popcnt", "osvw", "rdpid", "pschange-mc-no", "cmov", "pdpe1gb", "perfctr_core", "rdrand", "syscall", "mds-no", "vpclmulqdq", "xsaves", "pae", "nx", "f16c", "rdctl-no", "sse4.2", "pse", "clflush", "stibp-always-on", "fxsr", "topoext", "sse", "mmxext", "fsgsbase", "xgetbv1", "fxsr_opt", "avx2", "amd-psfd", "aes", "umip", "svm", "de", "spec-ctrl", "vme", "tsc-deadline", "pge", "fsrm", "cr8legacy", "lm", "clwb", "v-vmsave-vmload", "pause-filter", "pse36", "pat", "virt-ssbd", "no-nested-data-bp", "flushbyasid", "vaes", "sse2", "svme-addr-chk", "ssse3", "bmi2"]}',created_at=2026-07-19T14:31:10Z,current_workload=0,deleted=False,deleted_at=None,disk_allocation_ratio=1.0,disk_available_least=73,free_disk_gb=95,free_ram_mb=62765,host='np0000005429',host_ip=10.4.3.4,hypervisor_hostname='np0000005429',hypervisor_type='QEMU',hypervisor_version=8002002,id=1,local_gb=95,local_gb_used=0,mapped=1,memory_mb=63277,memory_mb_used=512,metrics='[]',numa_topology='{"nova_object.name": "NUMATopology", "nova_object.namespace": "nova", "nova_object.version": "1.2", "nova_object.data": {"cells": [{"nova_object.name": "NUMACell", "nova_object.namespace": "nova", "nova_object.version": "1.5", "nova_object.data": {"id": 0, "cpuset": [0, 1, 2, 3, 4, 5, 6, 7, 8, 9, 10, 11, 12, 13, 14, 15], "pcpuset": [0, 1, 2, 3, 4, 5, 6, 7, 8, 9, 10, 11, 12, 13, 14, 15], "memory": 63277, "cpu_usage": 0, "memory_usage": 0, "pinned_cpus": [], "siblings": [[6], [12], [2], [15], [5], [11], [8], [14], [4], [1], [7], [10], [0], [13], [3], [9]], "mempages": [{"nova_object.name": "NUMAPagesTopology", "nova_object.namespace": "nova", "nova_object.version": "1.1", "nova_object.data": {"size_kb": 4, "total": 16177928, "used": 0, "reserved": 0}, "nova_object.changes": ["used", "size_kb", "reserved", "total"]}, {"nova_object.name": "NUMAPagesTopology", "nova_object.namespace": "nova", "nova_object.version": "1.1", "nova_object.data": {"size_kb": 2048, "total": 41, "used": 0, "reserved": 0}, "nova_object.changes": ["used", "size_kb", "reserved", "total"]}, {"nova_object.name": "NUMAPagesTopology", "nova_object.namespace": "nova", "nova_object.version": "1.1", "nova_object.data": {"size_kb": 1048576, "total": 0, "used": 0, "reserved": 0}, "nova_object.changes": ["used", "size_kb", "reserved", "total"]}], "network_metadata": {"nova_object.name": "NetworkMetadata", "nova_object.namespace": "nova", "nova_object.version": "1.0", "nova_object.data": {"physnets": [], "tunneled": false}, "nova_object.changes": ["tunneled", "physnets"]}, "socket": null}, "nova_object.changes": ["cpuset", "pinned_cpus", "memory", "pcpuset", "memory_usage", "mempages", "siblings", "socket", "id", "cpu_usage", "network_metadata"]}]}, "nova_object.changes": ["cells"]}',pci_device_pools=PciDevicePoolList,ram_allocation_ratio=1.0,running_vms=0,service_id=3,stats={failed_builds='0',uptime=' 14:32:57 up 13 min, 2 users, load average: 2.83, 1.73, 0.89
Jul 19 14:33:09.782469 np0000005429 nova-scheduler[93774]: '},supported_hv_specs=[HVSpec,HVSpec,HVSpec,HVSpec,HVSpec,HVSpec,HVSpec,HVSpec,HVSpec,HVSpec,HVSpec,HVSpec,HVSpec,HVSpec,HVSpec,HVSpec,HVSpec,HVSpec,HVSpec,HVSpec,HVSpec,HVSpec,HVSpec,HVSpec,HVSpec],updated_at=2026-07-19T14:32:58Z,uuid=edfdea72-4d24-4d79-92c8-9f4cef707bdc,vcpus=16,vcpus_used=0) {{(pid=93774) _locked_update /opt/stack/nova/nova/scheduler/host_manager.py:168}}
Jul 19 14:33:09.783276 np0000005429 nova-scheduler[93774]: DEBUG nova.scheduler.host_manager [None req-31f6612d-ffc8-49fa-935a-19f4d5a77d0f tempest-DeleteServersTestJSON-76795207 tempest-DeleteServersTestJSON-76795207-project-member] Update host state with aggregates: [] {{(pid=93774) _locked_update /opt/stack/nova/nova/scheduler/host_manager.py:171}}
Jul 19 14:33:09.783373 np0000005429 nova-scheduler[93774]: DEBUG nova.scheduler.host_manager [None req-31f6612d-ffc8-49fa-935a-19f4d5a77d0f tempest-DeleteServersTestJSON-76795207 tempest-DeleteServersTestJSON-76795207-project-member] Update host state with service dict: {'id': 3, 'uuid': 'bae4332a-68c5-4094-a0a3-66aef8668818', 'host': 'np0000005429', 'binary': 'nova-compute', 'topic': 'compute', 'report_count': 1, 'disabled': False, 'disabled_reason': None, 'last_seen_up': datetime.datetime(2026, 7, 19, 14, 31, 16, tzinfo=datetime.timezone.utc), 'forced_down': False, 'version': 72, 'created_at': datetime.datetime(2026, 7, 19, 14, 31, 10, tzinfo=datetime.timezone.utc), 'updated_at': datetime.datetime(2026, 7, 19, 14, 31, 16, tzinfo=datetime.timezone.utc), 'deleted_at': None, 'deleted': False} {{(pid=93774) _locked_update /opt/stack/nova/nova/scheduler/host_manager.py:174}}
Jul 19 14:33:09.783494 np0000005429 nova-scheduler[93774]: DEBUG nova.scheduler.host_manager [None req-31f6612d-ffc8-49fa-935a-19f4d5a77d0f tempest-DeleteServersTestJSON-76795207 tempest-DeleteServersTestJSON-76795207-project-member] Update host state with instances: [] {{(pid=93774) _locked_update /opt/stack/nova/nova/scheduler/host_manager.py:177}}
Jul 19 14:33:09.784073 np0000005429 nova-scheduler[93774]: DEBUG oslo_concurrency.lockutils [None req-31f6612d-ffc8-49fa-935a-19f4d5a77d0f tempest-DeleteServersTestJSON-76795207 tempest-DeleteServersTestJSON-76795207-project-member] Lock "np0000005429-np0000005429" "released" by "nova.scheduler.host_manager.HostState.update.._locked_update" :: held 0.003s {{(pid=93774) inner /opt/stack/data/venv/lib/python3.12/site-packages/oslo_concurrency/lockutils.py:544}}
Jul 19 14:33:09.784639 np0000005429 nova-scheduler[93774]: DEBUG nova.filters [None req-31f6612d-ffc8-49fa-935a-19f4d5a77d0f tempest-DeleteServersTestJSON-76795207 tempest-DeleteServersTestJSON-76795207-project-member] Starting with 1 host(s) {{(pid=93774) get_filtered_objects /opt/stack/nova/nova/filters.py:70}}
Jul 19 14:33:09.784866 np0000005429 nova-scheduler[93774]: DEBUG nova.filters [None req-31f6612d-ffc8-49fa-935a-19f4d5a77d0f tempest-DeleteServersTestJSON-76795207 tempest-DeleteServersTestJSON-76795207-project-member] Filter ComputeFilter returned 1 host(s) {{(pid=93774) get_filtered_objects /opt/stack/nova/nova/filters.py:102}}
Jul 19 14:33:09.785253 np0000005429 nova-scheduler[93774]: DEBUG nova.filters [None req-31f6612d-ffc8-49fa-935a-19f4d5a77d0f tempest-DeleteServersTestJSON-76795207 tempest-DeleteServersTestJSON-76795207-project-member] Filter ComputeCapabilitiesFilter returned 1 host(s) {{(pid=93774) get_filtered_objects /opt/stack/nova/nova/filters.py:102}}
Jul 19 14:33:09.785734 np0000005429 nova-scheduler[93774]: DEBUG nova.filters [None req-31f6612d-ffc8-49fa-935a-19f4d5a77d0f tempest-DeleteServersTestJSON-76795207 tempest-DeleteServersTestJSON-76795207-project-member] Filter ImagePropertiesFilter returned 1 host(s) {{(pid=93774) get_filtered_objects /opt/stack/nova/nova/filters.py:102}}
Jul 19 14:33:09.785734 np0000005429 nova-scheduler[93774]: DEBUG nova.filters [None req-31f6612d-ffc8-49fa-935a-19f4d5a77d0f tempest-DeleteServersTestJSON-76795207 tempest-DeleteServersTestJSON-76795207-project-member] Filter ServerGroupAntiAffinityFilter returned 1 host(s) {{(pid=93774) get_filtered_objects /opt/stack/nova/nova/filters.py:102}}
Jul 19 14:33:09.785955 np0000005429 nova-scheduler[93774]: DEBUG nova.filters [None req-31f6612d-ffc8-49fa-935a-19f4d5a77d0f tempest-DeleteServersTestJSON-76795207 tempest-DeleteServersTestJSON-76795207-project-member] Filter ServerGroupAffinityFilter returned 1 host(s) {{(pid=93774) get_filtered_objects /opt/stack/nova/nova/filters.py:102}}
Jul 19 14:33:09.786112 np0000005429 nova-scheduler[93774]: DEBUG nova.filters [None req-31f6612d-ffc8-49fa-935a-19f4d5a77d0f tempest-DeleteServersTestJSON-76795207 tempest-DeleteServersTestJSON-76795207-project-member] Filter SameHostFilter returned 1 host(s) {{(pid=93774) get_filtered_objects /opt/stack/nova/nova/filters.py:102}}
Jul 19 14:33:09.787143 np0000005429 nova-scheduler[93774]: DEBUG nova.filters [None req-31f6612d-ffc8-49fa-935a-19f4d5a77d0f tempest-DeleteServersTestJSON-76795207 tempest-DeleteServersTestJSON-76795207-project-member] Filter DifferentHostFilter returned 1 host(s) {{(pid=93774) get_filtered_objects /opt/stack/nova/nova/filters.py:102}}
Jul 19 14:33:09.787143 np0000005429 nova-scheduler[93774]: DEBUG nova.scheduler.manager [None req-31f6612d-ffc8-49fa-935a-19f4d5a77d0f tempest-DeleteServersTestJSON-76795207 tempest-DeleteServersTestJSON-76795207-project-member] Filtered [(np0000005429, np0000005429) ram: 62765MB disk: 74752MB io_ops: 0 instances: 0, allocation_candidates: 1] {{(pid=93774) _get_sorted_hosts /opt/stack/nova/nova/scheduler/manager.py:742}}
Jul 19 14:33:09.787143 np0000005429 nova-scheduler[93774]: DEBUG nova.scheduler.manager [None req-31f6612d-ffc8-49fa-935a-19f4d5a77d0f tempest-DeleteServersTestJSON-76795207 tempest-DeleteServersTestJSON-76795207-project-member] Weighed [WeighedHost [host: (np0000005429, np0000005429) ram: 62765MB disk: 74752MB io_ops: 0 instances: 0, allocation_candidates: 1, weight: 0.0]] {{(pid=93774) _get_sorted_hosts /opt/stack/nova/nova/scheduler/manager.py:764}}
Jul 19 14:33:09.787143 np0000005429 nova-scheduler[93774]: DEBUG nova.scheduler.utils [None req-31f6612d-ffc8-49fa-935a-19f4d5a77d0f tempest-DeleteServersTestJSON-76795207 tempest-DeleteServersTestJSON-76795207-project-member] Attempting to claim resources in the placement API for instance 09775a68-2ba8-4931-969f-3ba055b4465f {{(pid=93774) claim_resources /opt/stack/nova/nova/scheduler/utils.py:1345}}
Jul 19 14:33:09.926945 np0000005429 nova-scheduler[93774]: DEBUG nova.scheduler.manager [None req-31f6612d-ffc8-49fa-935a-19f4d5a77d0f tempest-DeleteServersTestJSON-76795207 tempest-DeleteServersTestJSON-76795207-project-member] [instance: 09775a68-2ba8-4931-969f-3ba055b4465f] Selected host: (np0000005429, np0000005429) ram: 62765MB disk: 74752MB io_ops: 0 instances: 0, allocation_candidates: 1 {{(pid=93774) _consume_selected_host /opt/stack/nova/nova/scheduler/manager.py:624}}
Jul 19 14:33:09.927238 np0000005429 nova-scheduler[93774]: DEBUG oslo_concurrency.lockutils [None req-31f6612d-ffc8-49fa-935a-19f4d5a77d0f tempest-DeleteServersTestJSON-76795207 tempest-DeleteServersTestJSON-76795207-project-member] Acquiring lock "np0000005429-np0000005429" by "nova.scheduler.host_manager.HostState.consume_from_request.._locked" {{(pid=93774) inner /opt/stack/data/venv/lib/python3.12/site-packages/oslo_concurrency/lockutils.py:512}}
Jul 19 14:33:09.927348 np0000005429 nova-scheduler[93774]: DEBUG oslo_concurrency.lockutils [None req-31f6612d-ffc8-49fa-935a-19f4d5a77d0f tempest-DeleteServersTestJSON-76795207 tempest-DeleteServersTestJSON-76795207-project-member] Lock "np0000005429-np0000005429" acquired by "nova.scheduler.host_manager.HostState.consume_from_request.._locked" :: waited 0.000s {{(pid=93774) inner /opt/stack/data/venv/lib/python3.12/site-packages/oslo_concurrency/lockutils.py:525}}
Jul 19 14:33:09.927510 np0000005429 nova-scheduler[93774]: DEBUG oslo_concurrency.lockutils [None req-31f6612d-ffc8-49fa-935a-19f4d5a77d0f tempest-DeleteServersTestJSON-76795207 tempest-DeleteServersTestJSON-76795207-project-member] Lock "np0000005429-np0000005429" "released" by "nova.scheduler.host_manager.HostState.consume_from_request.._locked" :: held 0.000s {{(pid=93774) inner /opt/stack/data/venv/lib/python3.12/site-packages/oslo_concurrency/lockutils.py:544}}
Jul 19 14:33:15.066005 np0000005429 nova-scheduler[93782]: DEBUG nova.scheduler.manager [None req-c1306563-3375-46b8-9cef-0c81ee33bba2 tempest-AttachVolumeNegativeTest-1848930574 tempest-AttachVolumeNegativeTest-1848930574-project-member] Starting to schedule for instances: ['64ae1cb5-1245-4162-be03-d182e2bb9c86'] {{(pid=93782) select_destinations /opt/stack/nova/nova/scheduler/manager.py:209}}
Jul 19 14:33:15.066438 np0000005429 nova-scheduler[93782]: DEBUG nova.scheduler.request_filter [None req-c1306563-3375-46b8-9cef-0c81ee33bba2 tempest-AttachVolumeNegativeTest-1848930574 tempest-AttachVolumeNegativeTest-1848930574-project-member] compute_status_filter request filter added forbidden trait COMPUTE_STATUS_DISABLED {{(pid=93782) compute_status_filter /opt/stack/nova/nova/scheduler/request_filter.py:253}}
Jul 19 14:33:15.066547 np0000005429 nova-scheduler[93782]: DEBUG nova.scheduler.request_filter [None req-c1306563-3375-46b8-9cef-0c81ee33bba2 tempest-AttachVolumeNegativeTest-1848930574 tempest-AttachVolumeNegativeTest-1848930574-project-member] Request filter 'compute_status_filter' took 0.0 seconds {{(pid=93782) wrapper /opt/stack/nova/nova/scheduler/request_filter.py:46}}
Jul 19 14:33:15.066739 np0000005429 nova-scheduler[93782]: DEBUG nova.scheduler.request_filter [None req-c1306563-3375-46b8-9cef-0c81ee33bba2 tempest-AttachVolumeNegativeTest-1848930574 tempest-AttachVolumeNegativeTest-1848930574-project-member] Request filter 'accelerators_filter' took 0.0 seconds {{(pid=93782) wrapper /opt/stack/nova/nova/scheduler/request_filter.py:46}}
Jul 19 14:33:15.066933 np0000005429 nova-scheduler[93782]: DEBUG nova.scheduler.request_filter [None req-c1306563-3375-46b8-9cef-0c81ee33bba2 tempest-AttachVolumeNegativeTest-1848930574 tempest-AttachVolumeNegativeTest-1848930574-project-member] Request filter 'packed_virtqueue_filter' took 0.0 seconds {{(pid=93782) wrapper /opt/stack/nova/nova/scheduler/request_filter.py:46}}
Jul 19 14:33:15.067280 np0000005429 nova-scheduler[93782]: DEBUG nova.scheduler.request_filter [None req-c1306563-3375-46b8-9cef-0c81ee33bba2 tempest-AttachVolumeNegativeTest-1848930574 tempest-AttachVolumeNegativeTest-1848930574-project-member] Request filter 'remote_managed_ports_filter' took 0.0 seconds {{(pid=93782) wrapper /opt/stack/nova/nova/scheduler/request_filter.py:46}}
Jul 19 14:33:15.067642 np0000005429 nova-scheduler[93782]: DEBUG nova.scheduler.request_filter [None req-c1306563-3375-46b8-9cef-0c81ee33bba2 tempest-AttachVolumeNegativeTest-1848930574 tempest-AttachVolumeNegativeTest-1848930574-project-member] ephemeral_encryption_filter skipped {{(pid=93782) ephemeral_encryption_filter /opt/stack/nova/nova/scheduler/request_filter.py:426}}
Jul 19 14:33:15.067775 np0000005429 nova-scheduler[93782]: DEBUG nova.scheduler.request_filter [None req-c1306563-3375-46b8-9cef-0c81ee33bba2 tempest-AttachVolumeNegativeTest-1848930574 tempest-AttachVolumeNegativeTest-1848930574-project-member] virtio_sound_filter skipped {{(pid=93782) virtio_sound_filter /opt/stack/nova/nova/scheduler/request_filter.py:460}}
Jul 19 14:33:15.067912 np0000005429 nova-scheduler[93782]: DEBUG nova.scheduler.request_filter [None req-c1306563-3375-46b8-9cef-0c81ee33bba2 tempest-AttachVolumeNegativeTest-1848930574 tempest-AttachVolumeNegativeTest-1848930574-project-member] tpm_secret_security_filter skipped {{(pid=93782) tpm_secret_security_filter /opt/stack/nova/nova/scheduler/request_filter.py:477}}
