Aug 26 00:51:05.153360 np0000008123 devstack@g-api.service[102978]: DEBUG glance.api.middleware.version_negotiation [None req-f3e9cab0-84f4-476e-bc1a-2e4a7465ad9e tempest-AttachSCSIVolumeTestJSON-1508737108 tempest-AttachSCSIVolumeTestJSON-1508737108-project-admin] Using url versioning {{(pid=102978) process_request /opt/stack/glance/glance/api/middleware/version_negotiation.py:57}}
Aug 26 00:51:05.153360 np0000008123 devstack@g-api.service[102978]: DEBUG glance.api.middleware.version_negotiation [None req-f3e9cab0-84f4-476e-bc1a-2e4a7465ad9e tempest-AttachSCSIVolumeTestJSON-1508737108 tempest-AttachSCSIVolumeTestJSON-1508737108-project-admin] Matched version: v2 {{(pid=102978) process_request /opt/stack/glance/glance/api/middleware/version_negotiation.py:69}}
Aug 26 00:51:05.153931 np0000008123 devstack@g-api.service[102978]: DEBUG glance.api.middleware.version_negotiation [None req-f3e9cab0-84f4-476e-bc1a-2e4a7465ad9e tempest-AttachSCSIVolumeTestJSON-1508737108 tempest-AttachSCSIVolumeTestJSON-1508737108-project-admin] new path /v2/images/fbadba20-bb7b-41d1-9ebb-e0e97394150e {{(pid=102978) process_request /opt/stack/glance/glance/api/middleware/version_negotiation.py:70}}
Aug 26 00:51:05.167114 np0000008123 devstack@g-api.service[102978]: [pid: 102978|app: 0|req: 45/210] 127.0.0.1 () {44 vars in 1115 bytes} [Wed Aug 26 00:51:05 2026] GET /v2/images/fbadba20-bb7b-41d1-9ebb-e0e97394150e => generated 1692 bytes in 15 msecs (HTTP/1.1 200) 4 headers in 158 bytes (1 switches on core 0)
Aug 26 00:51:05.318465 np0000008123 devstack@g-api.service[102975]: DEBUG glance.api.middleware.version_negotiation [None req-cc53cee1-a6d9-43b3-9fa0-5ba14818ecb1 tempest-AttachSCSIVolumeTestJSON-1908124589 tempest-AttachSCSIVolumeTestJSON-1908124589-project-reader] Determining version of request: GET /v2/schemas/image Accept: */* {{(pid=102975) process_request /opt/stack/glance/glance/api/middleware/version_negotiation.py:44}}
Aug 26 00:51:05.318465 np0000008123 devstack@g-api.service[102975]: DEBUG glance.api.middleware.version_negotiation [None req-cc53cee1-a6d9-43b3-9fa0-5ba14818ecb1 tempest-AttachSCSIVolumeTestJSON-1908124589 tempest-AttachSCSIVolumeTestJSON-1908124589-project-reader] Using url versioning {{(pid=102975) process_request /opt/stack/glance/glance/api/middleware/version_negotiation.py:57}}
Aug 26 00:51:05.318465 np0000008123 devstack@g-api.service[102975]: DEBUG glance.api.middleware.version_negotiation [None req-cc53cee1-a6d9-43b3-9fa0-5ba14818ecb1 tempest-AttachSCSIVolumeTestJSON-1908124589 tempest-AttachSCSIVolumeTestJSON-1908124589-project-reader] Matched version: v2 {{(pid=102975) process_request /opt/stack/glance/glance/api/middleware/version_negotiation.py:69}}
Aug 26 00:51:05.318465 np0000008123 devstack@g-api.service[102975]: DEBUG glance.api.middleware.version_negotiation [None req-cc53cee1-a6d9-43b3-9fa0-5ba14818ecb1 tempest-AttachSCSIVolumeTestJSON-1908124589 tempest-AttachSCSIVolumeTestJSON-1908124589-project-reader] new path /v2/schemas/image {{(pid=102975) process_request /opt/stack/glance/glance/api/middleware/version_negotiation.py:70}}
Aug 26 00:51:05.318465 np0000008123 devstack@g-api.service[102975]: [pid: 102975|app: 0|req: 60/211] 127.0.0.1 () {44 vars in 1055 bytes} [Wed Aug 26 00:51:05 2026] GET /v2/schemas/image => generated 6083 bytes in 6 msecs (HTTP/1.1 200) 4 headers in 158 bytes (1 switches on core 0)
Aug 26 00:51:05.734554 np0000008123 devstack@g-api.service[102976]: DEBUG swiftclient [None req-7c975c68-45d2-481a-afc4-b58172fd963b tempest-VolumesActionsTest-781066918 tempest-VolumesActionsTest-781066918-project-member] REQ: curl -i https://10.4.3.210:8080/v1/AUTH_1477500e0eb2489b8a7f7535fc2c5066/glance/c8b580c2-6587-44a1-a5e4-b00e5a436922-00002 -X PUT -H "X-Auth-Token: gAAAAABqjjhzyogP..." {{(pid=102976) http_log /opt/stack/data/venv/lib/python3.12/site-packages/swiftclient/client.py:160}}
Aug 26 00:51:05.734857 np0000008123 devstack@g-api.service[102976]: DEBUG swiftclient [None req-7c975c68-45d2-481a-afc4-b58172fd963b tempest-VolumesActionsTest-781066918 tempest-VolumesActionsTest-781066918-project-member] RESP STATUS: 201 Created {{(pid=102976) http_log /opt/stack/data/venv/lib/python3.12/site-packages/swiftclient/client.py:161}}
Aug 26 00:51:05.734857 np0000008123 devstack@g-api.service[102976]: DEBUG swiftclient [None req-7c975c68-45d2-481a-afc4-b58172fd963b tempest-VolumesActionsTest-781066918 tempest-VolumesActionsTest-781066918-project-member] RESP HEADERS: {'Date': 'Wed, 26 Aug 2026 00:51:05 GMT', 'Server': 'Apache/2.4.58 (Ubuntu)', 'Content-Type': 'text/html; charset=UTF-8', 'Content-Length': '0', 'Etag': 'eda9a9889837ac4bc81d6387d92c1bec', 'Last-Modified': 'Wed, 26 Aug 2026 00:51:03 GMT', 'X-Trans-Id': 'txe65dc5fd1b904ccbb66b5-006a8e3876', 'X-Openstack-Request-Id': 'txe65dc5fd1b904ccbb66b5-006a8e3876', 'Connection': 'close'} {{(pid=102976) http_log /opt/stack/data/venv/lib/python3.12/site-packages/swiftclient/client.py:162}}
Aug 26 00:51:05.734972 np0000008123 devstack@g-api.service[102976]: DEBUG glance_store._drivers.swift.store [None req-7c975c68-45d2-481a-afc4-b58172fd963b tempest-VolumesActionsTest-781066918 tempest-VolumesActionsTest-781066918-project-member] Wrote chunk c8b580c2-6587-44a1-a5e4-b00e5a436922-00002 (2/?) of length 204800000 to Swift returning MD5 of content: eda9a9889837ac4bc81d6387d92c1bec {{(pid=102976) add /opt/stack/data/venv/lib/python3.12/site-packages/glance_store/_drivers/swift/store.py:1059}}
Aug 26 00:51:05.998323 np0000008123 devstack@g-api.service[102977]: DEBUG glance.api.middleware.version_negotiation [None req-b63c0fbb-bbac-4c3d-8d54-aa112a91a179 tempest-VolumesActionsTest-781066918 tempest-VolumesActionsTest-781066918-project-member] Determining version of request: GET /v2/images/c8b580c2-6587-44a1-a5e4-b00e5a436922 Accept: application/json {{(pid=102977) process_request /opt/stack/glance/glance/api/middleware/version_negotiation.py:44}}
Aug 26 00:51:05.998784 np0000008123 devstack@g-api.service[102977]: DEBUG glance.api.middleware.version_negotiation [None req-b63c0fbb-bbac-4c3d-8d54-aa112a91a179 tempest-VolumesActionsTest-781066918 tempest-VolumesActionsTest-781066918-project-member] Using url versioning {{(pid=102977) process_request /opt/stack/glance/glance/api/middleware/version_negotiation.py:57}}
Aug 26 00:51:05.998784 np0000008123 devstack@g-api.service[102977]: DEBUG glance.api.middleware.version_negotiation [None req-b63c0fbb-bbac-4c3d-8d54-aa112a91a179 tempest-VolumesActionsTest-781066918 tempest-VolumesActionsTest-781066918-project-member] Matched version: v2 {{(pid=102977) process_request /opt/stack/glance/glance/api/middleware/version_negotiation.py:69}}
Aug 26 00:51:05.998784 np0000008123 devstack@g-api.service[102977]: DEBUG glance.api.middleware.version_negotiation [None req-b63c0fbb-bbac-4c3d-8d54-aa112a91a179 tempest-VolumesActionsTest-781066918 tempest-VolumesActionsTest-781066918-project-member] new path /v2/images/c8b580c2-6587-44a1-a5e4-b00e5a436922 {{(pid=102977) process_request /opt/stack/glance/glance/api/middleware/version_negotiation.py:70}}
Aug 26 00:51:06.008949 np0000008123 devstack@g-api.service[102977]: [pid: 102977|app: 0|req: 57/212] 127.0.0.1 () {40 vars in 838 bytes} [Wed Aug 26 00:51:05 2026] GET /v2/images/c8b580c2-6587-44a1-a5e4-b00e5a436922 => generated 649 bytes in 11 msecs (HTTP/1.1 200) 4 headers in 157 bytes (1 switches on core 0)
Aug 26 00:51:07.186713 np0000008123 devstack@g-api.service[102978]: DEBUG glance.api.middleware.version_negotiation [None req-56c7d72e-7b0b-41a0-9cdf-a354df5e7c85 tempest-ServerBootFromVolumeStableRescueTest-16818549 tempest-ServerBootFromVolumeStableRescueTest-16818549-project-member] Determining version of request: GET /v2/images/c8b580c2-6587-44a1-a5e4-b00e5a436922 Accept: application/json {{(pid=102978) process_request /opt/stack/glance/glance/api/middleware/version_negotiation.py:44}}
Aug 26 00:51:07.186713 np0000008123 devstack@g-api.service[102978]: DEBUG glance.api.middleware.version_negotiation [None req-56c7d72e-7b0b-41a0-9cdf-a354df5e7c85 tempest-ServerBootFromVolumeStableRescueTest-16818549 tempest-ServerBootFromVolumeStableRescueTest-16818549-project-member] Using url versioning {{(pid=102978) process_request /opt/stack/glance/glance/api/middleware/version_negotiation.py:57}}
Aug 26 00:51:07.186713 np0000008123 devstack@g-api.service[102978]: DEBUG glance.api.middleware.version_negotiation [None req-56c7d72e-7b0b-41a0-9cdf-a354df5e7c85 tempest-ServerBootFromVolumeStableRescueTest-16818549 tempest-ServerBootFromVolumeStableRescueTest-16818549-project-member] Matched version: v2 {{(pid=102978) process_request /opt/stack/glance/glance/api/middleware/version_negotiation.py:69}}
Aug 26 00:51:07.186713 np0000008123 devstack@g-api.service[102978]: DEBUG glance.api.middleware.version_negotiation [None req-56c7d72e-7b0b-41a0-9cdf-a354df5e7c85 tempest-ServerBootFromVolumeStableRescueTest-16818549 tempest-ServerBootFromVolumeStableRescueTest-16818549-project-member] new path /v2/images/c8b580c2-6587-44a1-a5e4-b00e5a436922 {{(pid=102978) process_request /opt/stack/glance/glance/api/middleware/version_negotiation.py:70}}
Aug 26 00:51:07.799861 np0000008123 devstack@g-api.service[102978]: [pid: 102978|app: 0|req: 46/213] 127.0.0.1 () {40 vars in 838 bytes} [Wed Aug 26 00:51:07 2026] GET /v2/images/c8b580c2-6587-44a1-a5e4-b00e5a436922 => generated 649 bytes in 491 msecs (HTTP/1.1 200) 4 headers in 157 bytes (1 switches on core 0)
Aug 26 00:51:08.589055 np0000008123 devstack@g-api.service[102976]: DEBUG swiftclient [None req-7c975c68-45d2-481a-afc4-b58172fd963b tempest-VolumesActionsTest-781066918 tempest-VolumesActionsTest-781066918-project-member] REQ: curl -i https://10.4.3.210:8080/v1/AUTH_1477500e0eb2489b8a7f7535fc2c5066/glance/c8b580c2-6587-44a1-a5e4-b00e5a436922-00003 -X PUT -H "X-Auth-Token: gAAAAABqjjhzyogP..." {{(pid=102976) http_log /opt/stack/data/venv/lib/python3.12/site-packages/swiftclient/client.py:160}}
Aug 26 00:51:08.589363 np0000008123 devstack@g-api.service[102976]: DEBUG swiftclient [None req-7c975c68-45d2-481a-afc4-b58172fd963b tempest-VolumesActionsTest-781066918 tempest-VolumesActionsTest-781066918-project-member] RESP STATUS: 201 Created {{(pid=102976) http_log /opt/stack/data/venv/lib/python3.12/site-packages/swiftclient/client.py:161}}
Aug 26 00:51:08.589363 np0000008123 devstack@g-api.service[102976]: DEBUG swiftclient [None req-7c975c68-45d2-481a-afc4-b58172fd963b tempest-VolumesActionsTest-781066918 tempest-VolumesActionsTest-781066918-project-member] RESP HEADERS: {'Date': 'Wed, 26 Aug 2026 00:51:08 GMT', 'Server': 'Apache/2.4.58 (Ubuntu)', 'Content-Type': 'text/html; charset=UTF-8', 'Content-Length': '0', 'Etag': 'eda9a9889837ac4bc81d6387d92c1bec', 'Last-Modified': 'Wed, 26 Aug 2026 00:51:06 GMT', 'X-Trans-Id': 'tx002bd7676f424bf78fc37-006a8e3879', 'X-Openstack-Request-Id': 'tx002bd7676f424bf78fc37-006a8e3879', 'Connection': 'close'} {{(pid=102976) http_log /opt/stack/data/venv/lib/python3.12/site-packages/swiftclient/client.py:162}}
Aug 26 00:51:08.589539 np0000008123 devstack@g-api.service[102976]: DEBUG glance_store._drivers.swift.store [None req-7c975c68-45d2-481a-afc4-b58172fd963b tempest-VolumesActionsTest-781066918 tempest-VolumesActionsTest-781066918-project-member] Wrote chunk c8b580c2-6587-44a1-a5e4-b00e5a436922-00003 (3/?) of length 204800000 to Swift returning MD5 of content: eda9a9889837ac4bc81d6387d92c1bec {{(pid=102976) add /opt/stack/data/venv/lib/python3.12/site-packages/glance_store/_drivers/swift/store.py:1059}}
Aug 26 00:51:08.806947 np0000008123 devstack@g-api.service[102975]: DEBUG glance.api.middleware.version_negotiation [None req-56c7d72e-7b0b-41a0-9cdf-a354df5e7c85 tempest-ServerBootFromVolumeStableRescueTest-16818549 tempest-ServerBootFromVolumeStableRescueTest-16818549-project-member] Determining version of request: GET /v2/images/c8b580c2-6587-44a1-a5e4-b00e5a436922 Accept: application/json {{(pid=102975) process_request /opt/stack/glance/glance/api/middleware/version_negotiation.py:44}}
Aug 26 00:51:08.807400 np0000008123 devstack@g-api.service[102975]: DEBUG glance.api.middleware.version_negotiation [None req-56c7d72e-7b0b-41a0-9cdf-a354df5e7c85 tempest-ServerBootFromVolumeStableRescueTest-16818549 tempest-ServerBootFromVolumeStableRescueTest-16818549-project-member] Using url versioning {{(pid=102975) process_request /opt/stack/glance/glance/api/middleware/version_negotiation.py:57}}
Aug 26 00:51:08.807400 np0000008123 devstack@g-api.service[102975]: DEBUG glance.api.middleware.version_negotiation [None req-56c7d72e-7b0b-41a0-9cdf-a354df5e7c85 tempest-ServerBootFromVolumeStableRescueTest-16818549 tempest-ServerBootFromVolumeStableRescueTest-16818549-project-member] Matched version: v2 {{(pid=102975) process_request /opt/stack/glance/glance/api/middleware/version_negotiation.py:69}}
Aug 26 00:51:08.807400 np0000008123 devstack@g-api.service[102975]: DEBUG glance.api.middleware.version_negotiation [None req-56c7d72e-7b0b-41a0-9cdf-a354df5e7c85 tempest-ServerBootFromVolumeStableRescueTest-16818549 tempest-ServerBootFromVolumeStableRescueTest-16818549-project-member] new path /v2/images/c8b580c2-6587-44a1-a5e4-b00e5a436922 {{(pid=102975) process_request /opt/stack/glance/glance/api/middleware/version_negotiation.py:70}}
Aug 26 00:51:08.817310 np0000008123 devstack@g-api.service[102975]: [pid: 102975|app: 0|req: 61/214] 127.0.0.1 () {40 vars in 838 bytes} [Wed Aug 26 00:51:08 2026] GET /v2/images/c8b580c2-6587-44a1-a5e4-b00e5a436922 => generated 649 bytes in 10 msecs (HTTP/1.1 200) 4 headers in 157 bytes (1 switches on core 0)
Aug 26 00:51:09.755320 np0000008123 devstack@g-api.service[102976]: DEBUG dbcounter [-] [102976] Writing DB stats glance:SELECT=47,glance:UPDATE=2,glance:INSERT=4 {{(pid=102976) stat_writer /opt/stack/data/venv/lib/python3.12/site-packages/dbcounter.py:115}}
Aug 26 00:51:09.832154 np0000008123 devstack@g-api.service[102977]: DEBUG glance.api.middleware.version_negotiation [None req-84ffa9a2-5cbd-4a91-8b65-5f68b12a3763 tempest-VolumesActionsTest-781066918 tempest-VolumesActionsTest-781066918-project-member] Determining version of request: GET /v2/images/c8b580c2-6587-44a1-a5e4-b00e5a436922 Accept: application/json {{(pid=102977) process_request /opt/stack/glance/glance/api/middleware/version_negotiation.py:44}}
Aug 26 00:51:09.832664 np0000008123 devstack@g-api.service[102977]: DEBUG glance.api.middleware.version_negotiation [None req-84ffa9a2-5cbd-4a91-8b65-5f68b12a3763 tempest-VolumesActionsTest-781066918 tempest-VolumesActionsTest-781066918-project-member] Using url versioning {{(pid=102977) process_request /opt/stack/glance/glance/api/middleware/version_negotiation.py:57}}
Aug 26 00:51:09.835051 np0000008123 devstack@g-api.service[102977]: DEBUG glance.api.middleware.version_negotiation [None req-84ffa9a2-5cbd-4a91-8b65-5f68b12a3763 tempest-VolumesActionsTest-781066918 tempest-VolumesActionsTest-781066918-project-member] Matched version: v2 {{(pid=102977) process_request /opt/stack/glance/glance/api/middleware/version_negotiation.py:69}}
Aug 26 00:51:09.835051 np0000008123 devstack@g-api.service[102977]: DEBUG glance.api.middleware.version_negotiation [None req-84ffa9a2-5cbd-4a91-8b65-5f68b12a3763 tempest-VolumesActionsTest-781066918 tempest-VolumesActionsTest-781066918-project-member] new path /v2/images/c8b580c2-6587-44a1-a5e4-b00e5a436922 {{(pid=102977) process_request /opt/stack/glance/glance/api/middleware/version_negotiation.py:70}}
Aug 26 00:51:09.853762 np0000008123 devstack@g-api.service[102977]: [pid: 102977|app: 0|req: 58/215] 127.0.0.1 () {40 vars in 838 bytes} [Wed Aug 26 00:51:09 2026] GET /v2/images/c8b580c2-6587-44a1-a5e4-b00e5a436922 => generated 649 bytes in 23 msecs (HTTP/1.1 200) 4 headers in 157 bytes (1 switches on core 0)
Aug 26 00:51:10.866262 np0000008123 devstack@g-api.service[102978]: DEBUG glance.api.middleware.version_negotiation [None req-d82a0c04-d929-4ae9-a5ac-6bb2b62b198b tempest-VolumesActionsTest-781066918 tempest-VolumesActionsTest-781066918-project-member] Determining version of request: GET /v2/images/c8b580c2-6587-44a1-a5e4-b00e5a436922 Accept: application/json {{(pid=102978) process_request /opt/stack/glance/glance/api/middleware/version_negotiation.py:44}}
Aug 26 00:51:10.866711 np0000008123 devstack@g-api.service[102978]: DEBUG glance.api.middleware.version_negotiation [None req-d82a0c04-d929-4ae9-a5ac-6bb2b62b198b tempest-VolumesActionsTest-781066918 tempest-VolumesActionsTest-781066918-project-member] Using url versioning {{(pid=102978) process_request /opt/stack/glance/glance/api/middleware/version_negotiation.py:57}}
Aug 26 00:51:10.866711 np0000008123 devstack@g-api.service[102978]: DEBUG glance.api.middleware.version_negotiation [None req-d82a0c04-d929-4ae9-a5ac-6bb2b62b198b tempest-VolumesActionsTest-781066918 tempest-VolumesActionsTest-781066918-project-member] Matched version: v2 {{(pid=102978) process_request /opt/stack/glance/glance/api/middleware/version_negotiation.py:69}}
Aug 26 00:51:10.866812 np0000008123 devstack@g-api.service[102978]: DEBUG glance.api.middleware.version_negotiation [None req-d82a0c04-d929-4ae9-a5ac-6bb2b62b198b tempest-VolumesActionsTest-781066918 tempest-VolumesActionsTest-781066918-project-member] new path /v2/images/c8b580c2-6587-44a1-a5e4-b00e5a436922 {{(pid=102978) process_request /opt/stack/glance/glance/api/middleware/version_negotiation.py:70}}
Aug 26 00:51:10.875377 np0000008123 devstack@g-api.service[102978]: [pid: 102978|app: 0|req: 47/216] 127.0.0.1 () {40 vars in 838 bytes} [Wed Aug 26 00:51:10 2026] GET /v2/images/c8b580c2-6587-44a1-a5e4-b00e5a436922 => generated 649 bytes in 9 msecs (HTTP/1.1 200) 4 headers in 157 bytes (1 switches on core 0)
Aug 26 00:51:11.786461 np0000008123 devstack@g-api.service[102976]: DEBUG swiftclient [None req-7c975c68-45d2-481a-afc4-b58172fd963b tempest-VolumesActionsTest-781066918 tempest-VolumesActionsTest-781066918-project-member] REQ: curl -i https://10.4.3.210:8080/v1/AUTH_1477500e0eb2489b8a7f7535fc2c5066/glance/c8b580c2-6587-44a1-a5e4-b00e5a436922-00004 -X PUT -H "X-Auth-Token: gAAAAABqjjhzyogP..." {{(pid=102976) http_log /opt/stack/data/venv/lib/python3.12/site-packages/swiftclient/client.py:160}}
Aug 26 00:51:11.786891 np0000008123 devstack@g-api.service[102976]: DEBUG swiftclient [None req-7c975c68-45d2-481a-afc4-b58172fd963b tempest-VolumesActionsTest-781066918 tempest-VolumesActionsTest-781066918-project-member] RESP STATUS: 201 Created {{(pid=102976) http_log /opt/stack/data/venv/lib/python3.12/site-packages/swiftclient/client.py:161}}
Aug 26 00:51:11.786891 np0000008123 devstack@g-api.service[102976]: DEBUG swiftclient [None req-7c975c68-45d2-481a-afc4-b58172fd963b tempest-VolumesActionsTest-781066918 tempest-VolumesActionsTest-781066918-project-member] RESP HEADERS: {'Date': 'Wed, 26 Aug 2026 00:51:11 GMT', 'Server': 'Apache/2.4.58 (Ubuntu)', 'Content-Type': 'text/html; charset=UTF-8', 'Content-Length': '0', 'Etag': 'eda9a9889837ac4bc81d6387d92c1bec', 'Last-Modified': 'Wed, 26 Aug 2026 00:51:09 GMT', 'X-Trans-Id': 'txf35d908d0bb84bafb8d2c-006a8e387c', 'X-Openstack-Request-Id': 'txf35d908d0bb84bafb8d2c-006a8e387c', 'Connection': 'close'} {{(pid=102976) http_log /opt/stack/data/venv/lib/python3.12/site-packages/swiftclient/client.py:162}}
Aug 26 00:51:11.786891 np0000008123 devstack@g-api.service[102976]: DEBUG glance_store._drivers.swift.store [None req-7c975c68-45d2-481a-afc4-b58172fd963b tempest-VolumesActionsTest-781066918 tempest-VolumesActionsTest-781066918-project-member] Wrote chunk c8b580c2-6587-44a1-a5e4-b00e5a436922-00004 (4/?) of length 204800000 to Swift returning MD5 of content: eda9a9889837ac4bc81d6387d92c1bec {{(pid=102976) add /opt/stack/data/venv/lib/python3.12/site-packages/glance_store/_drivers/swift/store.py:1059}}
Aug 26 00:51:11.883135 np0000008123 devstack@g-api.service[102975]: DEBUG glance.api.middleware.version_negotiation [None req-d3b920bd-6da5-4793-b470-033f1ae56ae7 tempest-VolumesActionsTest-781066918 tempest-VolumesActionsTest-781066918-project-member] Determining version of request: GET /v2/images/c8b580c2-6587-44a1-a5e4-b00e5a436922 Accept: application/json {{(pid=102975) process_request /opt/stack/glance/glance/api/middleware/version_negotiation.py:44}}
Aug 26 00:51:11.883478 np0000008123 devstack@g-api.service[102975]: DEBUG glance.api.middleware.version_negotiation [None req-d3b920bd-6da5-4793-b470-033f1ae56ae7 tempest-VolumesActionsTest-781066918 tempest-VolumesActionsTest-781066918-project-member] Using url versioning {{(pid=102975) process_request /opt/stack/glance/glance/api/middleware/version_negotiation.py:57}}
Aug 26 00:51:11.883478 np0000008123 devstack@g-api.service[102975]: DEBUG glance.api.middleware.version_negotiation [None req-d3b920bd-6da5-4793-b470-033f1ae56ae7 tempest-VolumesActionsTest-781066918 tempest-VolumesActionsTest-781066918-project-member] Matched version: v2 {{(pid=102975) process_request /opt/stack/glance/glance/api/middleware/version_negotiation.py:69}}
Aug 26 00:51:11.883539 np0000008123 devstack@g-api.service[102975]: DEBUG glance.api.middleware.version_negotiation [None req-d3b920bd-6da5-4793-b470-033f1ae56ae7 tempest-VolumesActionsTest-781066918 tempest-VolumesActionsTest-781066918-project-member] new path /v2/images/c8b580c2-6587-44a1-a5e4-b00e5a436922 {{(pid=102975) process_request /opt/stack/glance/glance/api/middleware/version_negotiation.py:70}}
Aug 26 00:51:11.892770 np0000008123 devstack@g-api.service[102975]: [pid: 102975|app: 0|req: 62/217] 127.0.0.1 () {40 vars in 838 bytes} [Wed Aug 26 00:51:11 2026] GET /v2/images/c8b580c2-6587-44a1-a5e4-b00e5a436922 => generated 649 bytes in 9 msecs (HTTP/1.1 200) 4 headers in 157 bytes (1 switches on core 0)
Aug 26 00:51:12.941177 np0000008123 devstack@g-api.service[102977]: DEBUG glance.api.middleware.version_negotiation [None req-5d0dd59f-128d-4505-8f30-0478992aaa48 tempest-VolumesActionsTest-781066918 tempest-VolumesActionsTest-781066918-project-member] Determining version of request: GET /v2/images/c8b580c2-6587-44a1-a5e4-b00e5a436922 Accept: application/json {{(pid=102977) process_request /opt/stack/glance/glance/api/middleware/version_negotiation.py:44}}
Aug 26 00:51:12.941177 np0000008123 devstack@g-api.service[102977]: DEBUG glance.api.middleware.version_negotiation [None req-5d0dd59f-128d-4505-8f30-0478992aaa48 tempest-VolumesActionsTest-781066918 tempest-VolumesActionsTest-781066918-project-member] Using url versioning {{(pid=102977) process_request /opt/stack/glance/glance/api/middleware/version_negotiation.py:57}}
Aug 26 00:51:12.941177 np0000008123 devstack@g-api.service[102977]: DEBUG glance.api.middleware.version_negotiation [None req-5d0dd59f-128d-4505-8f30-0478992aaa48 tempest-VolumesActionsTest-781066918 tempest-VolumesActionsTest-781066918-project-member] Matched version: v2 {{(pid=102977) process_request /opt/stack/glance/glance/api/middleware/version_negotiation.py:69}}
Aug 26 00:51:12.941177 np0000008123 devstack@g-api.service[102977]: DEBUG glance.api.middleware.version_negotiation [None req-5d0dd59f-128d-4505-8f30-0478992aaa48 tempest-VolumesActionsTest-781066918 tempest-VolumesActionsTest-781066918-project-member] new path /v2/images/c8b580c2-6587-44a1-a5e4-b00e5a436922 {{(pid=102977) process_request /opt/stack/glance/glance/api/middleware/version_negotiation.py:70}}
Aug 26 00:51:12.941177 np0000008123 devstack@g-api.service[102977]: [pid: 102977|app: 0|req: 59/218] 127.0.0.1 () {40 vars in 838 bytes} [Wed Aug 26 00:51:12 2026] GET /v2/images/c8b580c2-6587-44a1-a5e4-b00e5a436922 => generated 649 bytes in 8 msecs (HTTP/1.1 200) 4 headers in 157 bytes (1 switches on core 0)
Aug 26 00:51:14.246082 np0000008123 devstack@g-api.service[102978]: DEBUG glance.api.middleware.version_negotiation [None req-f68da5ec-ffac-4005-a47e-a8df7a330d6e tempest-VolumesActionsTest-781066918 tempest-VolumesActionsTest-781066918-project-member] Determining version of request: GET /v2/images/c8b580c2-6587-44a1-a5e4-b00e5a436922 Accept: application/json {{(pid=102978) process_request /opt/stack/glance/glance/api/middleware/version_negotiation.py:44}}
Aug 26 00:51:14.246082 np0000008123 devstack@g-api.service[102978]: DEBUG glance.api.middleware.version_negotiation [None req-f68da5ec-ffac-4005-a47e-a8df7a330d6e tempest-VolumesActionsTest-781066918 tempest-VolumesActionsTest-781066918-project-member] Using url versioning {{(pid=102978) process_request /opt/stack/glance/glance/api/middleware/version_negotiation.py:57}}
Aug 26 00:51:14.246082 np0000008123 devstack@g-api.service[102978]: DEBUG glance.api.middleware.version_negotiation [None req-f68da5ec-ffac-4005-a47e-a8df7a330d6e tempest-VolumesActionsTest-781066918 tempest-VolumesActionsTest-781066918-project-member] Matched version: v2 {{(pid=102978) process_request /opt/stack/glance/glance/api/middleware/version_negotiation.py:69}}
Aug 26 00:51:14.246082 np0000008123 devstack@g-api.service[102978]: DEBUG glance.api.middleware.version_negotiation [None req-f68da5ec-ffac-4005-a47e-a8df7a330d6e tempest-VolumesActionsTest-781066918 tempest-VolumesActionsTest-781066918-project-member] new path /v2/images/c8b580c2-6587-44a1-a5e4-b00e5a436922 {{(pid=102978) process_request /opt/stack/glance/glance/api/middleware/version_negotiation.py:70}}
Aug 26 00:51:14.358168 np0000008123 devstack@g-api.service[102978]: [pid: 102978|app: 0|req: 48/219] 127.0.0.1 () {40 vars in 838 bytes} [Wed Aug 26 00:51:14 2026] GET /v2/images/c8b580c2-6587-44a1-a5e4-b00e5a436922 => generated 649 bytes in 278 msecs (HTTP/1.1 200) 4 headers in 157 bytes (1 switches on core 0)
Aug 26 00:51:14.593072 np0000008123 devstack@g-api.service[102976]: DEBUG swiftclient [None req-7c975c68-45d2-481a-afc4-b58172fd963b tempest-VolumesActionsTest-781066918 tempest-VolumesActionsTest-781066918-project-member] REQ: curl -i https://10.4.3.210:8080/v1/AUTH_1477500e0eb2489b8a7f7535fc2c5066/glance/c8b580c2-6587-44a1-a5e4-b00e5a436922-00005 -X PUT -H "X-Auth-Token: gAAAAABqjjhzyogP..." {{(pid=102976) http_log /opt/stack/data/venv/lib/python3.12/site-packages/swiftclient/client.py:160}}
Aug 26 00:51:14.593286 np0000008123 devstack@g-api.service[102976]: DEBUG swiftclient [None req-7c975c68-45d2-481a-afc4-b58172fd963b tempest-VolumesActionsTest-781066918 tempest-VolumesActionsTest-781066918-project-member] RESP STATUS: 201 Created {{(pid=102976) http_log /opt/stack/data/venv/lib/python3.12/site-packages/swiftclient/client.py:161}}
Aug 26 00:51:14.593286 np0000008123 devstack@g-api.service[102976]: DEBUG swiftclient [None req-7c975c68-45d2-481a-afc4-b58172fd963b tempest-VolumesActionsTest-781066918 tempest-VolumesActionsTest-781066918-project-member] RESP HEADERS: {'Date': 'Wed, 26 Aug 2026 00:51:14 GMT', 'Server': 'Apache/2.4.58 (Ubuntu)', 'Content-Type': 'text/html; charset=UTF-8', 'Content-Length': '0', 'Etag': 'eda9a9889837ac4bc81d6387d92c1bec', 'Last-Modified': 'Wed, 26 Aug 2026 00:51:12 GMT', 'X-Trans-Id': 'txe7fa69b56bce417b9c0b7-006a8e387f', 'X-Openstack-Request-Id': 'txe7fa69b56bce417b9c0b7-006a8e387f', 'Connection': 'close'} {{(pid=102976) http_log /opt/stack/data/venv/lib/python3.12/site-packages/swiftclient/client.py:162}}
Aug 26 00:51:14.593418 np0000008123 devstack@g-api.service[102976]: DEBUG glance_store._drivers.swift.store [None req-7c975c68-45d2-481a-afc4-b58172fd963b tempest-VolumesActionsTest-781066918 tempest-VolumesActionsTest-781066918-project-member] Wrote chunk c8b580c2-6587-44a1-a5e4-b00e5a436922-00005 (5/?) of length 204800000 to Swift returning MD5 of content: eda9a9889837ac4bc81d6387d92c1bec {{(pid=102976) add /opt/stack/data/venv/lib/python3.12/site-packages/glance_store/_drivers/swift/store.py:1059}}
Aug 26 00:51:15.108192 np0000008123 devstack@g-api.service[102976]: DEBUG swiftclient [None req-7c975c68-45d2-481a-afc4-b58172fd963b tempest-VolumesActionsTest-781066918 tempest-VolumesActionsTest-781066918-project-member] REQ: curl -i https://10.4.3.210:8080/v1/AUTH_1477500e0eb2489b8a7f7535fc2c5066/glance/c8b580c2-6587-44a1-a5e4-b00e5a436922-00006 -X PUT -H "X-Auth-Token: gAAAAABqjjhzyogP..." {{(pid=102976) http_log /opt/stack/data/venv/lib/python3.12/site-packages/swiftclient/client.py:160}}
Aug 26 00:51:15.108328 np0000008123 devstack@g-api.service[102976]: DEBUG swiftclient [None req-7c975c68-45d2-481a-afc4-b58172fd963b tempest-VolumesActionsTest-781066918 tempest-VolumesActionsTest-781066918-project-member] RESP STATUS: 201 Created {{(pid=102976) http_log /opt/stack/data/venv/lib/python3.12/site-packages/swiftclient/client.py:161}}
Aug 26 00:51:15.108505 np0000008123 devstack@g-api.service[102976]: DEBUG swiftclient [None req-7c975c68-45d2-481a-afc4-b58172fd963b tempest-VolumesActionsTest-781066918 tempest-VolumesActionsTest-781066918-project-member] RESP HEADERS: {'Date': 'Wed, 26 Aug 2026 00:51:15 GMT', 'Server': 'Apache/2.4.58 (Ubuntu)', 'Content-Type': 'text/html; charset=UTF-8', 'Content-Length': '0', 'Etag': '708761f3b8777ec77058e63da08eeeb6', 'Last-Modified': 'Wed, 26 Aug 2026 00:51:15 GMT', 'X-Trans-Id': 'txdd53636e946646a891a8f-006a8e3882', 'X-Openstack-Request-Id': 'txdd53636e946646a891a8f-006a8e3882', 'Connection': 'close'} {{(pid=102976) http_log /opt/stack/data/venv/lib/python3.12/site-packages/swiftclient/client.py:162}}
Aug 26 00:51:15.108673 np0000008123 devstack@g-api.service[102976]: DEBUG glance_store._drivers.swift.store [None req-7c975c68-45d2-481a-afc4-b58172fd963b tempest-VolumesActionsTest-781066918 tempest-VolumesActionsTest-781066918-project-member] Wrote chunk c8b580c2-6587-44a1-a5e4-b00e5a436922-00006 (6/?) of length 49741824 to Swift returning MD5 of content: 708761f3b8777ec77058e63da08eeeb6 {{(pid=102976) add /opt/stack/data/venv/lib/python3.12/site-packages/glance_store/_drivers/swift/store.py:1059}}
Aug 26 00:51:15.108940 np0000008123 devstack@g-api.service[102976]: DEBUG glance_store._drivers.swift.store [None req-7c975c68-45d2-481a-afc4-b58172fd963b tempest-VolumesActionsTest-781066918 tempest-VolumesActionsTest-781066918-project-member] Not writing zero-length chunk. {{(pid=102976) add /opt/stack/data/venv/lib/python3.12/site-packages/glance_store/_drivers/swift/store.py:1028}}
Aug 26 00:51:15.173268 np0000008123 devstack@g-api.service[102976]: DEBUG swiftclient [None req-7c975c68-45d2-481a-afc4-b58172fd963b tempest-VolumesActionsTest-781066918 tempest-VolumesActionsTest-781066918-project-member] REQ: curl -i https://10.4.3.210:8080/v1/AUTH_1477500e0eb2489b8a7f7535fc2c5066/glance/c8b580c2-6587-44a1-a5e4-b00e5a436922 -X PUT -H "X-Object-Manifest: glance/c8b580c2-6587-44a1-a5e4-b00e5a436922-" -H "X-Auth-Token: gAAAAABqjjhzyogP..." -H "Content-Length: 0" {{(pid=102976) http_log /opt/stack/data/venv/lib/python3.12/site-packages/swiftclient/client.py:160}}
Aug 26 00:51:15.173433 np0000008123 devstack@g-api.service[102976]: DEBUG swiftclient [None req-7c975c68-45d2-481a-afc4-b58172fd963b tempest-VolumesActionsTest-781066918 tempest-VolumesActionsTest-781066918-project-member] RESP STATUS: 201 Created {{(pid=102976) http_log /opt/stack/data/venv/lib/python3.12/site-packages/swiftclient/client.py:161}}
Aug 26 00:51:15.173669 np0000008123 devstack@g-api.service[102976]: DEBUG swiftclient [None req-7c975c68-45d2-481a-afc4-b58172fd963b tempest-VolumesActionsTest-781066918 tempest-VolumesActionsTest-781066918-project-member] RESP HEADERS: {'Date': 'Wed, 26 Aug 2026 00:51:15 GMT', 'Server': 'Apache/2.4.58 (Ubuntu)', 'Content-Type': 'text/html; charset=UTF-8', 'Content-Length': '0', 'Etag': 'd41d8cd98f00b204e9800998ecf8427e', 'Last-Modified': 'Wed, 26 Aug 2026 00:51:16 GMT', 'X-Trans-Id': 'tx6ce9d58aaf294f0ebaa7c-006a8e3883', 'X-Openstack-Request-Id': 'tx6ce9d58aaf294f0ebaa7c-006a8e3883', 'Connection': 'close'} {{(pid=102976) http_log /opt/stack/data/venv/lib/python3.12/site-packages/swiftclient/client.py:162}}
Aug 26 00:51:15.174222 np0000008123 devstack@g-api.service[102976]: INFO glance.location [None req-7c975c68-45d2-481a-afc4-b58172fd963b tempest-VolumesActionsTest-781066918 tempest-VolumesActionsTest-781066918-project-member] Image format matched and virtual size computed: 1073741824
Aug 26 00:51:15.314610 np0000008123 devstack@g-api.service[102975]: DEBUG glance.api.middleware.version_negotiation [None req-bc8ecc21-bed8-45ea-9ff1-7e63271a1c4a tempest-VolumesActionsTest-781066918 tempest-VolumesActionsTest-781066918-project-member] Determining version of request: GET /v2/images/c8b580c2-6587-44a1-a5e4-b00e5a436922 Accept: application/json {{(pid=102975) process_request /opt/stack/glance/glance/api/middleware/version_negotiation.py:44}}
Aug 26 00:51:15.315008 np0000008123 devstack@g-api.service[102975]: DEBUG glance.api.middleware.version_negotiation [None req-bc8ecc21-bed8-45ea-9ff1-7e63271a1c4a tempest-VolumesActionsTest-781066918 tempest-VolumesActionsTest-781066918-project-member] Using url versioning {{(pid=102975) process_request /opt/stack/glance/glance/api/middleware/version_negotiation.py:57}}
Aug 26 00:51:15.315008 np0000008123 devstack@g-api.service[102975]: DEBUG glance.api.middleware.version_negotiation [None req-bc8ecc21-bed8-45ea-9ff1-7e63271a1c4a tempest-VolumesActionsTest-781066918 tempest-VolumesActionsTest-781066918-project-member] Matched version: v2 {{(pid=102975) process_request /opt/stack/glance/glance/api/middleware/version_negotiation.py:69}}
Aug 26 00:51:15.315127 np0000008123 devstack@g-api.service[102975]: DEBUG glance.api.middleware.version_negotiation [None req-bc8ecc21-bed8-45ea-9ff1-7e63271a1c4a tempest-VolumesActionsTest-781066918 tempest-VolumesActionsTest-781066918-project-member] new path /v2/images/c8b580c2-6587-44a1-a5e4-b00e5a436922 {{(pid=102975) process_request /opt/stack/glance/glance/api/middleware/version_negotiation.py:70}}
Aug 26 00:51:15.322626 np0000008123 devstack@g-api.service[102975]: [pid: 102975|app: 0|req: 63/220] 127.0.0.1 () {40 vars in 838 bytes} [Wed Aug 26 00:51:15 2026] GET /v2/images/c8b580c2-6587-44a1-a5e4-b00e5a436922 => generated 649 bytes in 8 msecs (HTTP/1.1 200) 4 headers in 157 bytes (1 switches on core 0)
Aug 26 00:51:15.373051 np0000008123 devstack@g-api.service[102976]: DEBUG glance_store.backend [None req-7c975c68-45d2-481a-afc4-b58172fd963b tempest-VolumesActionsTest-781066918 tempest-VolumesActionsTest-781066918-project-member] Attempting to import store swift {{(pid=102976) _load_store /opt/stack/data/venv/lib/python3.12/site-packages/glance_store/backend.py:215}}
Aug 26 00:51:15.374762 np0000008123 devstack@g-api.service[102976]: DEBUG glance_store.capabilities [None req-7c975c68-45d2-481a-afc4-b58172fd963b tempest-VolumesActionsTest-781066918 tempest-VolumesActionsTest-781066918-project-member] Store glance_store._drivers.swift.store.SingleTenantStore doesn't support updating dynamic storage capabilities. Please overwrite 'update_capabilities' method of the store to implement updating logics if needed. {{(pid=102976) update_capabilities /opt/stack/data/venv/lib/python3.12/site-packages/glance_store/capabilities.py:91}}
Aug 26 00:51:15.374912 np0000008123 devstack@g-api.service[102976]: DEBUG glance_store.driver [None req-7c975c68-45d2-481a-afc4-b58172fd963b tempest-VolumesActionsTest-781066918 tempest-VolumesActionsTest-781066918-project-member] Late loading location class glance_store._drivers.swift.store.StoreLocation {{(pid=102976) get_store_location_class /opt/stack/data/venv/lib/python3.12/site-packages/glance_store/driver.py:134}}
Aug 26 00:51:15.375073 np0000008123 devstack@g-api.service[102976]: DEBUG glance_store.location [None req-7c975c68-45d2-481a-afc4-b58172fd963b tempest-VolumesActionsTest-781066918 tempest-VolumesActionsTest-781066918-project-member] Registering scheme swift+https with {'store': , 'location_class': , 'store_entry': 'swift'} {{(pid=102976) register_scheme_map /opt/stack/data/venv/lib/python3.12/site-packages/glance_store/location.py:146}}
Aug 26 00:51:15.375197 np0000008123 devstack@g-api.service[102976]: DEBUG glance_store.location [None req-7c975c68-45d2-481a-afc4-b58172fd963b tempest-VolumesActionsTest-781066918 tempest-VolumesActionsTest-781066918-project-member] Registering scheme swift+https with {'store': , 'location_class': , 'store_entry': 'swift'} {{(pid=102976) register_scheme_map /opt/stack/data/venv/lib/python3.12/site-packages/glance_store/location.py:146}}
Aug 26 00:51:15.375336 np0000008123 devstack@g-api.service[102976]: DEBUG glance_store.location [None req-7c975c68-45d2-481a-afc4-b58172fd963b tempest-VolumesActionsTest-781066918 tempest-VolumesActionsTest-781066918-project-member] Registering scheme swift with {'store': , 'location_class': , 'store_entry': 'swift'} {{(pid=102976) register_scheme_map /opt/stack/data/venv/lib/python3.12/site-packages/glance_store/location.py:146}}
Aug 26 00:51:15.375451 np0000008123 devstack@g-api.service[102976]: DEBUG glance_store.location [None req-7c975c68-45d2-481a-afc4-b58172fd963b tempest-VolumesActionsTest-781066918 tempest-VolumesActionsTest-781066918-project-member] Registering scheme swift+https with {'store': , 'location_class': , 'store_entry': 'swift'} {{(pid=102976) register_scheme_map /opt/stack/data/venv/lib/python3.12/site-packages/glance_store/location.py:146}}
Aug 26 00:51:15.375575 np0000008123 devstack@g-api.service[102976]: DEBUG glance_store.location [None req-7c975c68-45d2-481a-afc4-b58172fd963b tempest-VolumesActionsTest-781066918 tempest-VolumesActionsTest-781066918-project-member] Registering scheme swift with {'store': , 'location_class': , 'store_entry': 'swift'} {{(pid=102976) register_scheme_map /opt/stack/data/venv/lib/python3.12/site-packages/glance_store/location.py:146}}
Aug 26 00:51:15.375729 np0000008123 devstack@g-api.service[102976]: DEBUG glance_store.location [None req-7c975c68-45d2-481a-afc4-b58172fd963b tempest-VolumesActionsTest-781066918 tempest-VolumesActionsTest-781066918-project-member] Registering scheme swift+http with {'store': , 'location_class': , 'store_entry': 'swift'} {{(pid=102976) register_scheme_map /opt/stack/data/venv/lib/python3.12/site-packages/glance_store/location.py:146}}
Aug 26 00:51:15.375854 np0000008123 devstack@g-api.service[102976]: DEBUG glance_store.location [None req-7c975c68-45d2-481a-afc4-b58172fd963b tempest-VolumesActionsTest-781066918 tempest-VolumesActionsTest-781066918-project-member] Registering scheme swift+https with {'store': , 'location_class': , 'store_entry': 'swift'} {{(pid=102976) register_scheme_map /opt/stack/data/venv/lib/python3.12/site-packages/glance_store/location.py:146}}
Aug 26 00:51:15.376033 np0000008123 devstack@g-api.service[102976]: DEBUG glance_store.location [None req-7c975c68-45d2-481a-afc4-b58172fd963b tempest-VolumesActionsTest-781066918 tempest-VolumesActionsTest-781066918-project-member] Registering scheme swift with {'store': , 'location_class': , 'store_entry': 'swift'} {{(pid=102976) register_scheme_map /opt/stack/data/venv/lib/python3.12/site-packages/glance_store/location.py:146}}
Aug 26 00:51:15.376149 np0000008123 devstack@g-api.service[102976]: DEBUG glance_store.location [None req-7c975c68-45d2-481a-afc4-b58172fd963b tempest-VolumesActionsTest-781066918 tempest-VolumesActionsTest-781066918-project-member] Registering scheme swift+http with {'store': , 'location_class': , 'store_entry': 'swift'} {{(pid=102976) register_scheme_map /opt/stack/data/venv/lib/python3.12/site-packages/glance_store/location.py:146}}
Aug 26 00:51:15.376274 np0000008123 devstack@g-api.service[102976]: DEBUG glance_store.location [None req-7c975c68-45d2-481a-afc4-b58172fd963b tempest-VolumesActionsTest-781066918 tempest-VolumesActionsTest-781066918-project-member] Registering scheme swift+config with {'store': , 'location_class': , 'store_entry': 'swift'} {{(pid=102976) register_scheme_map /opt/stack/data/venv/lib/python3.12/site-packages/glance_store/location.py:146}}
Aug 26 00:51:15.376417 np0000008123 devstack@g-api.service[102976]: DEBUG glance_store.backend [None req-7c975c68-45d2-481a-afc4-b58172fd963b tempest-VolumesActionsTest-781066918 tempest-VolumesActionsTest-781066918-project-member] Skipping store.set_acls... not implemented. {{(pid=102976) set_acls /opt/stack/data/venv/lib/python3.12/site-packages/glance_store/backend.py:507}}
Aug 26 00:51:15.378584 np0000008123 devstack@g-api.service[102976]: [pid: 102976|app: 0|req: 51/221] 127.0.0.1 () {46 vars in 1158 bytes} [Wed Aug 26 00:50:56 2026] PUT /v2/images/c8b580c2-6587-44a1-a5e4-b00e5a436922/file => generated 0 bytes in 18852 msecs (HTTP/1.1 204) 4 headers in 171 bytes (1 switches on core 0)
Aug 26 00:51:15.386055 np0000008123 devstack@g-api.service[102977]: DEBUG glance.api.middleware.version_negotiation [None req-8b2cc4a1-34a1-41e8-8aec-837fbb9c0fb1 tempest-VolumesActionsTest-781066918 tempest-VolumesActionsTest-781066918-project-member] Determining version of request: GET /v2/images/c8b580c2-6587-44a1-a5e4-b00e5a436922 Accept: */* {{(pid=102977) process_request /opt/stack/glance/glance/api/middleware/version_negotiation.py:44}}
Aug 26 00:51:15.386423 np0000008123 devstack@g-api.service[102977]: DEBUG glance.api.middleware.version_negotiation [None req-8b2cc4a1-34a1-41e8-8aec-837fbb9c0fb1 tempest-VolumesActionsTest-781066918 tempest-VolumesActionsTest-781066918-project-member] Using url versioning {{(pid=102977) process_request /opt/stack/glance/glance/api/middleware/version_negotiation.py:57}}
Aug 26 00:51:15.386423 np0000008123 devstack@g-api.service[102977]: DEBUG glance.api.middleware.version_negotiation [None req-8b2cc4a1-34a1-41e8-8aec-837fbb9c0fb1 tempest-VolumesActionsTest-781066918 tempest-VolumesActionsTest-781066918-project-member] Matched version: v2 {{(pid=102977) process_request /opt/stack/glance/glance/api/middleware/version_negotiation.py:69}}
Aug 26 00:51:15.386541 np0000008123 devstack@g-api.service[102977]: DEBUG glance.api.middleware.version_negotiation [None req-8b2cc4a1-34a1-41e8-8aec-837fbb9c0fb1 tempest-VolumesActionsTest-781066918 tempest-VolumesActionsTest-781066918-project-member] new path /v2/images/c8b580c2-6587-44a1-a5e4-b00e5a436922 {{(pid=102977) process_request /opt/stack/glance/glance/api/middleware/version_negotiation.py:70}}
Aug 26 00:51:15.399114 np0000008123 devstack@g-api.service[102977]: [pid: 102977|app: 0|req: 60/222] 127.0.0.1 () {44 vars in 1115 bytes} [Wed Aug 26 00:51:15 2026] GET /v2/images/c8b580c2-6587-44a1-a5e4-b00e5a436922 => generated 821 bytes in 13 msecs (HTTP/1.1 200) 4 headers in 157 bytes (1 switches on core 0)
Aug 26 00:51:15.407478 np0000008123 devstack@g-api.service[102978]: DEBUG glance.api.middleware.version_negotiation [None req-308daaab-5dcc-4e85-8b0f-551d876f4067 tempest-VolumesActionsTest-781066918 tempest-VolumesActionsTest-781066918-project-member] Determining version of request: GET /v2/schemas/image Accept: */* {{(pid=102978) process_request /opt/stack/glance/glance/api/middleware/version_negotiation.py:44}}
Aug 26 00:51:15.407811 np0000008123 devstack@g-api.service[102978]: DEBUG glance.api.middleware.version_negotiation [None req-308daaab-5dcc-4e85-8b0f-551d876f4067 tempest-VolumesActionsTest-781066918 tempest-VolumesActionsTest-781066918-project-member] Using url versioning {{(pid=102978) process_request /opt/stack/glance/glance/api/middleware/version_negotiation.py:57}}
Aug 26 00:51:15.407980 np0000008123 devstack@g-api.service[102978]: DEBUG glance.api.middleware.version_negotiation [None req-308daaab-5dcc-4e85-8b0f-551d876f4067 tempest-VolumesActionsTest-781066918 tempest-VolumesActionsTest-781066918-project-member] Matched version: v2 {{(pid=102978) process_request /opt/stack/glance/glance/api/middleware/version_negotiation.py:69}}
Aug 26 00:51:15.408122 np0000008123 devstack@g-api.service[102978]: DEBUG glance.api.middleware.version_negotiation [None req-308daaab-5dcc-4e85-8b0f-551d876f4067 tempest-VolumesActionsTest-781066918 tempest-VolumesActionsTest-781066918-project-member] new path /v2/schemas/image {{(pid=102978) process_request /opt/stack/glance/glance/api/middleware/version_negotiation.py:70}}
Aug 26 00:51:15.411374 np0000008123 devstack@g-api.service[102978]: [pid: 102978|app: 0|req: 49/223] 127.0.0.1 () {44 vars in 1055 bytes} [Wed Aug 26 00:51:15 2026] GET /v2/schemas/image => generated 6083 bytes in 4 msecs (HTTP/1.1 200) 4 headers in 158 bytes (1 switches on core 0)
Aug 26 00:51:15.420981 np0000008123 devstack@g-api.service[102975]: DEBUG glance.api.middleware.version_negotiation [None req-e6faa144-e8d0-48de-994b-b0af5c13017d tempest-VolumesActionsTest-781066918 tempest-VolumesActionsTest-781066918-project-member] Determining version of request: GET /v2/schemas/image Accept: */* {{(pid=102975) process_request /opt/stack/glance/glance/api/middleware/version_negotiation.py:44}}
Aug 26 00:51:15.421819 np0000008123 devstack@g-api.service[102975]: DEBUG glance.api.middleware.version_negotiation [None req-e6faa144-e8d0-48de-994b-b0af5c13017d tempest-VolumesActionsTest-781066918 tempest-VolumesActionsTest-781066918-project-member] Using url versioning {{(pid=102975) process_request /opt/stack/glance/glance/api/middleware/version_negotiation.py:57}}
Aug 26 00:51:15.421819 np0000008123 devstack@g-api.service[102975]: DEBUG glance.api.middleware.version_negotiation [None req-e6faa144-e8d0-48de-994b-b0af5c13017d tempest-VolumesActionsTest-781066918 tempest-VolumesActionsTest-781066918-project-member] Matched version: v2 {{(pid=102975) process_request /opt/stack/glance/glance/api/middleware/version_negotiation.py:69}}
Aug 26 00:51:15.421819 np0000008123 devstack@g-api.service[102975]: DEBUG glance.api.middleware.version_negotiation [None req-e6faa144-e8d0-48de-994b-b0af5c13017d tempest-VolumesActionsTest-781066918 tempest-VolumesActionsTest-781066918-project-member] new path /v2/schemas/image {{(pid=102975) process_request /opt/stack/glance/glance/api/middleware/version_negotiation.py:70}}
Aug 26 00:51:15.427613 np0000008123 devstack@g-api.service[102975]: [pid: 102975|app: 0|req: 64/224] 127.0.0.1 () {44 vars in 1055 bytes} [Wed Aug 26 00:51:15 2026] GET /v2/schemas/image => generated 6083 bytes in 3 msecs (HTTP/1.1 200) 4 headers in 158 bytes (1 switches on core 0)
Aug 26 00:51:16.342842 np0000008123 devstack@g-api.service[102976]: DEBUG glance.api.middleware.version_negotiation [None req-7c975c68-45d2-481a-afc4-b58172fd963b tempest-VolumesActionsTest-781066918 tempest-VolumesActionsTest-781066918-project-member] Determining version of request: GET /v2/images/c8b580c2-6587-44a1-a5e4-b00e5a436922 Accept: application/json {{(pid=102976) process_request /opt/stack/glance/glance/api/middleware/version_negotiation.py:44}}
Aug 26 00:51:16.343131 np0000008123 devstack@g-api.service[102976]: DEBUG glance.api.middleware.version_negotiation [None req-7c975c68-45d2-481a-afc4-b58172fd963b tempest-VolumesActionsTest-781066918 tempest-VolumesActionsTest-781066918-project-member] Using url versioning {{(pid=102976) process_request /opt/stack/glance/glance/api/middleware/version_negotiation.py:57}}
Aug 26 00:51:16.343131 np0000008123 devstack@g-api.service[102976]: DEBUG glance.api.middleware.version_negotiation [None req-7c975c68-45d2-481a-afc4-b58172fd963b tempest-VolumesActionsTest-781066918 tempest-VolumesActionsTest-781066918-project-member] Matched version: v2 {{(pid=102976) process_request /opt/stack/glance/glance/api/middleware/version_negotiation.py:69}}
Aug 26 00:51:16.343179 np0000008123 devstack@g-api.service[102976]: DEBUG glance.api.middleware.version_negotiation [None req-7c975c68-45d2-481a-afc4-b58172fd963b tempest-VolumesActionsTest-781066918 tempest-VolumesActionsTest-781066918-project-member] new path /v2/images/c8b580c2-6587-44a1-a5e4-b00e5a436922 {{(pid=102976) process_request /opt/stack/glance/glance/api/middleware/version_negotiation.py:70}}
Aug 26 00:51:16.352905 np0000008123 devstack@g-api.service[102976]: [pid: 102976|app: 0|req: 52/225] 127.0.0.1 () {40 vars in 838 bytes} [Wed Aug 26 00:51:16 2026] GET /v2/images/c8b580c2-6587-44a1-a5e4-b00e5a436922 => generated 821 bytes in 10 msecs (HTTP/1.1 200) 4 headers in 157 bytes (1 switches on core 0)
Aug 26 00:51:17.637450 np0000008123 devstack@g-api.service[102977]: DEBUG glance.api.middleware.version_negotiation [None req-7c975c68-45d2-481a-afc4-b58172fd963b tempest-VolumesActionsTest-781066918 tempest-VolumesActionsTest-781066918-project-member] Determining version of request: GET /v2/images/c8b580c2-6587-44a1-a5e4-b00e5a436922 Accept: application/json {{(pid=102977) process_request /opt/stack/glance/glance/api/middleware/version_negotiation.py:44}}
Aug 26 00:51:17.637902 np0000008123 devstack@g-api.service[102977]: DEBUG glance.api.middleware.version_negotiation [None req-7c975c68-45d2-481a-afc4-b58172fd963b tempest-VolumesActionsTest-781066918 tempest-VolumesActionsTest-781066918-project-member] Using url versioning {{(pid=102977) process_request /opt/stack/glance/glance/api/middleware/version_negotiation.py:57}}
Aug 26 00:51:17.637902 np0000008123 devstack@g-api.service[102977]: DEBUG glance.api.middleware.version_negotiation [None req-7c975c68-45d2-481a-afc4-b58172fd963b tempest-VolumesActionsTest-781066918 tempest-VolumesActionsTest-781066918-project-member] Matched version: v2 {{(pid=102977) process_request /opt/stack/glance/glance/api/middleware/version_negotiation.py:69}}
Aug 26 00:51:17.637902 np0000008123 devstack@g-api.service[102977]: DEBUG glance.api.middleware.version_negotiation [None req-7c975c68-45d2-481a-afc4-b58172fd963b tempest-VolumesActionsTest-781066918 tempest-VolumesActionsTest-781066918-project-member] new path /v2/images/c8b580c2-6587-44a1-a5e4-b00e5a436922 {{(pid=102977) process_request /opt/stack/glance/glance/api/middleware/version_negotiation.py:70}}
Aug 26 00:51:17.951336 np0000008123 devstack@g-api.service[102977]: [pid: 102977|app: 0|req: 61/226] 127.0.0.1 () {40 vars in 838 bytes} [Wed Aug 26 00:51:17 2026] GET /v2/images/c8b580c2-6587-44a1-a5e4-b00e5a436922 => generated 821 bytes in 208 msecs (HTTP/1.1 200) 4 headers in 157 bytes (1 switches on core 0)
