Aug 26 00:46:59.078259 np0000008123 nova-conductor[99006]: DEBUG cotyledon.oslo_config_glue [-] vnc.server_listen = 127.0.0.1 {{(pid=99006) log_opt_values /opt/stack/data/venv/lib/python3.12/site-packages/oslo_config/cfg.py:3560}}
Aug 26 00:46:59.078259 np0000008123 nova-conductor[99006]: DEBUG cotyledon.oslo_config_glue [-] vnc.server_proxyclient_address = 127.0.0.1 {{(pid=99006) log_opt_values /opt/stack/data/venv/lib/python3.12/site-packages/oslo_config/cfg.py:3560}}
Aug 26 00:46:59.078259 np0000008123 nova-conductor[99006]: DEBUG cotyledon.oslo_config_glue [-] vnc.vencrypt_ca_certs = None {{(pid=99006) log_opt_values /opt/stack/data/venv/lib/python3.12/site-packages/oslo_config/cfg.py:3560}}
Aug 26 00:46:59.078259 np0000008123 nova-conductor[99006]: DEBUG cotyledon.oslo_config_glue [-] vnc.vencrypt_client_cert = None {{(pid=99006) log_opt_values /opt/stack/data/venv/lib/python3.12/site-packages/oslo_config/cfg.py:3560}}
Aug 26 00:46:59.078567 np0000008123 nova-conductor[99006]: DEBUG cotyledon.oslo_config_glue [-] vnc.vencrypt_client_key = None {{(pid=99006) log_opt_values /opt/stack/data/venv/lib/python3.12/site-packages/oslo_config/cfg.py:3560}}
Aug 26 00:46:59.078567 np0000008123 nova-conductor[99006]: DEBUG cotyledon.oslo_config_glue [-] workarounds.disable_compute_service_check_for_ffu = False {{(pid=99006) log_opt_values /opt/stack/data/venv/lib/python3.12/site-packages/oslo_config/cfg.py:3560}}
Aug 26 00:46:59.078567 np0000008123 nova-conductor[99006]: DEBUG cotyledon.oslo_config_glue [-] workarounds.disable_deep_image_inspection = False {{(pid=99006) log_opt_values /opt/stack/data/venv/lib/python3.12/site-packages/oslo_config/cfg.py:3560}}
Aug 26 00:46:59.078701 np0000008123 nova-conductor[98974]: DEBUG dbcounter [-] [98974] Writer thread running {{(pid=98974) stat_writer /opt/stack/data/venv/lib/python3.12/site-packages/dbcounter.py:102}}
Aug 26 00:46:59.078810 np0000008123 nova-conductor[99006]: DEBUG cotyledon.oslo_config_glue [-] workarounds.disable_fallback_pcpu_query = False {{(pid=99006) log_opt_values /opt/stack/data/venv/lib/python3.12/site-packages/oslo_config/cfg.py:3560}}
Aug 26 00:46:59.078810 np0000008123 nova-conductor[99006]: DEBUG cotyledon.oslo_config_glue [-] workarounds.disable_group_policy_check_upcall = False {{(pid=99006) log_opt_values /opt/stack/data/venv/lib/python3.12/site-packages/oslo_config/cfg.py:3560}}
Aug 26 00:46:59.078810 np0000008123 nova-conductor[99006]: DEBUG cotyledon.oslo_config_glue [-] workarounds.disable_libvirt_livesnapshot = False {{(pid=99006) log_opt_values /opt/stack/data/venv/lib/python3.12/site-packages/oslo_config/cfg.py:3560}}
Aug 26 00:46:59.078810 np0000008123 nova-conductor[99006]: DEBUG cotyledon.oslo_config_glue [-] workarounds.disable_rootwrap = False {{(pid=99006) log_opt_values /opt/stack/data/venv/lib/python3.12/site-packages/oslo_config/cfg.py:3560}}
Aug 26 00:46:59.078810 np0000008123 nova-conductor[99006]: DEBUG cotyledon.oslo_config_glue [-] workarounds.enable_numa_live_migration = False {{(pid=99006) log_opt_values /opt/stack/data/venv/lib/python3.12/site-packages/oslo_config/cfg.py:3560}}
Aug 26 00:46:59.078810 np0000008123 nova-conductor[99006]: DEBUG cotyledon.oslo_config_glue [-] workarounds.enable_qemu_monitor_announce_self = False {{(pid=99006) log_opt_values /opt/stack/data/venv/lib/python3.12/site-packages/oslo_config/cfg.py:3560}}
Aug 26 00:46:59.078810 np0000008123 nova-conductor[99006]: DEBUG cotyledon.oslo_config_glue [-] workarounds.ensure_libvirt_rbd_instance_dir_cleanup = False {{(pid=99006) log_opt_values /opt/stack/data/venv/lib/python3.12/site-packages/oslo_config/cfg.py:3560}}
Aug 26 00:46:59.078810 np0000008123 nova-conductor[99006]: DEBUG cotyledon.oslo_config_glue [-] workarounds.handle_virt_lifecycle_events = True {{(pid=99006) log_opt_values /opt/stack/data/venv/lib/python3.12/site-packages/oslo_config/cfg.py:3560}}
Aug 26 00:46:59.078810 np0000008123 nova-conductor[99006]: DEBUG cotyledon.oslo_config_glue [-] workarounds.libvirt_disable_apic = False {{(pid=99006) log_opt_values /opt/stack/data/venv/lib/python3.12/site-packages/oslo_config/cfg.py:3560}}
Aug 26 00:46:59.079156 np0000008123 nova-conductor[99006]: DEBUG cotyledon.oslo_config_glue [-] workarounds.never_download_image_if_on_rbd = False {{(pid=99006) log_opt_values /opt/stack/data/venv/lib/python3.12/site-packages/oslo_config/cfg.py:3560}}
Aug 26 00:46:59.079156 np0000008123 nova-conductor[99006]: DEBUG cotyledon.oslo_config_glue [-] workarounds.qemu_monitor_announce_self_count = 3 {{(pid=99006) log_opt_values /opt/stack/data/venv/lib/python3.12/site-packages/oslo_config/cfg.py:3560}}
Aug 26 00:46:59.079156 np0000008123 nova-conductor[99006]: DEBUG cotyledon.oslo_config_glue [-] workarounds.qemu_monitor_announce_self_interval = 1 {{(pid=99006) log_opt_values /opt/stack/data/venv/lib/python3.12/site-packages/oslo_config/cfg.py:3560}}
Aug 26 00:46:59.079156 np0000008123 nova-conductor[99006]: DEBUG cotyledon.oslo_config_glue [-] workarounds.reserve_disk_resource_for_image_cache = False {{(pid=99006) log_opt_values /opt/stack/data/venv/lib/python3.12/site-packages/oslo_config/cfg.py:3560}}
Aug 26 00:46:59.079156 np0000008123 nova-conductor[99006]: DEBUG cotyledon.oslo_config_glue [-] workarounds.skip_cpu_compare_at_startup = False {{(pid=99006) log_opt_values /opt/stack/data/venv/lib/python3.12/site-packages/oslo_config/cfg.py:3560}}
Aug 26 00:46:59.079156 np0000008123 nova-conductor[99006]: DEBUG cotyledon.oslo_config_glue [-] workarounds.skip_cpu_compare_on_dest = False {{(pid=99006) log_opt_values /opt/stack/data/venv/lib/python3.12/site-packages/oslo_config/cfg.py:3560}}
Aug 26 00:46:59.079156 np0000008123 nova-conductor[99006]: DEBUG cotyledon.oslo_config_glue [-] workarounds.skip_hypervisor_version_check_on_lm = False {{(pid=99006) log_opt_values /opt/stack/data/venv/lib/python3.12/site-packages/oslo_config/cfg.py:3560}}
Aug 26 00:46:59.079156 np0000008123 nova-conductor[99006]: DEBUG cotyledon.oslo_config_glue [-] workarounds.skip_reserve_in_use_ironic_nodes = False {{(pid=99006) log_opt_values /opt/stack/data/venv/lib/python3.12/site-packages/oslo_config/cfg.py:3560}}
Aug 26 00:46:59.079156 np0000008123 nova-conductor[99006]: DEBUG cotyledon.oslo_config_glue [-] workarounds.unified_limits_count_pcpu_as_vcpu = False {{(pid=99006) log_opt_values /opt/stack/data/venv/lib/python3.12/site-packages/oslo_config/cfg.py:3560}}
Aug 26 00:46:59.079465 np0000008123 nova-conductor[99006]: DEBUG cotyledon.oslo_config_glue [-] workarounds.wait_for_vif_plugged_event_during_hard_reboot = [] {{(pid=99006) log_opt_values /opt/stack/data/venv/lib/python3.12/site-packages/oslo_config/cfg.py:3560}}
Aug 26 00:46:59.079465 np0000008123 nova-conductor[99006]: DEBUG cotyledon.oslo_config_glue [-] wsgi.api_paste_config = /etc/nova/api-paste.ini {{(pid=99006) log_opt_values /opt/stack/data/venv/lib/python3.12/site-packages/oslo_config/cfg.py:3560}}
Aug 26 00:46:59.079465 np0000008123 nova-conductor[99006]: DEBUG cotyledon.oslo_config_glue [-] wsgi.secure_proxy_ssl_header = None {{(pid=99006) log_opt_values /opt/stack/data/venv/lib/python3.12/site-packages/oslo_config/cfg.py:3560}}
Aug 26 00:46:59.079465 np0000008123 nova-conductor[99006]: DEBUG cotyledon.oslo_config_glue [-] zvm.ca_file = None {{(pid=99006) log_opt_values /opt/stack/data/venv/lib/python3.12/site-packages/oslo_config/cfg.py:3560}}
Aug 26 00:46:59.079465 np0000008123 nova-conductor[99006]: DEBUG cotyledon.oslo_config_glue [-] zvm.cloud_connector_url = None {{(pid=99006) log_opt_values /opt/stack/data/venv/lib/python3.12/site-packages/oslo_config/cfg.py:3560}}
Aug 26 00:46:59.079465 np0000008123 nova-conductor[99006]: DEBUG cotyledon.oslo_config_glue [-] zvm.image_tmp_path = /opt/stack/data/nova/images {{(pid=99006) log_opt_values /opt/stack/data/venv/lib/python3.12/site-packages/oslo_config/cfg.py:3560}}
Aug 26 00:46:59.079465 np0000008123 nova-conductor[99006]: DEBUG cotyledon.oslo_config_glue [-] zvm.reachable_timeout = 300 {{(pid=99006) log_opt_values /opt/stack/data/venv/lib/python3.12/site-packages/oslo_config/cfg.py:3560}}
Aug 26 00:46:59.079465 np0000008123 nova-conductor[99006]: DEBUG cotyledon.oslo_config_glue [-] oslo_versionedobjects.fatal_exception_format_errors = False {{(pid=99006) log_opt_values /opt/stack/data/venv/lib/python3.12/site-packages/oslo_config/cfg.py:3560}}
Aug 26 00:46:59.079465 np0000008123 nova-conductor[99006]: DEBUG cotyledon.oslo_config_glue [-] oslo_middleware.http_basic_auth_user_file = /etc/htpasswd {{(pid=99006) log_opt_values /opt/stack/data/venv/lib/python3.12/site-packages/oslo_config/cfg.py:3560}}
Aug 26 00:46:59.079819 np0000008123 nova-conductor[99006]: DEBUG cotyledon.oslo_config_glue [-] profiler.connection_string = messaging:// {{(pid=99006) log_opt_values /opt/stack/data/venv/lib/python3.12/site-packages/oslo_config/cfg.py:3560}}
Aug 26 00:46:59.079819 np0000008123 nova-conductor[99006]: DEBUG cotyledon.oslo_config_glue [-] profiler.enabled = False {{(pid=99006) log_opt_values /opt/stack/data/venv/lib/python3.12/site-packages/oslo_config/cfg.py:3560}}
Aug 26 00:46:59.079819 np0000008123 nova-conductor[99006]: DEBUG cotyledon.oslo_config_glue [-] profiler.es_doc_type = notification {{(pid=99006) log_opt_values /opt/stack/data/venv/lib/python3.12/site-packages/oslo_config/cfg.py:3560}}
Aug 26 00:46:59.079819 np0000008123 nova-conductor[99006]: DEBUG cotyledon.oslo_config_glue [-] profiler.es_scroll_size = 10000 {{(pid=99006) log_opt_values /opt/stack/data/venv/lib/python3.12/site-packages/oslo_config/cfg.py:3560}}
Aug 26 00:46:59.079819 np0000008123 nova-conductor[99006]: DEBUG cotyledon.oslo_config_glue [-] profiler.es_scroll_time = 2m {{(pid=99006) log_opt_values /opt/stack/data/venv/lib/python3.12/site-packages/oslo_config/cfg.py:3560}}
Aug 26 00:46:59.079819 np0000008123 nova-conductor[99006]: DEBUG cotyledon.oslo_config_glue [-] profiler.filter_error_trace = False {{(pid=99006) log_opt_values /opt/stack/data/venv/lib/python3.12/site-packages/oslo_config/cfg.py:3560}}
Aug 26 00:46:59.079819 np0000008123 nova-conductor[99006]: DEBUG cotyledon.oslo_config_glue [-] profiler.hmac_keys = **** {{(pid=99006) log_opt_values /opt/stack/data/venv/lib/python3.12/site-packages/oslo_config/cfg.py:3560}}
Aug 26 00:46:59.079819 np0000008123 nova-conductor[99006]: DEBUG cotyledon.oslo_config_glue [-] profiler.sentinel_service_name = mymaster {{(pid=99006) log_opt_values /opt/stack/data/venv/lib/python3.12/site-packages/oslo_config/cfg.py:3560}}
Aug 26 00:46:59.079819 np0000008123 nova-conductor[99006]: DEBUG cotyledon.oslo_config_glue [-] profiler.socket_timeout = 0.1 {{(pid=99006) log_opt_values /opt/stack/data/venv/lib/python3.12/site-packages/oslo_config/cfg.py:3560}}
Aug 26 00:46:59.080163 np0000008123 nova-conductor[99006]: DEBUG cotyledon.oslo_config_glue [-] profiler.trace_requests = False {{(pid=99006) log_opt_values /opt/stack/data/venv/lib/python3.12/site-packages/oslo_config/cfg.py:3560}}
Aug 26 00:46:59.080163 np0000008123 nova-conductor[99006]: DEBUG cotyledon.oslo_config_glue [-] profiler.trace_sqlalchemy = False {{(pid=99006) log_opt_values /opt/stack/data/venv/lib/python3.12/site-packages/oslo_config/cfg.py:3560}}
Aug 26 00:46:59.080163 np0000008123 nova-conductor[99006]: DEBUG cotyledon.oslo_config_glue [-] profiler_jaeger.process_tags = {} {{(pid=99006) log_opt_values /opt/stack/data/venv/lib/python3.12/site-packages/oslo_config/cfg.py:3560}}
Aug 26 00:46:59.080163 np0000008123 nova-conductor[99006]: DEBUG cotyledon.oslo_config_glue [-] profiler_jaeger.service_name_prefix = None {{(pid=99006) log_opt_values /opt/stack/data/venv/lib/python3.12/site-packages/oslo_config/cfg.py:3560}}
Aug 26 00:46:59.080163 np0000008123 nova-conductor[99006]: DEBUG cotyledon.oslo_config_glue [-] profiler_otlp.service_name_prefix = None {{(pid=99006) log_opt_values /opt/stack/data/venv/lib/python3.12/site-packages/oslo_config/cfg.py:3560}}
Aug 26 00:46:59.080163 np0000008123 nova-conductor[99006]: DEBUG cotyledon.oslo_config_glue [-] oslo_messaging_rabbit.amqp_auto_delete = False {{(pid=99006) log_opt_values /opt/stack/data/venv/lib/python3.12/site-packages/oslo_config/cfg.py:3560}}
Aug 26 00:46:59.080163 np0000008123 nova-conductor[99006]: DEBUG cotyledon.oslo_config_glue [-] oslo_messaging_rabbit.amqp_durable_queues = False {{(pid=99006) log_opt_values /opt/stack/data/venv/lib/python3.12/site-packages/oslo_config/cfg.py:3560}}
Aug 26 00:46:59.080163 np0000008123 nova-conductor[99006]: DEBUG cotyledon.oslo_config_glue [-] oslo_messaging_rabbit.conn_pool_min_size = 2 {{(pid=99006) log_opt_values /opt/stack/data/venv/lib/python3.12/site-packages/oslo_config/cfg.py:3560}}
Aug 26 00:46:59.080163 np0000008123 nova-conductor[99006]: DEBUG cotyledon.oslo_config_glue [-] oslo_messaging_rabbit.conn_pool_ttl = 1200 {{(pid=99006) log_opt_values /opt/stack/data/venv/lib/python3.12/site-packages/oslo_config/cfg.py:3560}}
Aug 26 00:46:59.080494 np0000008123 nova-conductor[99006]: DEBUG cotyledon.oslo_config_glue [-] oslo_messaging_rabbit.direct_mandatory_flag = True {{(pid=99006) log_opt_values /opt/stack/data/venv/lib/python3.12/site-packages/oslo_config/cfg.py:3560}}
Aug 26 00:46:59.080494 np0000008123 nova-conductor[99006]: DEBUG cotyledon.oslo_config_glue [-] oslo_messaging_rabbit.enable_cancel_on_failover = False {{(pid=99006) log_opt_values /opt/stack/data/venv/lib/python3.12/site-packages/oslo_config/cfg.py:3560}}
Aug 26 00:46:59.080494 np0000008123 nova-conductor[99006]: DEBUG cotyledon.oslo_config_glue [-] oslo_messaging_rabbit.heartbeat_rate = 3 {{(pid=99006) log_opt_values /opt/stack/data/venv/lib/python3.12/site-packages/oslo_config/cfg.py:3560}}
Aug 26 00:46:59.080494 np0000008123 nova-conductor[99006]: DEBUG cotyledon.oslo_config_glue [-] oslo_messaging_rabbit.heartbeat_timeout_threshold = 60 {{(pid=99006) log_opt_values /opt/stack/data/venv/lib/python3.12/site-packages/oslo_config/cfg.py:3560}}
Aug 26 00:46:59.080494 np0000008123 nova-conductor[99006]: DEBUG cotyledon.oslo_config_glue [-] oslo_messaging_rabbit.hostname = np0000008123 {{(pid=99006) log_opt_values /opt/stack/data/venv/lib/python3.12/site-packages/oslo_config/cfg.py:3560}}
Aug 26 00:46:59.080494 np0000008123 nova-conductor[99006]: DEBUG cotyledon.oslo_config_glue [-] oslo_messaging_rabbit.kombu_compression = None {{(pid=99006) log_opt_values /opt/stack/data/venv/lib/python3.12/site-packages/oslo_config/cfg.py:3560}}
Aug 26 00:46:59.080494 np0000008123 nova-conductor[99006]: DEBUG cotyledon.oslo_config_glue [-] oslo_messaging_rabbit.kombu_failover_strategy = round-robin {{(pid=99006) log_opt_values /opt/stack/data/venv/lib/python3.12/site-packages/oslo_config/cfg.py:3560}}
Aug 26 00:46:59.080494 np0000008123 nova-conductor[99006]: DEBUG cotyledon.oslo_config_glue [-] oslo_messaging_rabbit.kombu_missing_consumer_retry_timeout = 60 {{(pid=99006) log_opt_values /opt/stack/data/venv/lib/python3.12/site-packages/oslo_config/cfg.py:3560}}
Aug 26 00:46:59.080494 np0000008123 nova-conductor[99006]: DEBUG cotyledon.oslo_config_glue [-] oslo_messaging_rabbit.kombu_reconnect_delay = 1.0 {{(pid=99006) log_opt_values /opt/stack/data/venv/lib/python3.12/site-packages/oslo_config/cfg.py:3560}}
Aug 26 00:46:59.080855 np0000008123 nova-conductor[99006]: DEBUG cotyledon.oslo_config_glue [-] oslo_messaging_rabbit.kombu_reconnect_splay = 0.0 {{(pid=99006) log_opt_values /opt/stack/data/venv/lib/python3.12/site-packages/oslo_config/cfg.py:3560}}
Aug 26 00:46:59.080855 np0000008123 nova-conductor[99006]: DEBUG cotyledon.oslo_config_glue [-] oslo_messaging_rabbit.processname = nova-conductor {{(pid=99006) log_opt_values /opt/stack/data/venv/lib/python3.12/site-packages/oslo_config/cfg.py:3560}}
Aug 26 00:46:59.080855 np0000008123 nova-conductor[99006]: DEBUG cotyledon.oslo_config_glue [-] oslo_messaging_rabbit.rabbit_ha_queues = False {{(pid=99006) log_opt_values /opt/stack/data/venv/lib/python3.12/site-packages/oslo_config/cfg.py:3560}}
Aug 26 00:46:59.080855 np0000008123 nova-conductor[99006]: DEBUG cotyledon.oslo_config_glue [-] oslo_messaging_rabbit.rabbit_interval_max = 30 {{(pid=99006) log_opt_values /opt/stack/data/venv/lib/python3.12/site-packages/oslo_config/cfg.py:3560}}
Aug 26 00:46:59.080855 np0000008123 nova-conductor[99006]: DEBUG cotyledon.oslo_config_glue [-] oslo_messaging_rabbit.rabbit_login_method = AMQPLAIN {{(pid=99006) log_opt_values /opt/stack/data/venv/lib/python3.12/site-packages/oslo_config/cfg.py:3560}}
Aug 26 00:46:59.080855 np0000008123 nova-conductor[99006]: DEBUG cotyledon.oslo_config_glue [-] oslo_messaging_rabbit.rabbit_qos_prefetch_count = 0 {{(pid=99006) log_opt_values /opt/stack/data/venv/lib/python3.12/site-packages/oslo_config/cfg.py:3560}}
Aug 26 00:46:59.080855 np0000008123 nova-conductor[99006]: DEBUG cotyledon.oslo_config_glue [-] oslo_messaging_rabbit.rabbit_quorum_delivery_limit = 0 {{(pid=99006) log_opt_values /opt/stack/data/venv/lib/python3.12/site-packages/oslo_config/cfg.py:3560}}
Aug 26 00:46:59.080855 np0000008123 nova-conductor[99006]: DEBUG cotyledon.oslo_config_glue [-] oslo_messaging_rabbit.rabbit_quorum_max_memory_bytes = 0 {{(pid=99006) log_opt_values /opt/stack/data/venv/lib/python3.12/site-packages/oslo_config/cfg.py:3560}}
Aug 26 00:46:59.080855 np0000008123 nova-conductor[99006]: DEBUG cotyledon.oslo_config_glue [-] oslo_messaging_rabbit.rabbit_quorum_max_memory_length = 0 {{(pid=99006) log_opt_values /opt/stack/data/venv/lib/python3.12/site-packages/oslo_config/cfg.py:3560}}
Aug 26 00:46:59.081210 np0000008123 nova-conductor[99006]: DEBUG cotyledon.oslo_config_glue [-] oslo_messaging_rabbit.rabbit_quorum_queue = False {{(pid=99006) log_opt_values /opt/stack/data/venv/lib/python3.12/site-packages/oslo_config/cfg.py:3560}}
Aug 26 00:46:59.081210 np0000008123 nova-conductor[99006]: DEBUG cotyledon.oslo_config_glue [-] oslo_messaging_rabbit.rabbit_retry_backoff = 2 {{(pid=99006) log_opt_values /opt/stack/data/venv/lib/python3.12/site-packages/oslo_config/cfg.py:3560}}
Aug 26 00:46:59.081210 np0000008123 nova-conductor[99006]: DEBUG cotyledon.oslo_config_glue [-] oslo_messaging_rabbit.rabbit_retry_interval = 1 {{(pid=99006) log_opt_values /opt/stack/data/venv/lib/python3.12/site-packages/oslo_config/cfg.py:3560}}
Aug 26 00:46:59.081210 np0000008123 nova-conductor[99006]: DEBUG cotyledon.oslo_config_glue [-] oslo_messaging_rabbit.rabbit_stream_fanout = False {{(pid=99006) log_opt_values /opt/stack/data/venv/lib/python3.12/site-packages/oslo_config/cfg.py:3560}}
Aug 26 00:46:59.081210 np0000008123 nova-conductor[99006]: DEBUG cotyledon.oslo_config_glue [-] oslo_messaging_rabbit.rabbit_transient_queues_ttl = 1800 {{(pid=99006) log_opt_values /opt/stack/data/venv/lib/python3.12/site-packages/oslo_config/cfg.py:3560}}
Aug 26 00:46:59.081210 np0000008123 nova-conductor[99006]: DEBUG cotyledon.oslo_config_glue [-] oslo_messaging_rabbit.rabbit_transient_quorum_queue = False {{(pid=99006) log_opt_values /opt/stack/data/venv/lib/python3.12/site-packages/oslo_config/cfg.py:3560}}
Aug 26 00:46:59.081210 np0000008123 nova-conductor[99006]: DEBUG cotyledon.oslo_config_glue [-] oslo_messaging_rabbit.rpc_conn_pool_size = 30 {{(pid=99006) log_opt_values /opt/stack/data/venv/lib/python3.12/site-packages/oslo_config/cfg.py:3560}}
Aug 26 00:46:59.081210 np0000008123 nova-conductor[99006]: DEBUG cotyledon.oslo_config_glue [-] oslo_messaging_rabbit.ssl = False {{(pid=99006) log_opt_values /opt/stack/data/venv/lib/python3.12/site-packages/oslo_config/cfg.py:3560}}
Aug 26 00:46:59.081210 np0000008123 nova-conductor[99006]: DEBUG cotyledon.oslo_config_glue [-] oslo_messaging_rabbit.ssl_ca_file = {{(pid=99006) log_opt_values /opt/stack/data/venv/lib/python3.12/site-packages/oslo_config/cfg.py:3560}}
Aug 26 00:46:59.081540 np0000008123 nova-conductor[99006]: DEBUG cotyledon.oslo_config_glue [-] oslo_messaging_rabbit.ssl_cert_file = {{(pid=99006) log_opt_values /opt/stack/data/venv/lib/python3.12/site-packages/oslo_config/cfg.py:3560}}
Aug 26 00:46:59.081540 np0000008123 nova-conductor[99006]: DEBUG cotyledon.oslo_config_glue [-] oslo_messaging_rabbit.ssl_enforce_fips_mode = False {{(pid=99006) log_opt_values /opt/stack/data/venv/lib/python3.12/site-packages/oslo_config/cfg.py:3560}}
Aug 26 00:46:59.081540 np0000008123 nova-conductor[99006]: DEBUG cotyledon.oslo_config_glue [-] oslo_messaging_rabbit.ssl_enforce_hostname_verification = True {{(pid=99006) log_opt_values /opt/stack/data/venv/lib/python3.12/site-packages/oslo_config/cfg.py:3560}}
Aug 26 00:46:59.081540 np0000008123 nova-conductor[99006]: DEBUG cotyledon.oslo_config_glue [-] oslo_messaging_rabbit.ssl_key_file = {{(pid=99006) log_opt_values /opt/stack/data/venv/lib/python3.12/site-packages/oslo_config/cfg.py:3560}}
Aug 26 00:46:59.081540 np0000008123 nova-conductor[99006]: DEBUG cotyledon.oslo_config_glue [-] oslo_messaging_rabbit.ssl_version = {{(pid=99006) log_opt_values /opt/stack/data/venv/lib/python3.12/site-packages/oslo_config/cfg.py:3560}}
Aug 26 00:46:59.081540 np0000008123 nova-conductor[99006]: DEBUG cotyledon.oslo_config_glue [-] oslo_messaging_rabbit.use_queue_manager = False {{(pid=99006) log_opt_values /opt/stack/data/venv/lib/python3.12/site-packages/oslo_config/cfg.py:3560}}
Aug 26 00:46:59.081540 np0000008123 nova-conductor[99006]: DEBUG cotyledon.oslo_config_glue [-] oslo_messaging_notifications.driver = ['messagingv2'] {{(pid=99006) log_opt_values /opt/stack/data/venv/lib/python3.12/site-packages/oslo_config/cfg.py:3560}}
Aug 26 00:46:59.081540 np0000008123 nova-conductor[99006]: DEBUG cotyledon.oslo_config_glue [-] oslo_messaging_notifications.retry = -1 {{(pid=99006) log_opt_values /opt/stack/data/venv/lib/python3.12/site-packages/oslo_config/cfg.py:3560}}
Aug 26 00:46:59.081540 np0000008123 nova-conductor[99006]: DEBUG cotyledon.oslo_config_glue [-] oslo_messaging_notifications.topics = ['notifications'] {{(pid=99006) log_opt_values /opt/stack/data/venv/lib/python3.12/site-packages/oslo_config/cfg.py:3560}}
Aug 26 00:46:59.081891 np0000008123 nova-conductor[99006]: DEBUG cotyledon.oslo_config_glue [-] oslo_messaging_notifications.transport_url = **** {{(pid=99006) log_opt_values /opt/stack/data/venv/lib/python3.12/site-packages/oslo_config/cfg.py:3560}}
Aug 26 00:46:59.081891 np0000008123 nova-conductor[99006]: DEBUG cotyledon.oslo_config_glue [-] oslo_limit.auth_section = None {{(pid=99006) log_opt_values /opt/stack/data/venv/lib/python3.12/site-packages/oslo_config/cfg.py:3560}}
Aug 26 00:46:59.081891 np0000008123 nova-conductor[99006]: DEBUG cotyledon.oslo_config_glue [-] oslo_limit.auth_type = None {{(pid=99006) log_opt_values /opt/stack/data/venv/lib/python3.12/site-packages/oslo_config/cfg.py:3560}}
Aug 26 00:46:59.081891 np0000008123 nova-conductor[99006]: DEBUG cotyledon.oslo_config_glue [-] oslo_limit.cafile = None {{(pid=99006) log_opt_values /opt/stack/data/venv/lib/python3.12/site-packages/oslo_config/cfg.py:3560}}
Aug 26 00:46:59.081891 np0000008123 nova-conductor[99006]: DEBUG cotyledon.oslo_config_glue [-] oslo_limit.certfile = None {{(pid=99006) log_opt_values /opt/stack/data/venv/lib/python3.12/site-packages/oslo_config/cfg.py:3560}}
Aug 26 00:46:59.081891 np0000008123 nova-conductor[99006]: DEBUG cotyledon.oslo_config_glue [-] oslo_limit.collect_timing = False {{(pid=99006) log_opt_values /opt/stack/data/venv/lib/python3.12/site-packages/oslo_config/cfg.py:3560}}
Aug 26 00:46:59.081891 np0000008123 nova-conductor[99006]: DEBUG cotyledon.oslo_config_glue [-] oslo_limit.connect_retries = None {{(pid=99006) log_opt_values /opt/stack/data/venv/lib/python3.12/site-packages/oslo_config/cfg.py:3560}}
Aug 26 00:46:59.081891 np0000008123 nova-conductor[99006]: DEBUG cotyledon.oslo_config_glue [-] oslo_limit.connect_retry_delay = None {{(pid=99006) log_opt_values /opt/stack/data/venv/lib/python3.12/site-packages/oslo_config/cfg.py:3560}}
Aug 26 00:46:59.081891 np0000008123 nova-conductor[99006]: DEBUG cotyledon.oslo_config_glue [-] oslo_limit.endpoint_id = None {{(pid=99006) log_opt_values /opt/stack/data/venv/lib/python3.12/site-packages/oslo_config/cfg.py:3560}}
Aug 26 00:46:59.082237 np0000008123 nova-conductor[99006]: DEBUG cotyledon.oslo_config_glue [-] oslo_limit.endpoint_interface = public {{(pid=99006) log_opt_values /opt/stack/data/venv/lib/python3.12/site-packages/oslo_config/cfg.py:3560}}
Aug 26 00:46:59.082237 np0000008123 nova-conductor[99006]: DEBUG cotyledon.oslo_config_glue [-] oslo_limit.endpoint_override = None {{(pid=99006) log_opt_values /opt/stack/data/venv/lib/python3.12/site-packages/oslo_config/cfg.py:3560}}
Aug 26 00:46:59.082237 np0000008123 nova-conductor[99006]: DEBUG cotyledon.oslo_config_glue [-] oslo_limit.endpoint_region_name = None {{(pid=99006) log_opt_values /opt/stack/data/venv/lib/python3.12/site-packages/oslo_config/cfg.py:3560}}
Aug 26 00:46:59.082237 np0000008123 nova-conductor[99006]: DEBUG cotyledon.oslo_config_glue [-] oslo_limit.endpoint_service_name = None {{(pid=99006) log_opt_values /opt/stack/data/venv/lib/python3.12/site-packages/oslo_config/cfg.py:3560}}
Aug 26 00:46:59.082237 np0000008123 nova-conductor[99006]: DEBUG cotyledon.oslo_config_glue [-] oslo_limit.endpoint_service_type = None {{(pid=99006) log_opt_values /opt/stack/data/venv/lib/python3.12/site-packages/oslo_config/cfg.py:3560}}
Aug 26 00:46:59.082237 np0000008123 nova-conductor[99006]: DEBUG cotyledon.oslo_config_glue [-] oslo_limit.insecure = False {{(pid=99006) log_opt_values /opt/stack/data/venv/lib/python3.12/site-packages/oslo_config/cfg.py:3560}}
Aug 26 00:46:59.082237 np0000008123 nova-conductor[99006]: DEBUG cotyledon.oslo_config_glue [-] oslo_limit.keyfile = None {{(pid=99006) log_opt_values /opt/stack/data/venv/lib/python3.12/site-packages/oslo_config/cfg.py:3560}}
Aug 26 00:46:59.082237 np0000008123 nova-conductor[99006]: DEBUG cotyledon.oslo_config_glue [-] oslo_limit.max_version = None {{(pid=99006) log_opt_values /opt/stack/data/venv/lib/python3.12/site-packages/oslo_config/cfg.py:3560}}
Aug 26 00:46:59.082237 np0000008123 nova-conductor[99006]: DEBUG cotyledon.oslo_config_glue [-] oslo_limit.min_version = None {{(pid=99006) log_opt_values /opt/stack/data/venv/lib/python3.12/site-packages/oslo_config/cfg.py:3560}}
Aug 26 00:46:59.082578 np0000008123 nova-conductor[99006]: DEBUG cotyledon.oslo_config_glue [-] oslo_limit.region_name = None {{(pid=99006) log_opt_values /opt/stack/data/venv/lib/python3.12/site-packages/oslo_config/cfg.py:3560}}
Aug 26 00:46:59.082578 np0000008123 nova-conductor[99006]: DEBUG cotyledon.oslo_config_glue [-] oslo_limit.retriable_status_codes = None {{(pid=99006) log_opt_values /opt/stack/data/venv/lib/python3.12/site-packages/oslo_config/cfg.py:3560}}
Aug 26 00:46:59.082578 np0000008123 nova-conductor[99006]: DEBUG cotyledon.oslo_config_glue [-] oslo_limit.service_name = None {{(pid=99006) log_opt_values /opt/stack/data/venv/lib/python3.12/site-packages/oslo_config/cfg.py:3560}}
Aug 26 00:46:59.082578 np0000008123 nova-conductor[99006]: DEBUG cotyledon.oslo_config_glue [-] oslo_limit.service_type = None {{(pid=99006) log_opt_values /opt/stack/data/venv/lib/python3.12/site-packages/oslo_config/cfg.py:3560}}
Aug 26 00:46:59.082578 np0000008123 nova-conductor[99006]: DEBUG cotyledon.oslo_config_glue [-] oslo_limit.split_loggers = False {{(pid=99006) log_opt_values /opt/stack/data/venv/lib/python3.12/site-packages/oslo_config/cfg.py:3560}}
Aug 26 00:46:59.082578 np0000008123 nova-conductor[99006]: DEBUG cotyledon.oslo_config_glue [-] oslo_limit.status_code_retries = None {{(pid=99006) log_opt_values /opt/stack/data/venv/lib/python3.12/site-packages/oslo_config/cfg.py:3560}}
Aug 26 00:46:59.082578 np0000008123 nova-conductor[99006]: DEBUG cotyledon.oslo_config_glue [-] oslo_limit.status_code_retry_delay = None {{(pid=99006) log_opt_values /opt/stack/data/venv/lib/python3.12/site-packages/oslo_config/cfg.py:3560}}
Aug 26 00:46:59.082578 np0000008123 nova-conductor[99006]: DEBUG cotyledon.oslo_config_glue [-] oslo_limit.timeout = None {{(pid=99006) log_opt_values /opt/stack/data/venv/lib/python3.12/site-packages/oslo_config/cfg.py:3560}}
Aug 26 00:46:59.082578 np0000008123 nova-conductor[99006]: DEBUG cotyledon.oslo_config_glue [-] oslo_limit.valid_interfaces = None {{(pid=99006) log_opt_values /opt/stack/data/venv/lib/python3.12/site-packages/oslo_config/cfg.py:3560}}
Aug 26 00:46:59.082951 np0000008123 nova-conductor[99006]: DEBUG cotyledon.oslo_config_glue [-] oslo_limit.version = None {{(pid=99006) log_opt_values /opt/stack/data/venv/lib/python3.12/site-packages/oslo_config/cfg.py:3560}}
Aug 26 00:46:59.082951 np0000008123 nova-conductor[99006]: DEBUG cotyledon.oslo_config_glue [-] oslo_reports.file_event_handler = None {{(pid=99006) log_opt_values /opt/stack/data/venv/lib/python3.12/site-packages/oslo_config/cfg.py:3560}}
Aug 26 00:46:59.082951 np0000008123 nova-conductor[99006]: DEBUG cotyledon.oslo_config_glue [-] oslo_reports.file_event_handler_interval = 1 {{(pid=99006) log_opt_values /opt/stack/data/venv/lib/python3.12/site-packages/oslo_config/cfg.py:3560}}
Aug 26 00:46:59.082951 np0000008123 nova-conductor[99006]: DEBUG cotyledon.oslo_config_glue [-] oslo_reports.log_dir = None {{(pid=99006) log_opt_values /opt/stack/data/venv/lib/python3.12/site-packages/oslo_config/cfg.py:3560}}
Aug 26 00:46:59.082951 np0000008123 nova-conductor[99006]: DEBUG cotyledon.oslo_config_glue [-] ******************************************************************************** {{(pid=99006) log_opt_values /opt/stack/data/venv/lib/python3.12/site-packages/oslo_config/cfg.py:3567}}
Aug 26 00:46:59.082951 np0000008123 nova-conductor[99006]: DEBUG cotyledon._service_worker [-] Run service ServiceWrapper(3) [99006] {{(pid=99006) wait_forever /opt/stack/data/venv/lib/python3.12/site-packages/cotyledon/_service_worker.py:218}}
Aug 26 00:46:59.082951 np0000008123 nova-conductor[99006]: INFO nova.service [-] Starting conductor node (version 33.1.0)
Aug 26 00:46:59.082951 np0000008123 nova-conductor[99006]: INFO dbcounter [None req-7d519e19-126c-46ff-a2e0-e656611413b8 None None] Registered counter for database nova_cell0
Aug 26 00:46:59.083237 np0000008123 nova-conductor[98989]: DEBUG oslo_db.sqlalchemy.engines [None req-31b3d18c-fd60-468d-a94a-4673d1a667fc None None] MySQL server mode set to STRICT_TRANS_TABLES,STRICT_ALL_TABLES,NO_ZERO_IN_DATE,NO_ZERO_DATE,ERROR_FOR_DIVISION_BY_ZERO,TRADITIONAL,NO_ENGINE_SUBSTITUTION {{(pid=98989) _check_effective_sql_mode /opt/stack/data/venv/lib/python3.12/site-packages/oslo_db/sqlalchemy/engines.py:325}}
Aug 26 00:46:59.083296 np0000008123 nova-conductor[98974]: DEBUG nova.service [None req-bd853281-54dc-453c-8fcf-8a376d911b90 None None] Creating RPC server for service: nova-conductor on topic: conductor {{(pid=98974) start /opt/stack/nova/nova/service.py:262}}
Aug 26 00:46:59.083346 np0000008123 nova-conductor[98989]: DEBUG dbcounter [-] [98989] Writer thread running {{(pid=98989) stat_writer /opt/stack/data/venv/lib/python3.12/site-packages/dbcounter.py:102}}
Aug 26 00:46:59.083346 np0000008123 nova-conductor[98989]: DEBUG nova.service [None req-31b3d18c-fd60-468d-a94a-4673d1a667fc None None] Creating RPC server for service: nova-conductor on topic: conductor {{(pid=98989) start /opt/stack/nova/nova/service.py:262}}
Aug 26 00:46:59.085003 np0000008123 nova-conductor[98974]: DEBUG nova.service [None req-bd853281-54dc-453c-8fcf-8a376d911b90 None None] Join ServiceGroup membership for this service conductor {{(pid=98974) start /opt/stack/nova/nova/service.py:288}}
Aug 26 00:46:59.085217 np0000008123 nova-conductor[98974]: DEBUG nova.servicegroup.drivers.db [None req-bd853281-54dc-453c-8fcf-8a376d911b90 None None] DB_Driver: join new ServiceGroup member np0000008123 to the conductor group, service = {{(pid=98974) join /opt/stack/nova/nova/servicegroup/drivers/db.py:44}}
Aug 26 00:46:59.088201 np0000008123 nova-conductor[98999]: DEBUG oslo_db.sqlalchemy.engines [None req-f1a2a8f4-402b-4c82-a5f6-41f367a34343 None None] MySQL server mode set to STRICT_TRANS_TABLES,STRICT_ALL_TABLES,NO_ZERO_IN_DATE,NO_ZERO_DATE,ERROR_FOR_DIVISION_BY_ZERO,TRADITIONAL,NO_ENGINE_SUBSTITUTION {{(pid=98999) _check_effective_sql_mode /opt/stack/data/venv/lib/python3.12/site-packages/oslo_db/sqlalchemy/engines.py:325}}
Aug 26 00:46:59.088295 np0000008123 nova-conductor[98989]: DEBUG nova.service [None req-31b3d18c-fd60-468d-a94a-4673d1a667fc None None] Join ServiceGroup membership for this service conductor {{(pid=98989) start /opt/stack/nova/nova/service.py:288}}
Aug 26 00:46:59.088523 np0000008123 nova-conductor[98989]: DEBUG nova.servicegroup.drivers.db [None req-31b3d18c-fd60-468d-a94a-4673d1a667fc None None] DB_Driver: join new ServiceGroup member np0000008123 to the conductor group, service = {{(pid=98989) join /opt/stack/nova/nova/servicegroup/drivers/db.py:44}}
Aug 26 00:46:59.092125 np0000008123 nova-conductor[99006]: DEBUG oslo_db.sqlalchemy.engines [None req-7d519e19-126c-46ff-a2e0-e656611413b8 None None] MySQL server mode set to STRICT_TRANS_TABLES,STRICT_ALL_TABLES,NO_ZERO_IN_DATE,NO_ZERO_DATE,ERROR_FOR_DIVISION_BY_ZERO,TRADITIONAL,NO_ENGINE_SUBSTITUTION {{(pid=99006) _check_effective_sql_mode /opt/stack/data/venv/lib/python3.12/site-packages/oslo_db/sqlalchemy/engines.py:325}}
Aug 26 00:46:59.097108 np0000008123 nova-conductor[98999]: DEBUG dbcounter [-] [98999] Writer thread running {{(pid=98999) stat_writer /opt/stack/data/venv/lib/python3.12/site-packages/dbcounter.py:102}}
Aug 26 00:46:59.100235 np0000008123 nova-conductor[98999]: DEBUG nova.service [None req-f1a2a8f4-402b-4c82-a5f6-41f367a34343 None None] Creating RPC server for service: nova-conductor on topic: conductor {{(pid=98999) start /opt/stack/nova/nova/service.py:262}}
Aug 26 00:46:59.101318 np0000008123 nova-conductor[99006]: DEBUG dbcounter [-] [99006] Writer thread running {{(pid=99006) stat_writer /opt/stack/data/venv/lib/python3.12/site-packages/dbcounter.py:102}}
Aug 26 00:46:59.104221 np0000008123 nova-conductor[99006]: DEBUG nova.service [None req-7d519e19-126c-46ff-a2e0-e656611413b8 None None] Creating RPC server for service: nova-conductor on topic: conductor {{(pid=99006) start /opt/stack/nova/nova/service.py:262}}
Aug 26 00:46:59.120575 np0000008123 nova-conductor[98999]: DEBUG nova.service [None req-f1a2a8f4-402b-4c82-a5f6-41f367a34343 None None] Join ServiceGroup membership for this service conductor {{(pid=98999) start /opt/stack/nova/nova/service.py:288}}
Aug 26 00:46:59.120789 np0000008123 nova-conductor[98999]: DEBUG nova.servicegroup.drivers.db [None req-f1a2a8f4-402b-4c82-a5f6-41f367a34343 None None] DB_Driver: join new ServiceGroup member np0000008123 to the conductor group, service = {{(pid=98999) join /opt/stack/nova/nova/servicegroup/drivers/db.py:44}}
Aug 26 00:46:59.122462 np0000008123 nova-conductor[99006]: DEBUG nova.service [None req-7d519e19-126c-46ff-a2e0-e656611413b8 None None] Join ServiceGroup membership for this service conductor {{(pid=99006) start /opt/stack/nova/nova/service.py:288}}
Aug 26 00:46:59.122733 np0000008123 nova-conductor[99006]: DEBUG nova.servicegroup.drivers.db [None req-7d519e19-126c-46ff-a2e0-e656611413b8 None None] DB_Driver: join new ServiceGroup member np0000008123 to the conductor group, service = {{(pid=99006) join /opt/stack/nova/nova/servicegroup/drivers/db.py:44}}
Aug 26 00:47:04.101308 np0000008123 nova-conductor[98974]: DEBUG oslo.service.backend._threading.loopingcall [-] Fixed interval looping call 'nova.servicegroup.drivers.db.DbDriver._report_state' sleeping for 119.99 seconds {{(pid=98974) _run_loop /opt/stack/data/venv/lib/python3.12/site-packages/oslo_service/backend/_threading/loopingcall.py:125}}
Aug 26 00:47:04.101923 np0000008123 nova-conductor[98989]: DEBUG oslo.service.backend._threading.loopingcall [-] Fixed interval looping call 'nova.servicegroup.drivers.db.DbDriver._report_state' sleeping for 119.99 seconds {{(pid=98989) _run_loop /opt/stack/data/venv/lib/python3.12/site-packages/oslo_service/backend/_threading/loopingcall.py:125}}
Aug 26 00:47:04.134708 np0000008123 nova-conductor[98999]: DEBUG oslo.service.backend._threading.loopingcall [-] Fixed interval looping call 'nova.servicegroup.drivers.db.DbDriver._report_state' sleeping for 119.99 seconds {{(pid=98999) _run_loop /opt/stack/data/venv/lib/python3.12/site-packages/oslo_service/backend/_threading/loopingcall.py:125}}
Aug 26 00:47:04.135373 np0000008123 nova-conductor[99006]: DEBUG oslo.service.backend._threading.loopingcall [-] Fixed interval looping call 'nova.servicegroup.drivers.db.DbDriver._report_state' sleeping for 119.99 seconds {{(pid=99006) _run_loop /opt/stack/data/venv/lib/python3.12/site-packages/oslo_service/backend/_threading/loopingcall.py:125}}
Aug 26 00:47:07.706557 np0000008123 nova-conductor[97528]: DEBUG dbcounter [-] [97528] Writing DB stats nova_api:SELECT=1 {{(pid=97528) stat_writer /opt/stack/data/venv/lib/python3.12/site-packages/dbcounter.py:115}}
Aug 26 00:47:07.824578 np0000008123 nova-conductor[97528]: DEBUG dbcounter [-] [97528] Writing DB stats nova_cell1:SELECT=1 {{(pid=97528) stat_writer /opt/stack/data/venv/lib/python3.12/site-packages/dbcounter.py:115}}
Aug 26 00:47:07.829569 np0000008123 nova-conductor[97528]: DEBUG dbcounter [-] [97528] Writing DB stats nova_cell0:SELECT=1 {{(pid=97528) stat_writer /opt/stack/data/venv/lib/python3.12/site-packages/dbcounter.py:115}}
Aug 26 00:47:14.094571 np0000008123 nova-conductor[98974]: DEBUG dbcounter [-] [98974] Writing DB stats nova_cell0:SELECT=4,nova_cell0:INSERT=1,nova_cell0:UPDATE=1 {{(pid=98974) stat_writer /opt/stack/data/venv/lib/python3.12/site-packages/dbcounter.py:115}}
Aug 26 00:47:14.099906 np0000008123 nova-conductor[98989]: DEBUG dbcounter [-] [98989] Writing DB stats nova_cell0:SELECT=3,nova_cell0:UPDATE=1 {{(pid=98989) stat_writer /opt/stack/data/venv/lib/python3.12/site-packages/dbcounter.py:115}}
Aug 26 00:47:14.132048 np0000008123 nova-conductor[98999]: DEBUG dbcounter [-] [98999] Writing DB stats nova_cell0:SELECT=3 {{(pid=98999) stat_writer /opt/stack/data/venv/lib/python3.12/site-packages/dbcounter.py:115}}
Aug 26 00:47:14.132426 np0000008123 nova-conductor[99006]: DEBUG dbcounter [-] [99006] Writing DB stats nova_cell0:SELECT=3 {{(pid=99006) stat_writer /opt/stack/data/venv/lib/python3.12/site-packages/dbcounter.py:115}}
Aug 26 00:47:17.124873 np0000008123 nova-conductor[99006]: DEBUG oslo.service.backend._threading.loopingcall [None req-bf8b1def-bba4-4ee1-8203-623638bdbf2c None None] Dynamic interval looping call 'nova.service.Service.periodic_tasks' sleeping for 60.00 seconds {{(pid=99006) _run_loop /opt/stack/data/venv/lib/python3.12/site-packages/oslo_service/backend/_threading/loopingcall.py:125}}
Aug 26 00:47:20.122962 np0000008123 nova-conductor[98999]: DEBUG oslo.service.backend._threading.loopingcall [None req-90f859c4-209d-4adb-bab3-d8371520636a None None] Dynamic interval looping call 'nova.service.Service.periodic_tasks' sleeping for 60.00 seconds {{(pid=98999) _run_loop /opt/stack/data/venv/lib/python3.12/site-packages/oslo_service/backend/_threading/loopingcall.py:125}}
Aug 26 00:47:27.088140 np0000008123 nova-conductor[98974]: DEBUG oslo.service.backend._threading.loopingcall [None req-7d88259a-d7d7-4cda-b514-857472d9e407 None None] Dynamic interval looping call 'nova.service.Service.periodic_tasks' sleeping for 60.00 seconds {{(pid=98974) _run_loop /opt/stack/data/venv/lib/python3.12/site-packages/oslo_service/backend/_threading/loopingcall.py:125}}
Aug 26 00:47:40.090624 np0000008123 nova-conductor[98989]: DEBUG oslo.service.backend._threading.loopingcall [None req-e04cdb2e-fc56-4c7e-863d-d567dbc6a619 None None] Dynamic interval looping call 'nova.service.Service.periodic_tasks' sleeping for 60.00 seconds {{(pid=98989) _run_loop /opt/stack/data/venv/lib/python3.12/site-packages/oslo_service/backend/_threading/loopingcall.py:125}}
Aug 26 00:48:17.125416 np0000008123 nova-conductor[99006]: DEBUG oslo.service.backend._threading.loopingcall [None req-bf8b1def-bba4-4ee1-8203-623638bdbf2c None None] Dynamic interval looping call 'nova.service.Service.periodic_tasks' sleeping for 60.00 seconds {{(pid=99006) _run_loop /opt/stack/data/venv/lib/python3.12/site-packages/oslo_service/backend/_threading/loopingcall.py:125}}
Aug 26 00:48:20.123454 np0000008123 nova-conductor[98999]: DEBUG oslo.service.backend._threading.loopingcall [None req-90f859c4-209d-4adb-bab3-d8371520636a None None] Dynamic interval looping call 'nova.service.Service.periodic_tasks' sleeping for 60.00 seconds {{(pid=98999) _run_loop /opt/stack/data/venv/lib/python3.12/site-packages/oslo_service/backend/_threading/loopingcall.py:125}}
Aug 26 00:48:27.088612 np0000008123 nova-conductor[98974]: DEBUG oslo.service.backend._threading.loopingcall [None req-7d88259a-d7d7-4cda-b514-857472d9e407 None None] Dynamic interval looping call 'nova.service.Service.periodic_tasks' sleeping for 60.00 seconds {{(pid=98974) _run_loop /opt/stack/data/venv/lib/python3.12/site-packages/oslo_service/backend/_threading/loopingcall.py:125}}
Aug 26 00:48:40.091197 np0000008123 nova-conductor[98989]: DEBUG oslo.service.backend._threading.loopingcall [None req-e04cdb2e-fc56-4c7e-863d-d567dbc6a619 None None] Dynamic interval looping call 'nova.service.Service.periodic_tasks' sleeping for 60.00 seconds {{(pid=98989) _run_loop /opt/stack/data/venv/lib/python3.12/site-packages/oslo_service/backend/_threading/loopingcall.py:125}}
Aug 26 00:49:04.121947 np0000008123 nova-conductor[98989]: DEBUG oslo.service.backend._threading.loopingcall [-] Fixed interval looping call 'nova.servicegroup.drivers.db.DbDriver._report_state' sleeping for 119.97 seconds {{(pid=98989) _run_loop /opt/stack/data/venv/lib/python3.12/site-packages/oslo_service/backend/_threading/loopingcall.py:125}}
Aug 26 00:49:04.122629 np0000008123 nova-conductor[98974]: DEBUG oslo.service.backend._threading.loopingcall [-] Fixed interval looping call 'nova.servicegroup.drivers.db.DbDriver._report_state' sleeping for 119.97 seconds {{(pid=98974) _run_loop /opt/stack/data/venv/lib/python3.12/site-packages/oslo_service/backend/_threading/loopingcall.py:125}}
Aug 26 00:49:04.129858 np0000008123 nova-conductor[98999]: DEBUG oslo.service.backend._threading.loopingcall [-] Fixed interval looping call 'nova.servicegroup.drivers.db.DbDriver._report_state' sleeping for 120.00 seconds {{(pid=98999) _run_loop /opt/stack/data/venv/lib/python3.12/site-packages/oslo_service/backend/_threading/loopingcall.py:125}}
Aug 26 00:49:04.131167 np0000008123 nova-conductor[99006]: DEBUG oslo.service.backend._threading.loopingcall [-] Fixed interval looping call 'nova.servicegroup.drivers.db.DbDriver._report_state' sleeping for 120.00 seconds {{(pid=99006) _run_loop /opt/stack/data/venv/lib/python3.12/site-packages/oslo_service/backend/_threading/loopingcall.py:125}}
Aug 26 00:49:14.095709 np0000008123 nova-conductor[98989]: DEBUG dbcounter [-] [98989] Writing DB stats nova_cell0:SELECT=1,nova_cell0:UPDATE=1 {{(pid=98989) stat_writer /opt/stack/data/venv/lib/python3.12/site-packages/dbcounter.py:115}}
Aug 26 00:49:14.096132 np0000008123 nova-conductor[98974]: DEBUG dbcounter [-] [98974] Writing DB stats nova_cell0:SELECT=1,nova_cell0:UPDATE=1 {{(pid=98974) stat_writer /opt/stack/data/venv/lib/python3.12/site-packages/dbcounter.py:115}}
Aug 26 00:49:14.128633 np0000008123 nova-conductor[98999]: DEBUG dbcounter [-] [98999] Writing DB stats nova_cell0:SELECT=1 {{(pid=98999) stat_writer /opt/stack/data/venv/lib/python3.12/site-packages/dbcounter.py:115}}
Aug 26 00:49:14.129488 np0000008123 nova-conductor[99006]: DEBUG dbcounter [-] [99006] Writing DB stats nova_cell0:SELECT=1 {{(pid=99006) stat_writer /opt/stack/data/venv/lib/python3.12/site-packages/dbcounter.py:115}}
Aug 26 00:49:17.127195 np0000008123 nova-conductor[99006]: DEBUG oslo.service.backend._threading.loopingcall [None req-bf8b1def-bba4-4ee1-8203-623638bdbf2c None None] Dynamic interval looping call 'nova.service.Service.periodic_tasks' sleeping for 60.00 seconds {{(pid=99006) _run_loop /opt/stack/data/venv/lib/python3.12/site-packages/oslo_service/backend/_threading/loopingcall.py:125}}
Aug 26 00:49:20.124141 np0000008123 nova-conductor[98999]: DEBUG oslo.service.backend._threading.loopingcall [None req-90f859c4-209d-4adb-bab3-d8371520636a None None] Dynamic interval looping call 'nova.service.Service.periodic_tasks' sleeping for 60.00 seconds {{(pid=98999) _run_loop /opt/stack/data/venv/lib/python3.12/site-packages/oslo_service/backend/_threading/loopingcall.py:125}}
Aug 26 00:49:20.474249 np0000008123 nova-conductor[98974]: DEBUG oslo_db.sqlalchemy.engines [None req-3e490b15-f27a-4dcf-a9bc-e3466ff9ec25 tempest-ServerBootFromVolumeStableRescueTest-16818549 tempest-ServerBootFromVolumeStableRescueTest-16818549-project-member] Parent process 97528 forked (98974) with an open database connection, which is being discarded and recreated. {{(pid=98974) checkout /opt/stack/data/venv/lib/python3.12/site-packages/oslo_db/sqlalchemy/engines.py:402}}
Aug 26 00:49:20.537348 np0000008123 nova-conductor[98974]: DEBUG dbcounter [-] [98974] Writer thread running {{(pid=98974) stat_writer /opt/stack/data/venv/lib/python3.12/site-packages/dbcounter.py:102}}
Aug 26 00:49:21.739972 np0000008123 nova-conductor[98974]: DEBUG nova.conductor.manager [None req-3e490b15-f27a-4dcf-a9bc-e3466ff9ec25 tempest-ServerBootFromVolumeStableRescueTest-16818549 tempest-ServerBootFromVolumeStableRescueTest-16818549-project-member] Took 1.20 seconds to select destinations for 1 instance(s). {{(pid=98974) _schedule_instances /opt/stack/nova/nova/conductor/manager.py:957}}
Aug 26 00:49:21.787467 np0000008123 nova-conductor[98974]: DEBUG oslo_concurrency.lockutils [None req-3e490b15-f27a-4dcf-a9bc-e3466ff9ec25 tempest-ServerBootFromVolumeStableRescueTest-16818549 tempest-ServerBootFromVolumeStableRescueTest-16818549-project-member] Acquiring lock "26dd78e0-9d1a-4053-bf86-16a601a5991b" by "nova.context.set_target_cell..get_or_set_cached_cell_and_set_connections" {{(pid=98974) inner /opt/stack/data/venv/lib/python3.12/site-packages/oslo_concurrency/lockutils.py:512}}
Aug 26 00:49:21.787803 np0000008123 nova-conductor[98974]: DEBUG oslo_concurrency.lockutils [None req-3e490b15-f27a-4dcf-a9bc-e3466ff9ec25 tempest-ServerBootFromVolumeStableRescueTest-16818549 tempest-ServerBootFromVolumeStableRescueTest-16818549-project-member] Lock "26dd78e0-9d1a-4053-bf86-16a601a5991b" acquired by "nova.context.set_target_cell..get_or_set_cached_cell_and_set_connections" :: waited 0.001s {{(pid=98974) inner /opt/stack/data/venv/lib/python3.12/site-packages/oslo_concurrency/lockutils.py:525}}
Aug 26 00:49:21.789855 np0000008123 nova-conductor[98974]: DEBUG oslo_concurrency.lockutils [None req-3e490b15-f27a-4dcf-a9bc-e3466ff9ec25 tempest-ServerBootFromVolumeStableRescueTest-16818549 tempest-ServerBootFromVolumeStableRescueTest-16818549-project-member] Lock "26dd78e0-9d1a-4053-bf86-16a601a5991b" "released" by "nova.context.set_target_cell..get_or_set_cached_cell_and_set_connections" :: held 0.002s {{(pid=98974) inner /opt/stack/data/venv/lib/python3.12/site-packages/oslo_concurrency/lockutils.py:544}}
Aug 26 00:49:21.791445 np0000008123 nova-conductor[98974]: INFO dbcounter [None req-3e490b15-f27a-4dcf-a9bc-e3466ff9ec25 tempest-ServerBootFromVolumeStableRescueTest-16818549 tempest-ServerBootFromVolumeStableRescueTest-16818549-project-member] Registered counter for database nova_cell1
Aug 26 00:49:21.838545 np0000008123 nova-conductor[98974]: DEBUG oslo_db.sqlalchemy.engines [None req-3e490b15-f27a-4dcf-a9bc-e3466ff9ec25 tempest-ServerBootFromVolumeStableRescueTest-16818549 tempest-ServerBootFromVolumeStableRescueTest-16818549-project-member] MySQL server mode set to STRICT_TRANS_TABLES,STRICT_ALL_TABLES,NO_ZERO_IN_DATE,NO_ZERO_DATE,ERROR_FOR_DIVISION_BY_ZERO,TRADITIONAL,NO_ENGINE_SUBSTITUTION {{(pid=98974) _check_effective_sql_mode /opt/stack/data/venv/lib/python3.12/site-packages/oslo_db/sqlalchemy/engines.py:325}}
Aug 26 00:49:21.846429 np0000008123 nova-conductor[98974]: DEBUG dbcounter [-] [98974] Writer thread running {{(pid=98974) stat_writer /opt/stack/data/venv/lib/python3.12/site-packages/dbcounter.py:102}}
Aug 26 00:49:21.995275 np0000008123 nova-conductor[98974]: DEBUG oslo_concurrency.lockutils [None req-3e490b15-f27a-4dcf-a9bc-e3466ff9ec25 tempest-ServerBootFromVolumeStableRescueTest-16818549 tempest-ServerBootFromVolumeStableRescueTest-16818549-project-member] Acquiring lock "00000000-0000-0000-0000-000000000000" by "nova.context.set_target_cell..get_or_set_cached_cell_and_set_connections" {{(pid=98974) inner /opt/stack/data/venv/lib/python3.12/site-packages/oslo_concurrency/lockutils.py:512}}
Aug 26 00:49:21.995875 np0000008123 nova-conductor[98974]: DEBUG oslo_concurrency.lockutils [None req-3e490b15-f27a-4dcf-a9bc-e3466ff9ec25 tempest-ServerBootFromVolumeStableRescueTest-16818549 tempest-ServerBootFromVolumeStableRescueTest-16818549-project-member] Lock "00000000-0000-0000-0000-000000000000" acquired by "nova.context.set_target_cell..get_or_set_cached_cell_and_set_connections" :: waited 0.000s {{(pid=98974) inner /opt/stack/data/venv/lib/python3.12/site-packages/oslo_concurrency/lockutils.py:525}}
Aug 26 00:49:21.996040 np0000008123 nova-conductor[98974]: DEBUG oslo_concurrency.lockutils [None req-3e490b15-f27a-4dcf-a9bc-e3466ff9ec25 tempest-ServerBootFromVolumeStableRescueTest-16818549 tempest-ServerBootFromVolumeStableRescueTest-16818549-project-member] Lock "00000000-0000-0000-0000-000000000000" "released" by "nova.context.set_target_cell..get_or_set_cached_cell_and_set_connections" :: held 0.000s {{(pid=98974) inner /opt/stack/data/venv/lib/python3.12/site-packages/oslo_concurrency/lockutils.py:544}}
Aug 26 00:49:21.996566 np0000008123 nova-conductor[98974]: INFO nova.thread_pool_factory [None req-3e490b15-f27a-4dcf-a9bc-e3466ff9ec25 tempest-ServerBootFromVolumeStableRescueTest-16818549 tempest-ServerBootFromVolumeStableRescueTest-16818549-project-member] The cell_worker thread pool ForkProcess-1.cell_worker is initialized
