Jun 02 17:02:52.984473 np0000001949 devstack@c-api.service[96085]: DEBUG cinder.api.openstack.wsgi [None req-e485703e-c091-456a-a60d-30e0c3b56d37 tempest-ServerActionsTestOtherA-655024911 tempest-ServerActionsTestOtherA-655024911-project-member] Action: 'create', calling method: create, body: {"volume": {"size": 1, "display_name": "tempest-ServerActionsTestOtherA-volume-2059544567"}} {{(pid=96085) _process_stack /opt/stack/cinder/cinder/api/openstack/wsgi.py:876}}
Jun 02 17:02:52.985873 np0000001949 devstack@c-api.service[96085]: DEBUG cinder.api.v3.volumes [None req-e485703e-c091-456a-a60d-30e0c3b56d37 tempest-ServerActionsTestOtherA-655024911 tempest-ServerActionsTestOtherA-655024911-project-member] Create volume request body: {'volume': {'size': 1, 'display_name': 'tempest-ServerActionsTestOtherA-volume-2059544567'}} {{(pid=96085) create /opt/stack/cinder/cinder/api/v3/volumes.py:368}}
Jun 02 17:02:52.985984 np0000001949 devstack@c-api.service[96085]: INFO cinder.api.v3.volumes [None req-e485703e-c091-456a-a60d-30e0c3b56d37 tempest-ServerActionsTestOtherA-655024911 tempest-ServerActionsTestOtherA-655024911-project-member] Create volume of 1 GB
Jun 02 17:02:52.990373 np0000001949 devstack@c-api.service[96085]: INFO cinder.volume.api [None req-e485703e-c091-456a-a60d-30e0c3b56d37 tempest-ServerActionsTestOtherA-655024911 tempest-ServerActionsTestOtherA-655024911-project-member] Availability Zones retrieved successfully.
Jun 02 17:02:52.996172 np0000001949 devstack@c-api.service[96085]: DEBUG cinder.volume.api [None req-e485703e-c091-456a-a60d-30e0c3b56d37 tempest-ServerActionsTestOtherA-655024911 tempest-ServerActionsTestOtherA-655024911-project-member] Flow 'volume_create_api' (988ac283-295b-4ef8-83e9-2ac13ebc47fe) transitioned into state 'RUNNING' from state 'PENDING' {{(pid=96085) _flow_receiver /opt/stack/data/venv/lib/python3.12/site-packages/taskflow/listeners/logging.py:160}}
Jun 02 17:02:52.997162 np0000001949 devstack@c-api.service[96085]: DEBUG cinder.volume.api [None req-e485703e-c091-456a-a60d-30e0c3b56d37 tempest-ServerActionsTestOtherA-655024911 tempest-ServerActionsTestOtherA-655024911-project-member] Task 'cinder.volume.flows.api.create_volume.ExtractVolumeRequestTask;volume:create' (6e342360-adb7-4b7d-ba34-51e5084a8826) transitioned into state 'RUNNING' from state 'PENDING' {{(pid=96085) _task_receiver /opt/stack/data/venv/lib/python3.12/site-packages/taskflow/listeners/logging.py:242}}
Jun 02 17:02:52.998272 np0000001949 devstack@c-api.service[96085]: DEBUG cinder.volume.flows.api.create_volume [None req-e485703e-c091-456a-a60d-30e0c3b56d37 tempest-ServerActionsTestOtherA-655024911 tempest-ServerActionsTestOtherA-655024911-project-member] Validating volume size '1' using validate_int {{(pid=96085) _extract_size /opt/stack/cinder/cinder/volume/flows/api/create_volume.py:226}}
Jun 02 17:02:53.018038 np0000001949 devstack@c-api.service[96087]: DEBUG cinder.api.middleware.request_id [None req-5c592339-b273-43e7-b501-05b44aee9d93 None None] RequestId filter calling following filter/app {{(pid=96087) _context_setter /opt/stack/cinder/cinder/api/middleware/request_id.py:62}}
Jun 02 17:02:53.019800 np0000001949 devstack@c-api.service[96087]: INFO cinder.api.openstack.wsgi [None req-5c592339-b273-43e7-b501-05b44aee9d93 tempest-AttachSCSIVolumeTestJSON-1814270783 tempest-AttachSCSIVolumeTestJSON-1814270783-project-member] GET https://10.4.3.58/volume/v3/volumes/62333fd2-3a05-4b9a-a614-da8d1f944da3
Jun 02 17:02:53.020003 np0000001949 devstack@c-api.service[96087]: DEBUG cinder.api.openstack.wsgi [None req-5c592339-b273-43e7-b501-05b44aee9d93 tempest-AttachSCSIVolumeTestJSON-1814270783 tempest-AttachSCSIVolumeTestJSON-1814270783-project-member] Empty body provided in request {{(pid=96087) get_body /opt/stack/cinder/cinder/api/openstack/wsgi.py:725}}
Jun 02 17:02:53.020268 np0000001949 devstack@c-api.service[96087]: DEBUG cinder.api.openstack.wsgi [None req-5c592339-b273-43e7-b501-05b44aee9d93 tempest-AttachSCSIVolumeTestJSON-1814270783 tempest-AttachSCSIVolumeTestJSON-1814270783-project-member] Calling method 'show' {{(pid=96087) _process_stack /opt/stack/cinder/cinder/api/openstack/wsgi.py:878}}
Jun 02 17:02:53.030931 np0000001949 devstack@c-api.service[96085]: DEBUG cinder.volume.api [None req-e485703e-c091-456a-a60d-30e0c3b56d37 tempest-ServerActionsTestOtherA-655024911 tempest-ServerActionsTestOtherA-655024911-project-member] Task 'cinder.volume.flows.api.create_volume.ExtractVolumeRequestTask;volume:create' (6e342360-adb7-4b7d-ba34-51e5084a8826) transitioned into state 'SUCCESS' from state 'RUNNING' with result '{'size': 1, 'snapshot_id': None, 'source_volid': None, 'volume_type': VolumeType(created_at=2026-06-02T16:59:02Z,deleted=False,deleted_at=None,description=None,extra_specs={volume_backend_name='storpool'},id=2edf3704-977e-479f-9a26-ac3f98740ac4,is_public=True,name='storpool',projects=[],qos_specs=,qos_specs_id=None,updated_at=None), 'volume_type_id': '2edf3704-977e-479f-9a26-ac3f98740ac4', 'encryption_key_id': None, 'qos_specs': None, 'consistencygroup_id': None, 'cgsnapshot_id': None, 'group_id': None, 'replication_status': 'disabled', 'refresh_az': False, 'backup_id': None, 'multiattach': False, 'availability_zones': ['nova']}' {{(pid=96085) _task_receiver /opt/stack/data/venv/lib/python3.12/site-packages/taskflow/listeners/logging.py:218}}
Jun 02 17:02:53.031894 np0000001949 devstack@c-api.service[96085]: DEBUG cinder.volume.api [None req-e485703e-c091-456a-a60d-30e0c3b56d37 tempest-ServerActionsTestOtherA-655024911 tempest-ServerActionsTestOtherA-655024911-project-member] Task 'cinder.volume.flows.api.create_volume.QuotaReserveTask;volume:create' (7827c1fa-6a27-4a6f-b75e-2a7169a307c1) transitioned into state 'RUNNING' from state 'PENDING' {{(pid=96085) _task_receiver /opt/stack/data/venv/lib/python3.12/site-packages/taskflow/listeners/logging.py:242}}
Jun 02 17:02:53.039501 np0000001949 devstack@c-api.service[96087]: /opt/stack/data/venv/lib/python3.12/site-packages/oslo_context/context.py:102: DeprecationWarning: Policy enforcement is depending on the value of is_admin. This key is deprecated. Please update your policy file to use the standard policy values.
Jun 02 17:02:53.039501 np0000001949 devstack@c-api.service[96087]: warnings.warn(
Jun 02 17:02:53.053429 np0000001949 devstack@c-api.service[96087]: INFO cinder.volume.api [None req-5c592339-b273-43e7-b501-05b44aee9d93 tempest-AttachSCSIVolumeTestJSON-1814270783 tempest-AttachSCSIVolumeTestJSON-1814270783-project-member] Volume info retrieved successfully.
Jun 02 17:02:53.061014 np0000001949 devstack@c-api.service[96087]: INFO cinder.api.openstack.wsgi [None req-5c592339-b273-43e7-b501-05b44aee9d93 tempest-AttachSCSIVolumeTestJSON-1814270783 tempest-AttachSCSIVolumeTestJSON-1814270783-project-member] https://10.4.3.58/volume/v3/volumes/62333fd2-3a05-4b9a-a614-da8d1f944da3 returned with HTTP 200
Jun 02 17:02:53.061766 np0000001949 devstack@c-api.service[96087]: [pid: 96087|app: 0|req: 112/223] 10.4.3.58 () {66 vars in 1341 bytes} [Tue Jun 2 17:02:53 2026] GET /volume/v3/volumes/62333fd2-3a05-4b9a-a614-da8d1f944da3 => generated 846 bytes in 45 msecs (HTTP/1.1 200) 7 headers in 285 bytes (1 switches on core 0)
Jun 02 17:02:53.094104 np0000001949 devstack@c-api.service[96085]: DEBUG cinder.quota [None req-e485703e-c091-456a-a60d-30e0c3b56d37 tempest-ServerActionsTestOtherA-655024911 tempest-ServerActionsTestOtherA-655024911-project-member] Created reservations ['b87aba1c-5f19-4d4a-88d6-88a1194eedc5', 'dfe3a83d-955f-41f6-86ba-041970030114', 'adb7ff3c-0bc7-45b6-9e92-73af3f56324c', 'f4d80709-e878-4741-995a-0d500344a77e'] {{(pid=96085) reserve /opt/stack/cinder/cinder/quota.py:752}}
Jun 02 17:02:53.096430 np0000001949 devstack@c-api.service[96085]: DEBUG cinder.volume.api [None req-e485703e-c091-456a-a60d-30e0c3b56d37 tempest-ServerActionsTestOtherA-655024911 tempest-ServerActionsTestOtherA-655024911-project-member] Task 'cinder.volume.flows.api.create_volume.QuotaReserveTask;volume:create' (7827c1fa-6a27-4a6f-b75e-2a7169a307c1) transitioned into state 'SUCCESS' from state 'RUNNING' with result '{'reservations': ['b87aba1c-5f19-4d4a-88d6-88a1194eedc5', 'dfe3a83d-955f-41f6-86ba-041970030114', 'adb7ff3c-0bc7-45b6-9e92-73af3f56324c', 'f4d80709-e878-4741-995a-0d500344a77e']}' {{(pid=96085) _task_receiver /opt/stack/data/venv/lib/python3.12/site-packages/taskflow/listeners/logging.py:218}}
Jun 02 17:02:53.096430 np0000001949 devstack@c-api.service[96085]: DEBUG cinder.volume.api [None req-e485703e-c091-456a-a60d-30e0c3b56d37 tempest-ServerActionsTestOtherA-655024911 tempest-ServerActionsTestOtherA-655024911-project-member] Task 'cinder.volume.flows.api.create_volume.EntryCreateTask;volume:create' (a2dc438f-9b2b-45ac-85c5-c9971cf75162) transitioned into state 'RUNNING' from state 'PENDING' {{(pid=96085) _task_receiver /opt/stack/data/venv/lib/python3.12/site-packages/taskflow/listeners/logging.py:242}}
Jun 02 17:02:53.117090 np0000001949 devstack@c-api.service[96085]: DEBUG cinder.volume.api [None req-e485703e-c091-456a-a60d-30e0c3b56d37 tempest-ServerActionsTestOtherA-655024911 tempest-ServerActionsTestOtherA-655024911-project-member] Task 'cinder.volume.flows.api.create_volume.EntryCreateTask;volume:create' (a2dc438f-9b2b-45ac-85c5-c9971cf75162) transitioned into state 'SUCCESS' from state 'RUNNING' with result '{'volume_id': '13785cf5-104c-4d03-96b6-cbbe28c79748', 'volume_properties': VolumeProperties(attach_status='detached',availability_zone='nova',cgsnapshot_id=None,consistencygroup_id=None,display_description=None,display_name='tempest-ServerActionsTestOtherA-volume-2059544567',encryption_key_id=None,group_id=None,group_type_id=,metadata={},multiattach=False,project_id='ff66bf4d3fdb41eaa80d09886d8a339e',qos_specs=None,replication_status=,reservations=['b87aba1c-5f19-4d4a-88d6-88a1194eedc5','dfe3a83d-955f-41f6-86ba-041970030114','adb7ff3c-0bc7-45b6-9e92-73af3f56324c','f4d80709-e878-4741-995a-0d500344a77e'],size=1,snapshot_id=None,source_replicaid=,source_volid=None,status='creating',user_id='35786cebd712408ba6fcb56a431f0d5e',volume_type_id=2edf3704-977e-479f-9a26-ac3f98740ac4), 'volume': Volume(_name_id=None,admin_metadata=,attach_status='detached',availability_zone='nova',bootable=False,cluster=,cluster_name=None,consistencygroup=,consistencygroup_id=None,created_at=2026-06-02T17:02:53Z,deleted=False,deleted_at=None,display_description=None,display_name='tempest-ServerActionsTestOtherA-volume-2059544567',ec2_id=None,encryption_key_id=None,glance_metadata=,group=,group_id=None,host=None,id=13785cf5-104c-4d03-96b6-cbbe28c79748,launched_at=None,metadata={},migration_status=None,multiattach=False,previous_status=None,project_id='ff66bf4d3fdb41eaa80d09886d8a339e',provider_auth=None,provider_geometry=None,provider_id=None,provider_location=None,replication_driver_data=None,replication_extended_status=None,replication_status=None,scheduled_at=None,service_uuid=None,shared_targets=True,size=1,snapshot_id=None,snapshots=,source_volid=None,status='creating',terminated_at=None,updated_at=None,use_quota=True,user_id='35786cebd712408ba6fcb56a431f0d5e',volume_attachment=VolumeAttachmentList,volume_type=VolumeType(2edf3704-977e-479f-9a26-ac3f98740ac4),volume_type_id=2edf3704-977e-479f-9a26-ac3f98740ac4)}' {{(pid=96085) _task_receiver /opt/stack/data/venv/lib/python3.12/site-packages/taskflow/listeners/logging.py:218}}
Jun 02 17:02:53.118323 np0000001949 devstack@c-api.service[96085]: DEBUG cinder.volume.api [None req-e485703e-c091-456a-a60d-30e0c3b56d37 tempest-ServerActionsTestOtherA-655024911 tempest-ServerActionsTestOtherA-655024911-project-member] Task 'cinder.volume.flows.api.create_volume.QuotaCommitTask;volume:create' (471af10a-cc79-42b7-b029-9a16cc746b2b) transitioned into state 'RUNNING' from state 'PENDING' {{(pid=96085) _task_receiver /opt/stack/data/venv/lib/python3.12/site-packages/taskflow/listeners/logging.py:242}}
Jun 02 17:02:53.147148 np0000001949 devstack@c-api.service[96085]: DEBUG cinder.volume.api [None req-e485703e-c091-456a-a60d-30e0c3b56d37 tempest-ServerActionsTestOtherA-655024911 tempest-ServerActionsTestOtherA-655024911-project-member] Task 'cinder.volume.flows.api.create_volume.QuotaCommitTask;volume:create' (471af10a-cc79-42b7-b029-9a16cc746b2b) transitioned into state 'SUCCESS' from state 'RUNNING' with result '{'volume_properties': VolumeProperties(attach_status='detached',availability_zone='nova',cgsnapshot_id=None,consistencygroup_id=None,display_description=None,display_name='tempest-ServerActionsTestOtherA-volume-2059544567',encryption_key_id=None,group_id=None,group_type_id=,metadata={},multiattach=False,project_id='ff66bf4d3fdb41eaa80d09886d8a339e',qos_specs=None,replication_status=,reservations=['b87aba1c-5f19-4d4a-88d6-88a1194eedc5','dfe3a83d-955f-41f6-86ba-041970030114','adb7ff3c-0bc7-45b6-9e92-73af3f56324c','f4d80709-e878-4741-995a-0d500344a77e'],size=1,snapshot_id=None,source_replicaid=,source_volid=None,status='creating',user_id='35786cebd712408ba6fcb56a431f0d5e',volume_type_id=2edf3704-977e-479f-9a26-ac3f98740ac4)}' {{(pid=96085) _task_receiver /opt/stack/data/venv/lib/python3.12/site-packages/taskflow/listeners/logging.py:218}}
Jun 02 17:02:53.147957 np0000001949 devstack@c-api.service[96085]: DEBUG cinder.volume.api [None req-e485703e-c091-456a-a60d-30e0c3b56d37 tempest-ServerActionsTestOtherA-655024911 tempest-ServerActionsTestOtherA-655024911-project-member] Task 'cinder.volume.flows.api.create_volume.VolumeCastTask;volume:create' (2bf66d49-6077-4258-9d54-850dbeb11d2d) transitioned into state 'RUNNING' from state 'PENDING' {{(pid=96085) _task_receiver /opt/stack/data/venv/lib/python3.12/site-packages/taskflow/listeners/logging.py:242}}
Jun 02 17:02:53.156519 np0000001949 devstack@c-api.service[96085]: DEBUG cinder.volume.api [None req-e485703e-c091-456a-a60d-30e0c3b56d37 tempest-ServerActionsTestOtherA-655024911 tempest-ServerActionsTestOtherA-655024911-project-member] Task 'cinder.volume.flows.api.create_volume.VolumeCastTask;volume:create' (2bf66d49-6077-4258-9d54-850dbeb11d2d) transitioned into state 'SUCCESS' from state 'RUNNING' with result 'None' {{(pid=96085) _task_receiver /opt/stack/data/venv/lib/python3.12/site-packages/taskflow/listeners/logging.py:218}}
Jun 02 17:02:53.158187 np0000001949 devstack@c-api.service[96085]: DEBUG cinder.volume.api [None req-e485703e-c091-456a-a60d-30e0c3b56d37 tempest-ServerActionsTestOtherA-655024911 tempest-ServerActionsTestOtherA-655024911-project-member] Flow 'volume_create_api' (988ac283-295b-4ef8-83e9-2ac13ebc47fe) transitioned into state 'SUCCESS' from state 'RUNNING' {{(pid=96085) _flow_receiver /opt/stack/data/venv/lib/python3.12/site-packages/taskflow/listeners/logging.py:160}}
Jun 02 17:02:53.158187 np0000001949 devstack@c-api.service[96085]: INFO cinder.volume.api [None req-e485703e-c091-456a-a60d-30e0c3b56d37 tempest-ServerActionsTestOtherA-655024911 tempest-ServerActionsTestOtherA-655024911-project-member] Create volume request issued successfully.
Jun 02 17:02:53.158443 np0000001949 devstack@c-api.service[96085]: INFO cinder.api.openstack.wsgi [None req-e485703e-c091-456a-a60d-30e0c3b56d37 tempest-ServerActionsTestOtherA-655024911 tempest-ServerActionsTestOtherA-655024911-project-member] https://10.4.3.58/volume/v3/volumes returned with HTTP 202
Jun 02 17:02:53.158918 np0000001949 devstack@c-api.service[96085]: [pid: 96085|app: 0|req: 112/224] 10.4.3.58 () {68 vars in 1251 bytes} [Tue Jun 2 17:02:52 2026] POST /volume/v3/volumes => generated 752 bytes in 178 msecs (HTTP/1.1 202) 7 headers in 291 bytes (1 switches on core 0)
Jun 02 17:02:53.323378 np0000001949 devstack@c-api.service[96087]: DEBUG cinder.api.middleware.request_id [None req-dbf4a74d-809f-4cc6-9747-bb337ac8ff40 None None] RequestId filter calling following filter/app {{(pid=96087) _context_setter /opt/stack/cinder/cinder/api/middleware/request_id.py:62}}
Jun 02 17:02:53.324775 np0000001949 devstack@c-api.service[96087]: INFO cinder.api.openstack.wsgi [None req-dbf4a74d-809f-4cc6-9747-bb337ac8ff40 tempest-VolumesAssistedSnapshotsTest-1174791046 tempest-VolumesAssistedSnapshotsTest-1174791046-project-admin] GET https://10.4.3.58/volume/v3/volumes/954e4350-3b12-442a-b283-47402902f730
Jun 02 17:02:53.325118 np0000001949 devstack@c-api.service[96087]: DEBUG cinder.api.openstack.wsgi [None req-dbf4a74d-809f-4cc6-9747-bb337ac8ff40 tempest-VolumesAssistedSnapshotsTest-1174791046 tempest-VolumesAssistedSnapshotsTest-1174791046-project-admin] Empty body provided in request {{(pid=96087) get_body /opt/stack/cinder/cinder/api/openstack/wsgi.py:725}}
Jun 02 17:02:53.325379 np0000001949 devstack@c-api.service[96087]: DEBUG cinder.api.openstack.wsgi [None req-dbf4a74d-809f-4cc6-9747-bb337ac8ff40 tempest-VolumesAssistedSnapshotsTest-1174791046 tempest-VolumesAssistedSnapshotsTest-1174791046-project-admin] Calling method 'show' {{(pid=96087) _process_stack /opt/stack/cinder/cinder/api/openstack/wsgi.py:878}}
Jun 02 17:02:53.331693 np0000001949 devstack@c-api.service[96085]: DEBUG cinder.api.middleware.request_id [req-31e25b50-729d-4c19-bb6b-2d7c7dc16655 req-f992a2f2-2106-4ee5-af96-4b15ec4f4085 None None] RequestId filter calling following filter/app {{(pid=96085) _context_setter /opt/stack/cinder/cinder/api/middleware/request_id.py:62}}
Jun 02 17:02:53.337391 np0000001949 devstack@c-api.service[96085]: INFO cinder.api.openstack.wsgi [req-31e25b50-729d-4c19-bb6b-2d7c7dc16655 req-f992a2f2-2106-4ee5-af96-4b15ec4f4085 tempest-VolumesAssistedSnapshotsTest-1104946217 tempest-VolumesAssistedSnapshotsTest-1104946217-project] POST https://10.4.3.58/volume/v3/snapshots/None/action
Jun 02 17:02:53.337391 np0000001949 devstack@c-api.service[96085]: DEBUG cinder.api.openstack.wsgi [req-31e25b50-729d-4c19-bb6b-2d7c7dc16655 req-f992a2f2-2106-4ee5-af96-4b15ec4f4085 tempest-VolumesAssistedSnapshotsTest-1104946217 tempest-VolumesAssistedSnapshotsTest-1104946217-project] Action body: b'{"os-update_snapshot_status": {"status": "error_deleting", "progress": "90%"}}' {{(pid=96085) get_method /opt/stack/cinder/cinder/api/openstack/wsgi.py:993}}
Jun 02 17:02:53.337391 np0000001949 devstack@c-api.service[96085]: DEBUG cinder.api.openstack.wsgi [req-31e25b50-729d-4c19-bb6b-2d7c7dc16655 req-f992a2f2-2106-4ee5-af96-4b15ec4f4085 tempest-VolumesAssistedSnapshotsTest-1104946217 tempest-VolumesAssistedSnapshotsTest-1104946217-project] Action: 'action', calling method: _update_snapshot_status, body: {"os-update_snapshot_status": {"status": "error_deleting", "progress": "90%"}} {{(pid=96085) _process_stack /opt/stack/cinder/cinder/api/openstack/wsgi.py:876}}
Jun 02 17:02:53.337578 np0000001949 devstack@c-api.service[96087]: /opt/stack/data/venv/lib/python3.12/site-packages/oslo_context/context.py:102: DeprecationWarning: Policy enforcement is depending on the value of is_admin. This key is deprecated. Please update your policy file to use the standard policy values.
Jun 02 17:02:53.337578 np0000001949 devstack@c-api.service[96087]: warnings.warn(
Jun 02 17:02:53.337762 np0000001949 devstack@c-api.service[96085]: DEBUG cinder.api.contrib.snapshot_actions [req-31e25b50-729d-4c19-bb6b-2d7c7dc16655 req-f992a2f2-2106-4ee5-af96-4b15ec4f4085 tempest-VolumesAssistedSnapshotsTest-1104946217 tempest-VolumesAssistedSnapshotsTest-1104946217-project] body: {'os-update_snapshot_status': {'status': 'error_deleting', 'progress': '90%'}} {{(pid=96085) _update_snapshot_status /opt/stack/cinder/cinder/api/contrib/snapshot_actions.py:46}}
Jun 02 17:02:53.342150 np0000001949 devstack@c-api.service[96087]: INFO cinder.volume.api [None req-dbf4a74d-809f-4cc6-9747-bb337ac8ff40 tempest-VolumesAssistedSnapshotsTest-1174791046 tempest-VolumesAssistedSnapshotsTest-1174791046-project-admin] Volume info retrieved successfully.
Jun 02 17:02:53.346723 np0000001949 devstack@c-api.service[96087]: INFO cinder.api.openstack.wsgi [None req-dbf4a74d-809f-4cc6-9747-bb337ac8ff40 tempest-VolumesAssistedSnapshotsTest-1174791046 tempest-VolumesAssistedSnapshotsTest-1174791046-project-admin] https://10.4.3.58/volume/v3/volumes/954e4350-3b12-442a-b283-47402902f730 returned with HTTP 200
Jun 02 17:02:53.347323 np0000001949 devstack@c-api.service[96087]: [pid: 96087|app: 0|req: 113/225] 10.4.3.58 () {66 vars in 1341 bytes} [Tue Jun 2 17:02:53 2026] GET /volume/v3/volumes/954e4350-3b12-442a-b283-47402902f730 => generated 1325 bytes in 25 msecs (HTTP/1.1 200) 7 headers in 286 bytes (1 switches on core 0)
Jun 02 17:02:53.375744 np0000001949 devstack@c-api.service[96087]: DEBUG cinder.api.middleware.request_id [None req-f353176d-7e78-4c9b-89ef-f58f3482aa88 None None] RequestId filter calling following filter/app {{(pid=96087) _context_setter /opt/stack/cinder/cinder/api/middleware/request_id.py:62}}
Jun 02 17:02:53.379202 np0000001949 devstack@c-api.service[96087]: INFO cinder.api.openstack.wsgi [None req-f353176d-7e78-4c9b-89ef-f58f3482aa88 tempest-GroupSnapshotsTest-87523402 tempest-GroupSnapshotsTest-87523402-project-member] GET https://10.4.3.58/volume/v3/group_snapshots/da6869f9-dc33-43da-a431-897afe072259
Jun 02 17:02:53.380695 np0000001949 devstack@c-api.service[96087]: DEBUG cinder.api.openstack.wsgi [None req-f353176d-7e78-4c9b-89ef-f58f3482aa88 tempest-GroupSnapshotsTest-87523402 tempest-GroupSnapshotsTest-87523402-project-member] Empty body provided in request {{(pid=96087) get_body /opt/stack/cinder/cinder/api/openstack/wsgi.py:725}}
Jun 02 17:02:53.381210 np0000001949 devstack@c-api.service[96085]: INFO cinder.api.openstack.wsgi [req-31e25b50-729d-4c19-bb6b-2d7c7dc16655 req-f992a2f2-2106-4ee5-af96-4b15ec4f4085 tempest-VolumesAssistedSnapshotsTest-1104946217 tempest-VolumesAssistedSnapshotsTest-1104946217-project] https://10.4.3.58/volume/v3/snapshots/None/action returned with HTTP 404
Jun 02 17:02:53.381446 np0000001949 devstack@c-api.service[96087]: DEBUG cinder.api.openstack.wsgi [None req-f353176d-7e78-4c9b-89ef-f58f3482aa88 tempest-GroupSnapshotsTest-87523402 tempest-GroupSnapshotsTest-87523402-project-member] Calling method 'version_select' {{(pid=96087) _process_stack /opt/stack/cinder/cinder/api/openstack/wsgi.py:878}}
Jun 02 17:02:53.381683 np0000001949 devstack@c-api.service[96087]: DEBUG cinder.api.v3.group_snapshots [None req-f353176d-7e78-4c9b-89ef-f58f3482aa88 tempest-GroupSnapshotsTest-87523402 tempest-GroupSnapshotsTest-87523402-project-member] show called for member da6869f9-dc33-43da-a431-897afe072259 {{(pid=96087) show /opt/stack/cinder/cinder/api/v3/group_snapshots.py:58}}
Jun 02 17:02:53.382259 np0000001949 devstack@c-api.service[96085]: [pid: 96085|app: 0|req: 113/226] 10.4.3.58 () {72 vars in 1575 bytes} [Tue Jun 2 17:02:53 2026] POST /volume/v3/snapshots/None/action => generated 79 bytes in 52 msecs (HTTP/1.1 404) 7 headers in 291 bytes (1 switches on core 0)
Jun 02 17:02:53.392962 np0000001949 devstack@c-api.service[96087]: /opt/stack/data/venv/lib/python3.12/site-packages/oslo_context/context.py:102: DeprecationWarning: Policy enforcement is depending on the value of is_admin. This key is deprecated. Please update your policy file to use the standard policy values.
Jun 02 17:02:53.392962 np0000001949 devstack@c-api.service[96087]: warnings.warn(
Jun 02 17:02:53.395840 np0000001949 devstack@c-api.service[96087]: INFO cinder.api.openstack.wsgi [None req-f353176d-7e78-4c9b-89ef-f58f3482aa88 tempest-GroupSnapshotsTest-87523402 tempest-GroupSnapshotsTest-87523402-project-member] https://10.4.3.58/volume/v3/group_snapshots/da6869f9-dc33-43da-a431-897afe072259 returned with HTTP 200
Jun 02 17:02:53.395840 np0000001949 devstack@c-api.service[96087]: [pid: 96087|app: 0|req: 114/227] 10.4.3.58 () {68 vars in 1406 bytes} [Tue Jun 2 17:02:53 2026] GET /volume/v3/group_snapshots/da6869f9-dc33-43da-a431-897afe072259 => generated 307 bytes in 19 msecs (HTTP/1.1 200) 7 headers in 286 bytes (1 switches on core 0)
Jun 02 17:02:53.404579 np0000001949 devstack@c-api.service[96085]: DEBUG cinder.api.middleware.request_id [None req-1074db71-eedf-4c40-8267-2b76e10227d1 None None] RequestId filter calling following filter/app {{(pid=96085) _context_setter /opt/stack/cinder/cinder/api/middleware/request_id.py:62}}
Jun 02 17:02:53.410546 np0000001949 devstack@c-api.service[96085]: INFO cinder.api.openstack.wsgi [None req-1074db71-eedf-4c40-8267-2b76e10227d1 tempest-GroupSnapshotsTest-87523402 tempest-GroupSnapshotsTest-87523402-project-member] GET https://10.4.3.58/volume/v3/snapshots/detail
Jun 02 17:02:53.410546 np0000001949 devstack@c-api.service[96085]: DEBUG cinder.api.openstack.wsgi [None req-1074db71-eedf-4c40-8267-2b76e10227d1 tempest-GroupSnapshotsTest-87523402 tempest-GroupSnapshotsTest-87523402-project-member] Empty body provided in request {{(pid=96085) get_body /opt/stack/cinder/cinder/api/openstack/wsgi.py:725}}
Jun 02 17:02:53.410546 np0000001949 devstack@c-api.service[96085]: DEBUG cinder.api.openstack.wsgi [None req-1074db71-eedf-4c40-8267-2b76e10227d1 tempest-GroupSnapshotsTest-87523402 tempest-GroupSnapshotsTest-87523402-project-member] Calling method 'detail' {{(pid=96085) _process_stack /opt/stack/cinder/cinder/api/openstack/wsgi.py:878}}
Jun 02 17:02:53.410546 np0000001949 devstack@c-api.service[96085]: DEBUG cinder.api.api_utils [None req-1074db71-eedf-4c40-8267-2b76e10227d1 tempest-GroupSnapshotsTest-87523402 tempest-GroupSnapshotsTest-87523402-project-member] Removing options '' from query. {{(pid=96085) remove_invalid_filter_options /opt/stack/cinder/cinder/api/api_utils.py:82}}
Jun 02 17:02:53.410546 np0000001949 devstack@c-api.service[96085]: /opt/stack/data/venv/lib/python3.12/site-packages/oslo_context/context.py:102: DeprecationWarning: Policy enforcement is depending on the value of is_admin. This key is deprecated. Please update your policy file to use the standard policy values.
Jun 02 17:02:53.410546 np0000001949 devstack@c-api.service[96085]: warnings.warn(
Jun 02 17:02:53.411682 np0000001949 devstack@c-api.service[96085]: DEBUG cinder.db.sqlalchemy.api [None req-1074db71-eedf-4c40-8267-2b76e10227d1 tempest-GroupSnapshotsTest-87523402 tempest-GroupSnapshotsTest-87523402-project-member] Building query based on filter {{(pid=96085) _process_snaps_filters /opt/stack/cinder/cinder/db/sqlalchemy/api.py:3944}}
Jun 02 17:02:53.418964 np0000001949 devstack@c-api.service[96085]: INFO cinder.volume.api [None req-1074db71-eedf-4c40-8267-2b76e10227d1 tempest-GroupSnapshotsTest-87523402 tempest-GroupSnapshotsTest-87523402-project-member] Get all snapshots completed successfully.
Jun 02 17:02:53.423575 np0000001949 devstack@c-api.service[96085]: /opt/stack/data/venv/lib/python3.12/site-packages/oslo_context/context.py:102: DeprecationWarning: Policy enforcement is depending on the value of is_admin. This key is deprecated. Please update your policy file to use the standard policy values.
Jun 02 17:02:53.423575 np0000001949 devstack@c-api.service[96085]: warnings.warn(
Jun 02 17:02:53.424469 np0000001949 devstack@c-api.service[96085]: INFO cinder.api.openstack.wsgi [None req-1074db71-eedf-4c40-8267-2b76e10227d1 tempest-GroupSnapshotsTest-87523402 tempest-GroupSnapshotsTest-87523402-project-member] https://10.4.3.58/volume/v3/snapshots/detail returned with HTTP 200
Jun 02 17:02:53.425248 np0000001949 devstack@c-api.service[96085]: [pid: 96085|app: 0|req: 114/228] 10.4.3.58 () {66 vars in 1257 bytes} [Tue Jun 2 17:02:53 2026] GET /volume/v3/snapshots/detail => generated 453 bytes in 22 msecs (HTTP/1.1 200) 7 headers in 285 bytes (1 switches on core 0)
Jun 02 17:02:53.436538 np0000001949 devstack@c-api.service[96087]: DEBUG cinder.api.middleware.request_id [None req-d7d72909-e3e5-40e1-a9ab-89872e888f08 None None] RequestId filter calling following filter/app {{(pid=96087) _context_setter /opt/stack/cinder/cinder/api/middleware/request_id.py:62}}
Jun 02 17:02:53.438213 np0000001949 devstack@c-api.service[96087]: INFO cinder.api.openstack.wsgi [None req-d7d72909-e3e5-40e1-a9ab-89872e888f08 tempest-GroupSnapshotsTest-87523402 tempest-GroupSnapshotsTest-87523402-project-member] GET https://10.4.3.58/volume/v3/snapshots/c697dd84-ea07-4ae7-a61e-ef55870f34a2
Jun 02 17:02:53.438378 np0000001949 devstack@c-api.service[96087]: DEBUG cinder.api.openstack.wsgi [None req-d7d72909-e3e5-40e1-a9ab-89872e888f08 tempest-GroupSnapshotsTest-87523402 tempest-GroupSnapshotsTest-87523402-project-member] Empty body provided in request {{(pid=96087) get_body /opt/stack/cinder/cinder/api/openstack/wsgi.py:725}}
Jun 02 17:02:53.438567 np0000001949 devstack@c-api.service[96087]: DEBUG cinder.api.openstack.wsgi [None req-d7d72909-e3e5-40e1-a9ab-89872e888f08 tempest-GroupSnapshotsTest-87523402 tempest-GroupSnapshotsTest-87523402-project-member] Calling method 'show' {{(pid=96087) _process_stack /opt/stack/cinder/cinder/api/openstack/wsgi.py:878}}
Jun 02 17:02:53.443554 np0000001949 devstack@c-api.service[96087]: /opt/stack/data/venv/lib/python3.12/site-packages/oslo_context/context.py:102: DeprecationWarning: Policy enforcement is depending on the value of is_admin. This key is deprecated. Please update your policy file to use the standard policy values.
Jun 02 17:02:53.443554 np0000001949 devstack@c-api.service[96087]: warnings.warn(
Jun 02 17:02:53.444111 np0000001949 devstack@c-api.service[96087]: INFO cinder.volume.api [None req-d7d72909-e3e5-40e1-a9ab-89872e888f08 tempest-GroupSnapshotsTest-87523402 tempest-GroupSnapshotsTest-87523402-project-member] Snapshot retrieved successfully.
Jun 02 17:02:53.445035 np0000001949 devstack@c-api.service[96087]: INFO cinder.api.openstack.wsgi [None req-d7d72909-e3e5-40e1-a9ab-89872e888f08 tempest-GroupSnapshotsTest-87523402 tempest-GroupSnapshotsTest-87523402-project-member] https://10.4.3.58/volume/v3/snapshots/c697dd84-ea07-4ae7-a61e-ef55870f34a2 returned with HTTP 200
Jun 02 17:02:53.445458 np0000001949 devstack@c-api.service[96087]: [pid: 96087|app: 0|req: 115/229] 10.4.3.58 () {66 vars in 1347 bytes} [Tue Jun 2 17:02:53 2026] GET /volume/v3/snapshots/c697dd84-ea07-4ae7-a61e-ef55870f34a2 => generated 450 bytes in 9 msecs (HTTP/1.1 200) 7 headers in 285 bytes (1 switches on core 0)
Jun 02 17:02:53.458351 np0000001949 devstack@c-api.service[96085]: DEBUG cinder.api.middleware.request_id [None req-67514267-917c-4a60-9c42-b99825697cc0 None None] RequestId filter calling following filter/app {{(pid=96085) _context_setter /opt/stack/cinder/cinder/api/middleware/request_id.py:62}}
Jun 02 17:02:53.460338 np0000001949 devstack@c-api.service[96085]: INFO cinder.api.openstack.wsgi [None req-67514267-917c-4a60-9c42-b99825697cc0 tempest-GroupSnapshotsTest-87523402 tempest-GroupSnapshotsTest-87523402-project-member] GET https://10.4.3.58/volume/v3/group_snapshots/da6869f9-dc33-43da-a431-897afe072259
Jun 02 17:02:53.460802 np0000001949 devstack@c-api.service[96085]: DEBUG cinder.api.openstack.wsgi [None req-67514267-917c-4a60-9c42-b99825697cc0 tempest-GroupSnapshotsTest-87523402 tempest-GroupSnapshotsTest-87523402-project-member] Empty body provided in request {{(pid=96085) get_body /opt/stack/cinder/cinder/api/openstack/wsgi.py:725}}
Jun 02 17:02:53.461152 np0000001949 devstack@c-api.service[96085]: DEBUG cinder.api.openstack.wsgi [None req-67514267-917c-4a60-9c42-b99825697cc0 tempest-GroupSnapshotsTest-87523402 tempest-GroupSnapshotsTest-87523402-project-member] Calling method 'version_select' {{(pid=96085) _process_stack /opt/stack/cinder/cinder/api/openstack/wsgi.py:878}}
Jun 02 17:02:53.461367 np0000001949 devstack@c-api.service[96085]: DEBUG cinder.api.v3.group_snapshots [None req-67514267-917c-4a60-9c42-b99825697cc0 tempest-GroupSnapshotsTest-87523402 tempest-GroupSnapshotsTest-87523402-project-member] show called for member da6869f9-dc33-43da-a431-897afe072259 {{(pid=96085) show /opt/stack/cinder/cinder/api/v3/group_snapshots.py:58}}
Jun 02 17:02:53.466515 np0000001949 devstack@c-api.service[96085]: /opt/stack/data/venv/lib/python3.12/site-packages/oslo_context/context.py:102: DeprecationWarning: Policy enforcement is depending on the value of is_admin. This key is deprecated. Please update your policy file to use the standard policy values.
Jun 02 17:02:53.466515 np0000001949 devstack@c-api.service[96085]: warnings.warn(
Jun 02 17:02:53.470622 np0000001949 devstack@c-api.service[96085]: INFO cinder.api.openstack.wsgi [None req-67514267-917c-4a60-9c42-b99825697cc0 tempest-GroupSnapshotsTest-87523402 tempest-GroupSnapshotsTest-87523402-project-member] https://10.4.3.58/volume/v3/group_snapshots/da6869f9-dc33-43da-a431-897afe072259 returned with HTTP 200
Jun 02 17:02:53.471297 np0000001949 devstack@c-api.service[96085]: [pid: 96085|app: 0|req: 115/230] 10.4.3.58 () {68 vars in 1406 bytes} [Tue Jun 2 17:02:53 2026] GET /volume/v3/group_snapshots/da6869f9-dc33-43da-a431-897afe072259 => generated 307 bytes in 14 msecs (HTTP/1.1 200) 7 headers in 286 bytes (1 switches on core 0)
Jun 02 17:02:53.473402 np0000001949 devstack@c-api.service[96087]: DEBUG cinder.api.middleware.request_id [req-8602fae4-c37b-480b-b4ed-bd7e90d31d35 req-4dfc5af4-f343-4019-8432-a54eaa3bad8d None None] RequestId filter calling following filter/app {{(pid=96087) _context_setter /opt/stack/cinder/cinder/api/middleware/request_id.py:62}}
Jun 02 17:02:53.475856 np0000001949 devstack@c-api.service[96087]: INFO cinder.api.openstack.wsgi [req-8602fae4-c37b-480b-b4ed-bd7e90d31d35 req-4dfc5af4-f343-4019-8432-a54eaa3bad8d tempest-VolumesAssistedSnapshotsTest-1174791046 tempest-VolumesAssistedSnapshotsTest-1174791046-project-admin] GET https://10.4.3.58/volume/v3/volumes/954e4350-3b12-442a-b283-47402902f730
Jun 02 17:02:53.476073 np0000001949 devstack@c-api.service[96087]: DEBUG cinder.api.openstack.wsgi [req-8602fae4-c37b-480b-b4ed-bd7e90d31d35 req-4dfc5af4-f343-4019-8432-a54eaa3bad8d tempest-VolumesAssistedSnapshotsTest-1174791046 tempest-VolumesAssistedSnapshotsTest-1174791046-project-admin] Empty body provided in request {{(pid=96087) get_body /opt/stack/cinder/cinder/api/openstack/wsgi.py:725}}
Jun 02 17:02:53.476297 np0000001949 devstack@c-api.service[96087]: DEBUG cinder.api.openstack.wsgi [req-8602fae4-c37b-480b-b4ed-bd7e90d31d35 req-4dfc5af4-f343-4019-8432-a54eaa3bad8d tempest-VolumesAssistedSnapshotsTest-1174791046 tempest-VolumesAssistedSnapshotsTest-1174791046-project-admin] Calling method 'show' {{(pid=96087) _process_stack /opt/stack/cinder/cinder/api/openstack/wsgi.py:878}}
Jun 02 17:02:53.486267 np0000001949 devstack@c-api.service[96085]: DEBUG cinder.api.middleware.request_id [None req-5d6f9ae6-76e9-4852-9809-1154ccc0c2ef None None] RequestId filter calling following filter/app {{(pid=96085) _context_setter /opt/stack/cinder/cinder/api/middleware/request_id.py:62}}
Jun 02 17:02:53.487759 np0000001949 devstack@c-api.service[96087]: /opt/stack/data/venv/lib/python3.12/site-packages/oslo_context/context.py:102: DeprecationWarning: Policy enforcement is depending on the value of is_admin. This key is deprecated. Please update your policy file to use the standard policy values.
Jun 02 17:02:53.487759 np0000001949 devstack@c-api.service[96087]: warnings.warn(
Jun 02 17:02:53.489451 np0000001949 devstack@c-api.service[96085]: INFO cinder.api.openstack.wsgi [None req-5d6f9ae6-76e9-4852-9809-1154ccc0c2ef tempest-GroupSnapshotsTest-87523402 tempest-GroupSnapshotsTest-87523402-project-member] GET https://10.4.3.58/volume/v3/group_snapshots/detail
Jun 02 17:02:53.489913 np0000001949 devstack@c-api.service[96085]: DEBUG cinder.api.openstack.wsgi [None req-5d6f9ae6-76e9-4852-9809-1154ccc0c2ef tempest-GroupSnapshotsTest-87523402 tempest-GroupSnapshotsTest-87523402-project-member] Empty body provided in request {{(pid=96085) get_body /opt/stack/cinder/cinder/api/openstack/wsgi.py:725}}
Jun 02 17:02:53.490256 np0000001949 devstack@c-api.service[96085]: DEBUG cinder.api.openstack.wsgi [None req-5d6f9ae6-76e9-4852-9809-1154ccc0c2ef tempest-GroupSnapshotsTest-87523402 tempest-GroupSnapshotsTest-87523402-project-member] Calling method 'version_select' {{(pid=96085) _process_stack /opt/stack/cinder/cinder/api/openstack/wsgi.py:878}}
Jun 02 17:02:53.492319 np0000001949 devstack@c-api.service[96087]: INFO cinder.volume.api [req-8602fae4-c37b-480b-b4ed-bd7e90d31d35 req-4dfc5af4-f343-4019-8432-a54eaa3bad8d tempest-VolumesAssistedSnapshotsTest-1174791046 tempest-VolumesAssistedSnapshotsTest-1174791046-project-admin] Volume info retrieved successfully.
Jun 02 17:02:53.498172 np0000001949 devstack@c-api.service[96087]: INFO cinder.api.openstack.wsgi [req-8602fae4-c37b-480b-b4ed-bd7e90d31d35 req-4dfc5af4-f343-4019-8432-a54eaa3bad8d tempest-VolumesAssistedSnapshotsTest-1174791046 tempest-VolumesAssistedSnapshotsTest-1174791046-project-admin] https://10.4.3.58/volume/v3/volumes/954e4350-3b12-442a-b283-47402902f730 returned with HTTP 200
Jun 02 17:02:53.498249 np0000001949 devstack@c-api.service[96087]: [pid: 96087|app: 0|req: 116/231] 10.4.3.58 () {68 vars in 1591 bytes} [Tue Jun 2 17:02:53 2026] GET /volume/v3/volumes/954e4350-3b12-442a-b283-47402902f730 => generated 1325 bytes in 25 msecs (HTTP/1.1 200) 7 headers in 286 bytes (1 switches on core 0)
Jun 02 17:02:53.504143 np0000001949 devstack@c-api.service[96085]: INFO cinder.api.openstack.wsgi [None req-5d6f9ae6-76e9-4852-9809-1154ccc0c2ef tempest-GroupSnapshotsTest-87523402 tempest-GroupSnapshotsTest-87523402-project-member] https://10.4.3.58/volume/v3/group_snapshots/detail returned with HTTP 200
Jun 02 17:02:53.504800 np0000001949 devstack@c-api.service[96085]: [pid: 96085|app: 0|req: 116/232] 10.4.3.58 () {68 vars in 1316 bytes} [Tue Jun 2 17:02:53 2026] GET /volume/v3/group_snapshots/detail => generated 310 bytes in 20 msecs (HTTP/1.1 200) 7 headers in 286 bytes (1 switches on core 0)
Jun 02 17:02:53.517738 np0000001949 devstack@c-api.service[96087]: DEBUG cinder.api.middleware.request_id [None req-8de6b7bd-e7ce-4ae7-ac3c-74ee827abb95 None None] RequestId filter calling following filter/app {{(pid=96087) _context_setter /opt/stack/cinder/cinder/api/middleware/request_id.py:62}}
Jun 02 17:02:53.520136 np0000001949 devstack@c-api.service[96087]: INFO cinder.api.openstack.wsgi [None req-8de6b7bd-e7ce-4ae7-ac3c-74ee827abb95 tempest-GroupSnapshotsTest-87523402 tempest-GroupSnapshotsTest-87523402-project-member] DELETE https://10.4.3.58/volume/v3/group_snapshots/da6869f9-dc33-43da-a431-897afe072259
Jun 02 17:02:53.520772 np0000001949 devstack@c-api.service[96087]: DEBUG cinder.api.openstack.wsgi [None req-8de6b7bd-e7ce-4ae7-ac3c-74ee827abb95 tempest-GroupSnapshotsTest-87523402 tempest-GroupSnapshotsTest-87523402-project-member] Empty body provided in request {{(pid=96087) get_body /opt/stack/cinder/cinder/api/openstack/wsgi.py:725}}
Jun 02 17:02:53.521015 np0000001949 devstack@c-api.service[96087]: DEBUG cinder.api.openstack.wsgi [None req-8de6b7bd-e7ce-4ae7-ac3c-74ee827abb95 tempest-GroupSnapshotsTest-87523402 tempest-GroupSnapshotsTest-87523402-project-member] Calling method 'version_select' {{(pid=96087) _process_stack /opt/stack/cinder/cinder/api/openstack/wsgi.py:878}}
Jun 02 17:02:53.521813 np0000001949 devstack@c-api.service[96087]: DEBUG cinder.api.v3.group_snapshots [None req-8de6b7bd-e7ce-4ae7-ac3c-74ee827abb95 tempest-GroupSnapshotsTest-87523402 tempest-GroupSnapshotsTest-87523402-project-member] delete called for member da6869f9-dc33-43da-a431-897afe072259 {{(pid=96087) delete /opt/stack/cinder/cinder/api/v3/group_snapshots.py:72}}
Jun 02 17:02:53.521813 np0000001949 devstack@c-api.service[96087]: INFO cinder.api.v3.group_snapshots [None req-8de6b7bd-e7ce-4ae7-ac3c-74ee827abb95 tempest-GroupSnapshotsTest-87523402 tempest-GroupSnapshotsTest-87523402-project-member] Delete group_snapshot with id: da6869f9-dc33-43da-a431-897afe072259
Jun 02 17:02:53.527109 np0000001949 devstack@c-api.service[96087]: /opt/stack/data/venv/lib/python3.12/site-packages/oslo_context/context.py:102: DeprecationWarning: Policy enforcement is depending on the value of is_admin. This key is deprecated. Please update your policy file to use the standard policy values.
Jun 02 17:02:53.527109 np0000001949 devstack@c-api.service[96087]: warnings.warn(
Jun 02 17:02:53.557786 np0000001949 devstack@c-api.service[96087]: INFO cinder.api.openstack.wsgi [None req-8de6b7bd-e7ce-4ae7-ac3c-74ee827abb95 tempest-GroupSnapshotsTest-87523402 tempest-GroupSnapshotsTest-87523402-project-member] https://10.4.3.58/volume/v3/group_snapshots/da6869f9-dc33-43da-a431-897afe072259 returned with HTTP 202
Jun 02 17:02:53.559571 np0000001949 devstack@c-api.service[96087]: [pid: 96087|app: 0|req: 117/233] 10.4.3.58 () {68 vars in 1409 bytes} [Tue Jun 2 17:02:53 2026] DELETE /volume/v3/group_snapshots/da6869f9-dc33-43da-a431-897afe072259 => generated 0 bytes in 42 msecs (HTTP/1.1 202) 6 headers in 234 bytes (1 switches on core 0)
Jun 02 17:02:53.568456 np0000001949 devstack@c-api.service[96085]: DEBUG cinder.api.middleware.request_id [None req-add44e09-f7a5-490f-8091-23ed70bd6f4e None None] RequestId filter calling following filter/app {{(pid=96085) _context_setter /opt/stack/cinder/cinder/api/middleware/request_id.py:62}}
Jun 02 17:02:53.570665 np0000001949 devstack@c-api.service[96085]: INFO cinder.api.openstack.wsgi [None req-add44e09-f7a5-490f-8091-23ed70bd6f4e tempest-GroupSnapshotsTest-87523402 tempest-GroupSnapshotsTest-87523402-project-member] GET https://10.4.3.58/volume/v3/volumes/detail
Jun 02 17:02:53.570939 np0000001949 devstack@c-api.service[96085]: DEBUG cinder.api.openstack.wsgi [None req-add44e09-f7a5-490f-8091-23ed70bd6f4e tempest-GroupSnapshotsTest-87523402 tempest-GroupSnapshotsTest-87523402-project-member] Empty body provided in request {{(pid=96085) get_body /opt/stack/cinder/cinder/api/openstack/wsgi.py:725}}
Jun 02 17:02:53.571578 np0000001949 devstack@c-api.service[96085]: DEBUG cinder.api.openstack.wsgi [None req-add44e09-f7a5-490f-8091-23ed70bd6f4e tempest-GroupSnapshotsTest-87523402 tempest-GroupSnapshotsTest-87523402-project-member] Calling method 'detail' {{(pid=96085) _process_stack /opt/stack/cinder/cinder/api/openstack/wsgi.py:878}}
Jun 02 17:02:53.571578 np0000001949 devstack@c-api.service[96085]: DEBUG cinder.api.api_utils [None req-add44e09-f7a5-490f-8091-23ed70bd6f4e tempest-GroupSnapshotsTest-87523402 tempest-GroupSnapshotsTest-87523402-project-member] Removing options '' from query. {{(pid=96085) remove_invalid_filter_options /opt/stack/cinder/cinder/api/api_utils.py:82}}
Jun 02 17:02:53.571942 np0000001949 devstack@c-api.service[96085]: /opt/stack/data/venv/lib/python3.12/site-packages/oslo_context/context.py:102: DeprecationWarning: Policy enforcement is depending on the value of is_admin. This key is deprecated. Please update your policy file to use the standard policy values.
Jun 02 17:02:53.571942 np0000001949 devstack@c-api.service[96085]: warnings.warn(
Jun 02 17:02:53.572537 np0000001949 devstack@c-api.service[96085]: DEBUG cinder.volume.api [None req-add44e09-f7a5-490f-8091-23ed70bd6f4e tempest-GroupSnapshotsTest-87523402 tempest-GroupSnapshotsTest-87523402-project-member] Searching by: MultiDict([('no_migration_targets', True)]). {{(pid=96085) get_all /opt/stack/cinder/cinder/volume/api.py:663}}
Jun 02 17:02:53.575629 np0000001949 devstack@c-api.service[96087]: DEBUG cinder.api.middleware.request_id [req-8602fae4-c37b-480b-b4ed-bd7e90d31d35 req-6f6e2c06-ee37-4296-9449-626c28a001ec None None] RequestId filter calling following filter/app {{(pid=96087) _context_setter /opt/stack/cinder/cinder/api/middleware/request_id.py:62}}
Jun 02 17:02:53.578235 np0000001949 devstack@c-api.service[96087]: INFO cinder.api.openstack.wsgi [req-8602fae4-c37b-480b-b4ed-bd7e90d31d35 req-6f6e2c06-ee37-4296-9449-626c28a001ec tempest-VolumesAssistedSnapshotsTest-1174791046 tempest-VolumesAssistedSnapshotsTest-1174791046-project-admin] POST https://10.4.3.58/volume/v3/volumes/954e4350-3b12-442a-b283-47402902f730/action
Jun 02 17:02:53.578728 np0000001949 devstack@c-api.service[96087]: DEBUG cinder.api.openstack.wsgi [req-8602fae4-c37b-480b-b4ed-bd7e90d31d35 req-6f6e2c06-ee37-4296-9449-626c28a001ec tempest-VolumesAssistedSnapshotsTest-1174791046 tempest-VolumesAssistedSnapshotsTest-1174791046-project-admin] Action body: b'{"os-begin_detaching": null}' {{(pid=96087) get_method /opt/stack/cinder/cinder/api/openstack/wsgi.py:993}}
Jun 02 17:02:53.578887 np0000001949 devstack@c-api.service[96087]: DEBUG cinder.api.openstack.wsgi [req-8602fae4-c37b-480b-b4ed-bd7e90d31d35 req-6f6e2c06-ee37-4296-9449-626c28a001ec tempest-VolumesAssistedSnapshotsTest-1174791046 tempest-VolumesAssistedSnapshotsTest-1174791046-project-admin] Action: 'action', calling method: _begin_detaching, body: {"os-begin_detaching": null} {{(pid=96087) _process_stack /opt/stack/cinder/cinder/api/openstack/wsgi.py:876}}
Jun 02 17:02:53.585343 np0000001949 devstack@c-api.service[96085]: INFO cinder.volume.api [None req-add44e09-f7a5-490f-8091-23ed70bd6f4e tempest-GroupSnapshotsTest-87523402 tempest-GroupSnapshotsTest-87523402-project-member] Get all volumes completed successfully.
Jun 02 17:02:53.586421 np0000001949 devstack@c-api.service[96085]: WARNING stevedore.named [None req-add44e09-f7a5-490f-8091-23ed70bd6f4e tempest-GroupSnapshotsTest-87523402 tempest-GroupSnapshotsTest-87523402-project-member] Could not load cinder.keymgr.conf_key_mgr.ConfKeyManager
Jun 02 17:02:53.586623 np0000001949 devstack@c-api.service[96085]: WARNING castellan.key_manager [None req-add44e09-f7a5-490f-8091-23ed70bd6f4e tempest-GroupSnapshotsTest-87523402 tempest-GroupSnapshotsTest-87523402-project-member] Deprecation Warning : cinder.keymgr.conf_key_mgr.ConfKeyManager is not a stevedore based driver, trying to load it as a class: stevedore.exception.NoMatches: No 'castellan.drivers' driver found, looking for 'cinder.keymgr.conf_key_mgr.ConfKeyManager'
Jun 02 17:02:53.590912 np0000001949 devstack@c-api.service[96087]: /opt/stack/data/venv/lib/python3.12/site-packages/oslo_context/context.py:102: DeprecationWarning: Policy enforcement is depending on the value of is_admin. This key is deprecated. Please update your policy file to use the standard policy values.
Jun 02 17:02:53.590912 np0000001949 devstack@c-api.service[96087]: warnings.warn(
Jun 02 17:02:53.590912 np0000001949 devstack@c-api.service[96087]: INFO cinder.volume.api [req-8602fae4-c37b-480b-b4ed-bd7e90d31d35 req-6f6e2c06-ee37-4296-9449-626c28a001ec tempest-VolumesAssistedSnapshotsTest-1174791046 tempest-VolumesAssistedSnapshotsTest-1174791046-project-admin] Volume info retrieved successfully.
Jun 02 17:02:53.599152 np0000001949 devstack@c-api.service[96087]: INFO cinder.volume.api [req-8602fae4-c37b-480b-b4ed-bd7e90d31d35 req-6f6e2c06-ee37-4296-9449-626c28a001ec tempest-VolumesAssistedSnapshotsTest-1174791046 tempest-VolumesAssistedSnapshotsTest-1174791046-project-admin] Begin detaching volume completed successfully.
Jun 02 17:02:53.599387 np0000001949 devstack@c-api.service[96087]: INFO cinder.api.openstack.wsgi [req-8602fae4-c37b-480b-b4ed-bd7e90d31d35 req-6f6e2c06-ee37-4296-9449-626c28a001ec tempest-VolumesAssistedSnapshotsTest-1174791046 tempest-VolumesAssistedSnapshotsTest-1174791046-project-admin] https://10.4.3.58/volume/v3/volumes/954e4350-3b12-442a-b283-47402902f730/action returned with HTTP 202
Jun 02 17:02:53.599964 np0000001949 devstack@c-api.service[96087]: [pid: 96087|app: 0|req: 118/234] 10.4.3.58 () {72 vars in 1665 bytes} [Tue Jun 2 17:02:53 2026] POST /volume/v3/volumes/954e4350-3b12-442a-b283-47402902f730/action => generated 0 bytes in 25 msecs (HTTP/1.1 202) 7 headers in 289 bytes (1 switches on core 0)
Jun 02 17:02:53.628468 np0000001949 devstack@c-api.service[96085]: DEBUG oslo_db.sqlalchemy.engines [None req-add44e09-f7a5-490f-8091-23ed70bd6f4e tempest-GroupSnapshotsTest-87523402 tempest-GroupSnapshotsTest-87523402-project-member] MySQL server mode set to STRICT_TRANS_TABLES,STRICT_ALL_TABLES,NO_ZERO_IN_DATE,NO_ZERO_DATE,ERROR_FOR_DIVISION_BY_ZERO,TRADITIONAL,NO_ENGINE_SUBSTITUTION {{(pid=96085) _check_effective_sql_mode /opt/stack/data/venv/lib/python3.12/site-packages/oslo_db/sqlalchemy/engines.py:325}}
Jun 02 17:02:53.634576 np0000001949 devstack@c-api.service[96085]: /opt/stack/data/venv/lib/python3.12/site-packages/oslo_context/context.py:102: DeprecationWarning: Policy enforcement is depending on the value of is_admin. This key is deprecated. Please update your policy file to use the standard policy values.
Jun 02 17:02:53.634576 np0000001949 devstack@c-api.service[96085]: warnings.warn(
Jun 02 17:02:53.650008 np0000001949 devstack@c-api.service[96085]: INFO cinder.api.openstack.wsgi [None req-add44e09-f7a5-490f-8091-23ed70bd6f4e tempest-GroupSnapshotsTest-87523402 tempest-GroupSnapshotsTest-87523402-project-member] https://10.4.3.58/volume/v3/volumes/detail returned with HTTP 200
Jun 02 17:02:53.650397 np0000001949 devstack@c-api.service[96085]: [pid: 96085|app: 0|req: 117/235] 10.4.3.58 () {68 vars in 1292 bytes} [Tue Jun 2 17:02:53 2026] GET /volume/v3/volumes/detail => generated 915 bytes in 83 msecs (HTTP/1.1 200) 7 headers in 286 bytes (1 switches on core 0)
Jun 02 17:02:53.667488 np0000001949 devstack@c-api.service[96087]: DEBUG cinder.api.middleware.request_id [None req-7f46c3aa-b4ba-4de6-8cd9-cd04c94d82fa None None] RequestId filter calling following filter/app {{(pid=96087) _context_setter /opt/stack/cinder/cinder/api/middleware/request_id.py:62}}
Jun 02 17:02:53.672412 np0000001949 devstack@c-api.service[96087]: INFO cinder.api.openstack.wsgi [None req-7f46c3aa-b4ba-4de6-8cd9-cd04c94d82fa tempest-GroupSnapshotsTest-87523402 tempest-GroupSnapshotsTest-87523402-project-member] GET https://10.4.3.58/volume/v3/snapshots/detail
Jun 02 17:02:53.672547 np0000001949 devstack@c-api.service[96087]: DEBUG cinder.api.openstack.wsgi [None req-7f46c3aa-b4ba-4de6-8cd9-cd04c94d82fa tempest-GroupSnapshotsTest-87523402 tempest-GroupSnapshotsTest-87523402-project-member] Empty body provided in request {{(pid=96087) get_body /opt/stack/cinder/cinder/api/openstack/wsgi.py:725}}
