Jun 02 17:02:53.992378 np0000001949 devstack@g-api.service[98817]: DEBUG glance.api.middleware.version_negotiation [None req-e046b24e-faeb-477e-85d8-65dec0895a06 tempest-ServerActionsV293TestJSON-1397895626 tempest-ServerActionsV293TestJSON-1397895626-project-member] new path /v2/images/e5bc8f82-11b8-4b4d-bba0-530bbfc5cccf {{(pid=98817) process_request /opt/stack/glance/glance/api/middleware/version_negotiation.py:70}}
Jun 02 17:02:54.002221 np0000001949 devstack@g-api.service[98817]: [pid: 98817|app: 0|req: 86/190] 127.0.0.1 () {44 vars in 1111 bytes} [Tue Jun 2 17:02:53 2026] GET /v2/images/e5bc8f82-11b8-4b4d-bba0-530bbfc5cccf => generated 1044 bytes in 14 msecs (HTTP/1.1 200) 4 headers in 158 bytes (1 switches on core 0)
Jun 02 17:02:54.011807 np0000001949 devstack@g-api.service[98816]: DEBUG glance.api.middleware.version_negotiation [None req-e046b24e-faeb-477e-85d8-65dec0895a06 tempest-ServerActionsV293TestJSON-1397895626 tempest-ServerActionsV293TestJSON-1397895626-project-member] Determining version of request: GET /v2/images/e5bc8f82-11b8-4b4d-bba0-530bbfc5cccf/file Accept: */* {{(pid=98816) process_request /opt/stack/glance/glance/api/middleware/version_negotiation.py:44}}
Jun 02 17:02:54.012921 np0000001949 devstack@g-api.service[98816]: DEBUG glance.api.middleware.version_negotiation [None req-e046b24e-faeb-477e-85d8-65dec0895a06 tempest-ServerActionsV293TestJSON-1397895626 tempest-ServerActionsV293TestJSON-1397895626-project-member] Using url versioning {{(pid=98816) process_request /opt/stack/glance/glance/api/middleware/version_negotiation.py:57}}
Jun 02 17:02:54.012921 np0000001949 devstack@g-api.service[98816]: DEBUG glance.api.middleware.version_negotiation [None req-e046b24e-faeb-477e-85d8-65dec0895a06 tempest-ServerActionsV293TestJSON-1397895626 tempest-ServerActionsV293TestJSON-1397895626-project-member] Matched version: v2 {{(pid=98816) process_request /opt/stack/glance/glance/api/middleware/version_negotiation.py:69}}
Jun 02 17:02:54.012921 np0000001949 devstack@g-api.service[98816]: DEBUG glance.api.middleware.version_negotiation [None req-e046b24e-faeb-477e-85d8-65dec0895a06 tempest-ServerActionsV293TestJSON-1397895626 tempest-ServerActionsV293TestJSON-1397895626-project-member] new path /v2/images/e5bc8f82-11b8-4b4d-bba0-530bbfc5cccf/file {{(pid=98816) process_request /opt/stack/glance/glance/api/middleware/version_negotiation.py:70}}
Jun 02 17:02:54.027878 np0000001949 devstack@g-api.service[98816]: DEBUG glance_store.backend [None req-e046b24e-faeb-477e-85d8-65dec0895a06 tempest-ServerActionsV293TestJSON-1397895626 tempest-ServerActionsV293TestJSON-1397895626-project-member] Attempting to import store swift {{(pid=98816) _load_store /opt/stack/data/venv/lib/python3.12/site-packages/glance_store/backend.py:215}}
Jun 02 17:02:54.030471 np0000001949 devstack@g-api.service[98816]: DEBUG glance_store.capabilities [None req-e046b24e-faeb-477e-85d8-65dec0895a06 tempest-ServerActionsV293TestJSON-1397895626 tempest-ServerActionsV293TestJSON-1397895626-project-member] Store glance_store._drivers.swift.store.SingleTenantStore doesn't support updating dynamic storage capabilities. Please overwrite 'update_capabilities' method of the store to implement updating logics if needed. {{(pid=98816) update_capabilities /opt/stack/data/venv/lib/python3.12/site-packages/glance_store/capabilities.py:91}}
Jun 02 17:02:54.030744 np0000001949 devstack@g-api.service[98816]: DEBUG glance_store.driver [None req-e046b24e-faeb-477e-85d8-65dec0895a06 tempest-ServerActionsV293TestJSON-1397895626 tempest-ServerActionsV293TestJSON-1397895626-project-member] Late loading location class glance_store._drivers.swift.store.StoreLocation {{(pid=98816) get_store_location_class /opt/stack/data/venv/lib/python3.12/site-packages/glance_store/driver.py:134}}
Jun 02 17:02:54.030928 np0000001949 devstack@g-api.service[98816]: DEBUG glance_store.location [None req-e046b24e-faeb-477e-85d8-65dec0895a06 tempest-ServerActionsV293TestJSON-1397895626 tempest-ServerActionsV293TestJSON-1397895626-project-member] Registering scheme swift+https with {'store': , 'location_class': , 'store_entry': 'swift'} {{(pid=98816) register_scheme_map /opt/stack/data/venv/lib/python3.12/site-packages/glance_store/location.py:146}}
Jun 02 17:02:54.031111 np0000001949 devstack@g-api.service[98816]: DEBUG glance_store.location [None req-e046b24e-faeb-477e-85d8-65dec0895a06 tempest-ServerActionsV293TestJSON-1397895626 tempest-ServerActionsV293TestJSON-1397895626-project-member] Registering scheme swift+https with {'store': , 'location_class': , 'store_entry': 'swift'} {{(pid=98816) register_scheme_map /opt/stack/data/venv/lib/python3.12/site-packages/glance_store/location.py:146}}
Jun 02 17:02:54.031433 np0000001949 devstack@g-api.service[98816]: DEBUG glance_store.location [None req-e046b24e-faeb-477e-85d8-65dec0895a06 tempest-ServerActionsV293TestJSON-1397895626 tempest-ServerActionsV293TestJSON-1397895626-project-member] Registering scheme swift with {'store': , 'location_class': , 'store_entry': 'swift'} {{(pid=98816) register_scheme_map /opt/stack/data/venv/lib/python3.12/site-packages/glance_store/location.py:146}}
Jun 02 17:02:54.031637 np0000001949 devstack@g-api.service[98816]: DEBUG glance_store.location [None req-e046b24e-faeb-477e-85d8-65dec0895a06 tempest-ServerActionsV293TestJSON-1397895626 tempest-ServerActionsV293TestJSON-1397895626-project-member] Registering scheme swift+https with {'store': , 'location_class': , 'store_entry': 'swift'} {{(pid=98816) register_scheme_map /opt/stack/data/venv/lib/python3.12/site-packages/glance_store/location.py:146}}
Jun 02 17:02:54.031790 np0000001949 devstack@g-api.service[98816]: DEBUG glance_store.location [None req-e046b24e-faeb-477e-85d8-65dec0895a06 tempest-ServerActionsV293TestJSON-1397895626 tempest-ServerActionsV293TestJSON-1397895626-project-member] Registering scheme swift with {'store': , 'location_class': , 'store_entry': 'swift'} {{(pid=98816) register_scheme_map /opt/stack/data/venv/lib/python3.12/site-packages/glance_store/location.py:146}}
Jun 02 17:02:54.034542 np0000001949 devstack@g-api.service[98816]: DEBUG glance_store.location [None req-e046b24e-faeb-477e-85d8-65dec0895a06 tempest-ServerActionsV293TestJSON-1397895626 tempest-ServerActionsV293TestJSON-1397895626-project-member] Registering scheme swift+http with {'store': , 'location_class': , 'store_entry': 'swift'} {{(pid=98816) register_scheme_map /opt/stack/data/venv/lib/python3.12/site-packages/glance_store/location.py:146}}
Jun 02 17:02:54.034542 np0000001949 devstack@g-api.service[98816]: DEBUG glance_store.location [None req-e046b24e-faeb-477e-85d8-65dec0895a06 tempest-ServerActionsV293TestJSON-1397895626 tempest-ServerActionsV293TestJSON-1397895626-project-member] Registering scheme swift+https with {'store': , 'location_class': , 'store_entry': 'swift'} {{(pid=98816) register_scheme_map /opt/stack/data/venv/lib/python3.12/site-packages/glance_store/location.py:146}}
Jun 02 17:02:54.034542 np0000001949 devstack@g-api.service[98816]: DEBUG glance_store.location [None req-e046b24e-faeb-477e-85d8-65dec0895a06 tempest-ServerActionsV293TestJSON-1397895626 tempest-ServerActionsV293TestJSON-1397895626-project-member] Registering scheme swift with {'store': , 'location_class': , 'store_entry': 'swift'} {{(pid=98816) register_scheme_map /opt/stack/data/venv/lib/python3.12/site-packages/glance_store/location.py:146}}
Jun 02 17:02:54.034542 np0000001949 devstack@g-api.service[98816]: DEBUG glance_store.location [None req-e046b24e-faeb-477e-85d8-65dec0895a06 tempest-ServerActionsV293TestJSON-1397895626 tempest-ServerActionsV293TestJSON-1397895626-project-member] Registering scheme swift+http with {'store': , 'location_class': , 'store_entry': 'swift'} {{(pid=98816) register_scheme_map /opt/stack/data/venv/lib/python3.12/site-packages/glance_store/location.py:146}}
Jun 02 17:02:54.034542 np0000001949 devstack@g-api.service[98816]: DEBUG glance_store.location [None req-e046b24e-faeb-477e-85d8-65dec0895a06 tempest-ServerActionsV293TestJSON-1397895626 tempest-ServerActionsV293TestJSON-1397895626-project-member] Registering scheme swift+config with {'store': , 'location_class': , 'store_entry': 'swift'} {{(pid=98816) register_scheme_map /opt/stack/data/venv/lib/python3.12/site-packages/glance_store/location.py:146}}
Jun 02 17:02:54.476444 np0000001949 devstack@g-api.service[98816]: DEBUG swiftclient [None req-e046b24e-faeb-477e-85d8-65dec0895a06 tempest-ServerActionsV293TestJSON-1397895626 tempest-ServerActionsV293TestJSON-1397895626-project-member] REQ: curl -i https://10.4.3.58:8080/v1/AUTH_d62733fb80e7461e86a5d355621ca6d9/glance/e5bc8f82-11b8-4b4d-bba0-530bbfc5cccf -X GET -H "X-Auth-Token: gAAAAABqHwy-H9ph..." {{(pid=98816) http_log /opt/stack/data/venv/lib/python3.12/site-packages/swiftclient/client.py:160}}
Jun 02 17:02:54.476444 np0000001949 devstack@g-api.service[98816]: DEBUG swiftclient [None req-e046b24e-faeb-477e-85d8-65dec0895a06 tempest-ServerActionsV293TestJSON-1397895626 tempest-ServerActionsV293TestJSON-1397895626-project-member] RESP STATUS: 200 OK {{(pid=98816) http_log /opt/stack/data/venv/lib/python3.12/site-packages/swiftclient/client.py:161}}
Jun 02 17:02:54.476697 np0000001949 devstack@g-api.service[98816]: DEBUG swiftclient [None req-e046b24e-faeb-477e-85d8-65dec0895a06 tempest-ServerActionsV293TestJSON-1397895626 tempest-ServerActionsV293TestJSON-1397895626-project-member] RESP HEADERS: {'Date': 'Tue, 02 Jun 2026 17:02:54 GMT', 'Server': 'Apache/2.4.58 (Ubuntu)', 'Content-Type': 'application/octet-stream', 'Etag': '0c839612eb3f2469420f2ccae990827f', 'Last-Modified': 'Tue, 02 Jun 2026 16:59:16 GMT', 'X-Timestamp': '1780419555.98239', 'Accept-Ranges': 'bytes', 'Content-Length': '21233664', 'X-Trans-Id': 'tx67dc468391a64370b4573-006a1f0cbe', 'X-Openstack-Request-Id': 'tx67dc468391a64370b4573-006a1f0cbe', 'Connection': 'close'} {{(pid=98816) http_log /opt/stack/data/venv/lib/python3.12/site-packages/swiftclient/client.py:162}}
Jun 02 17:02:54.491584 np0000001949 devstack@g-api.service[98816]: DEBUG glance.image_cache [None req-e046b24e-faeb-477e-85d8-65dec0895a06 tempest-ServerActionsV293TestJSON-1397895626 tempest-ServerActionsV293TestJSON-1397895626-project-member] Tee'ing image 'e5bc8f82-11b8-4b4d-bba0-530bbfc5cccf' into cache {{(pid=98816) get_caching_iter /opt/stack/glance/glance/image_cache/__init__.py:356}}
Jun 02 17:02:54.623339 np0000001949 devstack@g-api.service[98817]: DEBUG glance.api.middleware.version_negotiation [None req-e046b24e-faeb-477e-85d8-65dec0895a06 tempest-ServerActionsV293TestJSON-1397895626 tempest-ServerActionsV293TestJSON-1397895626-project-member] Determining version of request: GET /v2/images/df66521b-f6bc-4a68-b001-9f4cc1cab4e7 Accept: */* {{(pid=98817) process_request /opt/stack/glance/glance/api/middleware/version_negotiation.py:44}}
Jun 02 17:02:54.623447 np0000001949 devstack@g-api.service[98817]: DEBUG glance.api.middleware.version_negotiation [None req-e046b24e-faeb-477e-85d8-65dec0895a06 tempest-ServerActionsV293TestJSON-1397895626 tempest-ServerActionsV293TestJSON-1397895626-project-member] Using url versioning {{(pid=98817) process_request /opt/stack/glance/glance/api/middleware/version_negotiation.py:57}}
Jun 02 17:02:54.623647 np0000001949 devstack@g-api.service[98817]: DEBUG glance.api.middleware.version_negotiation [None req-e046b24e-faeb-477e-85d8-65dec0895a06 tempest-ServerActionsV293TestJSON-1397895626 tempest-ServerActionsV293TestJSON-1397895626-project-member] Matched version: v2 {{(pid=98817) process_request /opt/stack/glance/glance/api/middleware/version_negotiation.py:69}}
Jun 02 17:02:54.623792 np0000001949 devstack@g-api.service[98817]: DEBUG glance.api.middleware.version_negotiation [None req-e046b24e-faeb-477e-85d8-65dec0895a06 tempest-ServerActionsV293TestJSON-1397895626 tempest-ServerActionsV293TestJSON-1397895626-project-member] new path /v2/images/df66521b-f6bc-4a68-b001-9f4cc1cab4e7 {{(pid=98817) process_request /opt/stack/glance/glance/api/middleware/version_negotiation.py:70}}
Jun 02 17:02:54.639051 np0000001949 devstack@g-api.service[98817]: [pid: 98817|app: 0|req: 87/191] 127.0.0.1 () {44 vars in 1111 bytes} [Tue Jun 2 17:02:54 2026] GET /v2/images/df66521b-f6bc-4a68-b001-9f4cc1cab4e7 => generated 1044 bytes in 15 msecs (HTTP/1.1 200) 4 headers in 158 bytes (1 switches on core 0)
Jun 02 17:02:54.644371 np0000001949 devstack@g-api.service[98816]: DEBUG glance.image_cache.drivers.centralized_db [None req-e046b24e-faeb-477e-85d8-65dec0895a06 tempest-ServerActionsV293TestJSON-1397895626 tempest-ServerActionsV293TestJSON-1397895626-project-member] Fetch finished, moving '/opt/stack/data/glance/cache/incomplete/e5bc8f82-11b8-4b4d-bba0-530bbfc5cccf' to '/opt/stack/data/glance/cache/e5bc8f82-11b8-4b4d-bba0-530bbfc5cccf' {{(pid=98816) commit /opt/stack/glance/glance/image_cache/drivers/centralized_db.py:243}}
Jun 02 17:02:54.652493 np0000001949 devstack@g-api.service[98816]: DEBUG glance.image_cache.drivers.centralized_db [None req-e046b24e-faeb-477e-85d8-65dec0895a06 tempest-ServerActionsV293TestJSON-1397895626 tempest-ServerActionsV293TestJSON-1397895626-project-member] Image cached successfully. {{(pid=98816) commit /opt/stack/glance/glance/image_cache/drivers/centralized_db.py:258}}
Jun 02 17:02:54.652671 np0000001949 devstack@g-api.service[98816]: [pid: 98816|app: 0|req: 105/192] 127.0.0.1 () {44 vars in 1121 bytes} [Tue Jun 2 17:02:54 2026] GET /v2/images/e5bc8f82-11b8-4b4d-bba0-530bbfc5cccf/file => generated 21233664 bytes in 641 msecs (HTTP/1.1 200) 4 headers in 191 bytes (325 switches on core 0)
Jun 02 17:02:54.689799 np0000001949 devstack@g-api.service[98817]: DEBUG glance.api.middleware.version_negotiation [None req-5de75fb6-ede6-40b1-ba9a-b56ad84a1eac tempest-ServerActionsTestOtherA-655024911 tempest-ServerActionsTestOtherA-655024911-project-member] Determining version of request: GET /v2/schemas/image Accept: */* {{(pid=98817) process_request /opt/stack/glance/glance/api/middleware/version_negotiation.py:44}}
Jun 02 17:02:54.690072 np0000001949 devstack@g-api.service[98817]: DEBUG glance.api.middleware.version_negotiation [None req-5de75fb6-ede6-40b1-ba9a-b56ad84a1eac tempest-ServerActionsTestOtherA-655024911 tempest-ServerActionsTestOtherA-655024911-project-member] Using url versioning {{(pid=98817) process_request /opt/stack/glance/glance/api/middleware/version_negotiation.py:57}}
Jun 02 17:02:54.690145 np0000001949 devstack@g-api.service[98817]: DEBUG glance.api.middleware.version_negotiation [None req-5de75fb6-ede6-40b1-ba9a-b56ad84a1eac tempest-ServerActionsTestOtherA-655024911 tempest-ServerActionsTestOtherA-655024911-project-member] Matched version: v2 {{(pid=98817) process_request /opt/stack/glance/glance/api/middleware/version_negotiation.py:69}}
Jun 02 17:02:54.690268 np0000001949 devstack@g-api.service[98817]: DEBUG glance.api.middleware.version_negotiation [None req-5de75fb6-ede6-40b1-ba9a-b56ad84a1eac tempest-ServerActionsTestOtherA-655024911 tempest-ServerActionsTestOtherA-655024911-project-member] new path /v2/schemas/image {{(pid=98817) process_request /opt/stack/glance/glance/api/middleware/version_negotiation.py:70}}
Jun 02 17:02:54.692915 np0000001949 devstack@g-api.service[98817]: [pid: 98817|app: 0|req: 88/193] 127.0.0.1 () {44 vars in 1051 bytes} [Tue Jun 2 17:02:54 2026] GET /v2/schemas/image => generated 6083 bytes in 3 msecs (HTTP/1.1 200) 4 headers in 158 bytes (1 switches on core 0)
Jun 02 17:03:04.635758 np0000001949 devstack@g-api.service[98817]: DEBUG dbcounter [-] [98817] Writing DB stats glance:SELECT=23,glance:UPDATE=2,glance:INSERT=2 {{(pid=98817) stat_writer /opt/stack/data/venv/lib/python3.12/site-packages/dbcounter.py:115}}
Jun 02 17:03:04.649042 np0000001949 devstack@g-api.service[98816]: DEBUG dbcounter [-] [98816] Writing DB stats glance:SELECT=39,glance:UPDATE=2,glance:INSERT=2 {{(pid=98816) stat_writer /opt/stack/data/venv/lib/python3.12/site-packages/dbcounter.py:115}}
Jun 02 17:03:07.028348 np0000001949 devstack@g-api.service[98816]: DEBUG glance.api.middleware.version_negotiation [None req-e046b24e-faeb-477e-85d8-65dec0895a06 tempest-ServerActionsV293TestJSON-1397895626 tempest-ServerActionsV293TestJSON-1397895626-project-member] Determining version of request: DELETE /v2/images/067fe11a-fd9b-4e3c-a786-18ff5614f5c7 Accept: application/json {{(pid=98816) process_request /opt/stack/glance/glance/api/middleware/version_negotiation.py:44}}
Jun 02 17:03:07.028934 np0000001949 devstack@g-api.service[98816]: DEBUG glance.api.middleware.version_negotiation [None req-e046b24e-faeb-477e-85d8-65dec0895a06 tempest-ServerActionsV293TestJSON-1397895626 tempest-ServerActionsV293TestJSON-1397895626-project-member] Using url versioning {{(pid=98816) process_request /opt/stack/glance/glance/api/middleware/version_negotiation.py:57}}
Jun 02 17:03:07.028934 np0000001949 devstack@g-api.service[98816]: DEBUG glance.api.middleware.version_negotiation [None req-e046b24e-faeb-477e-85d8-65dec0895a06 tempest-ServerActionsV293TestJSON-1397895626 tempest-ServerActionsV293TestJSON-1397895626-project-member] Matched version: v2 {{(pid=98816) process_request /opt/stack/glance/glance/api/middleware/version_negotiation.py:69}}
Jun 02 17:03:07.028934 np0000001949 devstack@g-api.service[98816]: DEBUG glance.api.middleware.version_negotiation [None req-e046b24e-faeb-477e-85d8-65dec0895a06 tempest-ServerActionsV293TestJSON-1397895626 tempest-ServerActionsV293TestJSON-1397895626-project-member] new path /v2/images/067fe11a-fd9b-4e3c-a786-18ff5614f5c7 {{(pid=98816) process_request /opt/stack/glance/glance/api/middleware/version_negotiation.py:70}}
Jun 02 17:03:07.057365 np0000001949 devstack@g-api.service[98816]: WARNING glance.api.v2.images [None req-600ae08b-3a5c-48e0-b461-aa53e23ed0c5 tempest-AttachSCSIVolumeTestJSON-821629859 tempest-AttachSCSIVolumeTestJSON-821629859-project-admin] After upload to backend, deletion of staged image data has failed because it cannot be found at /tmp/staging//067fe11a-fd9b-4e3c-a786-18ff5614f5c7
Jun 02 17:03:07.057919 np0000001949 devstack@g-api.service[98816]: DEBUG glance_store.backend [None req-600ae08b-3a5c-48e0-b461-aa53e23ed0c5 tempest-AttachSCSIVolumeTestJSON-821629859 tempest-AttachSCSIVolumeTestJSON-821629859-project-admin] Attempting to import store swift {{(pid=98816) _load_store /opt/stack/data/venv/lib/python3.12/site-packages/glance_store/backend.py:215}}
Jun 02 17:03:07.059174 np0000001949 devstack@g-api.service[98816]: DEBUG glance_store.capabilities [None req-600ae08b-3a5c-48e0-b461-aa53e23ed0c5 tempest-AttachSCSIVolumeTestJSON-821629859 tempest-AttachSCSIVolumeTestJSON-821629859-project-admin] Store glance_store._drivers.swift.store.SingleTenantStore doesn't support updating dynamic storage capabilities. Please overwrite 'update_capabilities' method of the store to implement updating logics if needed. {{(pid=98816) update_capabilities /opt/stack/data/venv/lib/python3.12/site-packages/glance_store/capabilities.py:91}}
Jun 02 17:03:07.059280 np0000001949 devstack@g-api.service[98816]: DEBUG glance_store.driver [None req-600ae08b-3a5c-48e0-b461-aa53e23ed0c5 tempest-AttachSCSIVolumeTestJSON-821629859 tempest-AttachSCSIVolumeTestJSON-821629859-project-admin] Late loading location class glance_store._drivers.swift.store.StoreLocation {{(pid=98816) get_store_location_class /opt/stack/data/venv/lib/python3.12/site-packages/glance_store/driver.py:134}}
Jun 02 17:03:07.059390 np0000001949 devstack@g-api.service[98816]: DEBUG glance_store.location [None req-600ae08b-3a5c-48e0-b461-aa53e23ed0c5 tempest-AttachSCSIVolumeTestJSON-821629859 tempest-AttachSCSIVolumeTestJSON-821629859-project-admin] Registering scheme swift+https with {'store': , 'location_class': , 'store_entry': 'swift'} {{(pid=98816) register_scheme_map /opt/stack/data/venv/lib/python3.12/site-packages/glance_store/location.py:146}}
Jun 02 17:03:07.059448 np0000001949 devstack@g-api.service[98816]: DEBUG glance_store.location [None req-600ae08b-3a5c-48e0-b461-aa53e23ed0c5 tempest-AttachSCSIVolumeTestJSON-821629859 tempest-AttachSCSIVolumeTestJSON-821629859-project-admin] Registering scheme swift+https with {'store': , 'location_class': , 'store_entry': 'swift'} {{(pid=98816) register_scheme_map /opt/stack/data/venv/lib/python3.12/site-packages/glance_store/location.py:146}}
Jun 02 17:03:07.059497 np0000001949 devstack@g-api.service[98816]: DEBUG glance_store.location [None req-600ae08b-3a5c-48e0-b461-aa53e23ed0c5 tempest-AttachSCSIVolumeTestJSON-821629859 tempest-AttachSCSIVolumeTestJSON-821629859-project-admin] Registering scheme swift with {'store': , 'location_class': , 'store_entry': 'swift'} {{(pid=98816) register_scheme_map /opt/stack/data/venv/lib/python3.12/site-packages/glance_store/location.py:146}}
Jun 02 17:03:07.059606 np0000001949 devstack@g-api.service[98816]: DEBUG glance_store.location [None req-600ae08b-3a5c-48e0-b461-aa53e23ed0c5 tempest-AttachSCSIVolumeTestJSON-821629859 tempest-AttachSCSIVolumeTestJSON-821629859-project-admin] Registering scheme swift+https with {'store': , 'location_class': , 'store_entry': 'swift'} {{(pid=98816) register_scheme_map /opt/stack/data/venv/lib/python3.12/site-packages/glance_store/location.py:146}}
Jun 02 17:03:07.059678 np0000001949 devstack@g-api.service[98816]: DEBUG glance_store.location [None req-600ae08b-3a5c-48e0-b461-aa53e23ed0c5 tempest-AttachSCSIVolumeTestJSON-821629859 tempest-AttachSCSIVolumeTestJSON-821629859-project-admin] Registering scheme swift with {'store': , 'location_class': , 'store_entry': 'swift'} {{(pid=98816) register_scheme_map /opt/stack/data/venv/lib/python3.12/site-packages/glance_store/location.py:146}}
Jun 02 17:03:07.059758 np0000001949 devstack@g-api.service[98816]: DEBUG glance_store.location [None req-600ae08b-3a5c-48e0-b461-aa53e23ed0c5 tempest-AttachSCSIVolumeTestJSON-821629859 tempest-AttachSCSIVolumeTestJSON-821629859-project-admin] Registering scheme swift+http with {'store': , 'location_class': , 'store_entry': 'swift'} {{(pid=98816) register_scheme_map /opt/stack/data/venv/lib/python3.12/site-packages/glance_store/location.py:146}}
Jun 02 17:03:07.059838 np0000001949 devstack@g-api.service[98816]: DEBUG glance_store.location [None req-600ae08b-3a5c-48e0-b461-aa53e23ed0c5 tempest-AttachSCSIVolumeTestJSON-821629859 tempest-AttachSCSIVolumeTestJSON-821629859-project-admin] Registering scheme swift+https with {'store': , 'location_class': , 'store_entry': 'swift'} {{(pid=98816) register_scheme_map /opt/stack/data/venv/lib/python3.12/site-packages/glance_store/location.py:146}}
Jun 02 17:03:07.059934 np0000001949 devstack@g-api.service[98816]: DEBUG glance_store.location [None req-600ae08b-3a5c-48e0-b461-aa53e23ed0c5 tempest-AttachSCSIVolumeTestJSON-821629859 tempest-AttachSCSIVolumeTestJSON-821629859-project-admin] Registering scheme swift with {'store': , 'location_class': , 'store_entry': 'swift'} {{(pid=98816) register_scheme_map /opt/stack/data/venv/lib/python3.12/site-packages/glance_store/location.py:146}}
Jun 02 17:03:07.059990 np0000001949 devstack@g-api.service[98816]: DEBUG glance_store.location [None req-600ae08b-3a5c-48e0-b461-aa53e23ed0c5 tempest-AttachSCSIVolumeTestJSON-821629859 tempest-AttachSCSIVolumeTestJSON-821629859-project-admin] Registering scheme swift+http with {'store': , 'location_class': , 'store_entry': 'swift'} {{(pid=98816) register_scheme_map /opt/stack/data/venv/lib/python3.12/site-packages/glance_store/location.py:146}}
Jun 02 17:03:07.060028 np0000001949 devstack@g-api.service[98816]: DEBUG glance_store.location [None req-600ae08b-3a5c-48e0-b461-aa53e23ed0c5 tempest-AttachSCSIVolumeTestJSON-821629859 tempest-AttachSCSIVolumeTestJSON-821629859-project-admin] Registering scheme swift+config with {'store': , 'location_class': , 'store_entry': 'swift'} {{(pid=98816) register_scheme_map /opt/stack/data/venv/lib/python3.12/site-packages/glance_store/location.py:146}}
Jun 02 17:03:07.060551 np0000001949 devstack@g-api.service[98816]: DEBUG keystoneclient.auth.identity.v3.base [None req-600ae08b-3a5c-48e0-b461-aa53e23ed0c5 tempest-AttachSCSIVolumeTestJSON-821629859 tempest-AttachSCSIVolumeTestJSON-821629859-project-admin] Making authentication request to https://10.4.3.58/identity/v3/auth/tokens {{(pid=98816) get_auth_ref /opt/stack/data/venv/lib/python3.12/site-packages/keystoneclient/auth/identity/v3/base.py:185}}
Jun 02 17:03:07.276250 np0000001949 devstack@g-api.service[98816]: DEBUG keystoneclient.auth.identity.v3.base [None req-600ae08b-3a5c-48e0-b461-aa53e23ed0c5 tempest-AttachSCSIVolumeTestJSON-821629859 tempest-AttachSCSIVolumeTestJSON-821629859-project-admin] {"token": {"methods": ["password"], "user": {"domain": {"id": "default", "name": "Default"}, "id": "318b7e7b3f3a425491435d163fd4e501", "name": "glance-swift", "password_expires_at": null}, "audit_ids": ["qEp2owJuRgOB9mZtYv-Zcw"], "expires_at": "2026-06-02T18:03:07.000000Z", "issued_at": "2026-06-02T17:03:07.000000Z", "project": {"domain": {"id": "default", "name": "Default"}, "id": "d62733fb80e7461e86a5d355621ca6d9", "name": "service"}, "is_domain": false, "roles": [{"id": "06134ce300ab48069eb6005f2a34b3a4", "name": "service"}, {"id": "12a8c2933eda48bba5d10ec27c8f4602", "name": "ResellerAdmin"}], "catalog": [{"endpoints": [{"id": "a6909de1fbd945ec81e5ce6a0ba127d7", "interface": "public", "region_id": "RegionOne", "url": "https://10.4.3.58/compute/v2.1", "region": "RegionOne"}], "id": "2395794fb12247ffb6d365d8bc1cd3b8", "type": "compute", "name": "nova"}, {"endpoints": [{"id": "14e0e5f6f8324498b9204c87c288228f", "interface": "public", "region_id": "RegionOne", "url": "https://10.4.3.58/image", "region": "RegionOne"}], "id": "4a5ffc977f514ff7979822171cebaa79", "type": "image", "name": "glance"}, {"endpoints": [{"id": "882c386d404e4829832f3a75f9d50037", "interface": "public", "region_id": "RegionOne", "url": "https://10.4.3.58/volume/v3", "region": "RegionOne"}], "id": "684886d1b3c1475d8461095cda2651d8", "type": "block-storage", "name": "cinder"}, {"endpoints": [{"id": "9999008ee7bd49719e89c4226ccdc6d9", "interface": "public", "region_id": "RegionOne", "url": "https://10.4.3.58/identity", "region": "RegionOne"}], "id": "7b367558826b4bcf88d6bc6b733a5d69", "type": "identity", "name": "keystone"}, {"endpoints": [{"id": "dc1430f9a98d4b5092bec8981ff02831", "interface": "public", "region_id": "RegionOne", "url": "https://10.4.3.58/compute/v2/d62733fb80e7461e86a5d355621ca6d9", "region": "RegionOne"}], "id": "88a0188bcdaf4cf5835ec22e72a97ed3", "type": "compute_legacy", "name": "nova_legacy"}, {"endpoints": [{"id": "69bc4d9aece04198b28fab38aa10ac1c", "interface": "public", "region_id": "RegionOne", "url": "https://10.4.3.58/networking", "region": "RegionOne"}], "id": "9eb0a85ac0ec46a0949e98a40bf1423a", "type": "network", "name": "neutron"}, {"endpoints": [{"id": "b6b5f8fe65864167a9eeaafbcad97fe2", "interface": "public", "region_id": "RegionOne", "url": "https://10.4.3.58/placement", "region": "RegionOne"}], "id": "9f221898eac640db878324f526a589ca", "type": "placement", "name": "placement"}, {"endpoints": [{"id": "31aca11720cb4f67b0083a5a70a63398", "interface": "admin", "region_id": "RegionOne", "url": "https://10.4.3.58:8080", "region": "RegionOne"}, {"id": "6e8936442f37455186f891b1947ae2c4", "interface": "public", "region_id": "RegionOne", "url": "https://10.4.3.58:8080/v1/AUTH_d62733fb80e7461e86a5d355621ca6d9", "region": "RegionOne"}], "id": "d0adcb051bfb4768ab51684316a61347", "type": "object-store", "name": "swift"}]}} {{(pid=98816) get_auth_ref /opt/stack/data/venv/lib/python3.12/site-packages/keystoneclient/auth/identity/v3/base.py:190}}
Jun 02 17:03:07.276560 np0000001949 devstack@g-api.service[98816]: DEBUG keystoneclient.httpclient [None req-600ae08b-3a5c-48e0-b461-aa53e23ed0c5 tempest-AttachSCSIVolumeTestJSON-821629859 tempest-AttachSCSIVolumeTestJSON-821629859-project-admin] Failed to find endpoint for management url admin endpoint for identity service not found {{(pid=98816) _process_management_url /opt/stack/data/venv/lib/python3.12/site-packages/keystoneclient/httpclient.py:670}}
Jun 02 17:03:07.590262 np0000001949 devstack@g-api.service[98817]: DEBUG glance.api.middleware.version_negotiation [None req-5de75fb6-ede6-40b1-ba9a-b56ad84a1eac tempest-ServerActionsTestOtherA-655024911 tempest-ServerActionsTestOtherA-655024911-project-member] Determining version of request: GET /v2/images/df66521b-f6bc-4a68-b001-9f4cc1cab4e7 Accept: */* {{(pid=98817) process_request /opt/stack/glance/glance/api/middleware/version_negotiation.py:44}}
Jun 02 17:03:07.590716 np0000001949 devstack@g-api.service[98817]: DEBUG glance.api.middleware.version_negotiation [None req-5de75fb6-ede6-40b1-ba9a-b56ad84a1eac tempest-ServerActionsTestOtherA-655024911 tempest-ServerActionsTestOtherA-655024911-project-member] Using url versioning {{(pid=98817) process_request /opt/stack/glance/glance/api/middleware/version_negotiation.py:57}}
Jun 02 17:03:07.590716 np0000001949 devstack@g-api.service[98817]: DEBUG glance.api.middleware.version_negotiation [None req-5de75fb6-ede6-40b1-ba9a-b56ad84a1eac tempest-ServerActionsTestOtherA-655024911 tempest-ServerActionsTestOtherA-655024911-project-member] Matched version: v2 {{(pid=98817) process_request /opt/stack/glance/glance/api/middleware/version_negotiation.py:69}}
Jun 02 17:03:07.590716 np0000001949 devstack@g-api.service[98817]: DEBUG glance.api.middleware.version_negotiation [None req-5de75fb6-ede6-40b1-ba9a-b56ad84a1eac tempest-ServerActionsTestOtherA-655024911 tempest-ServerActionsTestOtherA-655024911-project-member] new path /v2/images/df66521b-f6bc-4a68-b001-9f4cc1cab4e7 {{(pid=98817) process_request /opt/stack/glance/glance/api/middleware/version_negotiation.py:70}}
Jun 02 17:03:07.601449 np0000001949 devstack@g-api.service[98817]: [pid: 98817|app: 0|req: 89/194] 127.0.0.1 () {44 vars in 1111 bytes} [Tue Jun 2 17:03:07 2026] GET /v2/images/df66521b-f6bc-4a68-b001-9f4cc1cab4e7 => generated 1044 bytes in 11 msecs (HTTP/1.1 200) 4 headers in 158 bytes (1 switches on core 0)
Jun 02 17:03:07.625041 np0000001949 devstack@g-api.service[98816]: DEBUG swiftclient [None req-600ae08b-3a5c-48e0-b461-aa53e23ed0c5 tempest-AttachSCSIVolumeTestJSON-821629859 tempest-AttachSCSIVolumeTestJSON-821629859-project-admin] REQ: curl -i https://10.4.3.58:8080/v1/AUTH_d62733fb80e7461e86a5d355621ca6d9/glance/067fe11a-fd9b-4e3c-a786-18ff5614f5c7 -I -H "X-Auth-Token: gAAAAABqHwzLtowW..." {{(pid=98816) http_log /opt/stack/data/venv/lib/python3.12/site-packages/swiftclient/client.py:160}}
Jun 02 17:03:07.625041 np0000001949 devstack@g-api.service[98816]: DEBUG swiftclient [None req-600ae08b-3a5c-48e0-b461-aa53e23ed0c5 tempest-AttachSCSIVolumeTestJSON-821629859 tempest-AttachSCSIVolumeTestJSON-821629859-project-admin] RESP STATUS: 200 OK {{(pid=98816) http_log /opt/stack/data/venv/lib/python3.12/site-packages/swiftclient/client.py:161}}
Jun 02 17:03:07.625041 np0000001949 devstack@g-api.service[98816]: DEBUG swiftclient [None req-600ae08b-3a5c-48e0-b461-aa53e23ed0c5 tempest-AttachSCSIVolumeTestJSON-821629859 tempest-AttachSCSIVolumeTestJSON-821629859-project-admin] RESP HEADERS: {'Date': 'Tue, 02 Jun 2026 17:03:07 GMT', 'Server': 'Apache/2.4.58 (Ubuntu)', 'Content-Type': 'application/octet-stream', 'Content-Length': '21692416', 'X-Object-Manifest': 'glance/067fe11a-fd9b-4e3c-a786-18ff5614f5c7-', 'Last-Modified': 'Tue, 02 Jun 2026 17:01:27 GMT', 'X-Timestamp': '1780419686.34120', 'Accept-Ranges': 'bytes', 'Etag': '"737c2a37dd3f91e374c48cad70137398"', 'X-Trans-Id': 'tx1dc4d541d8c840dba66de-006a1f0ccb', 'X-Openstack-Request-Id': 'tx1dc4d541d8c840dba66de-006a1f0ccb', 'Connection': 'close'} {{(pid=98816) http_log /opt/stack/data/venv/lib/python3.12/site-packages/swiftclient/client.py:162}}
Jun 02 17:03:07.654794 np0000001949 devstack@g-api.service[98817]: DEBUG glance.api.middleware.version_negotiation [None req-332f49fd-8900-40d5-8304-611952b722b1 tempest-ServerBootFromVolumeStableRescueTest-691706818 tempest-ServerBootFromVolumeStableRescueTest-691706818-project-member] Determining version of request: GET /v2/schemas/image Accept: */* {{(pid=98817) process_request /opt/stack/glance/glance/api/middleware/version_negotiation.py:44}}
Jun 02 17:03:07.655200 np0000001949 devstack@g-api.service[98817]: DEBUG glance.api.middleware.version_negotiation [None req-332f49fd-8900-40d5-8304-611952b722b1 tempest-ServerBootFromVolumeStableRescueTest-691706818 tempest-ServerBootFromVolumeStableRescueTest-691706818-project-member] Using url versioning {{(pid=98817) process_request /opt/stack/glance/glance/api/middleware/version_negotiation.py:57}}
Jun 02 17:03:07.655476 np0000001949 devstack@g-api.service[98817]: DEBUG glance.api.middleware.version_negotiation [None req-332f49fd-8900-40d5-8304-611952b722b1 tempest-ServerBootFromVolumeStableRescueTest-691706818 tempest-ServerBootFromVolumeStableRescueTest-691706818-project-member] Matched version: v2 {{(pid=98817) process_request /opt/stack/glance/glance/api/middleware/version_negotiation.py:69}}
Jun 02 17:03:07.655784 np0000001949 devstack@g-api.service[98817]: DEBUG glance.api.middleware.version_negotiation [None req-332f49fd-8900-40d5-8304-611952b722b1 tempest-ServerBootFromVolumeStableRescueTest-691706818 tempest-ServerBootFromVolumeStableRescueTest-691706818-project-member] new path /v2/schemas/image {{(pid=98817) process_request /opt/stack/glance/glance/api/middleware/version_negotiation.py:70}}
Jun 02 17:03:07.656297 np0000001949 devstack@g-api.service[98816]: DEBUG swiftclient [None req-600ae08b-3a5c-48e0-b461-aa53e23ed0c5 tempest-AttachSCSIVolumeTestJSON-821629859 tempest-AttachSCSIVolumeTestJSON-821629859-project-admin] REQ: curl -i https://10.4.3.58:8080/v1/AUTH_d62733fb80e7461e86a5d355621ca6d9/glance?format=json&prefix=067fe11a-fd9b-4e3c-a786-18ff5614f5c7- -X GET -H "X-Auth-Token: gAAAAABqHwzLtowW..." -H "Accept-Encoding: gzip" {{(pid=98816) http_log /opt/stack/data/venv/lib/python3.12/site-packages/swiftclient/client.py:160}}
Jun 02 17:03:07.656297 np0000001949 devstack@g-api.service[98816]: DEBUG swiftclient [None req-600ae08b-3a5c-48e0-b461-aa53e23ed0c5 tempest-AttachSCSIVolumeTestJSON-821629859 tempest-AttachSCSIVolumeTestJSON-821629859-project-admin] RESP STATUS: 200 OK {{(pid=98816) http_log /opt/stack/data/venv/lib/python3.12/site-packages/swiftclient/client.py:161}}
Jun 02 17:03:07.656297 np0000001949 devstack@g-api.service[98816]: DEBUG swiftclient [None req-600ae08b-3a5c-48e0-b461-aa53e23ed0c5 tempest-AttachSCSIVolumeTestJSON-821629859 tempest-AttachSCSIVolumeTestJSON-821629859-project-admin] RESP HEADERS: {'Date': 'Tue, 02 Jun 2026 17:03:07 GMT', 'Server': 'Apache/2.4.58 (Ubuntu)', 'Content-Type': 'application/json; charset=utf-8', 'Content-Length': '210', 'X-Container-Object-Count': '7', 'X-Container-Bytes-Used': '109576192', 'X-Timestamp': '1780419552.57477', 'Last-Modified': 'Tue, 02 Jun 2026 16:59:13 GMT', 'Accept-Ranges': 'bytes', 'X-Storage-Policy': 'Policy-0', 'X-Container-Sharding': 'False', 'X-Trans-Id': 'tx246aafd09d9c41599dfc4-006a1f0ccb', 'X-Openstack-Request-Id': 'tx246aafd09d9c41599dfc4-006a1f0ccb', 'Connection': 'close'} {{(pid=98816) http_log /opt/stack/data/venv/lib/python3.12/site-packages/swiftclient/client.py:162}}
Jun 02 17:03:07.656297 np0000001949 devstack@g-api.service[98816]: DEBUG swiftclient [None req-600ae08b-3a5c-48e0-b461-aa53e23ed0c5 tempest-AttachSCSIVolumeTestJSON-821629859 tempest-AttachSCSIVolumeTestJSON-821629859-project-admin] RESP BODY: b'[{"bytes": 21692416, "hash": "87617e24a5e30cb3b87fda8c0764838f", "name": "067fe11a-fd9b-4e3c-a786-18ff5614f5c7-00001", "content_type": "application/octet-stream", "last_modified": "2026-06-02T17:01:26.038460"}]' {{(pid=98816) http_log /opt/stack/data/venv/lib/python3.12/site-packages/swiftclient/client.py:166}}
Jun 02 17:03:07.660244 np0000001949 devstack@g-api.service[98817]: [pid: 98817|app: 0|req: 90/195] 127.0.0.1 () {44 vars in 1051 bytes} [Tue Jun 2 17:03:07 2026] GET /v2/schemas/image => generated 6083 bytes in 6 msecs (HTTP/1.1 200) 4 headers in 158 bytes (1 switches on core 0)
Jun 02 17:03:07.698369 np0000001949 devstack@g-api.service[98816]: DEBUG swiftclient [None req-600ae08b-3a5c-48e0-b461-aa53e23ed0c5 tempest-AttachSCSIVolumeTestJSON-821629859 tempest-AttachSCSIVolumeTestJSON-821629859-project-admin] REQ: curl -i https://10.4.3.58:8080/v1/AUTH_d62733fb80e7461e86a5d355621ca6d9/glance/067fe11a-fd9b-4e3c-a786-18ff5614f5c7-00001 DELETE -H "X-Auth-Token: gAAAAABqHwzLtowW..." {{(pid=98816) http_log /opt/stack/data/venv/lib/python3.12/site-packages/swiftclient/client.py:160}}
Jun 02 17:03:07.698470 np0000001949 devstack@g-api.service[98816]: DEBUG swiftclient [None req-600ae08b-3a5c-48e0-b461-aa53e23ed0c5 tempest-AttachSCSIVolumeTestJSON-821629859 tempest-AttachSCSIVolumeTestJSON-821629859-project-admin] RESP STATUS: 204 No Content {{(pid=98816) http_log /opt/stack/data/venv/lib/python3.12/site-packages/swiftclient/client.py:161}}
Jun 02 17:03:07.698725 np0000001949 devstack@g-api.service[98816]: DEBUG swiftclient [None req-600ae08b-3a5c-48e0-b461-aa53e23ed0c5 tempest-AttachSCSIVolumeTestJSON-821629859 tempest-AttachSCSIVolumeTestJSON-821629859-project-admin] RESP HEADERS: {'Date': 'Tue, 02 Jun 2026 17:03:07 GMT', 'Server': 'Apache/2.4.58 (Ubuntu)', 'Content-Type': 'text/html; charset=UTF-8', 'X-Trans-Id': 'tx9aa2daa8e2c64a9788c93-006a1f0ccb', 'X-Openstack-Request-Id': 'tx9aa2daa8e2c64a9788c93-006a1f0ccb', 'Connection': 'close'} {{(pid=98816) http_log /opt/stack/data/venv/lib/python3.12/site-packages/swiftclient/client.py:162}}
Jun 02 17:03:07.734857 np0000001949 devstack@g-api.service[98816]: DEBUG swiftclient [None req-600ae08b-3a5c-48e0-b461-aa53e23ed0c5 tempest-AttachSCSIVolumeTestJSON-821629859 tempest-AttachSCSIVolumeTestJSON-821629859-project-admin] REQ: curl -i https://10.4.3.58:8080/v1/AUTH_d62733fb80e7461e86a5d355621ca6d9/glance/067fe11a-fd9b-4e3c-a786-18ff5614f5c7 DELETE -H "X-Auth-Token: gAAAAABqHwzLtowW..." {{(pid=98816) http_log /opt/stack/data/venv/lib/python3.12/site-packages/swiftclient/client.py:160}}
Jun 02 17:03:07.734857 np0000001949 devstack@g-api.service[98816]: DEBUG swiftclient [None req-600ae08b-3a5c-48e0-b461-aa53e23ed0c5 tempest-AttachSCSIVolumeTestJSON-821629859 tempest-AttachSCSIVolumeTestJSON-821629859-project-admin] RESP STATUS: 204 No Content {{(pid=98816) http_log /opt/stack/data/venv/lib/python3.12/site-packages/swiftclient/client.py:161}}
Jun 02 17:03:07.734857 np0000001949 devstack@g-api.service[98816]: DEBUG swiftclient [None req-600ae08b-3a5c-48e0-b461-aa53e23ed0c5 tempest-AttachSCSIVolumeTestJSON-821629859 tempest-AttachSCSIVolumeTestJSON-821629859-project-admin] RESP HEADERS: {'Date': 'Tue, 02 Jun 2026 17:03:07 GMT', 'Server': 'Apache/2.4.58 (Ubuntu)', 'Content-Type': 'text/html; charset=UTF-8', 'X-Trans-Id': 'txb368996e295242a38c573-006a1f0ccb', 'X-Openstack-Request-Id': 'txb368996e295242a38c573-006a1f0ccb', 'Connection': 'close'} {{(pid=98816) http_log /opt/stack/data/venv/lib/python3.12/site-packages/swiftclient/client.py:162}}
Jun 02 17:03:07.797370 np0000001949 devstack@g-api.service[98816]: DEBUG glance.api.middleware.cache [None req-600ae08b-3a5c-48e0-b461-aa53e23ed0c5 tempest-AttachSCSIVolumeTestJSON-821629859 tempest-AttachSCSIVolumeTestJSON-821629859-project-admin] Removing image 067fe11a-fd9b-4e3c-a786-18ff5614f5c7 from cache {{(pid=98816) _process_DELETE_response /opt/stack/glance/glance/api/middleware/cache.py:264}}
Jun 02 17:03:07.797783 np0000001949 devstack@g-api.service[98816]: DEBUG glance.image_cache.drivers.centralized_db [None req-600ae08b-3a5c-48e0-b461-aa53e23ed0c5 tempest-AttachSCSIVolumeTestJSON-821629859 tempest-AttachSCSIVolumeTestJSON-821629859-project-admin] Deleting image cache file '/opt/stack/data/glance/cache/067fe11a-fd9b-4e3c-a786-18ff5614f5c7' {{(pid=98816) delete_cached_file /opt/stack/glance/glance/image_cache/drivers/centralized_db.py:395}}
Jun 02 17:03:07.814448 np0000001949 devstack@g-api.service[98816]: [pid: 98816|app: 0|req: 106/196] 127.0.0.1 () {40 vars in 837 bytes} [Tue Jun 2 17:03:07 2026] DELETE /v2/images/067fe11a-fd9b-4e3c-a786-18ff5614f5c7 => generated 0 bytes in 786 msecs (HTTP/1.1 204) 4 headers in 171 bytes (1 switches on core 0)
Jun 02 17:03:07.823540 np0000001949 devstack@g-api.service[98817]: DEBUG glance.api.middleware.version_negotiation [None req-332f49fd-8900-40d5-8304-611952b722b1 tempest-ServerBootFromVolumeStableRescueTest-691706818 tempest-ServerBootFromVolumeStableRescueTest-691706818-project-member] Determining version of request: GET /v2/images/067fe11a-fd9b-4e3c-a786-18ff5614f5c7 Accept: application/json {{(pid=98817) process_request /opt/stack/glance/glance/api/middleware/version_negotiation.py:44}}
Jun 02 17:03:07.823540 np0000001949 devstack@g-api.service[98817]: DEBUG glance.api.middleware.version_negotiation [None req-332f49fd-8900-40d5-8304-611952b722b1 tempest-ServerBootFromVolumeStableRescueTest-691706818 tempest-ServerBootFromVolumeStableRescueTest-691706818-project-member] Using url versioning {{(pid=98817) process_request /opt/stack/glance/glance/api/middleware/version_negotiation.py:57}}
Jun 02 17:03:07.823540 np0000001949 devstack@g-api.service[98817]: DEBUG glance.api.middleware.version_negotiation [None req-332f49fd-8900-40d5-8304-611952b722b1 tempest-ServerBootFromVolumeStableRescueTest-691706818 tempest-ServerBootFromVolumeStableRescueTest-691706818-project-member] Matched version: v2 {{(pid=98817) process_request /opt/stack/glance/glance/api/middleware/version_negotiation.py:69}}
Jun 02 17:03:07.823540 np0000001949 devstack@g-api.service[98817]: DEBUG glance.api.middleware.version_negotiation [None req-332f49fd-8900-40d5-8304-611952b722b1 tempest-ServerBootFromVolumeStableRescueTest-691706818 tempest-ServerBootFromVolumeStableRescueTest-691706818-project-member] new path /v2/images/067fe11a-fd9b-4e3c-a786-18ff5614f5c7 {{(pid=98817) process_request /opt/stack/glance/glance/api/middleware/version_negotiation.py:70}}
Jun 02 17:03:07.842170 np0000001949 devstack@g-api.service[98817]: DEBUG glance.db.sqlalchemy.api [None req-bb18c5a8-09a6-4d48-8717-c230f8ef7095 tempest-AttachSCSIVolumeTestJSON-1814270783 tempest-AttachSCSIVolumeTestJSON-1814270783-project-reader] No image found with ID 067fe11a-fd9b-4e3c-a786-18ff5614f5c7 {{(pid=98817) _image_get /opt/stack/glance/glance/db/sqlalchemy/api.py:303}}
Jun 02 17:03:07.844869 np0000001949 devstack@g-api.service[98817]: [pid: 98817|app: 0|req: 91/197] 127.0.0.1 () {40 vars in 834 bytes} [Tue Jun 2 17:03:07 2026] GET /v2/images/067fe11a-fd9b-4e3c-a786-18ff5614f5c7 => generated 139 bytes in 22 msecs (HTTP/1.1 404) 4 headers in 164 bytes (1 switches on core 0)
Jun 02 17:03:17.808339 np0000001949 devstack@g-api.service[98816]: DEBUG dbcounter [-] [98816] Writing DB stats glance:SELECT=12,glance:UPDATE=9,glance:DELETE=1 {{(pid=98816) stat_writer /opt/stack/data/venv/lib/python3.12/site-packages/dbcounter.py:115}}
Jun 02 17:03:17.839782 np0000001949 devstack@g-api.service[98817]: DEBUG dbcounter [-] [98817] Writing DB stats glance:SELECT=3 {{(pid=98817) stat_writer /opt/stack/data/venv/lib/python3.12/site-packages/dbcounter.py:115}}
Jun 02 17:03:29.802980 np0000001949 devstack@g-api.service[98816]: DEBUG glance.api.middleware.version_negotiation [None req-600ae08b-3a5c-48e0-b461-aa53e23ed0c5 tempest-AttachSCSIVolumeTestJSON-821629859 tempest-AttachSCSIVolumeTestJSON-821629859-project-admin] Determining version of request: GET /v2/images/df66521b-f6bc-4a68-b001-9f4cc1cab4e7 Accept: application/json {{(pid=98816) process_request /opt/stack/glance/glance/api/middleware/version_negotiation.py:44}}
Jun 02 17:03:29.803750 np0000001949 devstack@g-api.service[98816]: DEBUG glance.api.middleware.version_negotiation [None req-600ae08b-3a5c-48e0-b461-aa53e23ed0c5 tempest-AttachSCSIVolumeTestJSON-821629859 tempest-AttachSCSIVolumeTestJSON-821629859-project-admin] Using url versioning {{(pid=98816) process_request /opt/stack/glance/glance/api/middleware/version_negotiation.py:57}}
Jun 02 17:03:29.804045 np0000001949 devstack@g-api.service[98816]: DEBUG glance.api.middleware.version_negotiation [None req-600ae08b-3a5c-48e0-b461-aa53e23ed0c5 tempest-AttachSCSIVolumeTestJSON-821629859 tempest-AttachSCSIVolumeTestJSON-821629859-project-admin] Matched version: v2 {{(pid=98816) process_request /opt/stack/glance/glance/api/middleware/version_negotiation.py:69}}
Jun 02 17:03:29.804252 np0000001949 devstack@g-api.service[98816]: DEBUG glance.api.middleware.version_negotiation [None req-600ae08b-3a5c-48e0-b461-aa53e23ed0c5 tempest-AttachSCSIVolumeTestJSON-821629859 tempest-AttachSCSIVolumeTestJSON-821629859-project-admin] new path /v2/images/df66521b-f6bc-4a68-b001-9f4cc1cab4e7 {{(pid=98816) process_request /opt/stack/glance/glance/api/middleware/version_negotiation.py:70}}
Jun 02 17:03:29.905821 np0000001949 devstack@g-api.service[98816]: [pid: 98816|app: 0|req: 107/198] 127.0.0.1 () {40 vars in 834 bytes} [Tue Jun 2 17:03:29 2026] GET /v2/images/df66521b-f6bc-4a68-b001-9f4cc1cab4e7 => generated 1044 bytes in 103 msecs (HTTP/1.1 200) 4 headers in 158 bytes (1 switches on core 0)
Jun 02 17:03:29.928761 np0000001949 devstack@g-api.service[98817]: DEBUG glance.api.middleware.version_negotiation [None req-bb18c5a8-09a6-4d48-8717-c230f8ef7095 tempest-AttachSCSIVolumeTestJSON-1814270783 tempest-AttachSCSIVolumeTestJSON-1814270783-project-reader] Determining version of request: GET /v2/images/df66521b-f6bc-4a68-b001-9f4cc1cab4e7 Accept: */* {{(pid=98817) process_request /opt/stack/glance/glance/api/middleware/version_negotiation.py:44}}
Jun 02 17:03:29.928761 np0000001949 devstack@g-api.service[98817]: DEBUG glance.api.middleware.version_negotiation [None req-bb18c5a8-09a6-4d48-8717-c230f8ef7095 tempest-AttachSCSIVolumeTestJSON-1814270783 tempest-AttachSCSIVolumeTestJSON-1814270783-project-reader] Using url versioning {{(pid=98817) process_request /opt/stack/glance/glance/api/middleware/version_negotiation.py:57}}
Jun 02 17:03:29.928761 np0000001949 devstack@g-api.service[98817]: DEBUG glance.api.middleware.version_negotiation [None req-bb18c5a8-09a6-4d48-8717-c230f8ef7095 tempest-AttachSCSIVolumeTestJSON-1814270783 tempest-AttachSCSIVolumeTestJSON-1814270783-project-reader] Matched version: v2 {{(pid=98817) process_request /opt/stack/glance/glance/api/middleware/version_negotiation.py:69}}
Jun 02 17:03:29.928761 np0000001949 devstack@g-api.service[98817]: DEBUG glance.api.middleware.version_negotiation [None req-bb18c5a8-09a6-4d48-8717-c230f8ef7095 tempest-AttachSCSIVolumeTestJSON-1814270783 tempest-AttachSCSIVolumeTestJSON-1814270783-project-reader] new path /v2/images/df66521b-f6bc-4a68-b001-9f4cc1cab4e7 {{(pid=98817) process_request /opt/stack/glance/glance/api/middleware/version_negotiation.py:70}}
Jun 02 17:03:29.943345 np0000001949 devstack@g-api.service[98817]: [pid: 98817|app: 0|req: 92/199] 127.0.0.1 () {44 vars in 1111 bytes} [Tue Jun 2 17:03:29 2026] GET /v2/images/df66521b-f6bc-4a68-b001-9f4cc1cab4e7 => generated 1044 bytes in 16 msecs (HTTP/1.1 200) 4 headers in 158 bytes (1 switches on core 0)
Jun 02 17:03:29.952469 np0000001949 devstack@g-api.service[98816]: DEBUG glance.api.middleware.version_negotiation [None req-81911fa6-11a9-4384-98c8-055482552707 tempest-VolumesImageMetadata-788513436 tempest-VolumesImageMetadata-788513436-project-member] Determining version of request: GET /v2/schemas/image Accept: */* {{(pid=98816) process_request /opt/stack/glance/glance/api/middleware/version_negotiation.py:44}}
Jun 02 17:03:29.953492 np0000001949 devstack@g-api.service[98816]: DEBUG glance.api.middleware.version_negotiation [None req-81911fa6-11a9-4384-98c8-055482552707 tempest-VolumesImageMetadata-788513436 tempest-VolumesImageMetadata-788513436-project-member] Using url versioning {{(pid=98816) process_request /opt/stack/glance/glance/api/middleware/version_negotiation.py:57}}
Jun 02 17:03:29.953492 np0000001949 devstack@g-api.service[98816]: DEBUG glance.api.middleware.version_negotiation [None req-81911fa6-11a9-4384-98c8-055482552707 tempest-VolumesImageMetadata-788513436 tempest-VolumesImageMetadata-788513436-project-member] Matched version: v2 {{(pid=98816) process_request /opt/stack/glance/glance/api/middleware/version_negotiation.py:69}}
Jun 02 17:03:29.953492 np0000001949 devstack@g-api.service[98816]: DEBUG glance.api.middleware.version_negotiation [None req-81911fa6-11a9-4384-98c8-055482552707 tempest-VolumesImageMetadata-788513436 tempest-VolumesImageMetadata-788513436-project-member] new path /v2/schemas/image {{(pid=98816) process_request /opt/stack/glance/glance/api/middleware/version_negotiation.py:70}}
Jun 02 17:03:29.956608 np0000001949 devstack@g-api.service[98816]: [pid: 98816|app: 0|req: 108/200] 127.0.0.1 () {44 vars in 1051 bytes} [Tue Jun 2 17:03:29 2026] GET /v2/schemas/image => generated 6083 bytes in 4 msecs (HTTP/1.1 200) 4 headers in 158 bytes (1 switches on core 0)
Jun 02 17:03:29.965546 np0000001949 devstack@g-api.service[98817]: DEBUG glance.api.middleware.version_negotiation [None req-25abeb86-598e-4006-888a-2d6ef117cdcf tempest-VolumesImageMetadata-788513436 tempest-VolumesImageMetadata-788513436-project-member] Determining version of request: GET /v2/schemas/image Accept: */* {{(pid=98817) process_request /opt/stack/glance/glance/api/middleware/version_negotiation.py:44}}
Jun 02 17:03:29.965997 np0000001949 devstack@g-api.service[98817]: DEBUG glance.api.middleware.version_negotiation [None req-25abeb86-598e-4006-888a-2d6ef117cdcf tempest-VolumesImageMetadata-788513436 tempest-VolumesImageMetadata-788513436-project-member] Using url versioning {{(pid=98817) process_request /opt/stack/glance/glance/api/middleware/version_negotiation.py:57}}
