Jun 02 16:59:37.375607 np0000001949 devstack@neutron-api.service[86874]: DEBUG ovsdbapp.backend.ovs_idl.transaction [None req-f9bb3fec-ef7e-4b2d-8de7-c8265e295860 None None] Running txn n=1 command(idx=0): AddLSwitchPortCommand(_result=None, lport=d9596132-983c-4ddd-a847-75c2dd269ab0, lswitch=neutron-38ee9953-1b5c-4373-8e2f-45ccc6da123f, may_exist=True, network_uuid=38ee9953-1b5c-4373-8e2f-45ccc6da123f, columns={'addresses': ['fa:16:3e:25:3a:54'], 'external_ids': {'neutron:port_name': '', 'neutron:device_id': 'ovnmeta-38ee9953-1b5c-4373-8e2f-45ccc6da123f', 'neutron:project_id': '2caadb9bde1f411ab7d386349e3f9dd6', 'neutron:cidrs': '', 'neutron:device_owner': 'network:distributed', 'neutron:subnet_pool_addr_scope4': '', 'neutron:subnet_pool_addr_scope6': '', 'neutron:network_name': 'neutron-38ee9953-1b5c-4373-8e2f-45ccc6da123f', 'neutron:security_group_ids': '', 'neutron:revision_number': '1', 'neutron:vnic_type': 'normal', 'neutron:port_capabilities': '', 'neutron:mtu': '1372'}, 'parent_name': [], 'tag': [], 'enabled': True, 'options': {}, 'type': 'localport', 'port_security': [], 'dhcpv4_options': [], 'dhcpv6_options': []}) {{(pid=86874) do_commit /opt/stack/data/venv/lib/python3.12/site-packages/ovsdbapp/backend/ovs_idl/transaction.py:89}}
Jun 02 16:59:37.375980 np0000001949 devstack@neutron-api.service[86874]: DEBUG ovsdbapp.backend.ovs_idl.transaction [None req-f9bb3fec-ef7e-4b2d-8de7-c8265e295860 None None] Running txn n=1 command(idx=1): QoSDelCommand(_result=None, switch=neutron-38ee9953-1b5c-4373-8e2f-45ccc6da123f, conditions=[('direction', '=', 'to-lport'), ('priority', '=', 2002), ('match', '=', 'outport == "d9596132-983c-4ddd-a847-75c2dd269ab0"')], if_exists=True) {{(pid=86874) do_commit /opt/stack/data/venv/lib/python3.12/site-packages/ovsdbapp/backend/ovs_idl/transaction.py:89}}
Jun 02 16:59:37.376150 np0000001949 devstack@neutron-api.service[86874]: DEBUG ovsdbapp.backend.ovs_idl.transaction [None req-f9bb3fec-ef7e-4b2d-8de7-c8265e295860 None None] Running txn n=1 command(idx=2): QoSDelCommand(_result=None, switch=neutron-38ee9953-1b5c-4373-8e2f-45ccc6da123f, conditions=[('direction', '=', 'from-lport'), ('priority', '=', 2002), ('match', '=', 'inport == "d9596132-983c-4ddd-a847-75c2dd269ab0"')], if_exists=True) {{(pid=86874) do_commit /opt/stack/data/venv/lib/python3.12/site-packages/ovsdbapp/backend/ovs_idl/transaction.py:89}}
Jun 02 16:59:37.378953 np0000001949 devstack@neutron-api.service[86874]: DEBUG neutron.plugins.ml2.drivers.ovn.mech_driver.ovsdb.ovsdb_monitor [None req-f9bb3fec-ef7e-4b2d-8de7-c8265e295860 None None] Hash Ring: Node e9171ef5631f5e3280459eb9f242833a (host: np0000001949) handling event "update" for row 38ee9953-1b5c-4373-8e2f-45ccc6da123f (table: Logical_Switch) {{(pid=86874) notify /opt/stack/neutron/neutron/plugins/ml2/drivers/ovn/mech_driver/ovsdb/ovsdb_monitor.py:1015}}
Jun 02 16:59:37.379149 np0000001949 devstack@neutron-api.service[86874]: DEBUG neutron.plugins.ml2.drivers.ovn.mech_driver.ovsdb.ovsdb_monitor [None req-f9bb3fec-ef7e-4b2d-8de7-c8265e295860 None None] Hash Ring: Node e9171ef5631f5e3280459eb9f242833a (host: np0000001949) handling event "create" for row 85211643-feb1-4d41-b6c9-b1fa01d08d18 (table: Logical_Switch_Port) {{(pid=86874) notify /opt/stack/neutron/neutron/plugins/ml2/drivers/ovn/mech_driver/ovsdb/ovsdb_monitor.py:1015}}
Jun 02 16:59:37.381411 np0000001949 devstack@neutron-api.service[86874]: DEBUG ovsdbapp.backend.ovs_idl.event [None req-f9bb3fec-ef7e-4b2d-8de7-c8265e295860 None None] Matched CREATE: LogicalSwitchPortCreateEvent(events=('create',), table='Logical_Switch_Port', conditions=[], old_conditions=None), priority=20 to row=Logical_Switch_Port(uuid=85211643-feb1-4d41-b6c9-b1fa01d08d18, addresses=['fa:16:3e:25:3a:54'], dhcpv4_options=[], dhcpv6_options=[], dynamic_addresses=[], enabled=True, external_ids={'neutron:cidrs': '', 'neutron:device_id': 'ovnmeta-38ee9953-1b5c-4373-8e2f-45ccc6da123f', 'neutron:device_owner': 'network:distributed', 'neutron:mtu': '1372', 'neutron:network_name': 'neutron-38ee9953-1b5c-4373-8e2f-45ccc6da123f', 'neutron:port_capabilities': '', 'neutron:port_name': '', 'neutron:project_id': '2caadb9bde1f411ab7d386349e3f9dd6', 'neutron:revision_number': '1', 'neutron:security_group_ids': '', 'neutron:subnet_pool_addr_scope4': '', 'neutron:subnet_pool_addr_scope6': '', 'neutron:vnic_type': 'normal'}, ha_chassis_group=[], mirror_rules=[], name='d9596132-983c-4ddd-a847-75c2dd269ab0', options={}, parent_name=[], port_security=[], tag=[], tag_request=[], type='localport', up=[]) old= {{(pid=86874) matches /opt/stack/data/venv/lib/python3.12/site-packages/ovsdbapp/backend/ovs_idl/event.py:55}}
Jun 02 16:59:37.382055 np0000001949 devstack@neutron-api.service[86873]: DEBUG neutron.plugins.ml2.drivers.ovn.mech_driver.ovsdb.ovsdb_monitor [None req-c29aeca3-f87f-4a75-86e4-0a12cafd2c4f None None] Hash Ring: Node 0d1100a0f736521f9f75b0bb73352b13 (host: np0000001949) handling event "create" for row 5881c99c-3359-4453-946f-c8d8459c4905 (table: Port_Binding) {{(pid=86873) notify /opt/stack/neutron/neutron/plugins/ml2/drivers/ovn/mech_driver/ovsdb/ovsdb_monitor.py:1015}}
Jun 02 16:59:37.382995 np0000001949 devstack@neutron-api.service[86874]: INFO neutron.plugins.ml2.drivers.ovn.mech_driver.mech_driver [-] OVN reports status down for port: d9596132-983c-4ddd-a847-75c2dd269ab0
Jun 02 16:59:37.383806 np0000001949 devstack@neutron-api.service[86874]: DEBUG neutron.plugins.ml2.drivers.ovn.mech_driver.ovsdb.ovsdb_monitor [None req-f9bb3fec-ef7e-4b2d-8de7-c8265e295860 None None] Hash Ring: Node e9171ef5631f5e3280459eb9f242833a (host: np0000001949) handling event "update" for row 85211643-feb1-4d41-b6c9-b1fa01d08d18 (table: Logical_Switch_Port) {{(pid=86874) notify /opt/stack/neutron/neutron/plugins/ml2/drivers/ovn/mech_driver/ovsdb/ovsdb_monitor.py:1015}}
Jun 02 16:59:37.436685 np0000001949 devstack@neutron-api.service[86874]: INFO neutron.db.ovn_revision_numbers_db [None req-6e6d8bc1-3188-4aa5-b92a-cc532cb02b54 admin admin] Successfully bumped revision number for resource d9596132-983c-4ddd-a847-75c2dd269ab0 (type: ports) to 1
Jun 02 16:59:37.437720 np0000001949 devstack@neutron-api.service[86874]: DEBUG neutron.db.provisioning_blocks [None req-0eeb5ce7-1f41-4253-a402-5c46bcb01d8d None None] Transition to ACTIVE for port object d9596132-983c-4ddd-a847-75c2dd269ab0 will not be triggered until provisioned by entity L2. {{(pid=86874) add_provisioning_component /opt/stack/neutron/neutron/db/provisioning_blocks.py:74}}
Jun 02 16:59:37.444306 np0000001949 devstack@neutron-api.service[86874]: DEBUG neutron.pecan_wsgi.hooks.policy_enforcement [None req-6e6d8bc1-3188-4aa5-b92a-cc532cb02b54 admin admin] Attributes excluded by policy engine: ['standard_attr_id'] {{(pid=86874) _exclude_attributes_by_policy /opt/stack/neutron/neutron/pecan_wsgi/hooks/policy_enforcement.py:256}}
Jun 02 16:59:37.444631 np0000001949 devstack@neutron-api.service[86874]: DEBUG neutron_lib.callbacks.manager [None req-6e6d8bc1-3188-4aa5-b92a-cc532cb02b54 admin admin] Publish callbacks [] for network (None), before_response {{(pid=86874) _notify_loop /opt/stack/data/venv/lib/python3.12/site-packages/neutron_lib/callbacks/manager.py:184}}
Jun 02 16:59:37.460113 np0000001949 devstack@neutron-api.service[86874]: [pid: 86874|app: 0|req: 18/37] 10.4.3.58 () {68 vars in 1319 bytes} [Tue Jun 2 16:59:37 2026] POST /networking/v2.0/networks => generated 679 bytes in 379 msecs (HTTP/1.1 201) 4 headers in 162 bytes (1 switches on core 0)
Jun 02 16:59:37.467450 np0000001949 devstack@neutron-api.service[86874]: DEBUG neutron.plugins.ml2.plugin [None req-0eeb5ce7-1f41-4253-a402-5c46bcb01d8d None None] Current status of the port d9596132-983c-4ddd-a847-75c2dd269ab0 is: DOWN; New status is: DOWN {{(pid=86874) _update_individual_port_db_status /opt/stack/neutron/neutron/plugins/ml2/plugin.py:2469}}
Jun 02 16:59:37.468611 np0000001949 devstack@neutron-api.service[86874]: DEBUG ovsdbapp.backend.ovs_idl.transaction [None req-f9bb3fec-ef7e-4b2d-8de7-c8265e295860 None None] Running txn n=1 command(idx=0): DbRemoveCommand(_result=None, table=Logical_Switch_Port, record=d9596132-983c-4ddd-a847-75c2dd269ab0, column=external_ids, values=('neutron:host_id',), keyvalues={}, if_exists=True) {{(pid=86874) do_commit /opt/stack/data/venv/lib/python3.12/site-packages/ovsdbapp/backend/ovs_idl/transaction.py:89}}
Jun 02 16:59:37.650087 np0000001949 devstack@neutron-api.service[86873]: INFO neutron.pecan_wsgi.hooks.translation [None req-335227f9-9aea-4909-8c30-1aa9f139e648 admin admin] GET failed (client error): The resource could not be found.
Jun 02 16:59:37.650902 np0000001949 devstack@neutron-api.service[86873]: [pid: 86873|app: 0|req: 20/38] 10.4.3.58 () {64 vars in 1287 bytes} [Tue Jun 2 16:59:37 2026] GET /networking/v2.0/networks/shared => generated 108 bytes in 10 msecs (HTTP/1.1 404) 4 headers in 164 bytes (1 switches on core 0)
Jun 02 16:59:37.685432 np0000001949 devstack@neutron-api.service[86874]: DEBUG neutron.pecan_wsgi.hooks.policy_enforcement [None req-ec816750-042d-44d7-811e-e9aa56076ac2 admin admin] Attributes excluded by policy engine: ['standard_attr_id'] {{(pid=86874) _exclude_attributes_by_policy /opt/stack/neutron/neutron/pecan_wsgi/hooks/policy_enforcement.py:256}}
Jun 02 16:59:37.686137 np0000001949 devstack@neutron-api.service[86874]: [pid: 86874|app: 0|req: 19/39] 10.4.3.58 () {64 vars in 1302 bytes} [Tue Jun 2 16:59:37 2026] GET /networking/v2.0/networks?name=shared => generated 663 bytes in 29 msecs (HTTP/1.1 200) 4 headers in 157 bytes (1 switches on core 0)
Jun 02 16:59:37.697939 np0000001949 devstack@neutron-api.service[86873]: DEBUG neutron.api.v2.base [None req-ccc7cdf9-c5b0-4eea-a1ea-129bb5300125 admin admin] Request body: {'subnet': {'ip_version': 4, 'network_id': '38ee9953-1b5c-4373-8e2f-45ccc6da123f', 'name': 'shared-subnet', 'description': 'shared-subnet', 'cidr': '192.168.233.0/24'}} {{(pid=86873) prepare_request_body /opt/stack/neutron/neutron/api/v2/base.py:727}}
Jun 02 16:59:37.712183 np0000001949 devstack@neutron-api.service[86873]: DEBUG neutron.pecan_wsgi.hooks.quota_enforcement [None req-ccc7cdf9-c5b0-4eea-a1ea-129bb5300125 admin admin] Made reservation on behalf of 2caadb9bde1f411ab7d386349e3f9dd6 for: {'subnet': 1} {{(pid=86873) before /opt/stack/neutron/neutron/pecan_wsgi/hooks/quota_enforcement.py:66}}
Jun 02 16:59:37.714728 np0000001949 devstack@neutron-api.service[86873]: DEBUG neutron_lib.callbacks.manager [None req-ccc7cdf9-c5b0-4eea-a1ea-129bb5300125 admin admin] Publish callbacks [] for subnet (None), before_create {{(pid=86873) _notify_loop /opt/stack/data/venv/lib/python3.12/site-packages/neutron_lib/callbacks/manager.py:184}}
Jun 02 16:59:37.769819 np0000001949 devstack@neutron-api.service[86873]: DEBUG neutron.db.ovn_revision_numbers_db [None req-ccc7cdf9-c5b0-4eea-a1ea-129bb5300125 admin admin] create_initial_revision uuid=5c3397d8-fb74-4358-82fa-5b47c1aaddd6, type=subnets, rev=-1 {{(pid=86873) create_initial_revision /opt/stack/neutron/neutron/db/ovn_revision_numbers_db.py:98}}
Jun 02 16:59:37.773391 np0000001949 devstack@neutron-api.service[86873]: DEBUG neutron_lib.callbacks.manager [None req-ccc7cdf9-c5b0-4eea-a1ea-129bb5300125 admin admin] Publish callbacks ['neutron.plugins.ml2.ovo_rpc._ObjectChangeHandler.handle_event-3029134'] for subnet (5c3397d8-fb74-4358-82fa-5b47c1aaddd6), after_create {{(pid=86873) _notify_loop /opt/stack/data/venv/lib/python3.12/site-packages/neutron_lib/callbacks/manager.py:184}}
Jun 02 16:59:37.785264 np0000001949 devstack@neutron-api.service[86873]: DEBUG neutron.api.rpc.handlers.resources_rpc [None req-ccc7cdf9-c5b0-4eea-a1ea-129bb5300125 admin admin] Pushing event updated for resources: {'Subnet': ['ID=5c3397d8-fb74-4358-82fa-5b47c1aaddd6,revision_number=0']} {{(pid=86873) push /opt/stack/neutron/neutron/api/rpc/handlers/resources_rpc.py:237}}
Jun 02 16:59:37.789922 np0000001949 devstack@neutron-api.service[86873]: DEBUG neutron.api.rpc.callbacks.version_manager [None req-ccc7cdf9-c5b0-4eea-a1ea-129bb5300125 admin admin] Tracked resource versions report:
Jun 02 16:59:37.789922 np0000001949 devstack@neutron-api.service[86873]: pushed versions:
Jun 02 16:59:37.789922 np0000001949 devstack@neutron-api.service[86873]: { 'AddressGroup': {'1.2'},
Jun 02 16:59:37.789922 np0000001949 devstack@neutron-api.service[86873]: 'Agent': {'1.1'},
Jun 02 16:59:37.789922 np0000001949 devstack@neutron-api.service[86873]: 'ConntrackHelper': {'1.0'},
Jun 02 16:59:37.789922 np0000001949 devstack@neutron-api.service[86873]: 'LocalIPAssociation': {'1.0'},
Jun 02 16:59:37.789922 np0000001949 devstack@neutron-api.service[86873]: 'Log': {'1.0'},
Jun 02 16:59:37.789922 np0000001949 devstack@neutron-api.service[86873]: 'NDPProxy': {'1.0'},
Jun 02 16:59:37.789922 np0000001949 devstack@neutron-api.service[86873]: 'Network': {'1.3'},
Jun 02 16:59:37.789922 np0000001949 devstack@neutron-api.service[86873]: 'Port': {'1.11'},
Jun 02 16:59:37.789922 np0000001949 devstack@neutron-api.service[86873]: 'PortForwarding': {'1.3'},
Jun 02 16:59:37.789922 np0000001949 devstack@neutron-api.service[86873]: 'QosPolicy': {'1.10'},
Jun 02 16:59:37.789922 np0000001949 devstack@neutron-api.service[86873]: 'SecurityGroup': {'1.6'},
Jun 02 16:59:37.789922 np0000001949 devstack@neutron-api.service[86873]: 'SecurityGroupRule': {'1.3'},
Jun 02 16:59:37.789922 np0000001949 devstack@neutron-api.service[86873]: 'SubPort': {'1.0'},
Jun 02 16:59:37.789922 np0000001949 devstack@neutron-api.service[86873]: 'Subnet': {'1.2'},
Jun 02 16:59:37.789922 np0000001949 devstack@neutron-api.service[86873]: 'Trunk': {'1.1'}}
Jun 02 16:59:37.789922 np0000001949 devstack@neutron-api.service[86873]: consumer versions:
Jun 02 16:59:37.789922 np0000001949 devstack@neutron-api.service[86873]: { OVN Neutron agent@np0000001949: {},
Jun 02 16:59:37.789922 np0000001949 devstack@neutron-api.service[86873]: OVN Controller Gateway agent@np0000001949: {}}
Jun 02 16:59:37.789922 np0000001949 devstack@neutron-api.service[86873]: {{(pid=86873) report /opt/stack/neutron/neutron/api/rpc/callbacks/version_manager.py:183}}
Jun 02 16:59:37.829047 np0000001949 devstack@neutron-api.service[86873]: DEBUG neutron_lib.callbacks.manager [None req-ccc7cdf9-c5b0-4eea-a1ea-129bb5300125 admin admin] Publish callbacks ['neutron.plugins.ml2.plugin.SecurityGroupDbMixin._ensure_default_security_group_handler-250692', 'neutron.services.ovn_l3.plugin.OVNL3RouterPlugin._port_update-7734922020928', 'neutron.db.l3_db.L3_NAT_dbonly_mixin._prevent_internal_ip_change_for_fip-7734923602544'] for port (d9596132-983c-4ddd-a847-75c2dd269ab0), before_update {{(pid=86873) _notify_loop /opt/stack/data/venv/lib/python3.12/site-packages/neutron_lib/callbacks/manager.py:184}}
Jun 02 16:59:37.919053 np0000001949 devstack@neutron-api.service[86873]: DEBUG neutron.db.db_base_plugin_common [None req-ccc7cdf9-c5b0-4eea-a1ea-129bb5300125 admin admin] Allocated IP 192.168.233.2 (38ee9953-1b5c-4373-8e2f-45ccc6da123f/5c3397d8-fb74-4358-82fa-5b47c1aaddd6/d9596132-983c-4ddd-a847-75c2dd269ab0) {{(pid=86873) _store_ip_allocation /opt/stack/neutron/neutron/db/db_base_plugin_common.py:131}}
Jun 02 16:59:37.996225 np0000001949 devstack@neutron-api.service[86873]: DEBUG neutron_lib.callbacks.manager [None req-ccc7cdf9-c5b0-4eea-a1ea-129bb5300125 admin admin] Publish callbacks [] for port (d9596132-983c-4ddd-a847-75c2dd269ab0), precommit_update {{(pid=86873) _notify_loop /opt/stack/data/venv/lib/python3.12/site-packages/neutron_lib/callbacks/manager.py:184}}
Jun 02 16:59:37.996377 np0000001949 devstack@neutron-api.service[86873]: DEBUG neutron.plugins.ml2.drivers.ovn.mech_driver.mech_driver [None req-ccc7cdf9-c5b0-4eea-a1ea-129bb5300125 admin admin] No provisioning block for port d9596132-983c-4ddd-a847-75c2dd269ab0 since it does not have a host {{(pid=86873) _is_port_provisioning_required /opt/stack/neutron/neutron/plugins/ml2/drivers/ovn/mech_driver/mech_driver.py:896}}
Jun 02 16:59:38.003321 np0000001949 devstack@neutron-api.service[86873]: DEBUG neutron_lib.callbacks.manager [None req-ccc7cdf9-c5b0-4eea-a1ea-129bb5300125 admin admin] Publish callbacks ['neutron.plugins.ml2.ovo_rpc._ObjectChangeHandler.handle_event-3029123', 'neutron.services.ovn_l3.plugin.OVNL3RouterPlugin._port_update-7734922020928'] for port (d9596132-983c-4ddd-a847-75c2dd269ab0), after_update {{(pid=86873) _notify_loop /opt/stack/data/venv/lib/python3.12/site-packages/neutron_lib/callbacks/manager.py:184}}
Jun 02 16:59:38.029048 np0000001949 devstack@neutron-api.service[86873]: DEBUG neutron.api.rpc.handlers.resources_rpc [None req-ccc7cdf9-c5b0-4eea-a1ea-129bb5300125 admin admin] Pushing event updated for resources: {'Port': ['ID=d9596132-983c-4ddd-a847-75c2dd269ab0,revision_number=2']} {{(pid=86873) push /opt/stack/neutron/neutron/api/rpc/handlers/resources_rpc.py:237}}
Jun 02 16:59:38.110424 np0000001949 devstack@neutron-api.service[86873]: DEBUG ovsdbapp.backend.ovs_idl.transaction [None req-9405bfc3-7a8c-4542-9246-d043cc432c25 None None] Running txn n=1 command(idx=0): CheckRevisionNumberCommand(_result=None, name=d9596132-983c-4ddd-a847-75c2dd269ab0, resource={'id': 'd9596132-983c-4ddd-a847-75c2dd269ab0', 'name': '', 'network_id': '38ee9953-1b5c-4373-8e2f-45ccc6da123f', 'project_id': '2caadb9bde1f411ab7d386349e3f9dd6', 'mac_address': 'fa:16:3e:25:3a:54', 'admin_state_up': True, 'status': 'DOWN', 'device_id': 'ovnmeta-38ee9953-1b5c-4373-8e2f-45ccc6da123f', 'device_owner': 'network:distributed', 'standard_attr_id': 28, 'fixed_ips': [{'subnet_id': '5c3397d8-fb74-4358-82fa-5b47c1aaddd6', 'ip_address': '192.168.233.2'}], 'allowed_address_pairs': [], 'extra_dhcp_opts': [], 'security_groups': [], 'description': '', 'binding:vnic_type': 'normal', 'binding:profile': {}, 'binding:host_id': '', 'binding:vif_type': 'unbound', 'binding:vif_details': {}, 'port_security_enabled': False, 'tags': [], 'created_at': '2026-06-02T16:59:37Z', 'updated_at': '2026-06-02T16:59:37Z', 'revision_number': 2, 'tenant_id': '2caadb9bde1f411ab7d386349e3f9dd6', 'network': {'id': '38ee9953-1b5c-4373-8e2f-45ccc6da123f', 'name': 'shared', 'tenant_id': '2caadb9bde1f411ab7d386349e3f9dd6', 'project_id': '2caadb9bde1f411ab7d386349e3f9dd6', 'admin_state_up': True, 'mtu': 1372, 'status': 'ACTIVE', 'subnets': ['5c3397d8-fb74-4358-82fa-5b47c1aaddd6'], 'standard_attr_id': 26, 'shared': True, 'availability_zone_hints': [], 'availability_zones': [], 'ipv4_address_scope': None, 'ipv6_address_scope': None, 'router:external': False, 'qinq': False, 'vlan_transparent': False, 'description': '', 'port_security_enabled': True, 'tags': [], 'created_at': '2026-06-02T16:59:37Z', 'updated_at': '2026-06-02T16:59:37Z', 'revision_number': 2, 'provider:network_type': 'geneve', 'provider:physical_network': None, 'provider:segmentation_id': 60276}}, resource_type=ports, if_exists=True) {{(pid=86873) do_commit /opt/stack/data/venv/lib/python3.12/site-packages/ovsdbapp/backend/ovs_idl/transaction.py:89}}
Jun 02 16:59:38.110646 np0000001949 devstack@neutron-api.service[86873]: DEBUG ovsdbapp.backend.ovs_idl.transaction [None req-9405bfc3-7a8c-4542-9246-d043cc432c25 None None] Running txn n=1 command(idx=1): AddDHCPOptionsCommand(_result=None, columns={'cidr': '192.168.233.0/24', 'options': {'server_id': '192.168.233.1', 'lease_time': '43200', 'mtu': '1372', 'router': '192.168.233.1', 'server_mac': 'fa:16:3e:fe:e9:fc', 'dns_server': '{127.0.0.53}', 'classless_static_route': '{169.254.169.254/32,192.168.233.2, 0.0.0.0/0,192.168.233.1}'}, 'external_ids': {'subnet_id': '5c3397d8-fb74-4358-82fa-5b47c1aaddd6', 'neutron:network_id': '38ee9953-1b5c-4373-8e2f-45ccc6da123f', 'neutron:revision_number': '0'}}, may_exist=True, subnet_id=5c3397d8-fb74-4358-82fa-5b47c1aaddd6, port_id=None, new_insert=False) {{(pid=86873) do_commit /opt/stack/data/venv/lib/python3.12/site-packages/ovsdbapp/backend/ovs_idl/transaction.py:89}}
Jun 02 16:59:38.110881 np0000001949 devstack@neutron-api.service[86873]: DEBUG ovsdbapp.backend.ovs_idl.transaction [None req-9405bfc3-7a8c-4542-9246-d043cc432c25 None None] Running txn n=1 command(idx=2): SetLSwitchPortCommand(_result=None, lport=d9596132-983c-4ddd-a847-75c2dd269ab0, external_ids_update=None, columns={'external_ids': {'neutron:port_name': '', 'neutron:device_id': 'ovnmeta-38ee9953-1b5c-4373-8e2f-45ccc6da123f', 'neutron:project_id': '2caadb9bde1f411ab7d386349e3f9dd6', 'neutron:cidrs': '192.168.233.2/24', 'neutron:device_owner': 'network:distributed', 'neutron:subnet_pool_addr_scope4': '', 'neutron:subnet_pool_addr_scope6': '', 'neutron:network_name': 'neutron-38ee9953-1b5c-4373-8e2f-45ccc6da123f', 'neutron:security_group_ids': '', 'neutron:revision_number': '2', 'neutron:vnic_type': 'normal', 'neutron:port_capabilities': '', 'neutron:mtu': '1372'}, 'parent_name': [], 'tag': [], 'options': {}, 'enabled': True, 'port_security': [], 'dhcpv4_options': [], 'dhcpv6_options': [], 'type': 'localport', 'addresses': ['fa:16:3e:25:3a:54 192.168.233.2'], 'ha_chassis_group': []}, if_exists=False) {{(pid=86873) do_commit /opt/stack/data/venv/lib/python3.12/site-packages/ovsdbapp/backend/ovs_idl/transaction.py:89}}
Jun 02 16:59:38.111419 np0000001949 devstack@neutron-api.service[86873]: DEBUG ovsdbapp.backend.ovs_idl.transaction [None req-9405bfc3-7a8c-4542-9246-d043cc432c25 None None] Running txn n=1 command(idx=3): PgDelPortCommand(_result=None, port_group=neutron_pg_drop, lsp=['d9596132-983c-4ddd-a847-75c2dd269ab0'], if_exists=False) {{(pid=86873) do_commit /opt/stack/data/venv/lib/python3.12/site-packages/ovsdbapp/backend/ovs_idl/transaction.py:89}}
Jun 02 16:59:38.125389 np0000001949 devstack@neutron-api.service[86873]: DEBUG neutron.plugins.ml2.drivers.ovn.mech_driver.ovsdb.ovsdb_monitor [None req-9405bfc3-7a8c-4542-9246-d043cc432c25 None None] Hash Ring: Node 0d1100a0f736521f9f75b0bb73352b13 (host: np0000001949) handling event "create" for row c44c295b-1fdb-40b2-9dce-4e08ce71df23 (table: DHCP_Options) {{(pid=86873) notify /opt/stack/neutron/neutron/plugins/ml2/drivers/ovn/mech_driver/ovsdb/ovsdb_monitor.py:1015}}
Jun 02 16:59:38.125738 np0000001949 devstack@neutron-api.service[86874]: DEBUG neutron.plugins.ml2.drivers.ovn.mech_driver.ovsdb.ovsdb_monitor [None req-f9bb3fec-ef7e-4b2d-8de7-c8265e295860 None None] Hash Ring: Node e9171ef5631f5e3280459eb9f242833a (host: np0000001949) handling event "update" for row 85211643-feb1-4d41-b6c9-b1fa01d08d18 (table: Logical_Switch_Port) {{(pid=86874) notify /opt/stack/neutron/neutron/plugins/ml2/drivers/ovn/mech_driver/ovsdb/ovsdb_monitor.py:1015}}
Jun 02 16:59:38.128412 np0000001949 devstack@neutron-api.service[86873]: DEBUG neutron.plugins.ml2.drivers.ovn.mech_driver.ovsdb.ovsdb_monitor [None req-c29aeca3-f87f-4a75-86e4-0a12cafd2c4f None None] Hash Ring: Node 0d1100a0f736521f9f75b0bb73352b13 (host: np0000001949) handling event "update" for row 5881c99c-3359-4453-946f-c8d8459c4905 (table: Port_Binding) {{(pid=86873) notify /opt/stack/neutron/neutron/plugins/ml2/drivers/ovn/mech_driver/ovsdb/ovsdb_monitor.py:1015}}
Jun 02 16:59:38.150509 np0000001949 devstack@neutron-api.service[86873]: INFO neutron.db.ovn_revision_numbers_db [None req-ccc7cdf9-c5b0-4eea-a1ea-129bb5300125 admin admin] Successfully bumped revision number for resource d9596132-983c-4ddd-a847-75c2dd269ab0 (type: ports) to 2
Jun 02 16:59:38.158157 np0000001949 devstack@neutron-api.service[86873]: DEBUG neutron.plugins.ml2.plugin [None req-ccc7cdf9-c5b0-4eea-a1ea-129bb5300125 admin admin] In _notify_port_updated(), no bound segment for port d9596132-983c-4ddd-a847-75c2dd269ab0 on network 38ee9953-1b5c-4373-8e2f-45ccc6da123f {{(pid=86873) _notify_port_updated /opt/stack/neutron/neutron/plugins/ml2/plugin.py:1037}}
Jun 02 16:59:38.171776 np0000001949 devstack@neutron-api.service[86873]: INFO neutron.db.ovn_revision_numbers_db [None req-ccc7cdf9-c5b0-4eea-a1ea-129bb5300125 admin admin] Successfully bumped revision number for resource 5c3397d8-fb74-4358-82fa-5b47c1aaddd6 (type: subnets) to 0
Jun 02 16:59:38.172776 np0000001949 devstack@neutron-api.service[86873]: DEBUG neutron.pecan_wsgi.hooks.policy_enforcement [None req-ccc7cdf9-c5b0-4eea-a1ea-129bb5300125 admin admin] Attributes excluded by policy engine: ['standard_attr_id', 'shared', 'network'] {{(pid=86873) _exclude_attributes_by_policy /opt/stack/neutron/neutron/pecan_wsgi/hooks/policy_enforcement.py:256}}
Jun 02 16:59:38.173048 np0000001949 devstack@neutron-api.service[86873]: DEBUG neutron_lib.callbacks.manager [None req-ccc7cdf9-c5b0-4eea-a1ea-129bb5300125 admin admin] Publish callbacks [] for subnet (None), before_response {{(pid=86873) _notify_loop /opt/stack/data/venv/lib/python3.12/site-packages/neutron_lib/callbacks/manager.py:184}}
Jun 02 16:59:38.180575 np0000001949 devstack@neutron-api.service[86873]: [pid: 86873|app: 0|req: 21/40] 10.4.3.58 () {68 vars in 1317 bytes} [Tue Jun 2 16:59:37 2026] POST /networking/v2.0/subnets => generated 665 bytes in 485 msecs (HTTP/1.1 201) 4 headers in 162 bytes (1 switches on core 0)
Jun 02 16:59:42.214202 np0000001949 devstack@neutron-api.service[86873]: DEBUG neutron.plugins.ml2.drivers.ovn.mech_driver.ovsdb.ovsdb_monitor [None req-c29aeca3-f87f-4a75-86e4-0a12cafd2c4f None None] ChassisOVNAgentWriteEvent : Matched Chassis_Private, update, None None {{(pid=86873) matches /opt/stack/neutron/neutron/plugins/ml2/drivers/ovn/mech_driver/ovsdb/ovsdb_monitor.py:64}}
Jun 02 16:59:42.214921 np0000001949 devstack@neutron-api.service[86874]: DEBUG neutron.plugins.ml2.drivers.ovn.mech_driver.ovsdb.ovsdb_monitor [None req-db5603f8-cb8a-4727-af5b-2147427ef570 None None] ChassisOVNAgentWriteEvent : Matched Chassis_Private, update, None None {{(pid=86874) matches /opt/stack/neutron/neutron/plugins/ml2/drivers/ovn/mech_driver/ovsdb/ovsdb_monitor.py:64}}
Jun 02 16:59:42.215499 np0000001949 devstack@neutron-api.service[86874]: DEBUG neutron.plugins.ml2.drivers.ovn.mech_driver.ovsdb.ovsdb_monitor [None req-db5603f8-cb8a-4727-af5b-2147427ef570 None None] Hash Ring: Node e9171ef5631f5e3280459eb9f242833a (host: np0000001949) handling event "update" for row 662597d3-6e53-4300-95a2-ba388774890a (table: Chassis_Private) {{(pid=86874) notify /opt/stack/neutron/neutron/plugins/ml2/drivers/ovn/mech_driver/ovsdb/ovsdb_monitor.py:1015}}
Jun 02 16:59:47.682456 np0000001949 devstack@neutron-api.service[86874]: DEBUG dbcounter [-] [86874] Writing DB stats neutron:UPDATE=10,neutron:SELECT=169,neutron:INSERT=15,neutron:DELETE=2 {{(pid=86874) stat_writer /opt/stack/data/venv/lib/python3.12/site-packages/dbcounter.py:115}}
Jun 02 16:59:48.177732 np0000001949 devstack@neutron-api.service[86873]: DEBUG dbcounter [-] [86873] Writing DB stats neutron:UPDATE=6,neutron:SELECT=256,neutron:INSERT=11,neutron:DELETE=2 {{(pid=86873) stat_writer /opt/stack/data/venv/lib/python3.12/site-packages/dbcounter.py:115}}
Jun 02 16:59:50.878139 np0000001949 devstack@neutron-api.service[86873]: DEBUG futurist.periodics [-] Submitting periodic callback 'neutron.plugins.ml2.drivers.ovn.mech_driver.ovsdb.maintenance.HashRingHealthCheckPeriodics.touch_hash_ring_node' {{(pid=86873) _process_scheduled /opt/stack/data/venv/lib/python3.12/site-packages/futurist/periodics.py:784}}
Jun 02 16:59:50.878694 np0000001949 devstack@neutron-api.service[86873]: DEBUG neutron.plugins.ml2.drivers.ovn.mech_driver.ovsdb.maintenance [-] Touching Hash Ring node "0d1100a0f736521f9f75b0bb73352b13" from periodic health check thread {{(pid=86873) touch_hash_ring_node /opt/stack/neutron/neutron/plugins/ml2/drivers/ovn/mech_driver/ovsdb/maintenance.py:1466}}
Jun 02 16:59:51.786968 np0000001949 devstack@neutron-api.service[86874]: DEBUG futurist.periodics [-] Submitting periodic callback 'neutron.plugins.ml2.drivers.ovn.mech_driver.ovsdb.maintenance.HashRingHealthCheckPeriodics.touch_hash_ring_node' {{(pid=86874) _process_scheduled /opt/stack/data/venv/lib/python3.12/site-packages/futurist/periodics.py:784}}
Jun 02 16:59:51.787370 np0000001949 devstack@neutron-api.service[86874]: DEBUG neutron.plugins.ml2.drivers.ovn.mech_driver.ovsdb.maintenance [-] Touching Hash Ring node "e9171ef5631f5e3280459eb9f242833a" from periodic health check thread {{(pid=86874) touch_hash_ring_node /opt/stack/neutron/neutron/plugins/ml2/drivers/ovn/mech_driver/ovsdb/maintenance.py:1466}}
Jun 02 17:00:00.885699 np0000001949 devstack@neutron-api.service[86873]: DEBUG dbcounter [-] [86873] Writing DB stats neutron:UPDATE=1,neutron:SELECT=1 {{(pid=86873) stat_writer /opt/stack/data/venv/lib/python3.12/site-packages/dbcounter.py:115}}
Jun 02 17:00:01.794224 np0000001949 devstack@neutron-api.service[86874]: DEBUG dbcounter [-] [86874] Writing DB stats neutron:UPDATE=1,neutron:SELECT=1 {{(pid=86874) stat_writer /opt/stack/data/venv/lib/python3.12/site-packages/dbcounter.py:115}}
Jun 02 17:00:05.878656 np0000001949 devstack@neutron-api.service[86873]: DEBUG futurist.periodics [-] Submitting periodic callback 'neutron.plugins.ml2.drivers.ovn.mech_driver.ovsdb.maintenance.HashRingHealthCheckPeriodics.touch_hash_ring_node' {{(pid=86873) _process_scheduled /opt/stack/data/venv/lib/python3.12/site-packages/futurist/periodics.py:784}}
Jun 02 17:00:05.879141 np0000001949 devstack@neutron-api.service[86873]: DEBUG neutron.plugins.ml2.drivers.ovn.mech_driver.ovsdb.maintenance [-] Touching Hash Ring node "0d1100a0f736521f9f75b0bb73352b13" from periodic health check thread {{(pid=86873) touch_hash_ring_node /opt/stack/neutron/neutron/plugins/ml2/drivers/ovn/mech_driver/ovsdb/maintenance.py:1466}}
Jun 02 17:00:06.787501 np0000001949 devstack@neutron-api.service[86874]: DEBUG futurist.periodics [-] Submitting periodic callback 'neutron.plugins.ml2.drivers.ovn.mech_driver.ovsdb.maintenance.HashRingHealthCheckPeriodics.touch_hash_ring_node' {{(pid=86874) _process_scheduled /opt/stack/data/venv/lib/python3.12/site-packages/futurist/periodics.py:784}}
Jun 02 17:00:06.788030 np0000001949 devstack@neutron-api.service[86874]: DEBUG neutron.plugins.ml2.drivers.ovn.mech_driver.ovsdb.maintenance [-] Touching Hash Ring node "e9171ef5631f5e3280459eb9f242833a" from periodic health check thread {{(pid=86874) touch_hash_ring_node /opt/stack/neutron/neutron/plugins/ml2/drivers/ovn/mech_driver/ovsdb/maintenance.py:1466}}
Jun 02 17:00:15.884858 np0000001949 devstack@neutron-api.service[86873]: DEBUG dbcounter [-] [86873] Writing DB stats neutron:UPDATE=1,neutron:SELECT=1 {{(pid=86873) stat_writer /opt/stack/data/venv/lib/python3.12/site-packages/dbcounter.py:115}}
Jun 02 17:00:16.796144 np0000001949 devstack@neutron-api.service[86874]: DEBUG dbcounter [-] [86874] Writing DB stats neutron:UPDATE=1,neutron:SELECT=1 {{(pid=86874) stat_writer /opt/stack/data/venv/lib/python3.12/site-packages/dbcounter.py:115}}
Jun 02 17:00:18.873283 np0000001949 devstack@neutron-api.service[86874]: DEBUG neutron.api.wsgi [None req-2a94d533-8adc-4c25-966b-3c01639dc767 tempest-verify_tempest_config-1153271678 tempest-verify_tempest_config-1153271678-project-member] https://10.4.3.58/networking/v2.0/extensions returned with HTTP 200 {{(pid=86874) __call__ /opt/stack/neutron/neutron/api/wsgi.py:540}}
Jun 02 17:00:18.873738 np0000001949 devstack@neutron-api.service[86874]: [pid: 86874|app: 0|req: 20/41] 10.4.3.58 () {66 vars in 1254 bytes} [Tue Jun 2 17:00:18 2026] GET /networking/v2.0/extensions => generated 15393 bytes in 3 msecs (HTTP/1.1 200) 4 headers in 159 bytes (1 switches on core 0)
Jun 02 17:00:19.464708 np0000001949 devstack@neutron-api.service[86873]: DEBUG neutron_lib.callbacks.manager [None req-abcfa46d-91a8-422a-b5bc-68613d23579c admin admin] Publish callbacks [] for security_group (None), before_create {{(pid=86873) _notify_loop /opt/stack/data/venv/lib/python3.12/site-packages/neutron_lib/callbacks/manager.py:184}}
Jun 02 17:00:19.568921 np0000001949 devstack@neutron-api.service[86873]: DEBUG neutron_lib.callbacks.manager [None req-abcfa46d-91a8-422a-b5bc-68613d23579c admin admin] Publish callbacks ['neutron.plugins.ml2.drivers.ovn.mech_driver.mech_driver.OVNMechanismDriver._create_security_group_precommit-387014'] for security_group (3f6e30b2-8555-413b-8a6a-8004d4f45dcd), precommit_create {{(pid=86873) _notify_loop /opt/stack/data/venv/lib/python3.12/site-packages/neutron_lib/callbacks/manager.py:184}}
Jun 02 17:00:19.569110 np0000001949 devstack@neutron-api.service[86873]: DEBUG neutron.db.ovn_revision_numbers_db [None req-abcfa46d-91a8-422a-b5bc-68613d23579c admin admin] create_initial_revision uuid=3f6e30b2-8555-413b-8a6a-8004d4f45dcd, type=security_groups, rev=-1 {{(pid=86873) create_initial_revision /opt/stack/neutron/neutron/db/ovn_revision_numbers_db.py:98}}
Jun 02 17:00:19.570273 np0000001949 devstack@neutron-api.service[86873]: DEBUG neutron.db.ovn_revision_numbers_db [None req-abcfa46d-91a8-422a-b5bc-68613d23579c admin admin] create_initial_revision uuid=16876010-941c-4f31-8699-0f84e54248f6, type=security_group_rules, rev=-1 {{(pid=86873) create_initial_revision /opt/stack/neutron/neutron/db/ovn_revision_numbers_db.py:98}}
Jun 02 17:00:19.571181 np0000001949 devstack@neutron-api.service[86873]: DEBUG neutron.db.ovn_revision_numbers_db [None req-abcfa46d-91a8-422a-b5bc-68613d23579c admin admin] create_initial_revision uuid=2faf8ff6-b206-45eb-9254-eaf984d04f4f, type=security_group_rules, rev=-1 {{(pid=86873) create_initial_revision /opt/stack/neutron/neutron/db/ovn_revision_numbers_db.py:98}}
Jun 02 17:00:19.572042 np0000001949 devstack@neutron-api.service[86873]: DEBUG neutron.db.ovn_revision_numbers_db [None req-abcfa46d-91a8-422a-b5bc-68613d23579c admin admin] create_initial_revision uuid=6d103259-20fa-413c-b407-647a21f83123, type=security_group_rules, rev=-1 {{(pid=86873) create_initial_revision /opt/stack/neutron/neutron/db/ovn_revision_numbers_db.py:98}}
Jun 02 17:00:19.572853 np0000001949 devstack@neutron-api.service[86873]: DEBUG neutron.db.ovn_revision_numbers_db [None req-abcfa46d-91a8-422a-b5bc-68613d23579c admin admin] create_initial_revision uuid=94c3e0e9-6b70-46b7-99bc-9dfd31e82b27, type=security_group_rules, rev=-1 {{(pid=86873) create_initial_revision /opt/stack/neutron/neutron/db/ovn_revision_numbers_db.py:98}}
Jun 02 17:00:19.577666 np0000001949 devstack@neutron-api.service[86873]: DEBUG neutron_lib.callbacks.manager [None req-abcfa46d-91a8-422a-b5bc-68613d23579c admin admin] Publish callbacks ['neutron.plugins.ml2.drivers.ovn.mech_driver.mech_driver.OVNMechanismDriver._create_security_group-387036', 'neutron.plugins.ml2.ovo_rpc._ObjectChangeHandler.handle_event-3029143'] for security_group (3f6e30b2-8555-413b-8a6a-8004d4f45dcd), after_create {{(pid=86873) _notify_loop /opt/stack/data/venv/lib/python3.12/site-packages/neutron_lib/callbacks/manager.py:184}}
Jun 02 17:00:19.578384 np0000001949 devstack@neutron-api.service[86873]: DEBUG ovsdbapp.backend.ovs_idl.transaction [None req-9405bfc3-7a8c-4542-9246-d043cc432c25 None None] Running txn n=1 command(idx=0): PgAddCommand(_result=None, name=pg_3f6e30b2_8555_413b_8a6a_8004d4f45dcd, may_exist=False, columns={'acls': [], 'external_ids': {'neutron:security_group_id': '3f6e30b2-8555-413b-8a6a-8004d4f45dcd'}}) {{(pid=86873) do_commit /opt/stack/data/venv/lib/python3.12/site-packages/ovsdbapp/backend/ovs_idl/transaction.py:89}}
Jun 02 17:00:19.578747 np0000001949 devstack@neutron-api.service[86873]: DEBUG ovsdbapp.backend.ovs_idl.transaction [None req-9405bfc3-7a8c-4542-9246-d043cc432c25 None None] Running txn n=1 command(idx=1): PgAclAddCommand(_result=None, entity=pg_3f6e30b2_8555_413b_8a6a_8004d4f45dcd, direction=to-lport, priority=1002, match=outport == @pg_3f6e30b2_8555_413b_8a6a_8004d4f45dcd && ip6 && ip6.src == $pg_3f6e30b2_8555_413b_8a6a_8004d4f45dcd_ip6, action=allow-related, log=False, may_exist=True, severity=[], name=[], meter=[], external_ids={'neutron:security_group_rule_id': '16876010-941c-4f31-8699-0f84e54248f6'}) {{(pid=86873) do_commit /opt/stack/data/venv/lib/python3.12/site-packages/ovsdbapp/backend/ovs_idl/transaction.py:89}}
Jun 02 17:00:19.579071 np0000001949 devstack@neutron-api.service[86873]: DEBUG ovsdbapp.backend.ovs_idl.transaction [None req-9405bfc3-7a8c-4542-9246-d043cc432c25 None None] Running txn n=1 command(idx=2): PgAclAddCommand(_result=None, entity=pg_3f6e30b2_8555_413b_8a6a_8004d4f45dcd, direction=to-lport, priority=1002, match=outport == @pg_3f6e30b2_8555_413b_8a6a_8004d4f45dcd && ip4 && ip4.src == $pg_3f6e30b2_8555_413b_8a6a_8004d4f45dcd_ip4, action=allow-related, log=False, may_exist=True, severity=[], name=[], meter=[], external_ids={'neutron:security_group_rule_id': '2faf8ff6-b206-45eb-9254-eaf984d04f4f'}) {{(pid=86873) do_commit /opt/stack/data/venv/lib/python3.12/site-packages/ovsdbapp/backend/ovs_idl/transaction.py:89}}
Jun 02 17:00:19.579393 np0000001949 devstack@neutron-api.service[86873]: DEBUG ovsdbapp.backend.ovs_idl.transaction [None req-9405bfc3-7a8c-4542-9246-d043cc432c25 None None] Running txn n=1 command(idx=3): PgAclAddCommand(_result=None, entity=pg_3f6e30b2_8555_413b_8a6a_8004d4f45dcd, direction=from-lport, priority=1002, match=inport == @pg_3f6e30b2_8555_413b_8a6a_8004d4f45dcd && ip6, action=allow-related, log=False, may_exist=True, severity=[], name=[], meter=[], external_ids={'neutron:security_group_rule_id': '6d103259-20fa-413c-b407-647a21f83123'}) {{(pid=86873) do_commit /opt/stack/data/venv/lib/python3.12/site-packages/ovsdbapp/backend/ovs_idl/transaction.py:89}}
Jun 02 17:00:19.579689 np0000001949 devstack@neutron-api.service[86873]: DEBUG ovsdbapp.backend.ovs_idl.transaction [None req-9405bfc3-7a8c-4542-9246-d043cc432c25 None None] Running txn n=1 command(idx=4): PgAclAddCommand(_result=None, entity=pg_3f6e30b2_8555_413b_8a6a_8004d4f45dcd, direction=from-lport, priority=1002, match=inport == @pg_3f6e30b2_8555_413b_8a6a_8004d4f45dcd && ip4, action=allow-related, log=False, may_exist=True, severity=[], name=[], meter=[], external_ids={'neutron:security_group_rule_id': '94c3e0e9-6b70-46b7-99bc-9dfd31e82b27'}) {{(pid=86873) do_commit /opt/stack/data/venv/lib/python3.12/site-packages/ovsdbapp/backend/ovs_idl/transaction.py:89}}
Jun 02 17:00:19.584498 np0000001949 devstack@neutron-api.service[86874]: DEBUG neutron.plugins.ml2.drivers.ovn.mech_driver.ovsdb.ovsdb_monitor [None req-f9bb3fec-ef7e-4b2d-8de7-c8265e295860 None None] Touching Hash Ring node "e9171ef5631f5e3280459eb9f242833a" from IDL notify handler {{(pid=86874) notify /opt/stack/neutron/neutron/plugins/ml2/drivers/ovn/mech_driver/ovsdb/ovsdb_monitor.py:1007}}
Jun 02 17:00:19.584839 np0000001949 devstack@neutron-api.service[86873]: DEBUG neutron.plugins.ml2.drivers.ovn.mech_driver.ovsdb.ovsdb_monitor [None req-9405bfc3-7a8c-4542-9246-d043cc432c25 None None] Touching Hash Ring node "0d1100a0f736521f9f75b0bb73352b13" from IDL notify handler {{(pid=86873) notify /opt/stack/neutron/neutron/plugins/ml2/drivers/ovn/mech_driver/ovsdb/ovsdb_monitor.py:1007}}
Jun 02 17:00:19.589152 np0000001949 devstack@neutron-api.service[86874]: DEBUG neutron.plugins.ml2.drivers.ovn.mech_driver.ovsdb.ovsdb_monitor [None req-f9bb3fec-ef7e-4b2d-8de7-c8265e295860 None None] Hash Ring: Node e9171ef5631f5e3280459eb9f242833a (host: np0000001949) handling event "create" for row 8e40463f-e0cb-4d7a-af87-feca3ec66c3e (table: ACL) {{(pid=86874) notify /opt/stack/neutron/neutron/plugins/ml2/drivers/ovn/mech_driver/ovsdb/ovsdb_monitor.py:1015}}
Jun 02 17:00:19.589882 np0000001949 devstack@neutron-api.service[86874]: DEBUG neutron.plugins.ml2.drivers.ovn.mech_driver.ovsdb.ovsdb_monitor [None req-f9bb3fec-ef7e-4b2d-8de7-c8265e295860 None None] Touching Hash Ring node "e9171ef5631f5e3280459eb9f242833a" from IDL notify handler {{(pid=86874) notify /opt/stack/neutron/neutron/plugins/ml2/drivers/ovn/mech_driver/ovsdb/ovsdb_monitor.py:1007}}
Jun 02 17:00:19.590019 np0000001949 devstack@neutron-api.service[86873]: DEBUG neutron.plugins.ml2.drivers.ovn.mech_driver.ovsdb.ovsdb_monitor [None req-9405bfc3-7a8c-4542-9246-d043cc432c25 None None] Hash Ring: Node 0d1100a0f736521f9f75b0bb73352b13 (host: np0000001949) handling event "create" for row 608677d2-093a-4f6a-a1cb-839c924bd50c (table: ACL) {{(pid=86873) notify /opt/stack/neutron/neutron/plugins/ml2/drivers/ovn/mech_driver/ovsdb/ovsdb_monitor.py:1015}}
Jun 02 17:00:19.591433 np0000001949 devstack@neutron-api.service[86873]: DEBUG neutron.plugins.ml2.drivers.ovn.mech_driver.ovsdb.ovsdb_monitor [None req-9405bfc3-7a8c-4542-9246-d043cc432c25 None None] Touching Hash Ring node "0d1100a0f736521f9f75b0bb73352b13" from IDL notify handler {{(pid=86873) notify /opt/stack/neutron/neutron/plugins/ml2/drivers/ovn/mech_driver/ovsdb/ovsdb_monitor.py:1007}}
Jun 02 17:00:19.592644 np0000001949 devstack@neutron-api.service[86874]: DEBUG neutron.plugins.ml2.drivers.ovn.mech_driver.ovsdb.ovsdb_monitor [None req-f9bb3fec-ef7e-4b2d-8de7-c8265e295860 None None] Hash Ring: Node e9171ef5631f5e3280459eb9f242833a (host: np0000001949) handling event "create" for row b4e23876-a2cf-462d-bcf8-a49c794b5c5c (table: ACL) {{(pid=86874) notify /opt/stack/neutron/neutron/plugins/ml2/drivers/ovn/mech_driver/ovsdb/ovsdb_monitor.py:1015}}
Jun 02 17:00:19.593350 np0000001949 devstack@neutron-api.service[86874]: DEBUG neutron.plugins.ml2.drivers.ovn.mech_driver.ovsdb.ovsdb_monitor [None req-f9bb3fec-ef7e-4b2d-8de7-c8265e295860 None None] Touching Hash Ring node "e9171ef5631f5e3280459eb9f242833a" from IDL notify handler {{(pid=86874) notify /opt/stack/neutron/neutron/plugins/ml2/drivers/ovn/mech_driver/ovsdb/ovsdb_monitor.py:1007}}
Jun 02 17:00:19.593624 np0000001949 devstack@neutron-api.service[86873]: DEBUG neutron.plugins.ml2.drivers.ovn.mech_driver.ovsdb.ovsdb_monitor [None req-9405bfc3-7a8c-4542-9246-d043cc432c25 None None] Hash Ring: Node 0d1100a0f736521f9f75b0bb73352b13 (host: np0000001949) handling event "create" for row 7504222d-cbac-45e8-9f39-9a0b56b03b16 (table: ACL) {{(pid=86873) notify /opt/stack/neutron/neutron/plugins/ml2/drivers/ovn/mech_driver/ovsdb/ovsdb_monitor.py:1015}}
Jun 02 17:00:19.595580 np0000001949 devstack@neutron-api.service[86874]: DEBUG neutron.plugins.ml2.drivers.ovn.mech_driver.ovsdb.ovsdb_monitor [None req-f9bb3fec-ef7e-4b2d-8de7-c8265e295860 None None] Hash Ring: Node e9171ef5631f5e3280459eb9f242833a (host: np0000001949) handling event "create" for row 905caeb0-2826-4f18-b5f8-73c5e0cef586 (table: Port_Group) {{(pid=86874) notify /opt/stack/neutron/neutron/plugins/ml2/drivers/ovn/mech_driver/ovsdb/ovsdb_monitor.py:1015}}
Jun 02 17:00:19.615461 np0000001949 devstack@neutron-api.service[86873]: INFO neutron.db.ovn_revision_numbers_db [None req-abcfa46d-91a8-422a-b5bc-68613d23579c admin admin] Successfully bumped revision number for resource 3f6e30b2-8555-413b-8a6a-8004d4f45dcd (type: security_groups) to 1
Jun 02 17:00:19.630149 np0000001949 devstack@neutron-api.service[86873]: INFO neutron.db.ovn_revision_numbers_db [None req-abcfa46d-91a8-422a-b5bc-68613d23579c admin admin] Successfully bumped revision number for resource 16876010-941c-4f31-8699-0f84e54248f6 (type: security_group_rules) to 0
Jun 02 17:00:19.642917 np0000001949 devstack@neutron-api.service[86873]: INFO neutron.db.ovn_revision_numbers_db [None req-abcfa46d-91a8-422a-b5bc-68613d23579c admin admin] Successfully bumped revision number for resource 2faf8ff6-b206-45eb-9254-eaf984d04f4f (type: security_group_rules) to 0
Jun 02 17:00:19.651439 np0000001949 devstack@neutron-api.service[86873]: INFO neutron.db.ovn_revision_numbers_db [None req-abcfa46d-91a8-422a-b5bc-68613d23579c admin admin] Successfully bumped revision number for resource 6d103259-20fa-413c-b407-647a21f83123 (type: security_group_rules) to 0
Jun 02 17:00:19.659343 np0000001949 devstack@neutron-api.service[86873]: INFO neutron.db.ovn_revision_numbers_db [None req-abcfa46d-91a8-422a-b5bc-68613d23579c admin admin] Successfully bumped revision number for resource 94c3e0e9-6b70-46b7-99bc-9dfd31e82b27 (type: security_group_rules) to 0
Jun 02 17:00:19.675269 np0000001949 devstack@neutron-api.service[86873]: DEBUG neutron.api.rpc.handlers.resources_rpc [None req-abcfa46d-91a8-422a-b5bc-68613d23579c admin admin] Pushing event updated for resources: {'SecurityGroup': ['ID=3f6e30b2-8555-413b-8a6a-8004d4f45dcd,revision_number=1']} {{(pid=86873) push /opt/stack/neutron/neutron/api/rpc/handlers/resources_rpc.py:237}}
Jun 02 17:00:19.692075 np0000001949 devstack@neutron-api.service[86873]: [pid: 86873|app: 0|req: 22/42] 10.4.3.58 () {66 vars in 1382 bytes} [Tue Jun 2 17:00:19 2026] GET /networking/v2.0/security-groups?project_id=a9755d832e5e4d78b222c84c600b5f34&name=default => generated 2921 bytes in 436 msecs (HTTP/1.1 200) 4 headers in 158 bytes (1 switches on core 0)
Jun 02 17:00:19.731080 np0000001949 devstack@neutron-api.service[86874]: DEBUG neutron_lib.callbacks.manager [None req-dbdbd988-7e2d-4cb8-b4d9-147bdc6d5e92 admin admin] Publish callbacks [] for security_group (3f6e30b2-8555-413b-8a6a-8004d4f45dcd), before_delete {{(pid=86874) _notify_loop /opt/stack/data/venv/lib/python3.12/site-packages/neutron_lib/callbacks/manager.py:184}}
Jun 02 17:00:19.752036 np0000001949 devstack@neutron-api.service[86874]: DEBUG neutron_lib.callbacks.manager [None req-dbdbd988-7e2d-4cb8-b4d9-147bdc6d5e92 admin admin] Publish callbacks ['neutron.plugins.ml2.drivers.ovn.mech_driver.mech_driver.OVNMechanismDriver._delete_security_group_precommit-392859'] for security_group (3f6e30b2-8555-413b-8a6a-8004d4f45dcd), precommit_delete {{(pid=86874) _notify_loop /opt/stack/data/venv/lib/python3.12/site-packages/neutron_lib/callbacks/manager.py:184}}
Jun 02 17:00:19.781152 np0000001949 devstack@neutron-api.service[86874]: DEBUG neutron.db.ovn_revision_numbers_db [None req-dbdbd988-7e2d-4cb8-b4d9-147bdc6d5e92 admin admin] delete_revision(16876010-941c-4f31-8699-0f84e54248f6) {{(pid=86874) delete_revision /opt/stack/neutron/neutron/db/ovn_revision_numbers_db.py:112}}
Jun 02 17:00:19.784462 np0000001949 devstack@neutron-api.service[86874]: DEBUG neutron.db.ovn_revision_numbers_db [None req-dbdbd988-7e2d-4cb8-b4d9-147bdc6d5e92 admin admin] delete_revision(2faf8ff6-b206-45eb-9254-eaf984d04f4f) {{(pid=86874) delete_revision /opt/stack/neutron/neutron/db/ovn_revision_numbers_db.py:112}}
Jun 02 17:00:19.786810 np0000001949 devstack@neutron-api.service[86874]: DEBUG ovsdbapp.backend.ovs_idl.transaction [None req-f9bb3fec-ef7e-4b2d-8de7-c8265e295860 None None] Running txn n=1 command(idx=0): PgAclDelCommand(_result=None, entity=pg_3f6e30b2_8555_413b_8a6a_8004d4f45dcd, if_exists=False, conditions=[('direction', '=', 'to-lport'), ('priority', '=', 1002), ('match', '=', 'outport == @pg_3f6e30b2_8555_413b_8a6a_8004d4f45dcd && ip6 && ip6.src == $pg_3f6e30b2_8555_413b_8a6a_8004d4f45dcd_ip6')]) {{(pid=86874) do_commit /opt/stack/data/venv/lib/python3.12/site-packages/ovsdbapp/backend/ovs_idl/transaction.py:89}}
Jun 02 17:00:19.787211 np0000001949 devstack@neutron-api.service[86874]: DEBUG ovsdbapp.backend.ovs_idl.transaction [None req-f9bb3fec-ef7e-4b2d-8de7-c8265e295860 None None] Running txn n=1 command(idx=1): PgAclDelCommand(_result=None, entity=pg_3f6e30b2_8555_413b_8a6a_8004d4f45dcd, if_exists=False, conditions=[('direction', '=', 'to-lport'), ('priority', '=', 1002), ('match', '=', 'outport == @pg_3f6e30b2_8555_413b_8a6a_8004d4f45dcd && ip4 && ip4.src == $pg_3f6e30b2_8555_413b_8a6a_8004d4f45dcd_ip4')]) {{(pid=86874) do_commit /opt/stack/data/venv/lib/python3.12/site-packages/ovsdbapp/backend/ovs_idl/transaction.py:89}}
Jun 02 17:00:19.790245 np0000001949 devstack@neutron-api.service[86874]: DEBUG neutron.plugins.ml2.drivers.ovn.mech_driver.ovsdb.ovsdb_monitor [None req-f9bb3fec-ef7e-4b2d-8de7-c8265e295860 None None] Touching Hash Ring node "e9171ef5631f5e3280459eb9f242833a" from IDL notify handler {{(pid=86874) notify /opt/stack/neutron/neutron/plugins/ml2/drivers/ovn/mech_driver/ovsdb/ovsdb_monitor.py:1007}}
Jun 02 17:00:19.791044 np0000001949 devstack@neutron-api.service[86873]: DEBUG neutron.plugins.ml2.drivers.ovn.mech_driver.ovsdb.ovsdb_monitor [None req-9405bfc3-7a8c-4542-9246-d043cc432c25 None None] Touching Hash Ring node "0d1100a0f736521f9f75b0bb73352b13" from IDL notify handler {{(pid=86873) notify /opt/stack/neutron/neutron/plugins/ml2/drivers/ovn/mech_driver/ovsdb/ovsdb_monitor.py:1007}}
Jun 02 17:00:19.793433 np0000001949 devstack@neutron-api.service[86874]: DEBUG neutron.plugins.ml2.drivers.ovn.mech_driver.ovsdb.ovsdb_monitor [None req-f9bb3fec-ef7e-4b2d-8de7-c8265e295860 None None] Hash Ring: Node e9171ef5631f5e3280459eb9f242833a (host: np0000001949) handling event "delete" for row b4e23876-a2cf-462d-bcf8-a49c794b5c5c (table: ACL) {{(pid=86874) notify /opt/stack/neutron/neutron/plugins/ml2/drivers/ovn/mech_driver/ovsdb/ovsdb_monitor.py:1015}}
Jun 02 17:00:19.794355 np0000001949 devstack@neutron-api.service[86873]: DEBUG neutron.plugins.ml2.drivers.ovn.mech_driver.ovsdb.ovsdb_monitor [None req-9405bfc3-7a8c-4542-9246-d043cc432c25 None None] Hash Ring: Node 0d1100a0f736521f9f75b0bb73352b13 (host: np0000001949) handling event "delete" for row 608677d2-093a-4f6a-a1cb-839c924bd50c (table: ACL) {{(pid=86873) notify /opt/stack/neutron/neutron/plugins/ml2/drivers/ovn/mech_driver/ovsdb/ovsdb_monitor.py:1015}}
Jun 02 17:00:19.794437 np0000001949 devstack@neutron-api.service[86874]: DEBUG neutron.plugins.ml2.drivers.ovn.mech_driver.ovsdb.ovsdb_monitor [None req-f9bb3fec-ef7e-4b2d-8de7-c8265e295860 None None] Touching Hash Ring node "e9171ef5631f5e3280459eb9f242833a" from IDL notify handler {{(pid=86874) notify /opt/stack/neutron/neutron/plugins/ml2/drivers/ovn/mech_driver/ovsdb/ovsdb_monitor.py:1007}}
Jun 02 17:00:19.797199 np0000001949 devstack@neutron-api.service[86874]: DEBUG neutron.plugins.ml2.drivers.ovn.mech_driver.ovsdb.ovsdb_monitor [None req-f9bb3fec-ef7e-4b2d-8de7-c8265e295860 None None] Hash Ring: Node e9171ef5631f5e3280459eb9f242833a (host: np0000001949) handling event "update" for row 905caeb0-2826-4f18-b5f8-73c5e0cef586 (table: Port_Group) {{(pid=86874) notify /opt/stack/neutron/neutron/plugins/ml2/drivers/ovn/mech_driver/ovsdb/ovsdb_monitor.py:1015}}
