Jul 22 22:37:23.289662 np0000005666 devstack@g-api.service[103167]: [pid: 103167|app: 0|req: 19/74] 127.0.0.1 () {46 vars in 1055 bytes} [Wed Jul 22 22:37:22 2026] POST /v2/images => generated 1360 bytes in 976 msecs (HTTP/1.1 201) 6 headers in 316 bytes (1 switches on core 0)
Jul 22 22:37:23.367519 np0000005666 devstack@g-api.service[103164]: DEBUG glance.api.middleware.version_negotiation [None req-6549bef8-733e-48e6-9060-1bb3da20740a tempest-ServerBootFromVolumeStableRescueTest-1181934728 tempest-ServerBootFromVolumeStableRescueTest-1181934728-project-member] Determining version of request: GET /v2/images/2561d56e-efd0-4023-bc43-453dbe11f2d4 Accept: application/json {{(pid=103164) process_request /opt/stack/glance/glance/api/middleware/version_negotiation.py:44}}
Jul 22 22:37:23.368096 np0000005666 devstack@g-api.service[103164]: DEBUG glance.api.middleware.version_negotiation [None req-6549bef8-733e-48e6-9060-1bb3da20740a tempest-ServerBootFromVolumeStableRescueTest-1181934728 tempest-ServerBootFromVolumeStableRescueTest-1181934728-project-member] Using url versioning {{(pid=103164) process_request /opt/stack/glance/glance/api/middleware/version_negotiation.py:57}}
Jul 22 22:37:23.368096 np0000005666 devstack@g-api.service[103164]: DEBUG glance.api.middleware.version_negotiation [None req-6549bef8-733e-48e6-9060-1bb3da20740a tempest-ServerBootFromVolumeStableRescueTest-1181934728 tempest-ServerBootFromVolumeStableRescueTest-1181934728-project-member] Matched version: v2 {{(pid=103164) process_request /opt/stack/glance/glance/api/middleware/version_negotiation.py:69}}
Jul 22 22:37:23.368441 np0000005666 devstack@g-api.service[103164]: DEBUG glance.api.middleware.version_negotiation [None req-6549bef8-733e-48e6-9060-1bb3da20740a tempest-ServerBootFromVolumeStableRescueTest-1181934728 tempest-ServerBootFromVolumeStableRescueTest-1181934728-project-member] new path /v2/images/2561d56e-efd0-4023-bc43-453dbe11f2d4 {{(pid=103164) process_request /opt/stack/glance/glance/api/middleware/version_negotiation.py:70}}
Jul 22 22:37:23.398344 np0000005666 devstack@g-api.service[103164]: [pid: 103164|app: 0|req: 19/75] 127.0.0.1 () {40 vars in 838 bytes} [Wed Jul 22 22:37:23 2026] GET /v2/images/2561d56e-efd0-4023-bc43-453dbe11f2d4 => generated 1360 bytes in 31 msecs (HTTP/1.1 200) 4 headers in 158 bytes (1 switches on core 0)
Jul 22 22:37:23.583018 np0000005666 devstack@g-api.service[103166]: DEBUG glance.api.middleware.version_negotiation [None req-ccd7bf2b-aecd-4782-8ce9-1b67575b598c tempest-TaggedBootDevicesTest_v242-1907660191 tempest-TaggedBootDevicesTest_v242-1907660191-project-member] Determining version of request: GET /v2/images/2561d56e-efd0-4023-bc43-453dbe11f2d4 Accept: */* {{(pid=103166) process_request /opt/stack/glance/glance/api/middleware/version_negotiation.py:44}}
Jul 22 22:37:23.583516 np0000005666 devstack@g-api.service[103166]: DEBUG glance.api.middleware.version_negotiation [None req-ccd7bf2b-aecd-4782-8ce9-1b67575b598c tempest-TaggedBootDevicesTest_v242-1907660191 tempest-TaggedBootDevicesTest_v242-1907660191-project-member] Using url versioning {{(pid=103166) process_request /opt/stack/glance/glance/api/middleware/version_negotiation.py:57}}
Jul 22 22:37:23.583516 np0000005666 devstack@g-api.service[103166]: DEBUG glance.api.middleware.version_negotiation [None req-ccd7bf2b-aecd-4782-8ce9-1b67575b598c tempest-TaggedBootDevicesTest_v242-1907660191 tempest-TaggedBootDevicesTest_v242-1907660191-project-member] Matched version: v2 {{(pid=103166) process_request /opt/stack/glance/glance/api/middleware/version_negotiation.py:69}}
Jul 22 22:37:23.583747 np0000005666 devstack@g-api.service[103166]: DEBUG glance.api.middleware.version_negotiation [None req-ccd7bf2b-aecd-4782-8ce9-1b67575b598c tempest-TaggedBootDevicesTest_v242-1907660191 tempest-TaggedBootDevicesTest_v242-1907660191-project-member] new path /v2/images/2561d56e-efd0-4023-bc43-453dbe11f2d4 {{(pid=103166) process_request /opt/stack/glance/glance/api/middleware/version_negotiation.py:70}}
Jul 22 22:37:23.602084 np0000005666 devstack@g-api.service[103166]: [pid: 103166|app: 0|req: 19/76] 127.0.0.1 () {44 vars in 1115 bytes} [Wed Jul 22 22:37:23 2026] GET /v2/images/2561d56e-efd0-4023-bc43-453dbe11f2d4 => generated 1360 bytes in 19 msecs (HTTP/1.1 200) 4 headers in 158 bytes (1 switches on core 0)
Jul 22 22:37:23.658325 np0000005666 devstack@g-api.service[103165]: DEBUG glance.api.middleware.version_negotiation [None req-d077fdd2-818d-47e9-96a5-6d9499b8af13 tempest-ServerBootFromVolumeStableRescueTest-1181934728 tempest-ServerBootFromVolumeStableRescueTest-1181934728-project-member] Determining version of request: GET /v2/schemas/image Accept: */* {{(pid=103165) process_request /opt/stack/glance/glance/api/middleware/version_negotiation.py:44}}
Jul 22 22:37:23.658325 np0000005666 devstack@g-api.service[103165]: DEBUG glance.api.middleware.version_negotiation [None req-d077fdd2-818d-47e9-96a5-6d9499b8af13 tempest-ServerBootFromVolumeStableRescueTest-1181934728 tempest-ServerBootFromVolumeStableRescueTest-1181934728-project-member] Using url versioning {{(pid=103165) process_request /opt/stack/glance/glance/api/middleware/version_negotiation.py:57}}
Jul 22 22:37:23.659201 np0000005666 devstack@g-api.service[103165]: DEBUG glance.api.middleware.version_negotiation [None req-d077fdd2-818d-47e9-96a5-6d9499b8af13 tempest-ServerBootFromVolumeStableRescueTest-1181934728 tempest-ServerBootFromVolumeStableRescueTest-1181934728-project-member] Matched version: v2 {{(pid=103165) process_request /opt/stack/glance/glance/api/middleware/version_negotiation.py:69}}
Jul 22 22:37:23.659351 np0000005666 devstack@g-api.service[103165]: DEBUG glance.api.middleware.version_negotiation [None req-d077fdd2-818d-47e9-96a5-6d9499b8af13 tempest-ServerBootFromVolumeStableRescueTest-1181934728 tempest-ServerBootFromVolumeStableRescueTest-1181934728-project-member] new path /v2/schemas/image {{(pid=103165) process_request /opt/stack/glance/glance/api/middleware/version_negotiation.py:70}}
Jul 22 22:37:23.664868 np0000005666 devstack@g-api.service[103165]: [pid: 103165|app: 0|req: 20/77] 127.0.0.1 () {44 vars in 1055 bytes} [Wed Jul 22 22:37:23 2026] GET /v2/schemas/image => generated 6083 bytes in 7 msecs (HTTP/1.1 200) 4 headers in 158 bytes (1 switches on core 0)
Jul 22 22:37:24.413098 np0000005666 devstack@g-api.service[103167]: DEBUG glance.api.middleware.version_negotiation [None req-d077fdd2-818d-47e9-96a5-6d9499b8af13 tempest-ServerBootFromVolumeStableRescueTest-1181934728 tempest-ServerBootFromVolumeStableRescueTest-1181934728-project-member] Determining version of request: GET /v2/images/2561d56e-efd0-4023-bc43-453dbe11f2d4 Accept: application/json {{(pid=103167) process_request /opt/stack/glance/glance/api/middleware/version_negotiation.py:44}}
Jul 22 22:37:24.413098 np0000005666 devstack@g-api.service[103167]: DEBUG glance.api.middleware.version_negotiation [None req-d077fdd2-818d-47e9-96a5-6d9499b8af13 tempest-ServerBootFromVolumeStableRescueTest-1181934728 tempest-ServerBootFromVolumeStableRescueTest-1181934728-project-member] Using url versioning {{(pid=103167) process_request /opt/stack/glance/glance/api/middleware/version_negotiation.py:57}}
Jul 22 22:37:24.413098 np0000005666 devstack@g-api.service[103167]: DEBUG glance.api.middleware.version_negotiation [None req-d077fdd2-818d-47e9-96a5-6d9499b8af13 tempest-ServerBootFromVolumeStableRescueTest-1181934728 tempest-ServerBootFromVolumeStableRescueTest-1181934728-project-member] Matched version: v2 {{(pid=103167) process_request /opt/stack/glance/glance/api/middleware/version_negotiation.py:69}}
Jul 22 22:37:24.413098 np0000005666 devstack@g-api.service[103167]: DEBUG glance.api.middleware.version_negotiation [None req-d077fdd2-818d-47e9-96a5-6d9499b8af13 tempest-ServerBootFromVolumeStableRescueTest-1181934728 tempest-ServerBootFromVolumeStableRescueTest-1181934728-project-member] new path /v2/images/2561d56e-efd0-4023-bc43-453dbe11f2d4 {{(pid=103167) process_request /opt/stack/glance/glance/api/middleware/version_negotiation.py:70}}
Jul 22 22:37:24.425764 np0000005666 devstack@g-api.service[103167]: [pid: 103167|app: 0|req: 20/78] 127.0.0.1 () {40 vars in 838 bytes} [Wed Jul 22 22:37:24 2026] GET /v2/images/2561d56e-efd0-4023-bc43-453dbe11f2d4 => generated 1360 bytes in 13 msecs (HTTP/1.1 200) 4 headers in 158 bytes (1 switches on core 0)
Jul 22 22:37:24.520285 np0000005666 devstack@g-api.service[103165]: DEBUG dbcounter [-] [103165] Writing DB stats glance:SELECT=2 {{(pid=103165) stat_writer /opt/stack/data/venv/lib/python3.12/site-packages/dbcounter.py:115}}
Jul 22 22:37:24.814086 np0000005666 devstack@g-api.service[103164]: DEBUG glance.api.middleware.version_negotiation [None req-a3dcf69b-9d8d-4ce2-a2d0-60c1bd8f464f tempest-ServerBootFromVolumeStableRescueTest-1181934728 tempest-ServerBootFromVolumeStableRescueTest-1181934728-project-member] Determining version of request: GET /v2/images/2561d56e-efd0-4023-bc43-453dbe11f2d4 Accept: */* {{(pid=103164) process_request /opt/stack/glance/glance/api/middleware/version_negotiation.py:44}}
Jul 22 22:37:24.814536 np0000005666 devstack@g-api.service[103164]: DEBUG glance.api.middleware.version_negotiation [None req-a3dcf69b-9d8d-4ce2-a2d0-60c1bd8f464f tempest-ServerBootFromVolumeStableRescueTest-1181934728 tempest-ServerBootFromVolumeStableRescueTest-1181934728-project-member] Using url versioning {{(pid=103164) process_request /opt/stack/glance/glance/api/middleware/version_negotiation.py:57}}
Jul 22 22:37:24.814536 np0000005666 devstack@g-api.service[103164]: DEBUG glance.api.middleware.version_negotiation [None req-a3dcf69b-9d8d-4ce2-a2d0-60c1bd8f464f tempest-ServerBootFromVolumeStableRescueTest-1181934728 tempest-ServerBootFromVolumeStableRescueTest-1181934728-project-member] Matched version: v2 {{(pid=103164) process_request /opt/stack/glance/glance/api/middleware/version_negotiation.py:69}}
Jul 22 22:37:24.814757 np0000005666 devstack@g-api.service[103164]: DEBUG glance.api.middleware.version_negotiation [None req-a3dcf69b-9d8d-4ce2-a2d0-60c1bd8f464f tempest-ServerBootFromVolumeStableRescueTest-1181934728 tempest-ServerBootFromVolumeStableRescueTest-1181934728-project-member] new path /v2/images/2561d56e-efd0-4023-bc43-453dbe11f2d4 {{(pid=103164) process_request /opt/stack/glance/glance/api/middleware/version_negotiation.py:70}}
Jul 22 22:37:24.828735 np0000005666 devstack@g-api.service[103164]: [pid: 103164|app: 0|req: 20/79] 127.0.0.1 () {44 vars in 1115 bytes} [Wed Jul 22 22:37:24 2026] GET /v2/images/2561d56e-efd0-4023-bc43-453dbe11f2d4 => generated 1360 bytes in 14 msecs (HTTP/1.1 200) 4 headers in 158 bytes (1 switches on core 0)
Jul 22 22:37:24.874163 np0000005666 devstack@g-api.service[103166]: DEBUG glance.api.middleware.version_negotiation [None req-d077fdd2-818d-47e9-96a5-6d9499b8af13 tempest-ServerBootFromVolumeStableRescueTest-1181934728 tempest-ServerBootFromVolumeStableRescueTest-1181934728-project-member] Determining version of request: GET /v2/schemas/image Accept: */* {{(pid=103166) process_request /opt/stack/glance/glance/api/middleware/version_negotiation.py:44}}
Jul 22 22:37:24.874758 np0000005666 devstack@g-api.service[103166]: DEBUG glance.api.middleware.version_negotiation [None req-d077fdd2-818d-47e9-96a5-6d9499b8af13 tempest-ServerBootFromVolumeStableRescueTest-1181934728 tempest-ServerBootFromVolumeStableRescueTest-1181934728-project-member] Using url versioning {{(pid=103166) process_request /opt/stack/glance/glance/api/middleware/version_negotiation.py:57}}
Jul 22 22:37:24.874758 np0000005666 devstack@g-api.service[103166]: DEBUG glance.api.middleware.version_negotiation [None req-d077fdd2-818d-47e9-96a5-6d9499b8af13 tempest-ServerBootFromVolumeStableRescueTest-1181934728 tempest-ServerBootFromVolumeStableRescueTest-1181934728-project-member] Matched version: v2 {{(pid=103166) process_request /opt/stack/glance/glance/api/middleware/version_negotiation.py:69}}
Jul 22 22:37:24.874758 np0000005666 devstack@g-api.service[103166]: DEBUG glance.api.middleware.version_negotiation [None req-d077fdd2-818d-47e9-96a5-6d9499b8af13 tempest-ServerBootFromVolumeStableRescueTest-1181934728 tempest-ServerBootFromVolumeStableRescueTest-1181934728-project-member] new path /v2/schemas/image {{(pid=103166) process_request /opt/stack/glance/glance/api/middleware/version_negotiation.py:70}}
Jul 22 22:37:24.879829 np0000005666 devstack@g-api.service[103166]: [pid: 103166|app: 0|req: 20/80] 127.0.0.1 () {44 vars in 1055 bytes} [Wed Jul 22 22:37:24 2026] GET /v2/schemas/image => generated 6083 bytes in 7 msecs (HTTP/1.1 200) 4 headers in 158 bytes (1 switches on core 0)
Jul 22 22:37:24.927474 np0000005666 devstack@g-api.service[103165]: DEBUG glance.api.middleware.version_negotiation [None req-d077fdd2-818d-47e9-96a5-6d9499b8af13 tempest-ServerBootFromVolumeStableRescueTest-1181934728 tempest-ServerBootFromVolumeStableRescueTest-1181934728-project-member] Determining version of request: GET /v2/schemas/image Accept: */* {{(pid=103165) process_request /opt/stack/glance/glance/api/middleware/version_negotiation.py:44}}
Jul 22 22:37:24.928211 np0000005666 devstack@g-api.service[103165]: DEBUG glance.api.middleware.version_negotiation [None req-d077fdd2-818d-47e9-96a5-6d9499b8af13 tempest-ServerBootFromVolumeStableRescueTest-1181934728 tempest-ServerBootFromVolumeStableRescueTest-1181934728-project-member] Using url versioning {{(pid=103165) process_request /opt/stack/glance/glance/api/middleware/version_negotiation.py:57}}
Jul 22 22:37:24.928211 np0000005666 devstack@g-api.service[103165]: DEBUG glance.api.middleware.version_negotiation [None req-d077fdd2-818d-47e9-96a5-6d9499b8af13 tempest-ServerBootFromVolumeStableRescueTest-1181934728 tempest-ServerBootFromVolumeStableRescueTest-1181934728-project-member] Matched version: v2 {{(pid=103165) process_request /opt/stack/glance/glance/api/middleware/version_negotiation.py:69}}
Jul 22 22:37:24.928211 np0000005666 devstack@g-api.service[103165]: DEBUG glance.api.middleware.version_negotiation [None req-d077fdd2-818d-47e9-96a5-6d9499b8af13 tempest-ServerBootFromVolumeStableRescueTest-1181934728 tempest-ServerBootFromVolumeStableRescueTest-1181934728-project-member] new path /v2/schemas/image {{(pid=103165) process_request /opt/stack/glance/glance/api/middleware/version_negotiation.py:70}}
Jul 22 22:37:24.931499 np0000005666 devstack@g-api.service[103165]: [pid: 103165|app: 0|req: 21/81] 127.0.0.1 () {44 vars in 1055 bytes} [Wed Jul 22 22:37:24 2026] GET /v2/schemas/image => generated 6083 bytes in 4 msecs (HTTP/1.1 200) 4 headers in 158 bytes (1 switches on core 0)
Jul 22 22:37:24.988860 np0000005666 devstack@g-api.service[103167]: DEBUG glance.api.middleware.version_negotiation [None req-503b03f7-f283-4289-a19d-a4ef1660a57e tempest-ServerBootFromVolumeStableRescueTest-1181934728 tempest-ServerBootFromVolumeStableRescueTest-1181934728-project-member] Determining version of request: PATCH /v2/images/2561d56e-efd0-4023-bc43-453dbe11f2d4 Accept: */* {{(pid=103167) process_request /opt/stack/glance/glance/api/middleware/version_negotiation.py:44}}
Jul 22 22:37:24.989659 np0000005666 devstack@g-api.service[103167]: DEBUG glance.api.middleware.version_negotiation [None req-503b03f7-f283-4289-a19d-a4ef1660a57e tempest-ServerBootFromVolumeStableRescueTest-1181934728 tempest-ServerBootFromVolumeStableRescueTest-1181934728-project-member] Using url versioning {{(pid=103167) process_request /opt/stack/glance/glance/api/middleware/version_negotiation.py:57}}
Jul 22 22:37:24.989659 np0000005666 devstack@g-api.service[103167]: DEBUG glance.api.middleware.version_negotiation [None req-503b03f7-f283-4289-a19d-a4ef1660a57e tempest-ServerBootFromVolumeStableRescueTest-1181934728 tempest-ServerBootFromVolumeStableRescueTest-1181934728-project-member] Matched version: v2 {{(pid=103167) process_request /opt/stack/glance/glance/api/middleware/version_negotiation.py:69}}
Jul 22 22:37:24.989659 np0000005666 devstack@g-api.service[103167]: DEBUG glance.api.middleware.version_negotiation [None req-503b03f7-f283-4289-a19d-a4ef1660a57e tempest-ServerBootFromVolumeStableRescueTest-1181934728 tempest-ServerBootFromVolumeStableRescueTest-1181934728-project-member] new path /v2/images/2561d56e-efd0-4023-bc43-453dbe11f2d4 {{(pid=103167) process_request /opt/stack/glance/glance/api/middleware/version_negotiation.py:70}}
Jul 22 22:37:25.212095 np0000005666 devstack@g-api.service[103167]: [pid: 103167|app: 0|req: 21/82] 127.0.0.1 () {46 vars in 1158 bytes} [Wed Jul 22 22:37:24 2026] PATCH /v2/images/2561d56e-efd0-4023-bc43-453dbe11f2d4 => generated 1471 bytes in 224 msecs (HTTP/1.1 200) 4 headers in 158 bytes (1 switches on core 0)
Jul 22 22:37:25.271475 np0000005666 devstack@g-api.service[103164]: DEBUG glance.api.middleware.version_negotiation [None req-d077fdd2-818d-47e9-96a5-6d9499b8af13 tempest-ServerBootFromVolumeStableRescueTest-1181934728 tempest-ServerBootFromVolumeStableRescueTest-1181934728-project-member] Determining version of request: GET /v2/images/2561d56e-efd0-4023-bc43-453dbe11f2d4 Accept: */* {{(pid=103164) process_request /opt/stack/glance/glance/api/middleware/version_negotiation.py:44}}
Jul 22 22:37:25.271475 np0000005666 devstack@g-api.service[103164]: DEBUG glance.api.middleware.version_negotiation [None req-d077fdd2-818d-47e9-96a5-6d9499b8af13 tempest-ServerBootFromVolumeStableRescueTest-1181934728 tempest-ServerBootFromVolumeStableRescueTest-1181934728-project-member] Using url versioning {{(pid=103164) process_request /opt/stack/glance/glance/api/middleware/version_negotiation.py:57}}
Jul 22 22:37:25.271475 np0000005666 devstack@g-api.service[103164]: DEBUG glance.api.middleware.version_negotiation [None req-d077fdd2-818d-47e9-96a5-6d9499b8af13 tempest-ServerBootFromVolumeStableRescueTest-1181934728 tempest-ServerBootFromVolumeStableRescueTest-1181934728-project-member] Matched version: v2 {{(pid=103164) process_request /opt/stack/glance/glance/api/middleware/version_negotiation.py:69}}
Jul 22 22:37:25.271475 np0000005666 devstack@g-api.service[103164]: DEBUG glance.api.middleware.version_negotiation [None req-d077fdd2-818d-47e9-96a5-6d9499b8af13 tempest-ServerBootFromVolumeStableRescueTest-1181934728 tempest-ServerBootFromVolumeStableRescueTest-1181934728-project-member] new path /v2/images/2561d56e-efd0-4023-bc43-453dbe11f2d4 {{(pid=103164) process_request /opt/stack/glance/glance/api/middleware/version_negotiation.py:70}}
Jul 22 22:37:25.292098 np0000005666 devstack@g-api.service[103164]: [pid: 103164|app: 0|req: 21/83] 127.0.0.1 () {44 vars in 1115 bytes} [Wed Jul 22 22:37:25 2026] GET /v2/images/2561d56e-efd0-4023-bc43-453dbe11f2d4 => generated 1471 bytes in 23 msecs (HTTP/1.1 200) 4 headers in 158 bytes (1 switches on core 0)
Jul 22 22:37:25.347064 np0000005666 devstack@g-api.service[103166]: DEBUG glance.api.middleware.version_negotiation [None req-d077fdd2-818d-47e9-96a5-6d9499b8af13 tempest-ServerBootFromVolumeStableRescueTest-1181934728 tempest-ServerBootFromVolumeStableRescueTest-1181934728-project-member] Determining version of request: PUT /v2/images/2561d56e-efd0-4023-bc43-453dbe11f2d4/file Accept: */* {{(pid=103166) process_request /opt/stack/glance/glance/api/middleware/version_negotiation.py:44}}
Jul 22 22:37:25.347344 np0000005666 devstack@g-api.service[103166]: DEBUG glance.api.middleware.version_negotiation [None req-d077fdd2-818d-47e9-96a5-6d9499b8af13 tempest-ServerBootFromVolumeStableRescueTest-1181934728 tempest-ServerBootFromVolumeStableRescueTest-1181934728-project-member] Using url versioning {{(pid=103166) process_request /opt/stack/glance/glance/api/middleware/version_negotiation.py:57}}
Jul 22 22:37:25.347587 np0000005666 devstack@g-api.service[103166]: DEBUG glance.api.middleware.version_negotiation [None req-d077fdd2-818d-47e9-96a5-6d9499b8af13 tempest-ServerBootFromVolumeStableRescueTest-1181934728 tempest-ServerBootFromVolumeStableRescueTest-1181934728-project-member] Matched version: v2 {{(pid=103166) process_request /opt/stack/glance/glance/api/middleware/version_negotiation.py:69}}
Jul 22 22:37:25.347659 np0000005666 devstack@g-api.service[103166]: DEBUG glance.api.middleware.version_negotiation [None req-d077fdd2-818d-47e9-96a5-6d9499b8af13 tempest-ServerBootFromVolumeStableRescueTest-1181934728 tempest-ServerBootFromVolumeStableRescueTest-1181934728-project-member] new path /v2/images/2561d56e-efd0-4023-bc43-453dbe11f2d4/file {{(pid=103166) process_request /opt/stack/glance/glance/api/middleware/version_negotiation.py:70}}
Jul 22 22:37:25.435329 np0000005666 devstack@g-api.service[103165]: DEBUG glance.api.middleware.version_negotiation [None req-d077fdd2-818d-47e9-96a5-6d9499b8af13 tempest-ServerBootFromVolumeStableRescueTest-1181934728 tempest-ServerBootFromVolumeStableRescueTest-1181934728-project-member] Determining version of request: GET /v2/images/2561d56e-efd0-4023-bc43-453dbe11f2d4 Accept: application/json {{(pid=103165) process_request /opt/stack/glance/glance/api/middleware/version_negotiation.py:44}}
Jul 22 22:37:25.435551 np0000005666 devstack@g-api.service[103165]: DEBUG glance.api.middleware.version_negotiation [None req-d077fdd2-818d-47e9-96a5-6d9499b8af13 tempest-ServerBootFromVolumeStableRescueTest-1181934728 tempest-ServerBootFromVolumeStableRescueTest-1181934728-project-member] Using url versioning {{(pid=103165) process_request /opt/stack/glance/glance/api/middleware/version_negotiation.py:57}}
Jul 22 22:37:25.435720 np0000005666 devstack@g-api.service[103165]: DEBUG glance.api.middleware.version_negotiation [None req-d077fdd2-818d-47e9-96a5-6d9499b8af13 tempest-ServerBootFromVolumeStableRescueTest-1181934728 tempest-ServerBootFromVolumeStableRescueTest-1181934728-project-member] Matched version: v2 {{(pid=103165) process_request /opt/stack/glance/glance/api/middleware/version_negotiation.py:69}}
Jul 22 22:37:25.435889 np0000005666 devstack@g-api.service[103165]: DEBUG glance.api.middleware.version_negotiation [None req-d077fdd2-818d-47e9-96a5-6d9499b8af13 tempest-ServerBootFromVolumeStableRescueTest-1181934728 tempest-ServerBootFromVolumeStableRescueTest-1181934728-project-member] new path /v2/images/2561d56e-efd0-4023-bc43-453dbe11f2d4 {{(pid=103165) process_request /opt/stack/glance/glance/api/middleware/version_negotiation.py:70}}
Jul 22 22:37:25.447577 np0000005666 devstack@g-api.service[103165]: [pid: 103165|app: 0|req: 22/84] 127.0.0.1 () {40 vars in 838 bytes} [Wed Jul 22 22:37:25 2026] GET /v2/images/2561d56e-efd0-4023-bc43-453dbe11f2d4 => generated 1471 bytes in 12 msecs (HTTP/1.1 200) 4 headers in 158 bytes (1 switches on core 0)
Jul 22 22:37:26.362211 np0000005666 devstack@g-api.service[103166]: INFO glance.api.v2.image_data [None req-d077fdd2-818d-47e9-96a5-6d9499b8af13 tempest-ServerBootFromVolumeStableRescueTest-1181934728 tempest-ServerBootFromVolumeStableRescueTest-1181934728-project-member] Unable to create trust: no such option collect_timing in group [keystone_authtoken] Use the existing user token.
Jul 22 22:37:26.458135 np0000005666 devstack@g-api.service[103167]: DEBUG glance.api.middleware.version_negotiation [None req-d077fdd2-818d-47e9-96a5-6d9499b8af13 tempest-ServerBootFromVolumeStableRescueTest-1181934728 tempest-ServerBootFromVolumeStableRescueTest-1181934728-project-member] Determining version of request: GET /v2/images/2561d56e-efd0-4023-bc43-453dbe11f2d4 Accept: application/json {{(pid=103167) process_request /opt/stack/glance/glance/api/middleware/version_negotiation.py:44}}
Jul 22 22:37:26.459584 np0000005666 devstack@g-api.service[103167]: DEBUG glance.api.middleware.version_negotiation [None req-d077fdd2-818d-47e9-96a5-6d9499b8af13 tempest-ServerBootFromVolumeStableRescueTest-1181934728 tempest-ServerBootFromVolumeStableRescueTest-1181934728-project-member] Using url versioning {{(pid=103167) process_request /opt/stack/glance/glance/api/middleware/version_negotiation.py:57}}
Jul 22 22:37:26.459584 np0000005666 devstack@g-api.service[103167]: DEBUG glance.api.middleware.version_negotiation [None req-d077fdd2-818d-47e9-96a5-6d9499b8af13 tempest-ServerBootFromVolumeStableRescueTest-1181934728 tempest-ServerBootFromVolumeStableRescueTest-1181934728-project-member] Matched version: v2 {{(pid=103167) process_request /opt/stack/glance/glance/api/middleware/version_negotiation.py:69}}
Jul 22 22:37:26.459584 np0000005666 devstack@g-api.service[103167]: DEBUG glance.api.middleware.version_negotiation [None req-d077fdd2-818d-47e9-96a5-6d9499b8af13 tempest-ServerBootFromVolumeStableRescueTest-1181934728 tempest-ServerBootFromVolumeStableRescueTest-1181934728-project-member] new path /v2/images/2561d56e-efd0-4023-bc43-453dbe11f2d4 {{(pid=103167) process_request /opt/stack/glance/glance/api/middleware/version_negotiation.py:70}}
Jul 22 22:37:26.471752 np0000005666 devstack@g-api.service[103167]: [pid: 103167|app: 0|req: 22/85] 127.0.0.1 () {40 vars in 838 bytes} [Wed Jul 22 22:37:26 2026] GET /v2/images/2561d56e-efd0-4023-bc43-453dbe11f2d4 => generated 1471 bytes in 14 msecs (HTTP/1.1 200) 4 headers in 158 bytes (1 switches on core 0)
Jul 22 22:37:27.112427 np0000005666 devstack@g-api.service[103164]: DEBUG glance.api.middleware.version_negotiation [None req-d077fdd2-818d-47e9-96a5-6d9499b8af13 tempest-ServerBootFromVolumeStableRescueTest-1181934728 tempest-ServerBootFromVolumeStableRescueTest-1181934728-project-member] Determining version of request: GET /v2/schemas/image Accept: */* {{(pid=103164) process_request /opt/stack/glance/glance/api/middleware/version_negotiation.py:44}}
Jul 22 22:37:27.112843 np0000005666 devstack@g-api.service[103164]: DEBUG glance.api.middleware.version_negotiation [None req-d077fdd2-818d-47e9-96a5-6d9499b8af13 tempest-ServerBootFromVolumeStableRescueTest-1181934728 tempest-ServerBootFromVolumeStableRescueTest-1181934728-project-member] Using url versioning {{(pid=103164) process_request /opt/stack/glance/glance/api/middleware/version_negotiation.py:57}}
Jul 22 22:37:27.112843 np0000005666 devstack@g-api.service[103164]: DEBUG glance.api.middleware.version_negotiation [None req-d077fdd2-818d-47e9-96a5-6d9499b8af13 tempest-ServerBootFromVolumeStableRescueTest-1181934728 tempest-ServerBootFromVolumeStableRescueTest-1181934728-project-member] Matched version: v2 {{(pid=103164) process_request /opt/stack/glance/glance/api/middleware/version_negotiation.py:69}}
Jul 22 22:37:27.116112 np0000005666 devstack@g-api.service[103164]: DEBUG glance.api.middleware.version_negotiation [None req-d077fdd2-818d-47e9-96a5-6d9499b8af13 tempest-ServerBootFromVolumeStableRescueTest-1181934728 tempest-ServerBootFromVolumeStableRescueTest-1181934728-project-member] new path /v2/schemas/image {{(pid=103164) process_request /opt/stack/glance/glance/api/middleware/version_negotiation.py:70}}
Jul 22 22:37:27.120640 np0000005666 devstack@g-api.service[103164]: [pid: 103164|app: 0|req: 22/86] 127.0.0.1 () {44 vars in 1055 bytes} [Wed Jul 22 22:37:27 2026] GET /v2/schemas/image => generated 6083 bytes in 8 msecs (HTTP/1.1 200) 4 headers in 158 bytes (1 switches on core 0)
Jul 22 22:37:27.179647 np0000005666 devstack@g-api.service[103165]: DEBUG glance.api.middleware.version_negotiation [None req-14a3c7e5-25af-4f81-8509-903ccca0c621 tempest-ServerBootFromVolumeStableRescueTest-1181934728 tempest-ServerBootFromVolumeStableRescueTest-1181934728-project-member] Determining version of request: POST /v2/images Accept: */* {{(pid=103165) process_request /opt/stack/glance/glance/api/middleware/version_negotiation.py:44}}
Jul 22 22:37:27.180337 np0000005666 devstack@g-api.service[103165]: DEBUG glance.api.middleware.version_negotiation [None req-14a3c7e5-25af-4f81-8509-903ccca0c621 tempest-ServerBootFromVolumeStableRescueTest-1181934728 tempest-ServerBootFromVolumeStableRescueTest-1181934728-project-member] Using url versioning {{(pid=103165) process_request /opt/stack/glance/glance/api/middleware/version_negotiation.py:57}}
Jul 22 22:37:27.184225 np0000005666 devstack@g-api.service[103165]: DEBUG glance.api.middleware.version_negotiation [None req-14a3c7e5-25af-4f81-8509-903ccca0c621 tempest-ServerBootFromVolumeStableRescueTest-1181934728 tempest-ServerBootFromVolumeStableRescueTest-1181934728-project-member] Matched version: v2 {{(pid=103165) process_request /opt/stack/glance/glance/api/middleware/version_negotiation.py:69}}
Jul 22 22:37:27.184376 np0000005666 devstack@g-api.service[103165]: DEBUG glance.api.middleware.version_negotiation [None req-14a3c7e5-25af-4f81-8509-903ccca0c621 tempest-ServerBootFromVolumeStableRescueTest-1181934728 tempest-ServerBootFromVolumeStableRescueTest-1181934728-project-member] new path /v2/images {{(pid=103165) process_request /opt/stack/glance/glance/api/middleware/version_negotiation.py:70}}
Jul 22 22:37:27.200636 np0000005666 devstack@g-api.service[103166]: DEBUG glance.location [None req-d077fdd2-818d-47e9-96a5-6d9499b8af13 tempest-ServerBootFromVolumeStableRescueTest-1181934728 tempest-ServerBootFromVolumeStableRescueTest-1181934728-project-member] Enabling in-flight format inspection for qcow2 {{(pid=103166) set_data /opt/stack/glance/glance/location.py:596}}
Jul 22 22:37:27.201159 np0000005666 devstack@g-api.service[103166]: DEBUG glance_store.backend [None req-d077fdd2-818d-47e9-96a5-6d9499b8af13 tempest-ServerBootFromVolumeStableRescueTest-1181934728 tempest-ServerBootFromVolumeStableRescueTest-1181934728-project-member] Attempting to import store swift {{(pid=103166) _load_store /opt/stack/data/venv/lib/python3.12/site-packages/glance_store/backend.py:215}}
Jul 22 22:37:27.202863 np0000005666 devstack@g-api.service[103166]: DEBUG glance_store.capabilities [None req-d077fdd2-818d-47e9-96a5-6d9499b8af13 tempest-ServerBootFromVolumeStableRescueTest-1181934728 tempest-ServerBootFromVolumeStableRescueTest-1181934728-project-member] Store glance_store._drivers.swift.store.SingleTenantStore doesn't support updating dynamic storage capabilities. Please overwrite 'update_capabilities' method of the store to implement updating logics if needed. {{(pid=103166) update_capabilities /opt/stack/data/venv/lib/python3.12/site-packages/glance_store/capabilities.py:91}}
Jul 22 22:37:27.203046 np0000005666 devstack@g-api.service[103166]: DEBUG glance_store.driver [None req-d077fdd2-818d-47e9-96a5-6d9499b8af13 tempest-ServerBootFromVolumeStableRescueTest-1181934728 tempest-ServerBootFromVolumeStableRescueTest-1181934728-project-member] Late loading location class glance_store._drivers.swift.store.StoreLocation {{(pid=103166) get_store_location_class /opt/stack/data/venv/lib/python3.12/site-packages/glance_store/driver.py:134}}
Jul 22 22:37:27.203208 np0000005666 devstack@g-api.service[103166]: DEBUG glance_store.location [None req-d077fdd2-818d-47e9-96a5-6d9499b8af13 tempest-ServerBootFromVolumeStableRescueTest-1181934728 tempest-ServerBootFromVolumeStableRescueTest-1181934728-project-member] Registering scheme swift+https with {'store': , 'location_class': , 'store_entry': 'swift'} {{(pid=103166) register_scheme_map /opt/stack/data/venv/lib/python3.12/site-packages/glance_store/location.py:146}}
Jul 22 22:37:27.203296 np0000005666 devstack@g-api.service[103166]: DEBUG glance_store.location [None req-d077fdd2-818d-47e9-96a5-6d9499b8af13 tempest-ServerBootFromVolumeStableRescueTest-1181934728 tempest-ServerBootFromVolumeStableRescueTest-1181934728-project-member] Registering scheme swift+https with {'store': , 'location_class': , 'store_entry': 'swift'} {{(pid=103166) register_scheme_map /opt/stack/data/venv/lib/python3.12/site-packages/glance_store/location.py:146}}
Jul 22 22:37:27.203465 np0000005666 devstack@g-api.service[103166]: DEBUG glance_store.location [None req-d077fdd2-818d-47e9-96a5-6d9499b8af13 tempest-ServerBootFromVolumeStableRescueTest-1181934728 tempest-ServerBootFromVolumeStableRescueTest-1181934728-project-member] Registering scheme swift with {'store': , 'location_class': , 'store_entry': 'swift'} {{(pid=103166) register_scheme_map /opt/stack/data/venv/lib/python3.12/site-packages/glance_store/location.py:146}}
Jul 22 22:37:27.203556 np0000005666 devstack@g-api.service[103166]: DEBUG glance_store.location [None req-d077fdd2-818d-47e9-96a5-6d9499b8af13 tempest-ServerBootFromVolumeStableRescueTest-1181934728 tempest-ServerBootFromVolumeStableRescueTest-1181934728-project-member] Registering scheme swift+https with {'store': , 'location_class': , 'store_entry': 'swift'} {{(pid=103166) register_scheme_map /opt/stack/data/venv/lib/python3.12/site-packages/glance_store/location.py:146}}
Jul 22 22:37:27.203637 np0000005666 devstack@g-api.service[103166]: DEBUG glance_store.location [None req-d077fdd2-818d-47e9-96a5-6d9499b8af13 tempest-ServerBootFromVolumeStableRescueTest-1181934728 tempest-ServerBootFromVolumeStableRescueTest-1181934728-project-member] Registering scheme swift with {'store': , 'location_class': , 'store_entry': 'swift'} {{(pid=103166) register_scheme_map /opt/stack/data/venv/lib/python3.12/site-packages/glance_store/location.py:146}}
Jul 22 22:37:27.203811 np0000005666 devstack@g-api.service[103166]: DEBUG glance_store.location [None req-d077fdd2-818d-47e9-96a5-6d9499b8af13 tempest-ServerBootFromVolumeStableRescueTest-1181934728 tempest-ServerBootFromVolumeStableRescueTest-1181934728-project-member] Registering scheme swift+http with {'store': , 'location_class': , 'store_entry': 'swift'} {{(pid=103166) register_scheme_map /opt/stack/data/venv/lib/python3.12/site-packages/glance_store/location.py:146}}
Jul 22 22:37:27.203923 np0000005666 devstack@g-api.service[103166]: DEBUG glance_store.location [None req-d077fdd2-818d-47e9-96a5-6d9499b8af13 tempest-ServerBootFromVolumeStableRescueTest-1181934728 tempest-ServerBootFromVolumeStableRescueTest-1181934728-project-member] Registering scheme swift+https with {'store': , 'location_class': , 'store_entry': 'swift'} {{(pid=103166) register_scheme_map /opt/stack/data/venv/lib/python3.12/site-packages/glance_store/location.py:146}}
Jul 22 22:37:27.204070 np0000005666 devstack@g-api.service[103166]: DEBUG glance_store.location [None req-d077fdd2-818d-47e9-96a5-6d9499b8af13 tempest-ServerBootFromVolumeStableRescueTest-1181934728 tempest-ServerBootFromVolumeStableRescueTest-1181934728-project-member] Registering scheme swift with {'store': , 'location_class': , 'store_entry': 'swift'} {{(pid=103166) register_scheme_map /opt/stack/data/venv/lib/python3.12/site-packages/glance_store/location.py:146}}
Jul 22 22:37:27.204206 np0000005666 devstack@g-api.service[103166]: DEBUG glance_store.location [None req-d077fdd2-818d-47e9-96a5-6d9499b8af13 tempest-ServerBootFromVolumeStableRescueTest-1181934728 tempest-ServerBootFromVolumeStableRescueTest-1181934728-project-member] Registering scheme swift+http with {'store': , 'location_class': , 'store_entry': 'swift'} {{(pid=103166) register_scheme_map /opt/stack/data/venv/lib/python3.12/site-packages/glance_store/location.py:146}}
Jul 22 22:37:27.204338 np0000005666 devstack@g-api.service[103166]: DEBUG glance_store.location [None req-d077fdd2-818d-47e9-96a5-6d9499b8af13 tempest-ServerBootFromVolumeStableRescueTest-1181934728 tempest-ServerBootFromVolumeStableRescueTest-1181934728-project-member] Registering scheme swift+config with {'store': , 'location_class': , 'store_entry': 'swift'} {{(pid=103166) register_scheme_map /opt/stack/data/venv/lib/python3.12/site-packages/glance_store/location.py:146}}
Jul 22 22:37:27.484352 np0000005666 devstack@g-api.service[103167]: DEBUG glance.api.middleware.version_negotiation [None req-18863f97-f7cd-4379-920f-cebe6ed28278 tempest-ServerBootFromVolumeStableRescueTest-1181934728 tempest-ServerBootFromVolumeStableRescueTest-1181934728-project-member] Determining version of request: GET /v2/images/2561d56e-efd0-4023-bc43-453dbe11f2d4 Accept: application/json {{(pid=103167) process_request /opt/stack/glance/glance/api/middleware/version_negotiation.py:44}}
Jul 22 22:37:27.484929 np0000005666 devstack@g-api.service[103167]: DEBUG glance.api.middleware.version_negotiation [None req-18863f97-f7cd-4379-920f-cebe6ed28278 tempest-ServerBootFromVolumeStableRescueTest-1181934728 tempest-ServerBootFromVolumeStableRescueTest-1181934728-project-member] Using url versioning {{(pid=103167) process_request /opt/stack/glance/glance/api/middleware/version_negotiation.py:57}}
Jul 22 22:37:27.484929 np0000005666 devstack@g-api.service[103167]: DEBUG glance.api.middleware.version_negotiation [None req-18863f97-f7cd-4379-920f-cebe6ed28278 tempest-ServerBootFromVolumeStableRescueTest-1181934728 tempest-ServerBootFromVolumeStableRescueTest-1181934728-project-member] Matched version: v2 {{(pid=103167) process_request /opt/stack/glance/glance/api/middleware/version_negotiation.py:69}}
Jul 22 22:37:27.484929 np0000005666 devstack@g-api.service[103167]: DEBUG glance.api.middleware.version_negotiation [None req-18863f97-f7cd-4379-920f-cebe6ed28278 tempest-ServerBootFromVolumeStableRescueTest-1181934728 tempest-ServerBootFromVolumeStableRescueTest-1181934728-project-member] new path /v2/images/2561d56e-efd0-4023-bc43-453dbe11f2d4 {{(pid=103167) process_request /opt/stack/glance/glance/api/middleware/version_negotiation.py:70}}
Jul 22 22:37:27.498117 np0000005666 devstack@g-api.service[103167]: [pid: 103167|app: 0|req: 23/87] 127.0.0.1 () {40 vars in 838 bytes} [Wed Jul 22 22:37:27 2026] GET /v2/images/2561d56e-efd0-4023-bc43-453dbe11f2d4 => generated 1471 bytes in 14 msecs (HTTP/1.1 200) 4 headers in 158 bytes (1 switches on core 0)
Jul 22 22:37:27.771958 np0000005666 devstack@g-api.service[103166]: DEBUG swiftclient [None req-d077fdd2-818d-47e9-96a5-6d9499b8af13 tempest-ServerBootFromVolumeStableRescueTest-1181934728 tempest-ServerBootFromVolumeStableRescueTest-1181934728-project-member] REQ: curl -i https://10.4.3.109:8080/v1/AUTH_09f15889a81a4298b34b18845eeae07d/glance -I -H "X-Auth-Token: gAAAAABqYUYnbjG2..." {{(pid=103166) http_log /opt/stack/data/venv/lib/python3.12/site-packages/swiftclient/client.py:160}}
Jul 22 22:37:27.772411 np0000005666 devstack@g-api.service[103166]: DEBUG swiftclient [None req-d077fdd2-818d-47e9-96a5-6d9499b8af13 tempest-ServerBootFromVolumeStableRescueTest-1181934728 tempest-ServerBootFromVolumeStableRescueTest-1181934728-project-member] RESP STATUS: 204 No Content {{(pid=103166) http_log /opt/stack/data/venv/lib/python3.12/site-packages/swiftclient/client.py:161}}
Jul 22 22:37:27.772411 np0000005666 devstack@g-api.service[103166]: DEBUG swiftclient [None req-d077fdd2-818d-47e9-96a5-6d9499b8af13 tempest-ServerBootFromVolumeStableRescueTest-1181934728 tempest-ServerBootFromVolumeStableRescueTest-1181934728-project-member] RESP HEADERS: {'Date': 'Wed, 22 Jul 2026 22:37:27 GMT', 'Server': 'Apache/2.4.58 (Ubuntu)', 'Content-Type': 'text/plain; charset=utf-8', 'X-Container-Object-Count': '5', 'X-Container-Bytes-Used': '86048768', 'X-Timestamp': '1784759675.49336', 'Last-Modified': 'Wed, 22 Jul 2026 22:34:36 GMT', 'Accept-Ranges': 'bytes', 'X-Storage-Policy': 'Policy-0', 'X-Container-Sharding': 'False', 'Vary': 'Accept', 'X-Trans-Id': 'tx6eb4ec383ffa44a09a36c-006a614627', 'X-Openstack-Request-Id': 'tx6eb4ec383ffa44a09a36c-006a614627', 'Connection': 'close'} {{(pid=103166) http_log /opt/stack/data/venv/lib/python3.12/site-packages/swiftclient/client.py:162}}
Jul 22 22:37:27.772614 np0000005666 devstack@g-api.service[103166]: DEBUG glance_store._drivers.swift.store [None req-d077fdd2-818d-47e9-96a5-6d9499b8af13 tempest-ServerBootFromVolumeStableRescueTest-1181934728 tempest-ServerBootFromVolumeStableRescueTest-1181934728-project-member] Adding image object '2561d56e-efd0-4023-bc43-453dbe11f2d4' to Swift {{(pid=103166) add /opt/stack/data/venv/lib/python3.12/site-packages/glance_store/_drivers/swift/store.py:970}}
Jul 22 22:37:27.773701 np0000005666 devstack@g-api.service[103166]: DEBUG glance_store._drivers.swift.store [None req-d077fdd2-818d-47e9-96a5-6d9499b8af13 tempest-ServerBootFromVolumeStableRescueTest-1181934728 tempest-ServerBootFromVolumeStableRescueTest-1181934728-project-member] Cannot determine image size because it is either not provided in the request or chunked-transfer encoding is used. Adding image as a segmented object to Swift. {{(pid=103166) add /opt/stack/data/venv/lib/python3.12/site-packages/glance_store/_drivers/swift/store.py:994}}
Jul 22 22:37:27.780802 np0000005666 devstack@g-api.service[103166]: DEBUG oslo_utils.imageutils.format_inspector [None req-d077fdd2-818d-47e9-96a5-6d9499b8af13 tempest-ServerBootFromVolumeStableRescueTest-1181934728 tempest-ServerBootFromVolumeStableRescueTest-1181934728-project-member] Format inspector for vmdk does not match, excluding from consideration (Signature KDMV not found: b'QFI\xfb') {{(pid=103166) _process_chunk /opt/stack/data/venv/lib/python3.12/site-packages/oslo_utils/imageutils/format_inspector.py:1758}}
Jul 22 22:37:27.783719 np0000005666 devstack@g-api.service[103166]: DEBUG oslo_utils.imageutils.format_inspector [None req-d077fdd2-818d-47e9-96a5-6d9499b8af13 tempest-ServerBootFromVolumeStableRescueTest-1181934728 tempest-ServerBootFromVolumeStableRescueTest-1181934728-project-member] Format inspector for vhdx does not match, excluding from consideration (Region signature not found at 30000) {{(pid=103166) _process_chunk /opt/stack/data/venv/lib/python3.12/site-packages/oslo_utils/imageutils/format_inspector.py:1758}}
Jul 22 22:37:28.015997 np0000005666 devstack@g-api.service[103166]: DEBUG swiftclient [None req-d077fdd2-818d-47e9-96a5-6d9499b8af13 tempest-ServerBootFromVolumeStableRescueTest-1181934728 tempest-ServerBootFromVolumeStableRescueTest-1181934728-project-member] REQ: curl -i https://10.4.3.109:8080/v1/AUTH_09f15889a81a4298b34b18845eeae07d/glance/2561d56e-efd0-4023-bc43-453dbe11f2d4-00001 -X PUT -H "X-Auth-Token: gAAAAABqYUYnbjG2..." {{(pid=103166) http_log /opt/stack/data/venv/lib/python3.12/site-packages/swiftclient/client.py:160}}
Jul 22 22:37:28.016205 np0000005666 devstack@g-api.service[103166]: DEBUG swiftclient [None req-d077fdd2-818d-47e9-96a5-6d9499b8af13 tempest-ServerBootFromVolumeStableRescueTest-1181934728 tempest-ServerBootFromVolumeStableRescueTest-1181934728-project-member] RESP STATUS: 201 Created {{(pid=103166) http_log /opt/stack/data/venv/lib/python3.12/site-packages/swiftclient/client.py:161}}
Jul 22 22:37:28.016257 np0000005666 devstack@g-api.service[103166]: DEBUG swiftclient [None req-d077fdd2-818d-47e9-96a5-6d9499b8af13 tempest-ServerBootFromVolumeStableRescueTest-1181934728 tempest-ServerBootFromVolumeStableRescueTest-1181934728-project-member] RESP HEADERS: {'Date': 'Wed, 22 Jul 2026 22:37:28 GMT', 'Server': 'Apache/2.4.58 (Ubuntu)', 'Content-Type': 'text/html; charset=UTF-8', 'Content-Length': '0', 'Etag': '4fa343ee581d8d2e78533191fd1ac3e1', 'Last-Modified': 'Wed, 22 Jul 2026 22:37:28 GMT', 'X-Trans-Id': 'tx42fe94617cf5428e9d6be-006a614627', 'X-Openstack-Request-Id': 'tx42fe94617cf5428e9d6be-006a614627', 'Connection': 'close'} {{(pid=103166) http_log /opt/stack/data/venv/lib/python3.12/site-packages/swiftclient/client.py:162}}
Jul 22 22:37:28.016472 np0000005666 devstack@g-api.service[103166]: DEBUG glance_store._drivers.swift.store [None req-d077fdd2-818d-47e9-96a5-6d9499b8af13 tempest-ServerBootFromVolumeStableRescueTest-1181934728 tempest-ServerBootFromVolumeStableRescueTest-1181934728-project-member] Wrote chunk 2561d56e-efd0-4023-bc43-453dbe11f2d4-00001 (1/?) of length 23527424 to Swift returning MD5 of content: 4fa343ee581d8d2e78533191fd1ac3e1 {{(pid=103166) add /opt/stack/data/venv/lib/python3.12/site-packages/glance_store/_drivers/swift/store.py:1059}}
Jul 22 22:37:28.016813 np0000005666 devstack@g-api.service[103166]: DEBUG glance_store._drivers.swift.store [None req-d077fdd2-818d-47e9-96a5-6d9499b8af13 tempest-ServerBootFromVolumeStableRescueTest-1181934728 tempest-ServerBootFromVolumeStableRescueTest-1181934728-project-member] Not writing zero-length chunk. {{(pid=103166) add /opt/stack/data/venv/lib/python3.12/site-packages/glance_store/_drivers/swift/store.py:1028}}
Jul 22 22:37:28.046492 np0000005666 devstack@g-api.service[103166]: DEBUG swiftclient [None req-d077fdd2-818d-47e9-96a5-6d9499b8af13 tempest-ServerBootFromVolumeStableRescueTest-1181934728 tempest-ServerBootFromVolumeStableRescueTest-1181934728-project-member] REQ: curl -i https://10.4.3.109:8080/v1/AUTH_09f15889a81a4298b34b18845eeae07d/glance/2561d56e-efd0-4023-bc43-453dbe11f2d4 -X PUT -H "X-Object-Manifest: glance/2561d56e-efd0-4023-bc43-453dbe11f2d4-" -H "X-Auth-Token: gAAAAABqYUYnbjG2..." -H "Content-Length: 0" {{(pid=103166) http_log /opt/stack/data/venv/lib/python3.12/site-packages/swiftclient/client.py:160}}
Jul 22 22:37:28.046618 np0000005666 devstack@g-api.service[103166]: DEBUG swiftclient [None req-d077fdd2-818d-47e9-96a5-6d9499b8af13 tempest-ServerBootFromVolumeStableRescueTest-1181934728 tempest-ServerBootFromVolumeStableRescueTest-1181934728-project-member] RESP STATUS: 201 Created {{(pid=103166) http_log /opt/stack/data/venv/lib/python3.12/site-packages/swiftclient/client.py:161}}
Jul 22 22:37:28.046738 np0000005666 devstack@g-api.service[103166]: DEBUG swiftclient [None req-d077fdd2-818d-47e9-96a5-6d9499b8af13 tempest-ServerBootFromVolumeStableRescueTest-1181934728 tempest-ServerBootFromVolumeStableRescueTest-1181934728-project-member] RESP HEADERS: {'Date': 'Wed, 22 Jul 2026 22:37:28 GMT', 'Server': 'Apache/2.4.58 (Ubuntu)', 'Content-Type': 'text/html; charset=UTF-8', 'Content-Length': '0', 'Etag': 'd41d8cd98f00b204e9800998ecf8427e', 'Last-Modified': 'Wed, 22 Jul 2026 22:37:29 GMT', 'X-Trans-Id': 'tx0e7d1b410b5a465b921a1-006a614628', 'X-Openstack-Request-Id': 'tx0e7d1b410b5a465b921a1-006a614628', 'Connection': 'close'} {{(pid=103166) http_log /opt/stack/data/venv/lib/python3.12/site-packages/swiftclient/client.py:162}}
Jul 22 22:37:28.047290 np0000005666 devstack@g-api.service[103166]: INFO glance.location [None req-d077fdd2-818d-47e9-96a5-6d9499b8af13 tempest-ServerBootFromVolumeStableRescueTest-1181934728 tempest-ServerBootFromVolumeStableRescueTest-1181934728-project-member] Image format matched and virtual size computed: 1073741824
Jul 22 22:37:28.057308 np0000005666 devstack@g-api.service[103165]: [pid: 103165|app: 0|req: 23/88] 127.0.0.1 () {46 vars in 1055 bytes} [Wed Jul 22 22:37:27 2026] POST /v2/images => generated 1333 bytes in 878 msecs (HTTP/1.1 201) 6 headers in 316 bytes (1 switches on core 0)
Jul 22 22:37:28.108563 np0000005666 devstack@g-api.service[103166]: DEBUG glance_store.backend [None req-d077fdd2-818d-47e9-96a5-6d9499b8af13 tempest-ServerBootFromVolumeStableRescueTest-1181934728 tempest-ServerBootFromVolumeStableRescueTest-1181934728-project-member] Attempting to import store swift {{(pid=103166) _load_store /opt/stack/data/venv/lib/python3.12/site-packages/glance_store/backend.py:215}}
Jul 22 22:37:28.110059 np0000005666 devstack@g-api.service[103166]: DEBUG glance_store.capabilities [None req-d077fdd2-818d-47e9-96a5-6d9499b8af13 tempest-ServerBootFromVolumeStableRescueTest-1181934728 tempest-ServerBootFromVolumeStableRescueTest-1181934728-project-member] Store glance_store._drivers.swift.store.SingleTenantStore doesn't support updating dynamic storage capabilities. Please overwrite 'update_capabilities' method of the store to implement updating logics if needed. {{(pid=103166) update_capabilities /opt/stack/data/venv/lib/python3.12/site-packages/glance_store/capabilities.py:91}}
Jul 22 22:37:28.110295 np0000005666 devstack@g-api.service[103166]: DEBUG glance_store.driver [None req-d077fdd2-818d-47e9-96a5-6d9499b8af13 tempest-ServerBootFromVolumeStableRescueTest-1181934728 tempest-ServerBootFromVolumeStableRescueTest-1181934728-project-member] Late loading location class glance_store._drivers.swift.store.StoreLocation {{(pid=103166) get_store_location_class /opt/stack/data/venv/lib/python3.12/site-packages/glance_store/driver.py:134}}
Jul 22 22:37:28.110361 np0000005666 devstack@g-api.service[103166]: DEBUG glance_store.location [None req-d077fdd2-818d-47e9-96a5-6d9499b8af13 tempest-ServerBootFromVolumeStableRescueTest-1181934728 tempest-ServerBootFromVolumeStableRescueTest-1181934728-project-member] Registering scheme swift+https with {'store': , 'location_class': , 'store_entry': 'swift'} {{(pid=103166) register_scheme_map /opt/stack/data/venv/lib/python3.12/site-packages/glance_store/location.py:146}}
Jul 22 22:37:28.110417 np0000005666 devstack@g-api.service[103166]: DEBUG glance_store.location [None req-d077fdd2-818d-47e9-96a5-6d9499b8af13 tempest-ServerBootFromVolumeStableRescueTest-1181934728 tempest-ServerBootFromVolumeStableRescueTest-1181934728-project-member] Registering scheme swift+https with {'store': , 'location_class': , 'store_entry': 'swift'} {{(pid=103166) register_scheme_map /opt/stack/data/venv/lib/python3.12/site-packages/glance_store/location.py:146}}
Jul 22 22:37:28.110501 np0000005666 devstack@g-api.service[103166]: DEBUG glance_store.location [None req-d077fdd2-818d-47e9-96a5-6d9499b8af13 tempest-ServerBootFromVolumeStableRescueTest-1181934728 tempest-ServerBootFromVolumeStableRescueTest-1181934728-project-member] Registering scheme swift with {'store': , 'location_class': , 'store_entry': 'swift'} {{(pid=103166) register_scheme_map /opt/stack/data/venv/lib/python3.12/site-packages/glance_store/location.py:146}}
Jul 22 22:37:28.110607 np0000005666 devstack@g-api.service[103166]: DEBUG glance_store.location [None req-d077fdd2-818d-47e9-96a5-6d9499b8af13 tempest-ServerBootFromVolumeStableRescueTest-1181934728 tempest-ServerBootFromVolumeStableRescueTest-1181934728-project-member] Registering scheme swift+https with {'store': , 'location_class': , 'store_entry': 'swift'} {{(pid=103166) register_scheme_map /opt/stack/data/venv/lib/python3.12/site-packages/glance_store/location.py:146}}
