May 20 16:32:27.103736 np0000001085 devstack@g-api.service[101844]: [pid: 101844|app: 0|req: 157/474] 127.0.0.1 () {46 vars in 1158 bytes} [Wed May 20 16:32:25 2026] PUT /v2/images/a9233a70-d15e-4e19-9b60-3c292d6ae4e7/file => generated 0 bytes in 1149 msecs (HTTP/1.1 204) 4 headers in 171 bytes (1 switches on core 0)
May 20 16:32:27.136224 np0000001085 devstack@g-api.service[101845]: DEBUG glance.api.middleware.version_negotiation [None req-5134d564-e106-4884-8d9e-a47e4da4b589 tempest-ServerBootFromVolumeStableRescueTest-1064387621 tempest-ServerBootFromVolumeStableRescueTest-1064387621-project-member] Determining version of request: GET /v2/images/a9233a70-d15e-4e19-9b60-3c292d6ae4e7 Accept: */* {{(pid=101845) process_request /opt/stack/glance/glance/api/middleware/version_negotiation.py:44}}
May 20 16:32:27.136421 np0000001085 devstack@g-api.service[101845]: DEBUG glance.api.middleware.version_negotiation [None req-5134d564-e106-4884-8d9e-a47e4da4b589 tempest-ServerBootFromVolumeStableRescueTest-1064387621 tempest-ServerBootFromVolumeStableRescueTest-1064387621-project-member] Using url versioning {{(pid=101845) process_request /opt/stack/glance/glance/api/middleware/version_negotiation.py:57}}
May 20 16:32:27.136569 np0000001085 devstack@g-api.service[101845]: DEBUG glance.api.middleware.version_negotiation [None req-5134d564-e106-4884-8d9e-a47e4da4b589 tempest-ServerBootFromVolumeStableRescueTest-1064387621 tempest-ServerBootFromVolumeStableRescueTest-1064387621-project-member] Matched version: v2 {{(pid=101845) process_request /opt/stack/glance/glance/api/middleware/version_negotiation.py:69}}
May 20 16:32:27.136688 np0000001085 devstack@g-api.service[101845]: DEBUG glance.api.middleware.version_negotiation [None req-5134d564-e106-4884-8d9e-a47e4da4b589 tempest-ServerBootFromVolumeStableRescueTest-1064387621 tempest-ServerBootFromVolumeStableRescueTest-1064387621-project-member] new path /v2/images/a9233a70-d15e-4e19-9b60-3c292d6ae4e7 {{(pid=101845) process_request /opt/stack/glance/glance/api/middleware/version_negotiation.py:70}}
May 20 16:32:27.147858 np0000001085 devstack@g-api.service[101845]: [pid: 101845|app: 0|req: 162/475] 127.0.0.1 () {44 vars in 1115 bytes} [Wed May 20 16:32:27 2026] GET /v2/images/a9233a70-d15e-4e19-9b60-3c292d6ae4e7 => generated 1640 bytes in 12 msecs (HTTP/1.1 200) 4 headers in 158 bytes (1 switches on core 0)
May 20 16:32:27.178480 np0000001085 devstack@g-api.service[101846]: DEBUG glance.api.middleware.version_negotiation [None req-a45cd85f-2752-43e1-94d5-81f8d9502ce5 tempest-VolumesActionsTest-693902180 tempest-VolumesActionsTest-693902180-project-member] Determining version of request: GET /v2/schemas/image Accept: */* {{(pid=101846) process_request /opt/stack/glance/glance/api/middleware/version_negotiation.py:44}}
May 20 16:32:27.178742 np0000001085 devstack@g-api.service[101846]: DEBUG glance.api.middleware.version_negotiation [None req-a45cd85f-2752-43e1-94d5-81f8d9502ce5 tempest-VolumesActionsTest-693902180 tempest-VolumesActionsTest-693902180-project-member] Using url versioning {{(pid=101846) process_request /opt/stack/glance/glance/api/middleware/version_negotiation.py:57}}
May 20 16:32:27.178970 np0000001085 devstack@g-api.service[101846]: DEBUG glance.api.middleware.version_negotiation [None req-a45cd85f-2752-43e1-94d5-81f8d9502ce5 tempest-VolumesActionsTest-693902180 tempest-VolumesActionsTest-693902180-project-member] Matched version: v2 {{(pid=101846) process_request /opt/stack/glance/glance/api/middleware/version_negotiation.py:69}}
May 20 16:32:27.179114 np0000001085 devstack@g-api.service[101846]: DEBUG glance.api.middleware.version_negotiation [None req-a45cd85f-2752-43e1-94d5-81f8d9502ce5 tempest-VolumesActionsTest-693902180 tempest-VolumesActionsTest-693902180-project-member] new path /v2/schemas/image {{(pid=101846) process_request /opt/stack/glance/glance/api/middleware/version_negotiation.py:70}}
May 20 16:32:27.181748 np0000001085 devstack@g-api.service[101846]: [pid: 101846|app: 0|req: 157/476] 127.0.0.1 () {44 vars in 1055 bytes} [Wed May 20 16:32:27 2026] GET /v2/schemas/image => generated 6083 bytes in 3 msecs (HTTP/1.1 200) 4 headers in 158 bytes (1 switches on core 0)
May 20 16:32:27.386211 np0000001085 devstack@g-api.service[101844]: DEBUG glance.api.middleware.version_negotiation [None req-8659ed19-ec74-40b4-9dc2-a2b468963b24 tempest-ServerBootFromVolumeStableRescueTest-1064387621 tempest-ServerBootFromVolumeStableRescueTest-1064387621-project-member] Determining version of request: GET /v2/images/a9233a70-d15e-4e19-9b60-3c292d6ae4e7 Accept: application/json {{(pid=101844) process_request /opt/stack/glance/glance/api/middleware/version_negotiation.py:44}}
May 20 16:32:27.386565 np0000001085 devstack@g-api.service[101844]: DEBUG glance.api.middleware.version_negotiation [None req-8659ed19-ec74-40b4-9dc2-a2b468963b24 tempest-ServerBootFromVolumeStableRescueTest-1064387621 tempest-ServerBootFromVolumeStableRescueTest-1064387621-project-member] Using url versioning {{(pid=101844) process_request /opt/stack/glance/glance/api/middleware/version_negotiation.py:57}}
May 20 16:32:27.386565 np0000001085 devstack@g-api.service[101844]: DEBUG glance.api.middleware.version_negotiation [None req-8659ed19-ec74-40b4-9dc2-a2b468963b24 tempest-ServerBootFromVolumeStableRescueTest-1064387621 tempest-ServerBootFromVolumeStableRescueTest-1064387621-project-member] Matched version: v2 {{(pid=101844) process_request /opt/stack/glance/glance/api/middleware/version_negotiation.py:69}}
May 20 16:32:27.386565 np0000001085 devstack@g-api.service[101844]: DEBUG glance.api.middleware.version_negotiation [None req-8659ed19-ec74-40b4-9dc2-a2b468963b24 tempest-ServerBootFromVolumeStableRescueTest-1064387621 tempest-ServerBootFromVolumeStableRescueTest-1064387621-project-member] new path /v2/images/a9233a70-d15e-4e19-9b60-3c292d6ae4e7 {{(pid=101844) process_request /opt/stack/glance/glance/api/middleware/version_negotiation.py:70}}
May 20 16:32:27.395048 np0000001085 devstack@g-api.service[101844]: [pid: 101844|app: 0|req: 158/477] 127.0.0.1 () {40 vars in 838 bytes} [Wed May 20 16:32:27 2026] GET /v2/images/a9233a70-d15e-4e19-9b60-3c292d6ae4e7 => generated 1640 bytes in 9 msecs (HTTP/1.1 200) 4 headers in 158 bytes (1 switches on core 0)
May 20 16:32:27.404242 np0000001085 devstack@g-api.service[101845]: DEBUG glance.api.middleware.version_negotiation [None req-8659ed19-ec74-40b4-9dc2-a2b468963b24 tempest-ServerBootFromVolumeStableRescueTest-1064387621 tempest-ServerBootFromVolumeStableRescueTest-1064387621-project-member] Determining version of request: GET /v2/images/a9233a70-d15e-4e19-9b60-3c292d6ae4e7 Accept: application/json {{(pid=101845) process_request /opt/stack/glance/glance/api/middleware/version_negotiation.py:44}}
May 20 16:32:27.404242 np0000001085 devstack@g-api.service[101845]: DEBUG glance.api.middleware.version_negotiation [None req-8659ed19-ec74-40b4-9dc2-a2b468963b24 tempest-ServerBootFromVolumeStableRescueTest-1064387621 tempest-ServerBootFromVolumeStableRescueTest-1064387621-project-member] Using url versioning {{(pid=101845) process_request /opt/stack/glance/glance/api/middleware/version_negotiation.py:57}}
May 20 16:32:27.404574 np0000001085 devstack@g-api.service[101845]: DEBUG glance.api.middleware.version_negotiation [None req-8659ed19-ec74-40b4-9dc2-a2b468963b24 tempest-ServerBootFromVolumeStableRescueTest-1064387621 tempest-ServerBootFromVolumeStableRescueTest-1064387621-project-member] Matched version: v2 {{(pid=101845) process_request /opt/stack/glance/glance/api/middleware/version_negotiation.py:69}}
May 20 16:32:27.404574 np0000001085 devstack@g-api.service[101845]: DEBUG glance.api.middleware.version_negotiation [None req-8659ed19-ec74-40b4-9dc2-a2b468963b24 tempest-ServerBootFromVolumeStableRescueTest-1064387621 tempest-ServerBootFromVolumeStableRescueTest-1064387621-project-member] new path /v2/images/a9233a70-d15e-4e19-9b60-3c292d6ae4e7 {{(pid=101845) process_request /opt/stack/glance/glance/api/middleware/version_negotiation.py:70}}
May 20 16:32:27.416846 np0000001085 devstack@g-api.service[101845]: [pid: 101845|app: 0|req: 163/478] 127.0.0.1 () {40 vars in 838 bytes} [Wed May 20 16:32:27 2026] GET /v2/images/a9233a70-d15e-4e19-9b60-3c292d6ae4e7 => generated 1640 bytes in 13 msecs (HTTP/1.1 200) 4 headers in 158 bytes (1 switches on core 0)
May 20 16:32:27.778227 np0000001085 devstack@g-api.service[101846]: DEBUG glance.api.middleware.version_negotiation [None req-8659ed19-ec74-40b4-9dc2-a2b468963b24 tempest-ServerBootFromVolumeStableRescueTest-1064387621 tempest-ServerBootFromVolumeStableRescueTest-1064387621-project-member] Determining version of request: GET /v2/images/b7136063-ce8e-4bd6-9a5b-64a3b0cf94b5 Accept: */* {{(pid=101846) process_request /opt/stack/glance/glance/api/middleware/version_negotiation.py:44}}
May 20 16:32:27.778227 np0000001085 devstack@g-api.service[101846]: DEBUG glance.api.middleware.version_negotiation [None req-8659ed19-ec74-40b4-9dc2-a2b468963b24 tempest-ServerBootFromVolumeStableRescueTest-1064387621 tempest-ServerBootFromVolumeStableRescueTest-1064387621-project-member] Using url versioning {{(pid=101846) process_request /opt/stack/glance/glance/api/middleware/version_negotiation.py:57}}
May 20 16:32:27.778227 np0000001085 devstack@g-api.service[101846]: DEBUG glance.api.middleware.version_negotiation [None req-8659ed19-ec74-40b4-9dc2-a2b468963b24 tempest-ServerBootFromVolumeStableRescueTest-1064387621 tempest-ServerBootFromVolumeStableRescueTest-1064387621-project-member] Matched version: v2 {{(pid=101846) process_request /opt/stack/glance/glance/api/middleware/version_negotiation.py:69}}
May 20 16:32:27.778227 np0000001085 devstack@g-api.service[101846]: DEBUG glance.api.middleware.version_negotiation [None req-8659ed19-ec74-40b4-9dc2-a2b468963b24 tempest-ServerBootFromVolumeStableRescueTest-1064387621 tempest-ServerBootFromVolumeStableRescueTest-1064387621-project-member] new path /v2/images/b7136063-ce8e-4bd6-9a5b-64a3b0cf94b5 {{(pid=101846) process_request /opt/stack/glance/glance/api/middleware/version_negotiation.py:70}}
May 20 16:32:27.790914 np0000001085 devstack@g-api.service[101846]: [pid: 101846|app: 0|req: 158/479] 127.0.0.1 () {44 vars in 1115 bytes} [Wed May 20 16:32:27 2026] GET /v2/images/b7136063-ce8e-4bd6-9a5b-64a3b0cf94b5 => generated 1044 bytes in 14 msecs (HTTP/1.1 200) 4 headers in 158 bytes (1 switches on core 0)
May 20 16:32:27.822056 np0000001085 devstack@g-api.service[101844]: DEBUG glance.api.middleware.version_negotiation [None req-83e737d0-a02a-4d6a-a69b-ec00c19ea516 tempest-ServerBootFromVolumeStableRescueTest-1064387621 tempest-ServerBootFromVolumeStableRescueTest-1064387621-project-member] Determining version of request: GET /v2/schemas/image Accept: */* {{(pid=101844) process_request /opt/stack/glance/glance/api/middleware/version_negotiation.py:44}}
May 20 16:32:27.822231 np0000001085 devstack@g-api.service[101844]: DEBUG glance.api.middleware.version_negotiation [None req-83e737d0-a02a-4d6a-a69b-ec00c19ea516 tempest-ServerBootFromVolumeStableRescueTest-1064387621 tempest-ServerBootFromVolumeStableRescueTest-1064387621-project-member] Using url versioning {{(pid=101844) process_request /opt/stack/glance/glance/api/middleware/version_negotiation.py:57}}
May 20 16:32:27.822314 np0000001085 devstack@g-api.service[101844]: DEBUG glance.api.middleware.version_negotiation [None req-83e737d0-a02a-4d6a-a69b-ec00c19ea516 tempest-ServerBootFromVolumeStableRescueTest-1064387621 tempest-ServerBootFromVolumeStableRescueTest-1064387621-project-member] Matched version: v2 {{(pid=101844) process_request /opt/stack/glance/glance/api/middleware/version_negotiation.py:69}}
May 20 16:32:27.822423 np0000001085 devstack@g-api.service[101844]: DEBUG glance.api.middleware.version_negotiation [None req-83e737d0-a02a-4d6a-a69b-ec00c19ea516 tempest-ServerBootFromVolumeStableRescueTest-1064387621 tempest-ServerBootFromVolumeStableRescueTest-1064387621-project-member] new path /v2/schemas/image {{(pid=101844) process_request /opt/stack/glance/glance/api/middleware/version_negotiation.py:70}}
May 20 16:32:27.824465 np0000001085 devstack@g-api.service[101844]: [pid: 101844|app: 0|req: 159/480] 127.0.0.1 () {44 vars in 1055 bytes} [Wed May 20 16:32:27 2026] GET /v2/schemas/image => generated 6083 bytes in 2 msecs (HTTP/1.1 200) 4 headers in 158 bytes (1 switches on core 0)
May 20 16:32:28.011715 np0000001085 devstack@g-api.service[101845]: DEBUG glance.api.middleware.version_negotiation [None req-80b3aea6-8036-4e68-845b-d07a7f030a48 tempest-ServerBootFromVolumeStableRescueTest-1064387621 tempest-ServerBootFromVolumeStableRescueTest-1064387621-project-member] Determining version of request: GET /v2/images/eead6ad4-9dba-48d6-891a-50d414269063 Accept: application/json {{(pid=101845) process_request /opt/stack/glance/glance/api/middleware/version_negotiation.py:44}}
May 20 16:32:28.011715 np0000001085 devstack@g-api.service[101845]: DEBUG glance.api.middleware.version_negotiation [None req-80b3aea6-8036-4e68-845b-d07a7f030a48 tempest-ServerBootFromVolumeStableRescueTest-1064387621 tempest-ServerBootFromVolumeStableRescueTest-1064387621-project-member] Using url versioning {{(pid=101845) process_request /opt/stack/glance/glance/api/middleware/version_negotiation.py:57}}
May 20 16:32:28.011715 np0000001085 devstack@g-api.service[101845]: DEBUG glance.api.middleware.version_negotiation [None req-80b3aea6-8036-4e68-845b-d07a7f030a48 tempest-ServerBootFromVolumeStableRescueTest-1064387621 tempest-ServerBootFromVolumeStableRescueTest-1064387621-project-member] Matched version: v2 {{(pid=101845) process_request /opt/stack/glance/glance/api/middleware/version_negotiation.py:69}}
May 20 16:32:28.011715 np0000001085 devstack@g-api.service[101845]: DEBUG glance.api.middleware.version_negotiation [None req-80b3aea6-8036-4e68-845b-d07a7f030a48 tempest-ServerBootFromVolumeStableRescueTest-1064387621 tempest-ServerBootFromVolumeStableRescueTest-1064387621-project-member] new path /v2/images/eead6ad4-9dba-48d6-891a-50d414269063 {{(pid=101845) process_request /opt/stack/glance/glance/api/middleware/version_negotiation.py:70}}
May 20 16:32:28.018380 np0000001085 devstack@g-api.service[101845]: [pid: 101845|app: 0|req: 164/481] 127.0.0.1 () {40 vars in 838 bytes} [Wed May 20 16:32:28 2026] GET /v2/images/eead6ad4-9dba-48d6-891a-50d414269063 => generated 650 bytes in 7 msecs (HTTP/1.1 200) 4 headers in 157 bytes (1 switches on core 0)
May 20 16:32:28.578174 np0000001085 devstack@g-api.service[101846]: DEBUG glance.api.middleware.version_negotiation [None req-9c241efd-c598-4696-9a51-ee1d125009fd tempest-ServerBootFromVolumeStableRescueTest-1064387621 tempest-ServerBootFromVolumeStableRescueTest-1064387621-project-member] Determining version of request: PUT /v2/images/eead6ad4-9dba-48d6-891a-50d414269063/file Accept: */* {{(pid=101846) process_request /opt/stack/glance/glance/api/middleware/version_negotiation.py:44}}
May 20 16:32:28.578174 np0000001085 devstack@g-api.service[101846]: DEBUG glance.api.middleware.version_negotiation [None req-9c241efd-c598-4696-9a51-ee1d125009fd tempest-ServerBootFromVolumeStableRescueTest-1064387621 tempest-ServerBootFromVolumeStableRescueTest-1064387621-project-member] Using url versioning {{(pid=101846) process_request /opt/stack/glance/glance/api/middleware/version_negotiation.py:57}}
May 20 16:32:28.578174 np0000001085 devstack@g-api.service[101846]: DEBUG glance.api.middleware.version_negotiation [None req-9c241efd-c598-4696-9a51-ee1d125009fd tempest-ServerBootFromVolumeStableRescueTest-1064387621 tempest-ServerBootFromVolumeStableRescueTest-1064387621-project-member] Matched version: v2 {{(pid=101846) process_request /opt/stack/glance/glance/api/middleware/version_negotiation.py:69}}
May 20 16:32:28.578174 np0000001085 devstack@g-api.service[101846]: DEBUG glance.api.middleware.version_negotiation [None req-9c241efd-c598-4696-9a51-ee1d125009fd tempest-ServerBootFromVolumeStableRescueTest-1064387621 tempest-ServerBootFromVolumeStableRescueTest-1064387621-project-member] new path /v2/images/eead6ad4-9dba-48d6-891a-50d414269063/file {{(pid=101846) process_request /opt/stack/glance/glance/api/middleware/version_negotiation.py:70}}
May 20 16:32:29.007379 np0000001085 devstack@g-api.service[101846]: INFO glance.api.v2.image_data [None req-4d6a4eb9-4085-4c92-b599-1000c0d13bc3 tempest-VolumesActionsTest-693902180 tempest-VolumesActionsTest-693902180-project-member] Unable to create trust: no such option collect_timing in group [keystone_authtoken] Use the existing user token.
May 20 16:32:29.030214 np0000001085 devstack@g-api.service[101844]: DEBUG glance.api.middleware.version_negotiation [None req-9c241efd-c598-4696-9a51-ee1d125009fd tempest-ServerBootFromVolumeStableRescueTest-1064387621 tempest-ServerBootFromVolumeStableRescueTest-1064387621-project-member] Determining version of request: GET /v2/images/eead6ad4-9dba-48d6-891a-50d414269063 Accept: application/json {{(pid=101844) process_request /opt/stack/glance/glance/api/middleware/version_negotiation.py:44}}
May 20 16:32:29.030214 np0000001085 devstack@g-api.service[101844]: DEBUG glance.api.middleware.version_negotiation [None req-9c241efd-c598-4696-9a51-ee1d125009fd tempest-ServerBootFromVolumeStableRescueTest-1064387621 tempest-ServerBootFromVolumeStableRescueTest-1064387621-project-member] Using url versioning {{(pid=101844) process_request /opt/stack/glance/glance/api/middleware/version_negotiation.py:57}}
May 20 16:32:29.030214 np0000001085 devstack@g-api.service[101844]: DEBUG glance.api.middleware.version_negotiation [None req-9c241efd-c598-4696-9a51-ee1d125009fd tempest-ServerBootFromVolumeStableRescueTest-1064387621 tempest-ServerBootFromVolumeStableRescueTest-1064387621-project-member] Matched version: v2 {{(pid=101844) process_request /opt/stack/glance/glance/api/middleware/version_negotiation.py:69}}
May 20 16:32:29.030214 np0000001085 devstack@g-api.service[101844]: DEBUG glance.api.middleware.version_negotiation [None req-9c241efd-c598-4696-9a51-ee1d125009fd tempest-ServerBootFromVolumeStableRescueTest-1064387621 tempest-ServerBootFromVolumeStableRescueTest-1064387621-project-member] new path /v2/images/eead6ad4-9dba-48d6-891a-50d414269063 {{(pid=101844) process_request /opt/stack/glance/glance/api/middleware/version_negotiation.py:70}}
May 20 16:32:29.037412 np0000001085 devstack@g-api.service[101844]: [pid: 101844|app: 0|req: 160/482] 127.0.0.1 () {40 vars in 838 bytes} [Wed May 20 16:32:29 2026] GET /v2/images/eead6ad4-9dba-48d6-891a-50d414269063 => generated 650 bytes in 8 msecs (HTTP/1.1 200) 4 headers in 157 bytes (1 switches on core 0)
May 20 16:32:29.439116 np0000001085 devstack@g-api.service[101846]: DEBUG glance.location [None req-4d6a4eb9-4085-4c92-b599-1000c0d13bc3 tempest-VolumesActionsTest-693902180 tempest-VolumesActionsTest-693902180-project-member] Enabling in-flight format inspection for raw {{(pid=101846) set_data /opt/stack/glance/glance/location.py:616}}
May 20 16:32:29.439440 np0000001085 devstack@g-api.service[101846]: DEBUG glance_store.backend [None req-4d6a4eb9-4085-4c92-b599-1000c0d13bc3 tempest-VolumesActionsTest-693902180 tempest-VolumesActionsTest-693902180-project-member] Attempting to import store swift {{(pid=101846) _load_store /opt/stack/data/venv/lib/python3.12/site-packages/glance_store/backend.py:215}}
May 20 16:32:29.440766 np0000001085 devstack@g-api.service[101846]: DEBUG glance_store.capabilities [None req-4d6a4eb9-4085-4c92-b599-1000c0d13bc3 tempest-VolumesActionsTest-693902180 tempest-VolumesActionsTest-693902180-project-member] Store glance_store._drivers.swift.store.SingleTenantStore doesn't support updating dynamic storage capabilities. Please overwrite 'update_capabilities' method of the store to implement updating logics if needed. {{(pid=101846) update_capabilities /opt/stack/data/venv/lib/python3.12/site-packages/glance_store/capabilities.py:91}}
May 20 16:32:29.440975 np0000001085 devstack@g-api.service[101846]: DEBUG glance_store.driver [None req-4d6a4eb9-4085-4c92-b599-1000c0d13bc3 tempest-VolumesActionsTest-693902180 tempest-VolumesActionsTest-693902180-project-member] Late loading location class glance_store._drivers.swift.store.StoreLocation {{(pid=101846) get_store_location_class /opt/stack/data/venv/lib/python3.12/site-packages/glance_store/driver.py:134}}
May 20 16:32:29.440975 np0000001085 devstack@g-api.service[101846]: DEBUG glance_store.location [None req-4d6a4eb9-4085-4c92-b599-1000c0d13bc3 tempest-VolumesActionsTest-693902180 tempest-VolumesActionsTest-693902180-project-member] Registering scheme swift+https with {'store': , 'location_class': , 'store_entry': 'swift'} {{(pid=101846) register_scheme_map /opt/stack/data/venv/lib/python3.12/site-packages/glance_store/location.py:146}}
May 20 16:32:29.441134 np0000001085 devstack@g-api.service[101846]: DEBUG glance_store.location [None req-4d6a4eb9-4085-4c92-b599-1000c0d13bc3 tempest-VolumesActionsTest-693902180 tempest-VolumesActionsTest-693902180-project-member] Registering scheme swift+https with {'store': , 'location_class': , 'store_entry': 'swift'} {{(pid=101846) register_scheme_map /opt/stack/data/venv/lib/python3.12/site-packages/glance_store/location.py:146}}
May 20 16:32:29.441134 np0000001085 devstack@g-api.service[101846]: DEBUG glance_store.location [None req-4d6a4eb9-4085-4c92-b599-1000c0d13bc3 tempest-VolumesActionsTest-693902180 tempest-VolumesActionsTest-693902180-project-member] Registering scheme swift with {'store': , 'location_class': , 'store_entry': 'swift'} {{(pid=101846) register_scheme_map /opt/stack/data/venv/lib/python3.12/site-packages/glance_store/location.py:146}}
May 20 16:32:29.441259 np0000001085 devstack@g-api.service[101846]: DEBUG glance_store.location [None req-4d6a4eb9-4085-4c92-b599-1000c0d13bc3 tempest-VolumesActionsTest-693902180 tempest-VolumesActionsTest-693902180-project-member] Registering scheme swift+https with {'store': , 'location_class': , 'store_entry': 'swift'} {{(pid=101846) register_scheme_map /opt/stack/data/venv/lib/python3.12/site-packages/glance_store/location.py:146}}
May 20 16:32:29.441259 np0000001085 devstack@g-api.service[101846]: DEBUG glance_store.location [None req-4d6a4eb9-4085-4c92-b599-1000c0d13bc3 tempest-VolumesActionsTest-693902180 tempest-VolumesActionsTest-693902180-project-member] Registering scheme swift with {'store': , 'location_class': , 'store_entry': 'swift'} {{(pid=101846) register_scheme_map /opt/stack/data/venv/lib/python3.12/site-packages/glance_store/location.py:146}}
May 20 16:32:29.441351 np0000001085 devstack@g-api.service[101846]: DEBUG glance_store.location [None req-4d6a4eb9-4085-4c92-b599-1000c0d13bc3 tempest-VolumesActionsTest-693902180 tempest-VolumesActionsTest-693902180-project-member] Registering scheme swift+http with {'store': , 'location_class': , 'store_entry': 'swift'} {{(pid=101846) register_scheme_map /opt/stack/data/venv/lib/python3.12/site-packages/glance_store/location.py:146}}
May 20 16:32:29.441430 np0000001085 devstack@g-api.service[101846]: DEBUG glance_store.location [None req-4d6a4eb9-4085-4c92-b599-1000c0d13bc3 tempest-VolumesActionsTest-693902180 tempest-VolumesActionsTest-693902180-project-member] Registering scheme swift+https with {'store': , 'location_class': , 'store_entry': 'swift'} {{(pid=101846) register_scheme_map /opt/stack/data/venv/lib/python3.12/site-packages/glance_store/location.py:146}}
May 20 16:32:29.441551 np0000001085 devstack@g-api.service[101846]: DEBUG glance_store.location [None req-4d6a4eb9-4085-4c92-b599-1000c0d13bc3 tempest-VolumesActionsTest-693902180 tempest-VolumesActionsTest-693902180-project-member] Registering scheme swift with {'store': , 'location_class': , 'store_entry': 'swift'} {{(pid=101846) register_scheme_map /opt/stack/data/venv/lib/python3.12/site-packages/glance_store/location.py:146}}
May 20 16:32:29.441647 np0000001085 devstack@g-api.service[101846]: DEBUG glance_store.location [None req-4d6a4eb9-4085-4c92-b599-1000c0d13bc3 tempest-VolumesActionsTest-693902180 tempest-VolumesActionsTest-693902180-project-member] Registering scheme swift+http with {'store': , 'location_class': , 'store_entry': 'swift'} {{(pid=101846) register_scheme_map /opt/stack/data/venv/lib/python3.12/site-packages/glance_store/location.py:146}}
May 20 16:32:29.441731 np0000001085 devstack@g-api.service[101846]: DEBUG glance_store.location [None req-4d6a4eb9-4085-4c92-b599-1000c0d13bc3 tempest-VolumesActionsTest-693902180 tempest-VolumesActionsTest-693902180-project-member] Registering scheme swift+config with {'store': , 'location_class': , 'store_entry': 'swift'} {{(pid=101846) register_scheme_map /opt/stack/data/venv/lib/python3.12/site-packages/glance_store/location.py:146}}
May 20 16:32:29.528868 np0000001085 devstack@g-api.service[101846]: DEBUG swiftclient [None req-4d6a4eb9-4085-4c92-b599-1000c0d13bc3 tempest-VolumesActionsTest-693902180 tempest-VolumesActionsTest-693902180-project-member] REQ: curl -i https://10.4.3.118:8080/v1/AUTH_774d84a17485419d8633adc929dcce66/glance -I -H "X-Auth-Token: gAAAAABqDeId4AOJ..." {{(pid=101846) http_log /opt/stack/data/venv/lib/python3.12/site-packages/swiftclient/client.py:160}}
May 20 16:32:29.529052 np0000001085 devstack@g-api.service[101846]: DEBUG swiftclient [None req-4d6a4eb9-4085-4c92-b599-1000c0d13bc3 tempest-VolumesActionsTest-693902180 tempest-VolumesActionsTest-693902180-project-member] RESP STATUS: 204 No Content {{(pid=101846) http_log /opt/stack/data/venv/lib/python3.12/site-packages/swiftclient/client.py:161}}
May 20 16:32:29.529113 np0000001085 devstack@g-api.service[101846]: DEBUG swiftclient [None req-4d6a4eb9-4085-4c92-b599-1000c0d13bc3 tempest-VolumesActionsTest-693902180 tempest-VolumesActionsTest-693902180-project-member] RESP HEADERS: {'Date': 'Wed, 20 May 2026 16:32:29 GMT', 'Server': 'Apache/2.4.58 (Ubuntu)', 'Content-Type': 'text/plain; charset=utf-8', 'X-Container-Object-Count': '7', 'X-Container-Bytes-Used': '109576192', 'X-Timestamp': '1779294140.07542', 'Last-Modified': 'Wed, 20 May 2026 16:22:21 GMT', 'Accept-Ranges': 'bytes', 'X-Storage-Policy': 'Policy-0', 'X-Container-Sharding': 'False', 'Vary': 'Accept', 'X-Trans-Id': 'txb0657f2abcf34aa7a98d2-006a0de21d', 'X-Openstack-Request-Id': 'txb0657f2abcf34aa7a98d2-006a0de21d', 'Connection': 'close'} {{(pid=101846) http_log /opt/stack/data/venv/lib/python3.12/site-packages/swiftclient/client.py:162}}
May 20 16:32:29.529363 np0000001085 devstack@g-api.service[101846]: DEBUG glance_store._drivers.swift.store [None req-4d6a4eb9-4085-4c92-b599-1000c0d13bc3 tempest-VolumesActionsTest-693902180 tempest-VolumesActionsTest-693902180-project-member] Adding image object 'eead6ad4-9dba-48d6-891a-50d414269063' to Swift {{(pid=101846) add /opt/stack/data/venv/lib/python3.12/site-packages/glance_store/_drivers/swift/store.py:978}}
May 20 16:32:29.529363 np0000001085 devstack@g-api.service[101846]: DEBUG glance_store._drivers.swift.store [None req-4d6a4eb9-4085-4c92-b599-1000c0d13bc3 tempest-VolumesActionsTest-693902180 tempest-VolumesActionsTest-693902180-project-member] Cannot determine image size because it is either not provided in the request or chunked-transfer encoding is used. Adding image as a segmented object to Swift. {{(pid=101846) add /opt/stack/data/venv/lib/python3.12/site-packages/glance_store/_drivers/swift/store.py:1002}}
May 20 16:32:29.534311 np0000001085 devstack@g-api.service[101846]: DEBUG oslo_utils.imageutils.format_inspector [None req-4d6a4eb9-4085-4c92-b599-1000c0d13bc3 tempest-VolumesActionsTest-693902180 tempest-VolumesActionsTest-693902180-project-member] Format inspector for vmdk does not match, excluding from consideration (Signature KDMV not found: b'\x00\x00\x00\x00') {{(pid=101846) _process_chunk /opt/stack/data/venv/lib/python3.12/site-packages/oslo_utils/imageutils/format_inspector.py:1538}}
May 20 16:32:29.536291 np0000001085 devstack@g-api.service[101846]: DEBUG oslo_utils.imageutils.format_inspector [None req-4d6a4eb9-4085-4c92-b599-1000c0d13bc3 tempest-VolumesActionsTest-693902180 tempest-VolumesActionsTest-693902180-project-member] Format inspector for vhdx does not match, excluding from consideration (Region signature not found at 30000) {{(pid=101846) _process_chunk /opt/stack/data/venv/lib/python3.12/site-packages/oslo_utils/imageutils/format_inspector.py:1538}}
May 20 16:32:30.045402 np0000001085 devstack@g-api.service[101845]: DEBUG glance.api.middleware.version_negotiation [None req-df063a8c-ca0f-45bc-bad0-183b8ac259b0 tempest-VolumesActionsTest-693902180 tempest-VolumesActionsTest-693902180-project-member] Determining version of request: GET /v2/images/eead6ad4-9dba-48d6-891a-50d414269063 Accept: application/json {{(pid=101845) process_request /opt/stack/glance/glance/api/middleware/version_negotiation.py:44}}
May 20 16:32:30.046059 np0000001085 devstack@g-api.service[101845]: DEBUG glance.api.middleware.version_negotiation [None req-df063a8c-ca0f-45bc-bad0-183b8ac259b0 tempest-VolumesActionsTest-693902180 tempest-VolumesActionsTest-693902180-project-member] Using url versioning {{(pid=101845) process_request /opt/stack/glance/glance/api/middleware/version_negotiation.py:57}}
May 20 16:32:30.046059 np0000001085 devstack@g-api.service[101845]: DEBUG glance.api.middleware.version_negotiation [None req-df063a8c-ca0f-45bc-bad0-183b8ac259b0 tempest-VolumesActionsTest-693902180 tempest-VolumesActionsTest-693902180-project-member] Matched version: v2 {{(pid=101845) process_request /opt/stack/glance/glance/api/middleware/version_negotiation.py:69}}
May 20 16:32:30.046307 np0000001085 devstack@g-api.service[101845]: DEBUG glance.api.middleware.version_negotiation [None req-df063a8c-ca0f-45bc-bad0-183b8ac259b0 tempest-VolumesActionsTest-693902180 tempest-VolumesActionsTest-693902180-project-member] new path /v2/images/eead6ad4-9dba-48d6-891a-50d414269063 {{(pid=101845) process_request /opt/stack/glance/glance/api/middleware/version_negotiation.py:70}}
May 20 16:32:30.064866 np0000001085 devstack@g-api.service[101845]: [pid: 101845|app: 0|req: 165/483] 127.0.0.1 () {40 vars in 838 bytes} [Wed May 20 16:32:30 2026] GET /v2/images/eead6ad4-9dba-48d6-891a-50d414269063 => generated 650 bytes in 20 msecs (HTTP/1.1 200) 4 headers in 157 bytes (1 switches on core 0)
May 20 16:32:31.076915 np0000001085 devstack@g-api.service[101844]: DEBUG glance.api.middleware.version_negotiation [None req-5a9d0143-d0fb-42db-99cd-c0f088a53d41 tempest-VolumesActionsTest-693902180 tempest-VolumesActionsTest-693902180-project-member] Determining version of request: GET /v2/images/eead6ad4-9dba-48d6-891a-50d414269063 Accept: application/json {{(pid=101844) process_request /opt/stack/glance/glance/api/middleware/version_negotiation.py:44}}
May 20 16:32:31.077261 np0000001085 devstack@g-api.service[101844]: DEBUG glance.api.middleware.version_negotiation [None req-5a9d0143-d0fb-42db-99cd-c0f088a53d41 tempest-VolumesActionsTest-693902180 tempest-VolumesActionsTest-693902180-project-member] Using url versioning {{(pid=101844) process_request /opt/stack/glance/glance/api/middleware/version_negotiation.py:57}}
May 20 16:32:31.077939 np0000001085 devstack@g-api.service[101844]: DEBUG glance.api.middleware.version_negotiation [None req-5a9d0143-d0fb-42db-99cd-c0f088a53d41 tempest-VolumesActionsTest-693902180 tempest-VolumesActionsTest-693902180-project-member] Matched version: v2 {{(pid=101844) process_request /opt/stack/glance/glance/api/middleware/version_negotiation.py:69}}
May 20 16:32:31.077939 np0000001085 devstack@g-api.service[101844]: DEBUG glance.api.middleware.version_negotiation [None req-5a9d0143-d0fb-42db-99cd-c0f088a53d41 tempest-VolumesActionsTest-693902180 tempest-VolumesActionsTest-693902180-project-member] new path /v2/images/eead6ad4-9dba-48d6-891a-50d414269063 {{(pid=101844) process_request /opt/stack/glance/glance/api/middleware/version_negotiation.py:70}}
May 20 16:32:31.090995 np0000001085 devstack@g-api.service[101844]: [pid: 101844|app: 0|req: 161/484] 127.0.0.1 () {40 vars in 838 bytes} [Wed May 20 16:32:31 2026] GET /v2/images/eead6ad4-9dba-48d6-891a-50d414269063 => generated 650 bytes in 14 msecs (HTTP/1.1 200) 4 headers in 157 bytes (1 switches on core 0)
May 20 16:32:31.426694 np0000001085 devstack@g-api.service[101846]: DEBUG swiftclient [None req-4d6a4eb9-4085-4c92-b599-1000c0d13bc3 tempest-VolumesActionsTest-693902180 tempest-VolumesActionsTest-693902180-project-member] REQ: curl -i https://10.4.3.118:8080/v1/AUTH_774d84a17485419d8633adc929dcce66/glance/eead6ad4-9dba-48d6-891a-50d414269063-00001 -X PUT -H "X-Auth-Token: gAAAAABqDeId4AOJ..." {{(pid=101846) http_log /opt/stack/data/venv/lib/python3.12/site-packages/swiftclient/client.py:160}}
May 20 16:32:31.426963 np0000001085 devstack@g-api.service[101846]: DEBUG swiftclient [None req-4d6a4eb9-4085-4c92-b599-1000c0d13bc3 tempest-VolumesActionsTest-693902180 tempest-VolumesActionsTest-693902180-project-member] RESP STATUS: 201 Created {{(pid=101846) http_log /opt/stack/data/venv/lib/python3.12/site-packages/swiftclient/client.py:161}}
May 20 16:32:31.426963 np0000001085 devstack@g-api.service[101846]: DEBUG swiftclient [None req-4d6a4eb9-4085-4c92-b599-1000c0d13bc3 tempest-VolumesActionsTest-693902180 tempest-VolumesActionsTest-693902180-project-member] RESP HEADERS: {'Date': 'Wed, 20 May 2026 16:32:31 GMT', 'Server': 'Apache/2.4.58 (Ubuntu)', 'Content-Type': 'text/html; charset=UTF-8', 'Content-Length': '0', 'Etag': 'eda9a9889837ac4bc81d6387d92c1bec', 'Last-Modified': 'Wed, 20 May 2026 16:32:30 GMT', 'X-Trans-Id': 'tx47be63a277034d1897472-006a0de21d', 'X-Openstack-Request-Id': 'tx47be63a277034d1897472-006a0de21d', 'Connection': 'close'} {{(pid=101846) http_log /opt/stack/data/venv/lib/python3.12/site-packages/swiftclient/client.py:162}}
May 20 16:32:31.427073 np0000001085 devstack@g-api.service[101846]: DEBUG glance_store._drivers.swift.store [None req-4d6a4eb9-4085-4c92-b599-1000c0d13bc3 tempest-VolumesActionsTest-693902180 tempest-VolumesActionsTest-693902180-project-member] Wrote chunk eead6ad4-9dba-48d6-891a-50d414269063-00001 (1/?) of length 204800000 to Swift returning MD5 of content: eda9a9889837ac4bc81d6387d92c1bec {{(pid=101846) add /opt/stack/data/venv/lib/python3.12/site-packages/glance_store/_drivers/swift/store.py:1067}}
May 20 16:32:32.101286 np0000001085 devstack@g-api.service[101845]: DEBUG glance.api.middleware.version_negotiation [None req-7744316b-70dd-44e4-96fe-512795c72b0a tempest-VolumesActionsTest-693902180 tempest-VolumesActionsTest-693902180-project-member] Determining version of request: GET /v2/images/eead6ad4-9dba-48d6-891a-50d414269063 Accept: application/json {{(pid=101845) process_request /opt/stack/glance/glance/api/middleware/version_negotiation.py:44}}
May 20 16:32:32.101596 np0000001085 devstack@g-api.service[101845]: DEBUG glance.api.middleware.version_negotiation [None req-7744316b-70dd-44e4-96fe-512795c72b0a tempest-VolumesActionsTest-693902180 tempest-VolumesActionsTest-693902180-project-member] Using url versioning {{(pid=101845) process_request /opt/stack/glance/glance/api/middleware/version_negotiation.py:57}}
May 20 16:32:32.101642 np0000001085 devstack@g-api.service[101845]: DEBUG glance.api.middleware.version_negotiation [None req-7744316b-70dd-44e4-96fe-512795c72b0a tempest-VolumesActionsTest-693902180 tempest-VolumesActionsTest-693902180-project-member] Matched version: v2 {{(pid=101845) process_request /opt/stack/glance/glance/api/middleware/version_negotiation.py:69}}
May 20 16:32:32.101909 np0000001085 devstack@g-api.service[101845]: DEBUG glance.api.middleware.version_negotiation [None req-7744316b-70dd-44e4-96fe-512795c72b0a tempest-VolumesActionsTest-693902180 tempest-VolumesActionsTest-693902180-project-member] new path /v2/images/eead6ad4-9dba-48d6-891a-50d414269063 {{(pid=101845) process_request /opt/stack/glance/glance/api/middleware/version_negotiation.py:70}}
May 20 16:32:32.117670 np0000001085 devstack@g-api.service[101845]: [pid: 101845|app: 0|req: 166/485] 127.0.0.1 () {40 vars in 838 bytes} [Wed May 20 16:32:32 2026] GET /v2/images/eead6ad4-9dba-48d6-891a-50d414269063 => generated 650 bytes in 16 msecs (HTTP/1.1 200) 4 headers in 157 bytes (1 switches on core 0)
May 20 16:32:33.128384 np0000001085 devstack@g-api.service[101844]: DEBUG glance.api.middleware.version_negotiation [None req-bd7f11e5-d9f5-4a4d-8b62-628c3eb5311d tempest-VolumesActionsTest-693902180 tempest-VolumesActionsTest-693902180-project-member] Determining version of request: GET /v2/images/eead6ad4-9dba-48d6-891a-50d414269063 Accept: application/json {{(pid=101844) process_request /opt/stack/glance/glance/api/middleware/version_negotiation.py:44}}
May 20 16:32:33.128384 np0000001085 devstack@g-api.service[101844]: DEBUG glance.api.middleware.version_negotiation [None req-bd7f11e5-d9f5-4a4d-8b62-628c3eb5311d tempest-VolumesActionsTest-693902180 tempest-VolumesActionsTest-693902180-project-member] Using url versioning {{(pid=101844) process_request /opt/stack/glance/glance/api/middleware/version_negotiation.py:57}}
May 20 16:32:33.128384 np0000001085 devstack@g-api.service[101844]: DEBUG glance.api.middleware.version_negotiation [None req-bd7f11e5-d9f5-4a4d-8b62-628c3eb5311d tempest-VolumesActionsTest-693902180 tempest-VolumesActionsTest-693902180-project-member] Matched version: v2 {{(pid=101844) process_request /opt/stack/glance/glance/api/middleware/version_negotiation.py:69}}
May 20 16:32:33.128384 np0000001085 devstack@g-api.service[101844]: DEBUG glance.api.middleware.version_negotiation [None req-bd7f11e5-d9f5-4a4d-8b62-628c3eb5311d tempest-VolumesActionsTest-693902180 tempest-VolumesActionsTest-693902180-project-member] new path /v2/images/eead6ad4-9dba-48d6-891a-50d414269063 {{(pid=101844) process_request /opt/stack/glance/glance/api/middleware/version_negotiation.py:70}}
May 20 16:32:33.144220 np0000001085 devstack@g-api.service[101844]: [pid: 101844|app: 0|req: 162/486] 127.0.0.1 () {40 vars in 838 bytes} [Wed May 20 16:32:33 2026] GET /v2/images/eead6ad4-9dba-48d6-891a-50d414269063 => generated 650 bytes in 16 msecs (HTTP/1.1 200) 4 headers in 157 bytes (1 switches on core 0)
May 20 16:32:33.286147 np0000001085 devstack@g-api.service[101846]: DEBUG swiftclient [None req-4d6a4eb9-4085-4c92-b599-1000c0d13bc3 tempest-VolumesActionsTest-693902180 tempest-VolumesActionsTest-693902180-project-member] REQ: curl -i https://10.4.3.118:8080/v1/AUTH_774d84a17485419d8633adc929dcce66/glance/eead6ad4-9dba-48d6-891a-50d414269063-00002 -X PUT -H "X-Auth-Token: gAAAAABqDeId4AOJ..." {{(pid=101846) http_log /opt/stack/data/venv/lib/python3.12/site-packages/swiftclient/client.py:160}}
May 20 16:32:33.286147 np0000001085 devstack@g-api.service[101846]: DEBUG swiftclient [None req-4d6a4eb9-4085-4c92-b599-1000c0d13bc3 tempest-VolumesActionsTest-693902180 tempest-VolumesActionsTest-693902180-project-member] RESP STATUS: 201 Created {{(pid=101846) http_log /opt/stack/data/venv/lib/python3.12/site-packages/swiftclient/client.py:161}}
May 20 16:32:33.286147 np0000001085 devstack@g-api.service[101846]: DEBUG swiftclient [None req-4d6a4eb9-4085-4c92-b599-1000c0d13bc3 tempest-VolumesActionsTest-693902180 tempest-VolumesActionsTest-693902180-project-member] RESP HEADERS: {'Date': 'Wed, 20 May 2026 16:32:33 GMT', 'Server': 'Apache/2.4.58 (Ubuntu)', 'Content-Type': 'text/html; charset=UTF-8', 'Content-Length': '0', 'Etag': 'eda9a9889837ac4bc81d6387d92c1bec', 'Last-Modified': 'Wed, 20 May 2026 16:32:32 GMT', 'X-Trans-Id': 'txb79897999e7b493aa88aa-006a0de21f', 'X-Openstack-Request-Id': 'txb79897999e7b493aa88aa-006a0de21f', 'Connection': 'close'} {{(pid=101846) http_log /opt/stack/data/venv/lib/python3.12/site-packages/swiftclient/client.py:162}}
May 20 16:32:33.286147 np0000001085 devstack@g-api.service[101846]: DEBUG glance_store._drivers.swift.store [None req-4d6a4eb9-4085-4c92-b599-1000c0d13bc3 tempest-VolumesActionsTest-693902180 tempest-VolumesActionsTest-693902180-project-member] Wrote chunk eead6ad4-9dba-48d6-891a-50d414269063-00002 (2/?) of length 204800000 to Swift returning MD5 of content: eda9a9889837ac4bc81d6387d92c1bec {{(pid=101846) add /opt/stack/data/venv/lib/python3.12/site-packages/glance_store/_drivers/swift/store.py:1067}}
May 20 16:32:34.158872 np0000001085 devstack@g-api.service[101845]: DEBUG glance.api.middleware.version_negotiation [None req-09f85da0-437f-42da-9358-8bd4e1092d47 tempest-VolumesActionsTest-693902180 tempest-VolumesActionsTest-693902180-project-member] Determining version of request: GET /v2/images/eead6ad4-9dba-48d6-891a-50d414269063 Accept: application/json {{(pid=101845) process_request /opt/stack/glance/glance/api/middleware/version_negotiation.py:44}}
May 20 16:32:34.159298 np0000001085 devstack@g-api.service[101845]: DEBUG glance.api.middleware.version_negotiation [None req-09f85da0-437f-42da-9358-8bd4e1092d47 tempest-VolumesActionsTest-693902180 tempest-VolumesActionsTest-693902180-project-member] Using url versioning {{(pid=101845) process_request /opt/stack/glance/glance/api/middleware/version_negotiation.py:57}}
May 20 16:32:34.159334 np0000001085 devstack@g-api.service[101845]: DEBUG glance.api.middleware.version_negotiation [None req-09f85da0-437f-42da-9358-8bd4e1092d47 tempest-VolumesActionsTest-693902180 tempest-VolumesActionsTest-693902180-project-member] Matched version: v2 {{(pid=101845) process_request /opt/stack/glance/glance/api/middleware/version_negotiation.py:69}}
May 20 16:32:34.159687 np0000001085 devstack@g-api.service[101845]: DEBUG glance.api.middleware.version_negotiation [None req-09f85da0-437f-42da-9358-8bd4e1092d47 tempest-VolumesActionsTest-693902180 tempest-VolumesActionsTest-693902180-project-member] new path /v2/images/eead6ad4-9dba-48d6-891a-50d414269063 {{(pid=101845) process_request /opt/stack/glance/glance/api/middleware/version_negotiation.py:70}}
May 20 16:32:34.171617 np0000001085 devstack@g-api.service[101845]: [pid: 101845|app: 0|req: 167/487] 127.0.0.1 () {40 vars in 838 bytes} [Wed May 20 16:32:34 2026] GET /v2/images/eead6ad4-9dba-48d6-891a-50d414269063 => generated 650 bytes in 13 msecs (HTTP/1.1 200) 4 headers in 157 bytes (1 switches on core 0)
May 20 16:32:35.179285 np0000001085 devstack@g-api.service[101844]: DEBUG glance.api.middleware.version_negotiation [None req-75be9aa4-a32e-4a75-8885-bf59da7e9c12 tempest-VolumesActionsTest-693902180 tempest-VolumesActionsTest-693902180-project-member] Determining version of request: GET /v2/images/eead6ad4-9dba-48d6-891a-50d414269063 Accept: application/json {{(pid=101844) process_request /opt/stack/glance/glance/api/middleware/version_negotiation.py:44}}
May 20 16:32:35.179793 np0000001085 devstack@g-api.service[101844]: DEBUG glance.api.middleware.version_negotiation [None req-75be9aa4-a32e-4a75-8885-bf59da7e9c12 tempest-VolumesActionsTest-693902180 tempest-VolumesActionsTest-693902180-project-member] Using url versioning {{(pid=101844) process_request /opt/stack/glance/glance/api/middleware/version_negotiation.py:57}}
May 20 16:32:35.179793 np0000001085 devstack@g-api.service[101844]: DEBUG glance.api.middleware.version_negotiation [None req-75be9aa4-a32e-4a75-8885-bf59da7e9c12 tempest-VolumesActionsTest-693902180 tempest-VolumesActionsTest-693902180-project-member] Matched version: v2 {{(pid=101844) process_request /opt/stack/glance/glance/api/middleware/version_negotiation.py:69}}
May 20 16:32:35.179793 np0000001085 devstack@g-api.service[101844]: DEBUG glance.api.middleware.version_negotiation [None req-75be9aa4-a32e-4a75-8885-bf59da7e9c12 tempest-VolumesActionsTest-693902180 tempest-VolumesActionsTest-693902180-project-member] new path /v2/images/eead6ad4-9dba-48d6-891a-50d414269063 {{(pid=101844) process_request /opt/stack/glance/glance/api/middleware/version_negotiation.py:70}}
May 20 16:32:35.188585 np0000001085 devstack@g-api.service[101844]: [pid: 101844|app: 0|req: 163/488] 127.0.0.1 () {40 vars in 838 bytes} [Wed May 20 16:32:35 2026] GET /v2/images/eead6ad4-9dba-48d6-891a-50d414269063 => generated 650 bytes in 9 msecs (HTTP/1.1 200) 4 headers in 157 bytes (1 switches on core 0)
May 20 16:32:35.314942 np0000001085 devstack@g-api.service[101846]: DEBUG swiftclient [None req-4d6a4eb9-4085-4c92-b599-1000c0d13bc3 tempest-VolumesActionsTest-693902180 tempest-VolumesActionsTest-693902180-project-member] REQ: curl -i https://10.4.3.118:8080/v1/AUTH_774d84a17485419d8633adc929dcce66/glance/eead6ad4-9dba-48d6-891a-50d414269063-00003 -X PUT -H "X-Auth-Token: gAAAAABqDeId4AOJ..." {{(pid=101846) http_log /opt/stack/data/venv/lib/python3.12/site-packages/swiftclient/client.py:160}}
May 20 16:32:35.315242 np0000001085 devstack@g-api.service[101846]: DEBUG swiftclient [None req-4d6a4eb9-4085-4c92-b599-1000c0d13bc3 tempest-VolumesActionsTest-693902180 tempest-VolumesActionsTest-693902180-project-member] RESP STATUS: 201 Created {{(pid=101846) http_log /opt/stack/data/venv/lib/python3.12/site-packages/swiftclient/client.py:161}}
May 20 16:32:35.315242 np0000001085 devstack@g-api.service[101846]: DEBUG swiftclient [None req-4d6a4eb9-4085-4c92-b599-1000c0d13bc3 tempest-VolumesActionsTest-693902180 tempest-VolumesActionsTest-693902180-project-member] RESP HEADERS: {'Date': 'Wed, 20 May 2026 16:32:35 GMT', 'Server': 'Apache/2.4.58 (Ubuntu)', 'Content-Type': 'text/html; charset=UTF-8', 'Content-Length': '0', 'Etag': 'eda9a9889837ac4bc81d6387d92c1bec', 'Last-Modified': 'Wed, 20 May 2026 16:32:34 GMT', 'X-Trans-Id': 'txd0b62e9ca45c49f5961fd-006a0de221', 'X-Openstack-Request-Id': 'txd0b62e9ca45c49f5961fd-006a0de221', 'Connection': 'close'} {{(pid=101846) http_log /opt/stack/data/venv/lib/python3.12/site-packages/swiftclient/client.py:162}}
May 20 16:32:35.315327 np0000001085 devstack@g-api.service[101846]: DEBUG glance_store._drivers.swift.store [None req-4d6a4eb9-4085-4c92-b599-1000c0d13bc3 tempest-VolumesActionsTest-693902180 tempest-VolumesActionsTest-693902180-project-member] Wrote chunk eead6ad4-9dba-48d6-891a-50d414269063-00003 (3/?) of length 204800000 to Swift returning MD5 of content: eda9a9889837ac4bc81d6387d92c1bec {{(pid=101846) add /opt/stack/data/venv/lib/python3.12/site-packages/glance_store/_drivers/swift/store.py:1067}}
May 20 16:32:36.198345 np0000001085 devstack@g-api.service[101845]: DEBUG glance.api.middleware.version_negotiation [None req-baebd598-df6b-4e43-ab55-eb40db19d08a tempest-VolumesActionsTest-693902180 tempest-VolumesActionsTest-693902180-project-member] Determining version of request: GET /v2/images/eead6ad4-9dba-48d6-891a-50d414269063 Accept: application/json {{(pid=101845) process_request /opt/stack/glance/glance/api/middleware/version_negotiation.py:44}}
May 20 16:32:36.198345 np0000001085 devstack@g-api.service[101845]: DEBUG glance.api.middleware.version_negotiation [None req-baebd598-df6b-4e43-ab55-eb40db19d08a tempest-VolumesActionsTest-693902180 tempest-VolumesActionsTest-693902180-project-member] Using url versioning {{(pid=101845) process_request /opt/stack/glance/glance/api/middleware/version_negotiation.py:57}}
May 20 16:32:36.198345 np0000001085 devstack@g-api.service[101845]: DEBUG glance.api.middleware.version_negotiation [None req-baebd598-df6b-4e43-ab55-eb40db19d08a tempest-VolumesActionsTest-693902180 tempest-VolumesActionsTest-693902180-project-member] Matched version: v2 {{(pid=101845) process_request /opt/stack/glance/glance/api/middleware/version_negotiation.py:69}}
May 20 16:32:36.199657 np0000001085 devstack@g-api.service[101845]: DEBUG glance.api.middleware.version_negotiation [None req-baebd598-df6b-4e43-ab55-eb40db19d08a tempest-VolumesActionsTest-693902180 tempest-VolumesActionsTest-693902180-project-member] new path /v2/images/eead6ad4-9dba-48d6-891a-50d414269063 {{(pid=101845) process_request /opt/stack/glance/glance/api/middleware/version_negotiation.py:70}}
May 20 16:32:36.221671 np0000001085 devstack@g-api.service[101845]: [pid: 101845|app: 0|req: 168/489] 127.0.0.1 () {40 vars in 838 bytes} [Wed May 20 16:32:36 2026] GET /v2/images/eead6ad4-9dba-48d6-891a-50d414269063 => generated 650 bytes in 24 msecs (HTTP/1.1 200) 4 headers in 157 bytes (1 switches on core 0)
May 20 16:32:37.237667 np0000001085 devstack@g-api.service[101844]: DEBUG glance.api.middleware.version_negotiation [None req-31e1ab6b-0a72-413d-ab22-358424e8d46f tempest-VolumesActionsTest-693902180 tempest-VolumesActionsTest-693902180-project-member] Determining version of request: GET /v2/images/eead6ad4-9dba-48d6-891a-50d414269063 Accept: application/json {{(pid=101844) process_request /opt/stack/glance/glance/api/middleware/version_negotiation.py:44}}
May 20 16:32:37.237667 np0000001085 devstack@g-api.service[101844]: DEBUG glance.api.middleware.version_negotiation [None req-31e1ab6b-0a72-413d-ab22-358424e8d46f tempest-VolumesActionsTest-693902180 tempest-VolumesActionsTest-693902180-project-member] Using url versioning {{(pid=101844) process_request /opt/stack/glance/glance/api/middleware/version_negotiation.py:57}}
May 20 16:32:37.237667 np0000001085 devstack@g-api.service[101844]: DEBUG glance.api.middleware.version_negotiation [None req-31e1ab6b-0a72-413d-ab22-358424e8d46f tempest-VolumesActionsTest-693902180 tempest-VolumesActionsTest-693902180-project-member] Matched version: v2 {{(pid=101844) process_request /opt/stack/glance/glance/api/middleware/version_negotiation.py:69}}
May 20 16:32:37.237667 np0000001085 devstack@g-api.service[101844]: DEBUG glance.api.middleware.version_negotiation [None req-31e1ab6b-0a72-413d-ab22-358424e8d46f tempest-VolumesActionsTest-693902180 tempest-VolumesActionsTest-693902180-project-member] new path /v2/images/eead6ad4-9dba-48d6-891a-50d414269063 {{(pid=101844) process_request /opt/stack/glance/glance/api/middleware/version_negotiation.py:70}}
