May 20 16:21:51.084673 np0000001085 nova-scheduler[95622]: DEBUG cotyledon.oslo_config_glue [-] oslo_messaging_notifications.transport_url = **** {{(pid=95622) log_opt_values /opt/stack/data/venv/lib/python3.12/site-packages/oslo_config/cfg.py:3256}}
May 20 16:21:51.084748 np0000001085 nova-scheduler[95622]: DEBUG cotyledon.oslo_config_glue [-] oslo_limit.auth_section = None {{(pid=95622) log_opt_values /opt/stack/data/venv/lib/python3.12/site-packages/oslo_config/cfg.py:3256}}
May 20 16:21:51.084812 np0000001085 nova-scheduler[95622]: DEBUG cotyledon.oslo_config_glue [-] oslo_limit.auth_type = None {{(pid=95622) log_opt_values /opt/stack/data/venv/lib/python3.12/site-packages/oslo_config/cfg.py:3256}}
May 20 16:21:51.084843 np0000001085 nova-scheduler[95622]: DEBUG cotyledon.oslo_config_glue [-] oslo_limit.cafile = None {{(pid=95622) log_opt_values /opt/stack/data/venv/lib/python3.12/site-packages/oslo_config/cfg.py:3256}}
May 20 16:21:51.084882 np0000001085 nova-scheduler[95622]: DEBUG cotyledon.oslo_config_glue [-] oslo_limit.certfile = None {{(pid=95622) log_opt_values /opt/stack/data/venv/lib/python3.12/site-packages/oslo_config/cfg.py:3256}}
May 20 16:21:51.084911 np0000001085 nova-scheduler[95622]: DEBUG cotyledon.oslo_config_glue [-] oslo_limit.collect_timing = False {{(pid=95622) log_opt_values /opt/stack/data/venv/lib/python3.12/site-packages/oslo_config/cfg.py:3256}}
May 20 16:21:51.084952 np0000001085 nova-scheduler[95622]: DEBUG cotyledon.oslo_config_glue [-] oslo_limit.connect_retries = None {{(pid=95622) log_opt_values /opt/stack/data/venv/lib/python3.12/site-packages/oslo_config/cfg.py:3256}}
May 20 16:21:51.084988 np0000001085 nova-scheduler[95622]: DEBUG cotyledon.oslo_config_glue [-] oslo_limit.connect_retry_delay = None {{(pid=95622) log_opt_values /opt/stack/data/venv/lib/python3.12/site-packages/oslo_config/cfg.py:3256}}
May 20 16:21:51.085022 np0000001085 nova-scheduler[95622]: DEBUG cotyledon.oslo_config_glue [-] oslo_limit.endpoint_id = None {{(pid=95622) log_opt_values /opt/stack/data/venv/lib/python3.12/site-packages/oslo_config/cfg.py:3256}}
May 20 16:21:51.085049 np0000001085 nova-scheduler[95622]: DEBUG cotyledon.oslo_config_glue [-] oslo_limit.endpoint_interface = public {{(pid=95622) log_opt_values /opt/stack/data/venv/lib/python3.12/site-packages/oslo_config/cfg.py:3256}}
May 20 16:21:51.085090 np0000001085 nova-scheduler[95622]: DEBUG cotyledon.oslo_config_glue [-] oslo_limit.endpoint_override = None {{(pid=95622) log_opt_values /opt/stack/data/venv/lib/python3.12/site-packages/oslo_config/cfg.py:3256}}
May 20 16:21:51.085135 np0000001085 nova-scheduler[95622]: DEBUG cotyledon.oslo_config_glue [-] oslo_limit.endpoint_region_name = None {{(pid=95622) log_opt_values /opt/stack/data/venv/lib/python3.12/site-packages/oslo_config/cfg.py:3256}}
May 20 16:21:51.085185 np0000001085 nova-scheduler[95622]: DEBUG cotyledon.oslo_config_glue [-] oslo_limit.endpoint_service_name = None {{(pid=95622) log_opt_values /opt/stack/data/venv/lib/python3.12/site-packages/oslo_config/cfg.py:3256}}
May 20 16:21:51.085223 np0000001085 nova-scheduler[95622]: DEBUG cotyledon.oslo_config_glue [-] oslo_limit.endpoint_service_type = None {{(pid=95622) log_opt_values /opt/stack/data/venv/lib/python3.12/site-packages/oslo_config/cfg.py:3256}}
May 20 16:21:51.085254 np0000001085 nova-scheduler[95622]: DEBUG cotyledon.oslo_config_glue [-] oslo_limit.insecure = False {{(pid=95622) log_opt_values /opt/stack/data/venv/lib/python3.12/site-packages/oslo_config/cfg.py:3256}}
May 20 16:21:51.085284 np0000001085 nova-scheduler[95622]: DEBUG cotyledon.oslo_config_glue [-] oslo_limit.keyfile = None {{(pid=95622) log_opt_values /opt/stack/data/venv/lib/python3.12/site-packages/oslo_config/cfg.py:3256}}
May 20 16:21:51.085311 np0000001085 nova-scheduler[95622]: DEBUG cotyledon.oslo_config_glue [-] oslo_limit.max_version = None {{(pid=95622) log_opt_values /opt/stack/data/venv/lib/python3.12/site-packages/oslo_config/cfg.py:3256}}
May 20 16:21:51.085342 np0000001085 nova-scheduler[95622]: DEBUG cotyledon.oslo_config_glue [-] oslo_limit.min_version = None {{(pid=95622) log_opt_values /opt/stack/data/venv/lib/python3.12/site-packages/oslo_config/cfg.py:3256}}
May 20 16:21:51.085368 np0000001085 nova-scheduler[95622]: DEBUG cotyledon.oslo_config_glue [-] oslo_limit.region_name = None {{(pid=95622) log_opt_values /opt/stack/data/venv/lib/python3.12/site-packages/oslo_config/cfg.py:3256}}
May 20 16:21:51.085392 np0000001085 nova-scheduler[95622]: DEBUG cotyledon.oslo_config_glue [-] oslo_limit.retriable_status_codes = None {{(pid=95622) log_opt_values /opt/stack/data/venv/lib/python3.12/site-packages/oslo_config/cfg.py:3256}}
May 20 16:21:51.085443 np0000001085 nova-scheduler[95622]: DEBUG cotyledon.oslo_config_glue [-] oslo_limit.service_name = None {{(pid=95622) log_opt_values /opt/stack/data/venv/lib/python3.12/site-packages/oslo_config/cfg.py:3256}}
May 20 16:21:51.085473 np0000001085 nova-scheduler[95622]: DEBUG cotyledon.oslo_config_glue [-] oslo_limit.service_type = None {{(pid=95622) log_opt_values /opt/stack/data/venv/lib/python3.12/site-packages/oslo_config/cfg.py:3256}}
May 20 16:21:51.085514 np0000001085 nova-scheduler[95622]: DEBUG cotyledon.oslo_config_glue [-] oslo_limit.split_loggers = False {{(pid=95622) log_opt_values /opt/stack/data/venv/lib/python3.12/site-packages/oslo_config/cfg.py:3256}}
May 20 16:21:51.085544 np0000001085 nova-scheduler[95622]: DEBUG cotyledon.oslo_config_glue [-] oslo_limit.status_code_retries = None {{(pid=95622) log_opt_values /opt/stack/data/venv/lib/python3.12/site-packages/oslo_config/cfg.py:3256}}
May 20 16:21:51.085568 np0000001085 nova-scheduler[95622]: DEBUG cotyledon.oslo_config_glue [-] oslo_limit.status_code_retry_delay = None {{(pid=95622) log_opt_values /opt/stack/data/venv/lib/python3.12/site-packages/oslo_config/cfg.py:3256}}
May 20 16:21:51.085616 np0000001085 nova-scheduler[95622]: DEBUG cotyledon.oslo_config_glue [-] oslo_limit.timeout = None {{(pid=95622) log_opt_values /opt/stack/data/venv/lib/python3.12/site-packages/oslo_config/cfg.py:3256}}
May 20 16:21:51.085646 np0000001085 nova-scheduler[95622]: DEBUG cotyledon.oslo_config_glue [-] oslo_limit.valid_interfaces = None {{(pid=95622) log_opt_values /opt/stack/data/venv/lib/python3.12/site-packages/oslo_config/cfg.py:3256}}
May 20 16:21:51.085676 np0000001085 nova-scheduler[95622]: DEBUG cotyledon.oslo_config_glue [-] oslo_limit.version = None {{(pid=95622) log_opt_values /opt/stack/data/venv/lib/python3.12/site-packages/oslo_config/cfg.py:3256}}
May 20 16:21:51.085733 np0000001085 nova-scheduler[95622]: DEBUG cotyledon.oslo_config_glue [-] oslo_reports.file_event_handler = None {{(pid=95622) log_opt_values /opt/stack/data/venv/lib/python3.12/site-packages/oslo_config/cfg.py:3256}}
May 20 16:21:51.085762 np0000001085 nova-scheduler[95622]: DEBUG cotyledon.oslo_config_glue [-] oslo_reports.file_event_handler_interval = 1 {{(pid=95622) log_opt_values /opt/stack/data/venv/lib/python3.12/site-packages/oslo_config/cfg.py:3256}}
May 20 16:21:51.085809 np0000001085 nova-scheduler[95622]: DEBUG cotyledon.oslo_config_glue [-] oslo_reports.log_dir = None {{(pid=95622) log_opt_values /opt/stack/data/venv/lib/python3.12/site-packages/oslo_config/cfg.py:3256}}
May 20 16:21:51.085843 np0000001085 nova-scheduler[95622]: DEBUG cotyledon.oslo_config_glue [-] ******************************************************************************** {{(pid=95622) log_opt_values /opt/stack/data/venv/lib/python3.12/site-packages/oslo_config/cfg.py:3263}}
May 20 16:21:51.085953 np0000001085 nova-scheduler[95622]: DEBUG cotyledon._service_worker [-] Run service ServiceWrapper(2) [95622] {{(pid=95622) wait_forever /opt/stack/data/venv/lib/python3.12/site-packages/cotyledon/_service_worker.py:218}}
May 20 16:21:51.086455 np0000001085 nova-scheduler[95618]: DEBUG dbcounter [-] [95618] Writer thread running {{(pid=95618) stat_writer /opt/stack/data/venv/lib/python3.12/site-packages/dbcounter.py:102}}
May 20 16:21:51.086948 np0000001085 nova-scheduler[95622]: INFO nova.service [-] Starting scheduler node (version 33.1.0)
May 20 16:21:51.091366 np0000001085 nova-scheduler[95622]: INFO dbcounter [None req-f2d82b56-611b-44df-8d64-d45e6684a1b7 None None] Registered counter for database nova_cell0
May 20 16:21:51.100448 np0000001085 nova-scheduler[95622]: DEBUG oslo_db.sqlalchemy.engines [None req-f2d82b56-611b-44df-8d64-d45e6684a1b7 None None] MySQL server mode set to STRICT_TRANS_TABLES,STRICT_ALL_TABLES,NO_ZERO_IN_DATE,NO_ZERO_DATE,ERROR_FOR_DIVISION_BY_ZERO,TRADITIONAL,NO_ENGINE_SUBSTITUTION {{(pid=95622) _check_effective_sql_mode /opt/stack/data/venv/lib/python3.12/site-packages/oslo_db/sqlalchemy/engines.py:325}}
May 20 16:21:51.103141 np0000001085 nova-scheduler[95618]: DEBUG nova.service [None req-dba8ee01-10b8-4e78-9d8b-0e35ecdcdd03 None None] Creating RPC server for service: nova-scheduler on topic: scheduler {{(pid=95618) start /opt/stack/nova/nova/service.py:195}}
May 20 16:21:51.107938 np0000001085 nova-scheduler[95620]: DEBUG dbcounter [-] [95620] Writer thread running {{(pid=95620) stat_writer /opt/stack/data/venv/lib/python3.12/site-packages/dbcounter.py:102}}
May 20 16:21:51.110910 np0000001085 nova-scheduler[95620]: DEBUG nova.service [None req-9d01dbaa-ab94-4afe-8c64-4222b68ff95a None None] Creating RPC server for service: nova-scheduler on topic: scheduler {{(pid=95620) start /opt/stack/nova/nova/service.py:195}}
May 20 16:21:51.120866 np0000001085 nova-scheduler[95622]: DEBUG dbcounter [-] [95622] Writer thread running {{(pid=95622) stat_writer /opt/stack/data/venv/lib/python3.12/site-packages/dbcounter.py:102}}
May 20 16:21:51.123819 np0000001085 nova-scheduler[95622]: DEBUG nova.service [None req-f2d82b56-611b-44df-8d64-d45e6684a1b7 None None] Creating RPC server for service: nova-scheduler on topic: scheduler {{(pid=95622) start /opt/stack/nova/nova/service.py:195}}
May 20 16:21:51.136642 np0000001085 nova-scheduler[95620]: DEBUG nova.service [None req-9d01dbaa-ab94-4afe-8c64-4222b68ff95a None None] Join ServiceGroup membership for this service scheduler {{(pid=95620) start /opt/stack/nova/nova/service.py:221}}
May 20 16:21:51.136848 np0000001085 nova-scheduler[95620]: DEBUG nova.servicegroup.drivers.db [None req-9d01dbaa-ab94-4afe-8c64-4222b68ff95a None None] DB_Driver: join new ServiceGroup member np0000001085 to the scheduler group, service = {{(pid=95620) join /opt/stack/nova/nova/servicegroup/drivers/db.py:44}}
May 20 16:21:51.138498 np0000001085 nova-scheduler[95618]: DEBUG nova.service [None req-dba8ee01-10b8-4e78-9d8b-0e35ecdcdd03 None None] Join ServiceGroup membership for this service scheduler {{(pid=95618) start /opt/stack/nova/nova/service.py:221}}
May 20 16:21:51.138703 np0000001085 nova-scheduler[95618]: DEBUG nova.servicegroup.drivers.db [None req-dba8ee01-10b8-4e78-9d8b-0e35ecdcdd03 None None] DB_Driver: join new ServiceGroup member np0000001085 to the scheduler group, service = {{(pid=95618) join /opt/stack/nova/nova/servicegroup/drivers/db.py:44}}
May 20 16:21:51.143378 np0000001085 nova-scheduler[95622]: DEBUG nova.service [None req-f2d82b56-611b-44df-8d64-d45e6684a1b7 None None] Join ServiceGroup membership for this service scheduler {{(pid=95622) start /opt/stack/nova/nova/service.py:221}}
May 20 16:21:51.143563 np0000001085 nova-scheduler[95622]: DEBUG nova.servicegroup.drivers.db [None req-f2d82b56-611b-44df-8d64-d45e6684a1b7 None None] DB_Driver: join new ServiceGroup member np0000001085 to the scheduler group, service = {{(pid=95622) join /opt/stack/nova/nova/servicegroup/drivers/db.py:44}}
May 20 16:21:52.140726 np0000001085 nova-scheduler[95618]: DEBUG oslo.service.backend._threading.loopingcall [None req-8ef9702f-8ba6-42c1-b75f-98be99289390 None None] Dynamic interval looping call 'nova.service.Service.periodic_tasks' sleeping for 60.00 seconds {{(pid=95618) _run_loop /opt/stack/data/venv/lib/python3.12/site-packages/oslo_service/backend/_threading/loopingcall.py:125}}
May 20 16:21:56.154558 np0000001085 nova-scheduler[95618]: DEBUG oslo.service.backend._threading.loopingcall [-] Fixed interval looping call 'nova.servicegroup.drivers.db.DbDriver._report_state' sleeping for 119.99 seconds {{(pid=95618) _run_loop /opt/stack/data/venv/lib/python3.12/site-packages/oslo_service/backend/_threading/loopingcall.py:125}}
May 20 16:21:56.156508 np0000001085 nova-scheduler[95620]: DEBUG oslo.service.backend._threading.loopingcall [-] Fixed interval looping call 'nova.servicegroup.drivers.db.DbDriver._report_state' sleeping for 119.98 seconds {{(pid=95620) _run_loop /opt/stack/data/venv/lib/python3.12/site-packages/oslo_service/backend/_threading/loopingcall.py:125}}
May 20 16:21:56.157065 np0000001085 nova-scheduler[95622]: DEBUG oslo.service.backend._threading.loopingcall [-] Fixed interval looping call 'nova.servicegroup.drivers.db.DbDriver._report_state' sleeping for 119.99 seconds {{(pid=95622) _run_loop /opt/stack/data/venv/lib/python3.12/site-packages/oslo_service/backend/_threading/loopingcall.py:125}}
May 20 16:21:59.727806 np0000001085 nova-scheduler[94353]: DEBUG dbcounter [-] [94353] Writing DB stats nova_api:SELECT=3 {{(pid=94353) stat_writer /opt/stack/data/venv/lib/python3.12/site-packages/dbcounter.py:115}}
May 20 16:21:59.813776 np0000001085 nova-scheduler[94353]: DEBUG dbcounter [-] [94353] Writing DB stats nova_cell0:SELECT=1 {{(pid=94353) stat_writer /opt/stack/data/venv/lib/python3.12/site-packages/dbcounter.py:115}}
May 20 16:21:59.820118 np0000001085 nova-scheduler[94353]: DEBUG dbcounter [-] [94353] Writing DB stats nova_cell1:SELECT=1 {{(pid=94353) stat_writer /opt/stack/data/venv/lib/python3.12/site-packages/dbcounter.py:115}}
May 20 16:22:06.150118 np0000001085 nova-scheduler[95618]: DEBUG dbcounter [-] [95618] Writing DB stats nova_cell0:SELECT=4,nova_cell0:INSERT=1,nova_cell0:UPDATE=1 {{(pid=95618) stat_writer /opt/stack/data/venv/lib/python3.12/site-packages/dbcounter.py:115}}
May 20 16:22:06.150532 np0000001085 nova-scheduler[95620]: DEBUG dbcounter [-] [95620] Writing DB stats nova_cell0:SELECT=3,nova_cell0:UPDATE=1 {{(pid=95620) stat_writer /opt/stack/data/venv/lib/python3.12/site-packages/dbcounter.py:115}}
May 20 16:22:06.154914 np0000001085 nova-scheduler[95622]: DEBUG dbcounter [-] [95622] Writing DB stats nova_cell0:SELECT=3,nova_cell0:UPDATE=1 {{(pid=95622) stat_writer /opt/stack/data/venv/lib/python3.12/site-packages/dbcounter.py:115}}
May 20 16:22:14.140071 np0000001085 nova-scheduler[95620]: DEBUG oslo.service.backend._threading.loopingcall [None req-497a7b7e-6cb9-4a0d-ad85-2e05f9553f7f None None] Dynamic interval looping call 'nova.service.Service.periodic_tasks' sleeping for 60.00 seconds {{(pid=95620) _run_loop /opt/stack/data/venv/lib/python3.12/site-packages/oslo_service/backend/_threading/loopingcall.py:125}}
May 20 16:22:39.145823 np0000001085 nova-scheduler[95622]: DEBUG oslo.service.backend._threading.loopingcall [None req-b2138e65-f308-465d-91c4-34bd57d5fab3 None None] Dynamic interval looping call 'nova.service.Service.periodic_tasks' sleeping for 60.00 seconds {{(pid=95622) _run_loop /opt/stack/data/venv/lib/python3.12/site-packages/oslo_service/backend/_threading/loopingcall.py:125}}
May 20 16:22:52.141226 np0000001085 nova-scheduler[95618]: DEBUG oslo.service.backend._threading.loopingcall [None req-8ef9702f-8ba6-42c1-b75f-98be99289390 None None] Dynamic interval looping call 'nova.service.Service.periodic_tasks' sleeping for 60.00 seconds {{(pid=95618) _run_loop /opt/stack/data/venv/lib/python3.12/site-packages/oslo_service/backend/_threading/loopingcall.py:125}}
May 20 16:23:14.140542 np0000001085 nova-scheduler[95620]: DEBUG oslo.service.backend._threading.loopingcall [None req-497a7b7e-6cb9-4a0d-ad85-2e05f9553f7f None None] Dynamic interval looping call 'nova.service.Service.periodic_tasks' sleeping for 60.00 seconds {{(pid=95620) _run_loop /opt/stack/data/venv/lib/python3.12/site-packages/oslo_service/backend/_threading/loopingcall.py:125}}
May 20 16:23:39.146302 np0000001085 nova-scheduler[95622]: DEBUG oslo.service.backend._threading.loopingcall [None req-b2138e65-f308-465d-91c4-34bd57d5fab3 None None] Dynamic interval looping call 'nova.service.Service.periodic_tasks' sleeping for 60.00 seconds {{(pid=95622) _run_loop /opt/stack/data/venv/lib/python3.12/site-packages/oslo_service/backend/_threading/loopingcall.py:125}}
May 20 16:23:52.141682 np0000001085 nova-scheduler[95618]: DEBUG oslo.service.backend._threading.loopingcall [None req-8ef9702f-8ba6-42c1-b75f-98be99289390 None None] Dynamic interval looping call 'nova.service.Service.periodic_tasks' sleeping for 60.00 seconds {{(pid=95618) _run_loop /opt/stack/data/venv/lib/python3.12/site-packages/oslo_service/backend/_threading/loopingcall.py:125}}
May 20 16:23:56.144945 np0000001085 nova-scheduler[95620]: DEBUG oslo.service.backend._threading.loopingcall [-] Fixed interval looping call 'nova.servicegroup.drivers.db.DbDriver._report_state' sleeping for 119.99 seconds {{(pid=95620) _run_loop /opt/stack/data/venv/lib/python3.12/site-packages/oslo_service/backend/_threading/loopingcall.py:125}}
May 20 16:23:56.148119 np0000001085 nova-scheduler[95618]: DEBUG oslo.service.backend._threading.loopingcall [-] Fixed interval looping call 'nova.servicegroup.drivers.db.DbDriver._report_state' sleeping for 120.00 seconds {{(pid=95618) _run_loop /opt/stack/data/venv/lib/python3.12/site-packages/oslo_service/backend/_threading/loopingcall.py:125}}
May 20 16:23:56.150420 np0000001085 nova-scheduler[95622]: DEBUG oslo.service.backend._threading.loopingcall [-] Fixed interval looping call 'nova.servicegroup.drivers.db.DbDriver._report_state' sleeping for 120.00 seconds {{(pid=95622) _run_loop /opt/stack/data/venv/lib/python3.12/site-packages/oslo_service/backend/_threading/loopingcall.py:125}}
May 20 16:24:06.139945 np0000001085 nova-scheduler[95620]: DEBUG dbcounter [-] [95620] Writing DB stats nova_cell0:SELECT=1,nova_cell0:UPDATE=1 {{(pid=95620) stat_writer /opt/stack/data/venv/lib/python3.12/site-packages/dbcounter.py:115}}
May 20 16:24:06.146710 np0000001085 nova-scheduler[95618]: DEBUG dbcounter [-] [95618] Writing DB stats nova_cell0:SELECT=1 {{(pid=95618) stat_writer /opt/stack/data/venv/lib/python3.12/site-packages/dbcounter.py:115}}
May 20 16:24:06.148804 np0000001085 nova-scheduler[95622]: DEBUG dbcounter [-] [95622] Writing DB stats nova_cell0:SELECT=1 {{(pid=95622) stat_writer /opt/stack/data/venv/lib/python3.12/site-packages/dbcounter.py:115}}
May 20 16:24:14.141581 np0000001085 nova-scheduler[95620]: DEBUG oslo.service.backend._threading.loopingcall [None req-497a7b7e-6cb9-4a0d-ad85-2e05f9553f7f None None] Dynamic interval looping call 'nova.service.Service.periodic_tasks' sleeping for 60.00 seconds {{(pid=95620) _run_loop /opt/stack/data/venv/lib/python3.12/site-packages/oslo_service/backend/_threading/loopingcall.py:125}}
May 20 16:24:38.970864 np0000001085 nova-scheduler[95620]: DEBUG nova.scheduler.manager [None req-175cb069-939c-4f9e-b48f-97a2689c9f9c tempest-ServerActionsTestOtherB-996136176 tempest-ServerActionsTestOtherB-996136176-project-member] Starting to schedule for instances: ['a82c4d86-1342-49b2-993d-102d0281588c'] {{(pid=95620) select_destinations /opt/stack/nova/nova/scheduler/manager.py:210}}
May 20 16:24:38.971343 np0000001085 nova-scheduler[95620]: DEBUG nova.scheduler.request_filter [None req-175cb069-939c-4f9e-b48f-97a2689c9f9c tempest-ServerActionsTestOtherB-996136176 tempest-ServerActionsTestOtherB-996136176-project-member] compute_status_filter request filter added forbidden trait COMPUTE_STATUS_DISABLED {{(pid=95620) compute_status_filter /opt/stack/nova/nova/scheduler/request_filter.py:253}}
May 20 16:24:38.971703 np0000001085 nova-scheduler[95620]: DEBUG nova.scheduler.request_filter [None req-175cb069-939c-4f9e-b48f-97a2689c9f9c tempest-ServerActionsTestOtherB-996136176 tempest-ServerActionsTestOtherB-996136176-project-member] Request filter 'compute_status_filter' took 0.0 seconds {{(pid=95620) wrapper /opt/stack/nova/nova/scheduler/request_filter.py:46}}
May 20 16:24:38.971703 np0000001085 nova-scheduler[95620]: DEBUG nova.scheduler.request_filter [None req-175cb069-939c-4f9e-b48f-97a2689c9f9c tempest-ServerActionsTestOtherB-996136176 tempest-ServerActionsTestOtherB-996136176-project-member] Request filter 'accelerators_filter' took 0.0 seconds {{(pid=95620) wrapper /opt/stack/nova/nova/scheduler/request_filter.py:46}}
May 20 16:24:38.971949 np0000001085 nova-scheduler[95620]: DEBUG nova.scheduler.request_filter [None req-175cb069-939c-4f9e-b48f-97a2689c9f9c tempest-ServerActionsTestOtherB-996136176 tempest-ServerActionsTestOtherB-996136176-project-member] Request filter 'packed_virtqueue_filter' took 0.0 seconds {{(pid=95620) wrapper /opt/stack/nova/nova/scheduler/request_filter.py:46}}
May 20 16:24:38.972237 np0000001085 nova-scheduler[95620]: DEBUG nova.scheduler.request_filter [None req-175cb069-939c-4f9e-b48f-97a2689c9f9c tempest-ServerActionsTestOtherB-996136176 tempest-ServerActionsTestOtherB-996136176-project-member] Request filter 'remote_managed_ports_filter' took 0.0 seconds {{(pid=95620) wrapper /opt/stack/nova/nova/scheduler/request_filter.py:46}}
May 20 16:24:38.972560 np0000001085 nova-scheduler[95620]: DEBUG nova.scheduler.request_filter [None req-175cb069-939c-4f9e-b48f-97a2689c9f9c tempest-ServerActionsTestOtherB-996136176 tempest-ServerActionsTestOtherB-996136176-project-member] ephemeral_encryption_filter skipped {{(pid=95620) ephemeral_encryption_filter /opt/stack/nova/nova/scheduler/request_filter.py:426}}
May 20 16:24:38.972716 np0000001085 nova-scheduler[95620]: DEBUG nova.scheduler.request_filter [None req-175cb069-939c-4f9e-b48f-97a2689c9f9c tempest-ServerActionsTestOtherB-996136176 tempest-ServerActionsTestOtherB-996136176-project-member] virtio_sound_filter skipped {{(pid=95620) virtio_sound_filter /opt/stack/nova/nova/scheduler/request_filter.py:460}}
May 20 16:24:38.972874 np0000001085 nova-scheduler[95620]: DEBUG nova.scheduler.request_filter [None req-175cb069-939c-4f9e-b48f-97a2689c9f9c tempest-ServerActionsTestOtherB-996136176 tempest-ServerActionsTestOtherB-996136176-project-member] tpm_secret_security_filter skipped {{(pid=95620) tpm_secret_security_filter /opt/stack/nova/nova/scheduler/request_filter.py:477}}
May 20 16:24:39.146732 np0000001085 nova-scheduler[95622]: DEBUG oslo.service.backend._threading.loopingcall [None req-b2138e65-f308-465d-91c4-34bd57d5fab3 None None] Dynamic interval looping call 'nova.service.Service.periodic_tasks' sleeping for 60.00 seconds {{(pid=95622) _run_loop /opt/stack/data/venv/lib/python3.12/site-packages/oslo_service/backend/_threading/loopingcall.py:125}}
May 20 16:24:39.426811 np0000001085 nova-scheduler[95620]: INFO nova.utils [None req-175cb069-939c-4f9e-b48f-97a2689c9f9c tempest-ServerActionsTestOtherB-996136176 tempest-ServerActionsTestOtherB-996136176-project-member] The cell worker thread pool ForkProcess-2.cell_worker is initialized
May 20 16:24:39.427300 np0000001085 nova-scheduler[95620]: DEBUG oslo_concurrency.lockutils [None req-175cb069-939c-4f9e-b48f-97a2689c9f9c tempest-ServerActionsTestOtherB-996136176 tempest-ServerActionsTestOtherB-996136176-project-member] Acquiring lock "8845d39c-f055-4e23-ac1e-f164def66c5a" by "nova.context.set_target_cell..get_or_set_cached_cell_and_set_connections" {{(pid=95620) inner /opt/stack/data/venv/lib/python3.12/site-packages/oslo_concurrency/lockutils.py:511}}
May 20 16:24:39.427533 np0000001085 nova-scheduler[95620]: DEBUG oslo_concurrency.lockutils [None req-175cb069-939c-4f9e-b48f-97a2689c9f9c tempest-ServerActionsTestOtherB-996136176 tempest-ServerActionsTestOtherB-996136176-project-member] Lock "8845d39c-f055-4e23-ac1e-f164def66c5a" acquired by "nova.context.set_target_cell..get_or_set_cached_cell_and_set_connections" :: waited 0.000s {{(pid=95620) inner /opt/stack/data/venv/lib/python3.12/site-packages/oslo_concurrency/lockutils.py:524}}
May 20 16:24:39.428857 np0000001085 nova-scheduler[95620]: DEBUG oslo_concurrency.lockutils [None req-175cb069-939c-4f9e-b48f-97a2689c9f9c tempest-ServerActionsTestOtherB-996136176 tempest-ServerActionsTestOtherB-996136176-project-member] Lock "8845d39c-f055-4e23-ac1e-f164def66c5a" "released" by "nova.context.set_target_cell..get_or_set_cached_cell_and_set_connections" :: held 0.001s {{(pid=95620) inner /opt/stack/data/venv/lib/python3.12/site-packages/oslo_concurrency/lockutils.py:543}}
May 20 16:24:39.430723 np0000001085 nova-scheduler[95620]: INFO dbcounter [None req-175cb069-939c-4f9e-b48f-97a2689c9f9c tempest-ServerActionsTestOtherB-996136176 tempest-ServerActionsTestOtherB-996136176-project-member] Registered counter for database nova_cell1
May 20 16:24:39.437393 np0000001085 nova-scheduler[95620]: DEBUG oslo_db.sqlalchemy.engines [None req-175cb069-939c-4f9e-b48f-97a2689c9f9c tempest-ServerActionsTestOtherB-996136176 tempest-ServerActionsTestOtherB-996136176-project-member] MySQL server mode set to STRICT_TRANS_TABLES,STRICT_ALL_TABLES,NO_ZERO_IN_DATE,NO_ZERO_DATE,ERROR_FOR_DIVISION_BY_ZERO,TRADITIONAL,NO_ENGINE_SUBSTITUTION {{(pid=95620) _check_effective_sql_mode /opt/stack/data/venv/lib/python3.12/site-packages/oslo_db/sqlalchemy/engines.py:325}}
May 20 16:24:39.443561 np0000001085 nova-scheduler[95620]: DEBUG dbcounter [-] [95620] Writer thread running {{(pid=95620) stat_writer /opt/stack/data/venv/lib/python3.12/site-packages/dbcounter.py:102}}
May 20 16:24:39.461546 np0000001085 nova-scheduler[95620]: DEBUG oslo_db.sqlalchemy.engines [None req-175cb069-939c-4f9e-b48f-97a2689c9f9c tempest-ServerActionsTestOtherB-996136176 tempest-ServerActionsTestOtherB-996136176-project-member] Parent process 94353 forked (95620) with an open database connection, which is being discarded and recreated. {{(pid=95620) checkout /opt/stack/data/venv/lib/python3.12/site-packages/oslo_db/sqlalchemy/engines.py:402}}
May 20 16:24:39.467423 np0000001085 nova-scheduler[95620]: DEBUG dbcounter [-] [95620] Writer thread running {{(pid=95620) stat_writer /opt/stack/data/venv/lib/python3.12/site-packages/dbcounter.py:102}}
May 20 16:24:39.471701 np0000001085 nova-scheduler[95620]: DEBUG oslo_concurrency.lockutils [None req-175cb069-939c-4f9e-b48f-97a2689c9f9c tempest-ServerActionsTestOtherB-996136176 tempest-ServerActionsTestOtherB-996136176-project-member] Acquiring lock "8845d39c-f055-4e23-ac1e-f164def66c5a" by "nova.context.set_target_cell..get_or_set_cached_cell_and_set_connections" {{(pid=95620) inner /opt/stack/data/venv/lib/python3.12/site-packages/oslo_concurrency/lockutils.py:511}}
May 20 16:24:39.471802 np0000001085 nova-scheduler[95620]: DEBUG oslo_concurrency.lockutils [None req-175cb069-939c-4f9e-b48f-97a2689c9f9c tempest-ServerActionsTestOtherB-996136176 tempest-ServerActionsTestOtherB-996136176-project-member] Lock "8845d39c-f055-4e23-ac1e-f164def66c5a" acquired by "nova.context.set_target_cell..get_or_set_cached_cell_and_set_connections" :: waited 0.000s {{(pid=95620) inner /opt/stack/data/venv/lib/python3.12/site-packages/oslo_concurrency/lockutils.py:524}}
May 20 16:24:39.471929 np0000001085 nova-scheduler[95620]: DEBUG oslo_concurrency.lockutils [None req-175cb069-939c-4f9e-b48f-97a2689c9f9c tempest-ServerActionsTestOtherB-996136176 tempest-ServerActionsTestOtherB-996136176-project-member] Lock "8845d39c-f055-4e23-ac1e-f164def66c5a" "released" by "nova.context.set_target_cell..get_or_set_cached_cell_and_set_connections" :: held 0.000s {{(pid=95620) inner /opt/stack/data/venv/lib/python3.12/site-packages/oslo_concurrency/lockutils.py:543}}
May 20 16:24:39.478165 np0000001085 nova-scheduler[95620]: DEBUG oslo_concurrency.lockutils [None req-175cb069-939c-4f9e-b48f-97a2689c9f9c tempest-ServerActionsTestOtherB-996136176 tempest-ServerActionsTestOtherB-996136176-project-member] Acquiring lock "('np0000001085', 'np0000001085')" by "nova.scheduler.host_manager.HostState.update.._locked_update" {{(pid=95620) inner /opt/stack/data/venv/lib/python3.12/site-packages/oslo_concurrency/lockutils.py:511}}
May 20 16:24:39.478165 np0000001085 nova-scheduler[95620]: DEBUG oslo_concurrency.lockutils [None req-175cb069-939c-4f9e-b48f-97a2689c9f9c tempest-ServerActionsTestOtherB-996136176 tempest-ServerActionsTestOtherB-996136176-project-member] Lock "('np0000001085', 'np0000001085')" acquired by "nova.scheduler.host_manager.HostState.update.._locked_update" :: waited 0.000s {{(pid=95620) inner /opt/stack/data/venv/lib/python3.12/site-packages/oslo_concurrency/lockutils.py:524}}
May 20 16:24:39.479723 np0000001085 nova-scheduler[95620]: DEBUG nova.scheduler.host_manager [None req-175cb069-939c-4f9e-b48f-97a2689c9f9c tempest-ServerActionsTestOtherB-996136176 tempest-ServerActionsTestOtherB-996136176-project-member] Update host state from compute node: ComputeNode(cpu_allocation_ratio=4.0,cpu_info='{"arch": "x86_64", "model": "EPYC-Milan", "vendor": "AMD", "topology": {"cells": 1, "sockets": 12, "cores": 1, "threads": 1}, "maxphysaddr": {"mode": "emulate", "bits": 40}, "features": ["ibrs", "pschange-mc-no", "fsgsbase", "pku", "mtrr", "tsc-scale", "lfence-always-serializing", "no-nested-data-bp", "mmx", "v-vmsave-vmload", "misalignsse", "rdseed", "xsaves", "umip", "msr", "fxsr_opt", "xsaveopt", "lahf_lm", "stibp-always-on", "ibpb", "smep", "bmi2", "rdtscp", "wbnoinvd", "skip-l1dfl-vmentry", "amd-ssbd", "abm", "pge", "gds-no", "ssbd", "sse2", "sha-ni", "cx8", "ssse3", "null-sel-clr-base", "arch-capabilities", "de", "sse", "pcid", "bmi1", "xsavec", "pse", "flushbyasid", "rdctl-no", "spec-ctrl", "xgetbv1", "pdpe1gb", "cmov", "fsrm", "cx16", "lm", "pni", "tsc", "avx", "pat", "mmxext", "movbe", "3dnowprefetch", "apic", "xsave", "virt-ssbd", "mce", "mds-no", "amd-psfd", "avx2", "arat", "fpu", "npt", "pae", "cmp_legacy", "sep", "vpclmulqdq", "vgif", "f16c", "cr8legacy", "nx", "pause-filter", "fma", "amd-stibp", "clflush", "svm", "pse36", "aes", "hypervisor", "nrip-save", "x2apic", "vaes", "vme", "pfthreshold", "tsc-deadline", "perfctr_core", "osvw", "pclmuldq", "vmcb-clean", "syscall", "smap", "tsc_adjust", "clzero", "adx", "mca", "popcnt", "topoext", "svme-addr-chk", "sse4a", "stibp", "xsaveerptr", "rdpid", "clflushopt", "invpcid", "sse4.1", "sse4.2", "erms", "clwb", "fxsr", "lbrv", "rdrand"]}',created_at=2026-05-20T16:22:16Z,current_workload=0,deleted=False,deleted_at=None,disk_allocation_ratio=1.0,disk_available_least=74,free_disk_gb=95,free_ram_mb=23518,host='np0000001085',host_ip=10.4.3.118,hypervisor_hostname='np0000001085',hypervisor_type='QEMU',hypervisor_version=8002002,id=1,local_gb=95,local_gb_used=0,mapped=1,memory_mb=24030,memory_mb_used=512,metrics='[]',numa_topology='{"nova_object.name": "NUMATopology", "nova_object.namespace": "nova", "nova_object.version": "1.2", "nova_object.data": {"cells": [{"nova_object.name": "NUMACell", "nova_object.namespace": "nova", "nova_object.version": "1.5", "nova_object.data": {"id": 0, "cpuset": [0, 1, 2, 3, 4, 5, 6, 7, 8, 9, 10, 11], "pcpuset": [0, 1, 2, 3, 4, 5, 6, 7, 8, 9, 10, 11], "memory": 24030, "cpu_usage": 0, "memory_usage": 0, "pinned_cpus": [], "siblings": [[6], [2], [5], [11], [8], [4], [1], [7], [10], [0], [3], [9]], "mempages": [{"nova_object.name": "NUMAPagesTopology", "nova_object.namespace": "nova", "nova_object.version": "1.1", "nova_object.data": {"size_kb": 4, "total": 6151798, "used": 0, "reserved": 0}, "nova_object.changes": ["reserved", "used", "size_kb", "total"]}, {"nova_object.name": "NUMAPagesTopology", "nova_object.namespace": "nova", "nova_object.version": "1.1", "nova_object.data": {"size_kb": 2048, "total": 0, "used": 0, "reserved": 0}, "nova_object.changes": ["reserved", "used", "size_kb", "total"]}, {"nova_object.name": "NUMAPagesTopology", "nova_object.namespace": "nova", "nova_object.version": "1.1", "nova_object.data": {"size_kb": 1048576, "total": 0, "used": 0, "reserved": 0}, "nova_object.changes": ["reserved", "used", "size_kb", "total"]}], "network_metadata": {"nova_object.name": "NetworkMetadata", "nova_object.namespace": "nova", "nova_object.version": "1.0", "nova_object.data": {"physnets": [], "tunneled": false}, "nova_object.changes": ["tunneled", "physnets"]}, "socket": null}, "nova_object.changes": ["id", "pcpuset", "cpu_usage", "siblings", "memory", "cpuset", "pinned_cpus", "socket", "mempages", "network_metadata", "memory_usage"]}]}, "nova_object.changes": ["cells"]}',pci_device_pools=PciDevicePoolList,ram_allocation_ratio=1.0,running_vms=0,service_id=2,stats={failed_builds='0',uptime=' 16:24:01 up 24 min, 2 users, load average: 1.42, 1.51, 0.87
May 20 16:24:39.479723 np0000001085 nova-scheduler[95620]: '},supported_hv_specs=[HVSpec,HVSpec,HVSpec,HVSpec,HVSpec,HVSpec,HVSpec,HVSpec,HVSpec,HVSpec,HVSpec,HVSpec,HVSpec,HVSpec,HVSpec,HVSpec,HVSpec,HVSpec,HVSpec,HVSpec,HVSpec,HVSpec,HVSpec,HVSpec,HVSpec],updated_at=2026-05-20T16:24:04Z,uuid=4b828759-cf88-4932-b1a2-0329acf8984d,vcpus=12,vcpus_used=0) {{(pid=95620) _locked_update /opt/stack/nova/nova/scheduler/host_manager.py:168}}
May 20 16:24:39.481431 np0000001085 nova-scheduler[95620]: DEBUG nova.scheduler.host_manager [None req-175cb069-939c-4f9e-b48f-97a2689c9f9c tempest-ServerActionsTestOtherB-996136176 tempest-ServerActionsTestOtherB-996136176-project-member] Update host state with aggregates: [] {{(pid=95620) _locked_update /opt/stack/nova/nova/scheduler/host_manager.py:171}}
May 20 16:24:39.481431 np0000001085 nova-scheduler[95620]: DEBUG nova.scheduler.host_manager [None req-175cb069-939c-4f9e-b48f-97a2689c9f9c tempest-ServerActionsTestOtherB-996136176 tempest-ServerActionsTestOtherB-996136176-project-member] Update host state with service dict: {'id': 2, 'uuid': '40c4c4d7-90e7-4704-88ec-6a3377933b24', 'host': 'np0000001085', 'binary': 'nova-compute', 'topic': 'compute', 'report_count': 2, 'disabled': False, 'disabled_reason': None, 'last_seen_up': datetime.datetime(2026, 5, 20, 16, 24, 25, tzinfo=datetime.timezone.utc), 'forced_down': False, 'version': 72, 'created_at': datetime.datetime(2026, 5, 20, 16, 22, 14, tzinfo=datetime.timezone.utc), 'updated_at': datetime.datetime(2026, 5, 20, 16, 24, 25, tzinfo=datetime.timezone.utc), 'deleted_at': None, 'deleted': False} {{(pid=95620) _locked_update /opt/stack/nova/nova/scheduler/host_manager.py:174}}
May 20 16:24:39.481431 np0000001085 nova-scheduler[95620]: DEBUG nova.scheduler.host_manager [None req-175cb069-939c-4f9e-b48f-97a2689c9f9c tempest-ServerActionsTestOtherB-996136176 tempest-ServerActionsTestOtherB-996136176-project-member] Update host state with instances: [] {{(pid=95620) _locked_update /opt/stack/nova/nova/scheduler/host_manager.py:177}}
May 20 16:24:39.481431 np0000001085 nova-scheduler[95620]: DEBUG oslo_concurrency.lockutils [None req-175cb069-939c-4f9e-b48f-97a2689c9f9c tempest-ServerActionsTestOtherB-996136176 tempest-ServerActionsTestOtherB-996136176-project-member] Lock "('np0000001085', 'np0000001085')" "released" by "nova.scheduler.host_manager.HostState.update.._locked_update" :: held 0.003s {{(pid=95620) inner /opt/stack/data/venv/lib/python3.12/site-packages/oslo_concurrency/lockutils.py:543}}
May 20 16:24:39.481431 np0000001085 nova-scheduler[95620]: DEBUG nova.filters [None req-175cb069-939c-4f9e-b48f-97a2689c9f9c tempest-ServerActionsTestOtherB-996136176 tempest-ServerActionsTestOtherB-996136176-project-member] Starting with 1 host(s) {{(pid=95620) get_filtered_objects /opt/stack/nova/nova/filters.py:70}}
May 20 16:24:39.481431 np0000001085 nova-scheduler[95620]: DEBUG nova.filters [None req-175cb069-939c-4f9e-b48f-97a2689c9f9c tempest-ServerActionsTestOtherB-996136176 tempest-ServerActionsTestOtherB-996136176-project-member] Filter ComputeFilter returned 1 host(s) {{(pid=95620) get_filtered_objects /opt/stack/nova/nova/filters.py:102}}
May 20 16:24:39.481927 np0000001085 nova-scheduler[95620]: DEBUG nova.filters [None req-175cb069-939c-4f9e-b48f-97a2689c9f9c tempest-ServerActionsTestOtherB-996136176 tempest-ServerActionsTestOtherB-996136176-project-member] Filter ComputeCapabilitiesFilter returned 1 host(s) {{(pid=95620) get_filtered_objects /opt/stack/nova/nova/filters.py:102}}
May 20 16:24:39.481927 np0000001085 nova-scheduler[95620]: DEBUG nova.filters [None req-175cb069-939c-4f9e-b48f-97a2689c9f9c tempest-ServerActionsTestOtherB-996136176 tempest-ServerActionsTestOtherB-996136176-project-member] Filter ImagePropertiesFilter returned 1 host(s) {{(pid=95620) get_filtered_objects /opt/stack/nova/nova/filters.py:102}}
May 20 16:24:39.481927 np0000001085 nova-scheduler[95620]: DEBUG nova.filters [None req-175cb069-939c-4f9e-b48f-97a2689c9f9c tempest-ServerActionsTestOtherB-996136176 tempest-ServerActionsTestOtherB-996136176-project-member] Filter ServerGroupAntiAffinityFilter returned 1 host(s) {{(pid=95620) get_filtered_objects /opt/stack/nova/nova/filters.py:102}}
May 20 16:24:39.482075 np0000001085 nova-scheduler[95620]: DEBUG nova.filters [None req-175cb069-939c-4f9e-b48f-97a2689c9f9c tempest-ServerActionsTestOtherB-996136176 tempest-ServerActionsTestOtherB-996136176-project-member] Filter ServerGroupAffinityFilter returned 1 host(s) {{(pid=95620) get_filtered_objects /opt/stack/nova/nova/filters.py:102}}
May 20 16:24:39.482694 np0000001085 nova-scheduler[95620]: DEBUG nova.filters [None req-175cb069-939c-4f9e-b48f-97a2689c9f9c tempest-ServerActionsTestOtherB-996136176 tempest-ServerActionsTestOtherB-996136176-project-member] Filter SameHostFilter returned 1 host(s) {{(pid=95620) get_filtered_objects /opt/stack/nova/nova/filters.py:102}}
May 20 16:24:39.482694 np0000001085 nova-scheduler[95620]: DEBUG nova.filters [None req-175cb069-939c-4f9e-b48f-97a2689c9f9c tempest-ServerActionsTestOtherB-996136176 tempest-ServerActionsTestOtherB-996136176-project-member] Filter DifferentHostFilter returned 1 host(s) {{(pid=95620) get_filtered_objects /opt/stack/nova/nova/filters.py:102}}
May 20 16:24:39.482694 np0000001085 nova-scheduler[95620]: DEBUG nova.scheduler.manager [None req-175cb069-939c-4f9e-b48f-97a2689c9f9c tempest-ServerActionsTestOtherB-996136176 tempest-ServerActionsTestOtherB-996136176-project-member] Filtered [(np0000001085, np0000001085) ram: 23518MB disk: 75776MB io_ops: 0 instances: 0, allocation_candidates: 1] {{(pid=95620) _get_sorted_hosts /opt/stack/nova/nova/scheduler/manager.py:743}}
May 20 16:24:39.482974 np0000001085 nova-scheduler[95620]: DEBUG nova.scheduler.manager [None req-175cb069-939c-4f9e-b48f-97a2689c9f9c tempest-ServerActionsTestOtherB-996136176 tempest-ServerActionsTestOtherB-996136176-project-member] Weighed [WeighedHost [host: (np0000001085, np0000001085) ram: 23518MB disk: 75776MB io_ops: 0 instances: 0, allocation_candidates: 1, weight: 0.0]] {{(pid=95620) _get_sorted_hosts /opt/stack/nova/nova/scheduler/manager.py:765}}
May 20 16:24:39.482974 np0000001085 nova-scheduler[95620]: DEBUG nova.scheduler.utils [None req-175cb069-939c-4f9e-b48f-97a2689c9f9c tempest-ServerActionsTestOtherB-996136176 tempest-ServerActionsTestOtherB-996136176-project-member] Attempting to claim resources in the placement API for instance a82c4d86-1342-49b2-993d-102d0281588c {{(pid=95620) claim_resources /opt/stack/nova/nova/scheduler/utils.py:1304}}
May 20 16:24:39.647886 np0000001085 nova-scheduler[95620]: DEBUG nova.scheduler.manager [None req-175cb069-939c-4f9e-b48f-97a2689c9f9c tempest-ServerActionsTestOtherB-996136176 tempest-ServerActionsTestOtherB-996136176-project-member] [instance: a82c4d86-1342-49b2-993d-102d0281588c] Selected host: (np0000001085, np0000001085) ram: 23518MB disk: 75776MB io_ops: 0 instances: 0, allocation_candidates: 1 {{(pid=95620) _consume_selected_host /opt/stack/nova/nova/scheduler/manager.py:625}}
May 20 16:24:39.648215 np0000001085 nova-scheduler[95620]: DEBUG oslo_concurrency.lockutils [None req-175cb069-939c-4f9e-b48f-97a2689c9f9c tempest-ServerActionsTestOtherB-996136176 tempest-ServerActionsTestOtherB-996136176-project-member] Acquiring lock "('np0000001085', 'np0000001085')" by "nova.scheduler.host_manager.HostState.consume_from_request.._locked" {{(pid=95620) inner /opt/stack/data/venv/lib/python3.12/site-packages/oslo_concurrency/lockutils.py:511}}
May 20 16:24:39.648421 np0000001085 nova-scheduler[95620]: DEBUG oslo_concurrency.lockutils [None req-175cb069-939c-4f9e-b48f-97a2689c9f9c tempest-ServerActionsTestOtherB-996136176 tempest-ServerActionsTestOtherB-996136176-project-member] Lock "('np0000001085', 'np0000001085')" acquired by "nova.scheduler.host_manager.HostState.consume_from_request.._locked" :: waited 0.000s {{(pid=95620) inner /opt/stack/data/venv/lib/python3.12/site-packages/oslo_concurrency/lockutils.py:524}}
May 20 16:24:39.648644 np0000001085 nova-scheduler[95620]: DEBUG oslo_concurrency.lockutils [None req-175cb069-939c-4f9e-b48f-97a2689c9f9c tempest-ServerActionsTestOtherB-996136176 tempest-ServerActionsTestOtherB-996136176-project-member] Lock "('np0000001085', 'np0000001085')" "released" by "nova.scheduler.host_manager.HostState.consume_from_request.._locked" :: held 0.000s {{(pid=95620) inner /opt/stack/data/venv/lib/python3.12/site-packages/oslo_concurrency/lockutils.py:543}}
May 20 16:24:43.596026 np0000001085 nova-scheduler[95618]: DEBUG nova.scheduler.manager [None req-b712baeb-5c70-4e45-bb5b-db93feec2837 tempest-TaggedAttachmentsTest-404277657 tempest-TaggedAttachmentsTest-404277657-project-member] Starting to schedule for instances: ['6e7a5824-ecfd-4284-abc1-b56f2c2312bf'] {{(pid=95618) select_destinations /opt/stack/nova/nova/scheduler/manager.py:210}}
May 20 16:24:43.596654 np0000001085 nova-scheduler[95618]: DEBUG nova.scheduler.request_filter [None req-b712baeb-5c70-4e45-bb5b-db93feec2837 tempest-TaggedAttachmentsTest-404277657 tempest-TaggedAttachmentsTest-404277657-project-member] compute_status_filter request filter added forbidden trait COMPUTE_STATUS_DISABLED {{(pid=95618) compute_status_filter /opt/stack/nova/nova/scheduler/request_filter.py:253}}
May 20 16:24:43.596939 np0000001085 nova-scheduler[95618]: DEBUG nova.scheduler.request_filter [None req-b712baeb-5c70-4e45-bb5b-db93feec2837 tempest-TaggedAttachmentsTest-404277657 tempest-TaggedAttachmentsTest-404277657-project-member] Request filter 'compute_status_filter' took 0.0 seconds {{(pid=95618) wrapper /opt/stack/nova/nova/scheduler/request_filter.py:46}}
May 20 16:24:43.597579 np0000001085 nova-scheduler[95618]: DEBUG nova.scheduler.request_filter [None req-b712baeb-5c70-4e45-bb5b-db93feec2837 tempest-TaggedAttachmentsTest-404277657 tempest-TaggedAttachmentsTest-404277657-project-member] Request filter 'accelerators_filter' took 0.0 seconds {{(pid=95618) wrapper /opt/stack/nova/nova/scheduler/request_filter.py:46}}
May 20 16:24:43.597692 np0000001085 nova-scheduler[95618]: DEBUG nova.scheduler.request_filter [None req-b712baeb-5c70-4e45-bb5b-db93feec2837 tempest-TaggedAttachmentsTest-404277657 tempest-TaggedAttachmentsTest-404277657-project-member] Request filter 'packed_virtqueue_filter' took 0.0 seconds {{(pid=95618) wrapper /opt/stack/nova/nova/scheduler/request_filter.py:46}}
May 20 16:24:43.598191 np0000001085 nova-scheduler[95618]: DEBUG nova.scheduler.request_filter [None req-b712baeb-5c70-4e45-bb5b-db93feec2837 tempest-TaggedAttachmentsTest-404277657 tempest-TaggedAttachmentsTest-404277657-project-member] Request filter 'remote_managed_ports_filter' took 0.0 seconds {{(pid=95618) wrapper /opt/stack/nova/nova/scheduler/request_filter.py:46}}
May 20 16:24:43.598491 np0000001085 nova-scheduler[95618]: DEBUG nova.scheduler.request_filter [None req-b712baeb-5c70-4e45-bb5b-db93feec2837 tempest-TaggedAttachmentsTest-404277657 tempest-TaggedAttachmentsTest-404277657-project-member] ephemeral_encryption_filter skipped {{(pid=95618) ephemeral_encryption_filter /opt/stack/nova/nova/scheduler/request_filter.py:426}}
May 20 16:24:43.599208 np0000001085 nova-scheduler[95618]: DEBUG nova.scheduler.request_filter [None req-b712baeb-5c70-4e45-bb5b-db93feec2837 tempest-TaggedAttachmentsTest-404277657 tempest-TaggedAttachmentsTest-404277657-project-member] virtio_sound_filter skipped {{(pid=95618) virtio_sound_filter /opt/stack/nova/nova/scheduler/request_filter.py:460}}
May 20 16:24:43.600393 np0000001085 nova-scheduler[95618]: DEBUG nova.scheduler.request_filter [None req-b712baeb-5c70-4e45-bb5b-db93feec2837 tempest-TaggedAttachmentsTest-404277657 tempest-TaggedAttachmentsTest-404277657-project-member] tpm_secret_security_filter skipped {{(pid=95618) tpm_secret_security_filter /opt/stack/nova/nova/scheduler/request_filter.py:477}}
May 20 16:24:43.712090 np0000001085 nova-scheduler[95618]: INFO nova.utils [None req-b712baeb-5c70-4e45-bb5b-db93feec2837 tempest-TaggedAttachmentsTest-404277657 tempest-TaggedAttachmentsTest-404277657-project-member] The cell worker thread pool ForkProcess-1.cell_worker is initialized
May 20 16:24:43.712445 np0000001085 nova-scheduler[95618]: DEBUG oslo_concurrency.lockutils [None req-b712baeb-5c70-4e45-bb5b-db93feec2837 tempest-TaggedAttachmentsTest-404277657 tempest-TaggedAttachmentsTest-404277657-project-member] Acquiring lock "8845d39c-f055-4e23-ac1e-f164def66c5a" by "nova.context.set_target_cell..get_or_set_cached_cell_and_set_connections" {{(pid=95618) inner /opt/stack/data/venv/lib/python3.12/site-packages/oslo_concurrency/lockutils.py:511}}
May 20 16:24:43.712655 np0000001085 nova-scheduler[95618]: DEBUG oslo_concurrency.lockutils [None req-b712baeb-5c70-4e45-bb5b-db93feec2837 tempest-TaggedAttachmentsTest-404277657 tempest-TaggedAttachmentsTest-404277657-project-member] Lock "8845d39c-f055-4e23-ac1e-f164def66c5a" acquired by "nova.context.set_target_cell..get_or_set_cached_cell_and_set_connections" :: waited 0.000s {{(pid=95618) inner /opt/stack/data/venv/lib/python3.12/site-packages/oslo_concurrency/lockutils.py:524}}
May 20 16:24:43.714172 np0000001085 nova-scheduler[95618]: DEBUG oslo_concurrency.lockutils [None req-b712baeb-5c70-4e45-bb5b-db93feec2837 tempest-TaggedAttachmentsTest-404277657 tempest-TaggedAttachmentsTest-404277657-project-member] Lock "8845d39c-f055-4e23-ac1e-f164def66c5a" "released" by "nova.context.set_target_cell..get_or_set_cached_cell_and_set_connections" :: held 0.001s {{(pid=95618) inner /opt/stack/data/venv/lib/python3.12/site-packages/oslo_concurrency/lockutils.py:543}}
May 20 16:24:43.716004 np0000001085 nova-scheduler[95618]: INFO dbcounter [None req-b712baeb-5c70-4e45-bb5b-db93feec2837 tempest-TaggedAttachmentsTest-404277657 tempest-TaggedAttachmentsTest-404277657-project-member] Registered counter for database nova_cell1
May 20 16:24:43.721884 np0000001085 nova-scheduler[95618]: DEBUG oslo_db.sqlalchemy.engines [None req-b712baeb-5c70-4e45-bb5b-db93feec2837 tempest-TaggedAttachmentsTest-404277657 tempest-TaggedAttachmentsTest-404277657-project-member] MySQL server mode set to STRICT_TRANS_TABLES,STRICT_ALL_TABLES,NO_ZERO_IN_DATE,NO_ZERO_DATE,ERROR_FOR_DIVISION_BY_ZERO,TRADITIONAL,NO_ENGINE_SUBSTITUTION {{(pid=95618) _check_effective_sql_mode /opt/stack/data/venv/lib/python3.12/site-packages/oslo_db/sqlalchemy/engines.py:325}}
May 20 16:24:43.727819 np0000001085 nova-scheduler[95618]: DEBUG dbcounter [-] [95618] Writer thread running {{(pid=95618) stat_writer /opt/stack/data/venv/lib/python3.12/site-packages/dbcounter.py:102}}
May 20 16:24:43.748166 np0000001085 nova-scheduler[95618]: DEBUG dbcounter [-] [95618] Writer thread running {{(pid=95618) stat_writer /opt/stack/data/venv/lib/python3.12/site-packages/dbcounter.py:102}}
May 20 16:24:43.750845 np0000001085 nova-scheduler[95618]: DEBUG oslo_concurrency.lockutils [None req-b712baeb-5c70-4e45-bb5b-db93feec2837 tempest-TaggedAttachmentsTest-404277657 tempest-TaggedAttachmentsTest-404277657-project-member] Acquiring lock "8845d39c-f055-4e23-ac1e-f164def66c5a" by "nova.context.set_target_cell..get_or_set_cached_cell_and_set_connections" {{(pid=95618) inner /opt/stack/data/venv/lib/python3.12/site-packages/oslo_concurrency/lockutils.py:511}}
May 20 16:24:43.751021 np0000001085 nova-scheduler[95618]: DEBUG oslo_concurrency.lockutils [None req-b712baeb-5c70-4e45-bb5b-db93feec2837 tempest-TaggedAttachmentsTest-404277657 tempest-TaggedAttachmentsTest-404277657-project-member] Lock "8845d39c-f055-4e23-ac1e-f164def66c5a" acquired by "nova.context.set_target_cell..get_or_set_cached_cell_and_set_connections" :: waited 0.000s {{(pid=95618) inner /opt/stack/data/venv/lib/python3.12/site-packages/oslo_concurrency/lockutils.py:524}}
May 20 16:24:43.751176 np0000001085 nova-scheduler[95618]: DEBUG oslo_concurrency.lockutils [None req-b712baeb-5c70-4e45-bb5b-db93feec2837 tempest-TaggedAttachmentsTest-404277657 tempest-TaggedAttachmentsTest-404277657-project-member] Lock "8845d39c-f055-4e23-ac1e-f164def66c5a" "released" by "nova.context.set_target_cell..get_or_set_cached_cell_and_set_connections" :: held 0.000s {{(pid=95618) inner /opt/stack/data/venv/lib/python3.12/site-packages/oslo_concurrency/lockutils.py:543}}
May 20 16:24:43.754619 np0000001085 nova-scheduler[95618]: DEBUG oslo_concurrency.lockutils [None req-b712baeb-5c70-4e45-bb5b-db93feec2837 tempest-TaggedAttachmentsTest-404277657 tempest-TaggedAttachmentsTest-404277657-project-member] Acquiring lock "('np0000001085', 'np0000001085')" by "nova.scheduler.host_manager.HostState.update.._locked_update" {{(pid=95618) inner /opt/stack/data/venv/lib/python3.12/site-packages/oslo_concurrency/lockutils.py:511}}
May 20 16:24:43.754794 np0000001085 nova-scheduler[95618]: DEBUG oslo_concurrency.lockutils [None req-b712baeb-5c70-4e45-bb5b-db93feec2837 tempest-TaggedAttachmentsTest-404277657 tempest-TaggedAttachmentsTest-404277657-project-member] Lock "('np0000001085', 'np0000001085')" acquired by "nova.scheduler.host_manager.HostState.update.._locked_update" :: waited 0.000s {{(pid=95618) inner /opt/stack/data/venv/lib/python3.12/site-packages/oslo_concurrency/lockutils.py:524}}
