May 20 16:21:27.559162 np0000001085 devstack@neutron-api.service[89835]: DEBUG neutron_lib.callbacks.manager [None req-2aaa995b-a658-4606-b41b-eb76652c3546 None None] Subscribe: > port precommit_delete 55550000, False {{(pid=89835) subscribe /opt/stack/data/venv/lib/python3.12/site-packages/neutron_lib/callbacks/manager.py:52}}
May 20 16:21:27.559259 np0000001085 devstack@neutron-api.service[89835]: DEBUG neutron_lib.callbacks.manager [None req-2aaa995b-a658-4606-b41b-eb76652c3546 None None] Subscribe: port before_update 55550000, False {{(pid=89835) subscribe /opt/stack/data/venv/lib/python3.12/site-packages/neutron_lib/callbacks/manager.py:52}}
May 20 16:21:27.559347 np0000001085 devstack@neutron-api.service[89835]: DEBUG neutron_lib.callbacks.manager [None req-2aaa995b-a658-4606-b41b-eb76652c3546 None None] Subscribe: port before_delete 55550000, False {{(pid=89835) subscribe /opt/stack/data/venv/lib/python3.12/site-packages/neutron_lib/callbacks/manager.py:52}}
May 20 16:21:27.559487 np0000001085 devstack@neutron-api.service[89835]: DEBUG neutron_lib.callbacks.manager [None req-2aaa995b-a658-4606-b41b-eb76652c3546 None None] Subscribe: > router precommit_create 55550000, False {{(pid=89835) subscribe /opt/stack/data/venv/lib/python3.12/site-packages/neutron_lib/callbacks/manager.py:52}}
May 20 16:21:27.560033 np0000001085 devstack@neutron-api.service[89835]: DEBUG neutron_lib.callbacks.manager [None req-2aaa995b-a658-4606-b41b-eb76652c3546 None None] Subscribe: > router precommit_create 55550000, False {{(pid=89835) subscribe /opt/stack/data/venv/lib/python3.12/site-packages/neutron_lib/callbacks/manager.py:52}}
May 20 16:21:27.560033 np0000001085 devstack@neutron-api.service[89835]: DEBUG neutron_lib.callbacks.manager [None req-2aaa995b-a658-4606-b41b-eb76652c3546 None None] Subscribe: > router precommit_update 55550000, False {{(pid=89835) subscribe /opt/stack/data/venv/lib/python3.12/site-packages/neutron_lib/callbacks/manager.py:52}}
May 20 16:21:27.560033 np0000001085 devstack@neutron-api.service[89835]: DEBUG neutron_lib.callbacks.manager [None req-2aaa995b-a658-4606-b41b-eb76652c3546 None None] Subscribe: subnet after_update 55550000, False {{(pid=89835) subscribe /opt/stack/data/venv/lib/python3.12/site-packages/neutron_lib/callbacks/manager.py:52}}
May 20 16:21:27.560033 np0000001085 devstack@neutron-api.service[89835]: DEBUG neutron.quota.resource_registry [None req-2aaa995b-a658-4606-b41b-eb76652c3546 None None] Tracking information for resource: router configured {{(pid=89835) set_tracked_resource /opt/stack/neutron/neutron/quota/resource_registry.py:203}}
May 20 16:21:27.560033 np0000001085 devstack@neutron-api.service[89835]: DEBUG neutron.quota.resource_registry [None req-2aaa995b-a658-4606-b41b-eb76652c3546 None None] Tracking information for resource: floatingip configured {{(pid=89835) set_tracked_resource /opt/stack/neutron/neutron/quota/resource_registry.py:203}}
May 20 16:21:27.560289 np0000001085 devstack@neutron-api.service[89835]: INFO neutron.services.ovn_l3.plugin [None req-2aaa995b-a658-4606-b41b-eb76652c3546 None None] Starting OVNL3RouterPlugin
May 20 16:21:27.560335 np0000001085 devstack@neutron-api.service[89835]: DEBUG neutron_lib.callbacks.manager [None req-2aaa995b-a658-4606-b41b-eb76652c3546 None None] Subscribe: > port_forwarding_plugin after_init 55550000, False {{(pid=89835) subscribe /opt/stack/data/venv/lib/python3.12/site-packages/neutron_lib/callbacks/manager.py:52}}
May 20 16:21:27.560563 np0000001085 devstack@neutron-api.service[89835]: DEBUG neutron_lib.callbacks.manager [None req-2aaa995b-a658-4606-b41b-eb76652c3546 None None] Subscribe: > router before_create 55550100, False {{(pid=89835) subscribe /opt/stack/data/venv/lib/python3.12/site-packages/neutron_lib/callbacks/manager.py:52}}
May 20 16:21:27.560692 np0000001085 devstack@neutron-api.service[89835]: DEBUG neutron_lib.callbacks.manager [None req-2aaa995b-a658-4606-b41b-eb76652c3546 None None] Subscribe: > router precommit_delete 55550100, False {{(pid=89835) subscribe /opt/stack/data/venv/lib/python3.12/site-packages/neutron_lib/callbacks/manager.py:52}}
May 20 16:21:27.560769 np0000001085 devstack@neutron-api.service[89835]: DEBUG neutron_lib.callbacks.manager [None req-2aaa995b-a658-4606-b41b-eb76652c3546 None None] Subscribe: > router precommit_create 55550100, False {{(pid=89835) subscribe /opt/stack/data/venv/lib/python3.12/site-packages/neutron_lib/callbacks/manager.py:52}}
May 20 16:21:27.560885 np0000001085 devstack@neutron-api.service[89835]: DEBUG neutron_lib.callbacks.manager [None req-2aaa995b-a658-4606-b41b-eb76652c3546 None None] Subscribe: > router precommit_update 55550100, False {{(pid=89835) subscribe /opt/stack/data/venv/lib/python3.12/site-packages/neutron_lib/callbacks/manager.py:52}}
May 20 16:21:27.564032 np0000001085 devstack@neutron-api.service[89835]: DEBUG neutron.services.provider_configuration [None req-2aaa995b-a658-4606-b41b-eb76652c3546 None None] Service providers = [] {{(pid=89835) parse_service_provider_opt /opt/stack/neutron/neutron/services/provider_configuration.py:170}}
May 20 16:21:27.564165 np0000001085 devstack@neutron-api.service[89835]: DEBUG neutron.db.servicetype_db [None req-2aaa995b-a658-4606-b41b-eb76652c3546 None None] Adding provider configuration for service L3_ROUTER_NAT {{(pid=89835) add_provider_configuration /opt/stack/neutron/neutron/db/servicetype_db.py:45}}
May 20 16:21:27.565643 np0000001085 devstack@neutron-api.service[89835]: DEBUG neutron_lib.callbacks.manager [None req-2aaa995b-a658-4606-b41b-eb76652c3546 None None] Subscribe: > router precommit_create 55549900, False {{(pid=89835) subscribe /opt/stack/data/venv/lib/python3.12/site-packages/neutron_lib/callbacks/manager.py:52}}
May 20 16:21:27.565765 np0000001085 devstack@neutron-api.service[89835]: DEBUG neutron_lib.callbacks.manager [None req-2aaa995b-a658-4606-b41b-eb76652c3546 None None] Subscribe: > router_interface after_create 55550000, False {{(pid=89835) subscribe /opt/stack/data/venv/lib/python3.12/site-packages/neutron_lib/callbacks/manager.py:52}}
May 20 16:21:27.565874 np0000001085 devstack@neutron-api.service[89835]: DEBUG neutron_lib.callbacks.manager [None req-2aaa995b-a658-4606-b41b-eb76652c3546 None None] Subscribe: > floatingip after_create 55550000, False {{(pid=89835) subscribe /opt/stack/data/venv/lib/python3.12/site-packages/neutron_lib/callbacks/manager.py:52}}
May 20 16:21:27.565988 np0000001085 devstack@neutron-api.service[89835]: DEBUG neutron_lib.callbacks.manager [None req-2aaa995b-a658-4606-b41b-eb76652c3546 None None] Subscribe: > floatingip precommit_create 55550000, False {{(pid=89835) subscribe /opt/stack/data/venv/lib/python3.12/site-packages/neutron_lib/callbacks/manager.py:52}}
May 20 16:21:27.566107 np0000001085 devstack@neutron-api.service[89835]: DEBUG neutron_lib.callbacks.manager [None req-2aaa995b-a658-4606-b41b-eb76652c3546 None None] Subscribe: > floatingip precommit_update 55550000, False {{(pid=89835) subscribe /opt/stack/data/venv/lib/python3.12/site-packages/neutron_lib/callbacks/manager.py:52}}
May 20 16:21:27.566212 np0000001085 devstack@neutron-api.service[89835]: DEBUG neutron_lib.callbacks.manager [None req-2aaa995b-a658-4606-b41b-eb76652c3546 None None] Subscribe: > floatingip after_delete 55550000, False {{(pid=89835) subscribe /opt/stack/data/venv/lib/python3.12/site-packages/neutron_lib/callbacks/manager.py:52}}
May 20 16:21:27.566306 np0000001085 devstack@neutron-api.service[89835]: DEBUG neutron_lib.callbacks.manager [None req-2aaa995b-a658-4606-b41b-eb76652c3546 None None] Subscribe: > floatingip after_status_update 55550000, False {{(pid=89835) subscribe /opt/stack/data/venv/lib/python3.12/site-packages/neutron_lib/callbacks/manager.py:52}}
May 20 16:21:27.566425 np0000001085 devstack@neutron-api.service[89835]: DEBUG neutron_lib.callbacks.manager [None req-2aaa995b-a658-4606-b41b-eb76652c3546 None None] Subscribe: > floatingip after_update 55550000, False {{(pid=89835) subscribe /opt/stack/data/venv/lib/python3.12/site-packages/neutron_lib/callbacks/manager.py:52}}
May 20 16:21:27.566557 np0000001085 devstack@neutron-api.service[89835]: DEBUG neutron_lib.callbacks.manager [None req-2aaa995b-a658-4606-b41b-eb76652c3546 None None] Subscribe: > port_forwarding after_create 55550000, False {{(pid=89835) subscribe /opt/stack/data/venv/lib/python3.12/site-packages/neutron_lib/callbacks/manager.py:52}}
May 20 16:21:27.566653 np0000001085 devstack@neutron-api.service[89835]: DEBUG neutron_lib.callbacks.manager [None req-2aaa995b-a658-4606-b41b-eb76652c3546 None None] Subscribe: > router_interface after_delete 55550000, False {{(pid=89835) subscribe /opt/stack/data/venv/lib/python3.12/site-packages/neutron_lib/callbacks/manager.py:52}}
May 20 16:21:27.566740 np0000001085 devstack@neutron-api.service[89835]: DEBUG neutron_lib.callbacks.manager [None req-2aaa995b-a658-4606-b41b-eb76652c3546 None None] Subscribe: > router after_create 55550000, False {{(pid=89835) subscribe /opt/stack/data/venv/lib/python3.12/site-packages/neutron_lib/callbacks/manager.py:52}}
May 20 16:21:27.566830 np0000001085 devstack@neutron-api.service[89835]: DEBUG neutron_lib.callbacks.manager [None req-2aaa995b-a658-4606-b41b-eb76652c3546 None None] Subscribe: > router precommit_create 55550000, False {{(pid=89835) subscribe /opt/stack/data/venv/lib/python3.12/site-packages/neutron_lib/callbacks/manager.py:52}}
May 20 16:21:27.566910 np0000001085 devstack@neutron-api.service[89835]: DEBUG neutron_lib.callbacks.manager [None req-2aaa995b-a658-4606-b41b-eb76652c3546 None None] Subscribe: > router after_delete 55550000, False {{(pid=89835) subscribe /opt/stack/data/venv/lib/python3.12/site-packages/neutron_lib/callbacks/manager.py:52}}
May 20 16:21:27.567024 np0000001085 devstack@neutron-api.service[89835]: DEBUG neutron_lib.callbacks.manager [None req-2aaa995b-a658-4606-b41b-eb76652c3546 None None] Subscribe: > router after_update 55550000, False {{(pid=89835) subscribe /opt/stack/data/venv/lib/python3.12/site-packages/neutron_lib/callbacks/manager.py:52}}
May 20 16:21:27.567160 np0000001085 devstack@neutron-api.service[89835]: DEBUG neutron.services.service_base [None req-2aaa995b-a658-4606-b41b-eb76652c3546 None None] Loaded 'neutron.services.ovn_l3.service_providers.ovn.OvnDriver' provider for service L3_ROUTER_NAT {{(pid=89835) load_drivers /opt/stack/neutron/neutron/services/service_base.py:49}}
May 20 16:21:27.567291 np0000001085 devstack@neutron-api.service[89835]: DEBUG neutron_lib.callbacks.manager [None req-2aaa995b-a658-4606-b41b-eb76652c3546 None None] Subscribe: > process after_init 55550001, True {{(pid=89835) subscribe /opt/stack/data/venv/lib/python3.12/site-packages/neutron_lib/callbacks/manager.py:52}}
May 20 16:21:27.567408 np0000001085 devstack@neutron-api.service[89835]: DEBUG neutron.manager [None req-2aaa995b-a658-4606-b41b-eb76652c3546 None None] Successfully loaded L3_ROUTER_NAT plugin. Description: L3 Router Service Plugin for basic L3 forwarding using OVN {{(pid=89835) _create_and_add_service_plugin /opt/stack/neutron/neutron/manager.py:239}}
May 20 16:21:27.567503 np0000001085 devstack@neutron-api.service[89835]: INFO neutron.manager [None req-2aaa995b-a658-4606-b41b-eb76652c3546 None None] Loading Plugin: auto_allocate
May 20 16:21:27.568604 np0000001085 devstack@neutron-api.service[89835]: DEBUG neutron_lib.callbacks.manager [None req-2aaa995b-a658-4606-b41b-eb76652c3546 None None] Subscribe: network precommit_update 55550000, False {{(pid=89835) subscribe /opt/stack/data/venv/lib/python3.12/site-packages/neutron_lib/callbacks/manager.py:52}}
May 20 16:21:27.568729 np0000001085 devstack@neutron-api.service[89835]: DEBUG neutron_lib.callbacks.manager [None req-2aaa995b-a658-4606-b41b-eb76652c3546 None None] Subscribe: network precommit_create 55550000, False {{(pid=89835) subscribe /opt/stack/data/venv/lib/python3.12/site-packages/neutron_lib/callbacks/manager.py:52}}
May 20 16:21:27.568934 np0000001085 devstack@neutron-api.service[89835]: DEBUG neutron.manager [None req-2aaa995b-a658-4606-b41b-eb76652c3546 None None] Successfully loaded auto-allocated-topology plugin. Description: Auto Allocated Topology - aka get me a network. {{(pid=89835) _create_and_add_service_plugin /opt/stack/neutron/neutron/manager.py:239}}
May 20 16:21:27.569037 np0000001085 devstack@neutron-api.service[89835]: INFO neutron.manager [None req-2aaa995b-a658-4606-b41b-eb76652c3546 None None] Loading Plugin: tag
May 20 16:21:27.571798 np0000001085 devstack@neutron-api.service[89835]: DEBUG neutron.manager [None req-2aaa995b-a658-4606-b41b-eb76652c3546 None None] Successfully loaded TAG plugin. Description: Tag support {{(pid=89835) _create_and_add_service_plugin /opt/stack/neutron/neutron/manager.py:239}}
May 20 16:21:27.571895 np0000001085 devstack@neutron-api.service[89835]: INFO neutron.manager [None req-2aaa995b-a658-4606-b41b-eb76652c3546 None None] Loading Plugin: timestamp
May 20 16:21:27.573153 np0000001085 devstack@neutron-api.service[89835]: DEBUG neutron.manager [None req-2aaa995b-a658-4606-b41b-eb76652c3546 None None] Successfully loaded timestamp plugin. Description: Adds timestamps to Neutron resources with standard attributes {{(pid=89835) _create_and_add_service_plugin /opt/stack/neutron/neutron/manager.py:239}}
May 20 16:21:27.573255 np0000001085 devstack@neutron-api.service[89835]: INFO neutron.manager [None req-2aaa995b-a658-4606-b41b-eb76652c3546 None None] Loading Plugin: network_ip_availability
May 20 16:21:27.574829 np0000001085 devstack@neutron-api.service[89835]: DEBUG neutron.manager [None req-2aaa995b-a658-4606-b41b-eb76652c3546 None None] Successfully loaded network-ip-availability plugin. Description: Provides IP availability data for each network and subnet. {{(pid=89835) _create_and_add_service_plugin /opt/stack/neutron/neutron/manager.py:239}}
May 20 16:21:27.574829 np0000001085 devstack@neutron-api.service[89835]: INFO neutron.manager [None req-2aaa995b-a658-4606-b41b-eb76652c3546 None None] Loading Plugin: flavors
May 20 16:21:27.575805 np0000001085 devstack@neutron-api.service[89835]: DEBUG neutron.manager [None req-2aaa995b-a658-4606-b41b-eb76652c3546 None None] Successfully loaded FLAVORS plugin. Description: Neutron Flavors and Service Profiles manager plugin {{(pid=89835) _create_and_add_service_plugin /opt/stack/neutron/neutron/manager.py:239}}
May 20 16:21:27.575895 np0000001085 devstack@neutron-api.service[89835]: INFO neutron.manager [None req-2aaa995b-a658-4606-b41b-eb76652c3546 None None] Loading Plugin: revisions
May 20 16:21:27.576981 np0000001085 devstack@neutron-api.service[89835]: DEBUG neutron.manager [None req-2aaa995b-a658-4606-b41b-eb76652c3546 None None] Successfully loaded revision_plugin plugin. Description: Adds revision numbers to resources. {{(pid=89835) _create_and_add_service_plugin /opt/stack/neutron/neutron/manager.py:239}}
May 20 16:21:27.577144 np0000001085 devstack@neutron-api.service[89835]: DEBUG oslo_concurrency.lockutils [None req-2aaa995b-a658-4606-b41b-eb76652c3546 None None] Lock "manager" "released" by "neutron.manager.NeutronManager._create_instance" :: held 3.814s {{(pid=89835) inner /opt/stack/data/venv/lib/python3.12/site-packages/oslo_concurrency/lockutils.py:543}}
May 20 16:21:27.577349 np0000001085 devstack@neutron-api.service[89835]: DEBUG neutron.api.extensions [None req-2aaa995b-a658-4606-b41b-eb76652c3546 None None] get_extension_paths = OrderedDict({'/opt/stack/neutron/neutron/extensions': 1}) {{(pid=89835) get_extensions_path /opt/stack/neutron/neutron/api/extensions.py:640}}
May 20 16:21:27.577416 np0000001085 devstack@neutron-api.service[89835]: INFO neutron.api.extensions [None req-2aaa995b-a658-4606-b41b-eb76652c3546 None None] Initializing extension manager.
May 20 16:21:27.577658 np0000001085 devstack@neutron-api.service[89835]: DEBUG neutron.api.extensions [None req-2aaa995b-a658-4606-b41b-eb76652c3546 None None] Loading extension file: __init__.py {{(pid=89835) _load_all_extensions_from_path /opt/stack/neutron/neutron/api/extensions.py:449}}
May 20 16:21:27.577788 np0000001085 devstack@neutron-api.service[89835]: DEBUG neutron.api.extensions [None req-2aaa995b-a658-4606-b41b-eb76652c3546 None None] Loading extension file: __pycache__ {{(pid=89835) _load_all_extensions_from_path /opt/stack/neutron/neutron/api/extensions.py:449}}
May 20 16:21:27.577870 np0000001085 devstack@neutron-api.service[89835]: DEBUG neutron.api.extensions [None req-2aaa995b-a658-4606-b41b-eb76652c3546 None None] Loading extension file: address_group.py {{(pid=89835) _load_all_extensions_from_path /opt/stack/neutron/neutron/api/extensions.py:449}}
May 20 16:21:27.578280 np0000001085 devstack@neutron-api.service[89835]: DEBUG neutron.api.extensions [None req-2aaa995b-a658-4606-b41b-eb76652c3546 None None] Ext name="Address group" alias="address-group" description="Support address group" updated="2020-07-15T10:00:00-00:00" {{(pid=89835) _check_extension /opt/stack/neutron/neutron/api/extensions.py:415}}
May 20 16:21:27.578530 np0000001085 devstack@neutron-api.service[89835]: INFO neutron.api.extensions [None req-2aaa995b-a658-4606-b41b-eb76652c3546 None None] Loaded extension: address-group
May 20 16:21:27.578653 np0000001085 devstack@neutron-api.service[89835]: DEBUG neutron.api.extensions [None req-2aaa995b-a658-4606-b41b-eb76652c3546 None None] Loading extension file: address_scope.py {{(pid=89835) _load_all_extensions_from_path /opt/stack/neutron/neutron/api/extensions.py:449}}
May 20 16:21:27.578974 np0000001085 devstack@neutron-api.service[89835]: DEBUG neutron.api.extensions [None req-2aaa995b-a658-4606-b41b-eb76652c3546 None None] Ext name="Address scope" alias="address-scope" description="Address scopes extension." updated="2015-07-26T10:00:00-00:00" {{(pid=89835) _check_extension /opt/stack/neutron/neutron/api/extensions.py:415}}
May 20 16:21:27.579159 np0000001085 devstack@neutron-api.service[89835]: INFO neutron.api.extensions [None req-2aaa995b-a658-4606-b41b-eb76652c3546 None None] Loaded extension: address-scope
May 20 16:21:27.579289 np0000001085 devstack@neutron-api.service[89835]: DEBUG neutron.api.extensions [None req-2aaa995b-a658-4606-b41b-eb76652c3546 None None] Loading extension file: admin_state_down_before_update.py {{(pid=89835) _load_all_extensions_from_path /opt/stack/neutron/neutron/api/extensions.py:449}}
May 20 16:21:27.579526 np0000001085 devstack@neutron-api.service[89835]: DEBUG neutron.api.extensions [None req-2aaa995b-a658-4606-b41b-eb76652c3546 None None] Ext name="Enforce Router's Admin State Down Before Update Extension" alias="router-admin-state-down-before-update" description="Ensure that the admin state of a router is DOWN (admin_state_up=False) before updating the distributed attribute" updated="2019-07-02T15:56:00" {{(pid=89835) _check_extension /opt/stack/neutron/neutron/api/extensions.py:415}}
May 20 16:21:27.579735 np0000001085 devstack@neutron-api.service[89835]: INFO neutron.api.extensions [None req-2aaa995b-a658-4606-b41b-eb76652c3546 None None] Extension router-admin-state-down-before-update not supported by any of loaded plugins
May 20 16:21:27.579735 np0000001085 devstack@neutron-api.service[89835]: DEBUG neutron.api.extensions [None req-2aaa995b-a658-4606-b41b-eb76652c3546 None None] Loading extension file: agent.py {{(pid=89835) _load_all_extensions_from_path /opt/stack/neutron/neutron/api/extensions.py:449}}
May 20 16:21:27.580064 np0000001085 devstack@neutron-api.service[89835]: DEBUG neutron.api.extensions [None req-2aaa995b-a658-4606-b41b-eb76652c3546 None None] Ext name="agent" alias="agent" description="The agent management extension." updated="2013-02-03T10:00:00-00:00" {{(pid=89835) _check_extension /opt/stack/neutron/neutron/api/extensions.py:415}}
May 20 16:21:27.580222 np0000001085 devstack@neutron-api.service[89835]: INFO neutron.api.extensions [None req-2aaa995b-a658-4606-b41b-eb76652c3546 None None] Loaded extension: agent
May 20 16:21:27.580315 np0000001085 devstack@neutron-api.service[89835]: DEBUG neutron.api.extensions [None req-2aaa995b-a658-4606-b41b-eb76652c3546 None None] Loading extension file: agent_resources_synced.py {{(pid=89835) _load_all_extensions_from_path /opt/stack/neutron/neutron/api/extensions.py:449}}
May 20 16:21:27.580557 np0000001085 devstack@neutron-api.service[89835]: DEBUG neutron.api.extensions [None req-2aaa995b-a658-4606-b41b-eb76652c3546 None None] Ext name="Agent's Resource View Synced to Placement" alias="agent-resources-synced" description="Stores success/failure of last sync to Placement" updated="2018-12-19T00:00:00-00:00" {{(pid=89835) _check_extension /opt/stack/neutron/neutron/api/extensions.py:415}}
May 20 16:21:27.580726 np0000001085 devstack@neutron-api.service[89835]: INFO neutron.api.extensions [None req-2aaa995b-a658-4606-b41b-eb76652c3546 None None] Extension agent-resources-synced not supported by any of loaded plugins
May 20 16:21:27.580811 np0000001085 devstack@neutron-api.service[89835]: DEBUG neutron.api.extensions [None req-2aaa995b-a658-4606-b41b-eb76652c3546 None None] Loading extension file: agent_sort_key.py {{(pid=89835) _load_all_extensions_from_path /opt/stack/neutron/neutron/api/extensions.py:449}}
May 20 16:21:27.581087 np0000001085 devstack@neutron-api.service[89835]: DEBUG neutron.api.extensions [None req-2aaa995b-a658-4606-b41b-eb76652c3546 None None] Ext name="Agents Sort Key" alias="agent_sort_key" description="Enabling the keyword sort_key for sorting in agents." updated="2013-02-03T10:00:00-00:00" {{(pid=89835) _check_extension /opt/stack/neutron/neutron/api/extensions.py:415}}
May 20 16:21:27.581335 np0000001085 devstack@neutron-api.service[89835]: INFO neutron.api.extensions [None req-2aaa995b-a658-4606-b41b-eb76652c3546 None None] Extension agent_sort_key not supported by any of loaded plugins
May 20 16:21:27.581419 np0000001085 devstack@neutron-api.service[89835]: DEBUG neutron.api.extensions [None req-2aaa995b-a658-4606-b41b-eb76652c3546 None None] Loading extension file: allowedaddresspairs.py {{(pid=89835) _load_all_extensions_from_path /opt/stack/neutron/neutron/api/extensions.py:449}}
May 20 16:21:27.582160 np0000001085 devstack@neutron-api.service[89835]: DEBUG neutron.api.extensions [None req-2aaa995b-a658-4606-b41b-eb76652c3546 None None] Ext name="Allowed Address Pairs" alias="allowed-address-pairs" description="Provides allowed address pairs" updated="2013-07-23T10:00:00-00:00" {{(pid=89835) _check_extension /opt/stack/neutron/neutron/api/extensions.py:415}}
May 20 16:21:27.582307 np0000001085 devstack@neutron-api.service[89835]: INFO neutron.api.extensions [None req-2aaa995b-a658-4606-b41b-eb76652c3546 None None] Loaded extension: allowed-address-pairs
May 20 16:21:27.582401 np0000001085 devstack@neutron-api.service[89835]: DEBUG neutron.api.extensions [None req-2aaa995b-a658-4606-b41b-eb76652c3546 None None] Loading extension file: auto_allocated_topology.py {{(pid=89835) _load_all_extensions_from_path /opt/stack/neutron/neutron/api/extensions.py:449}}
May 20 16:21:27.582641 np0000001085 devstack@neutron-api.service[89835]: DEBUG neutron.api.extensions [None req-2aaa995b-a658-4606-b41b-eb76652c3546 None None] Ext name="Auto Allocated Topology Services" alias="auto-allocated-topology" description="Auto Allocated Topology Services." updated="2016-01-01T00:00:00-00:00" {{(pid=89835) _check_extension /opt/stack/neutron/neutron/api/extensions.py:415}}
May 20 16:21:27.582783 np0000001085 devstack@neutron-api.service[89835]: INFO neutron.api.extensions [None req-2aaa995b-a658-4606-b41b-eb76652c3546 None None] Loaded extension: auto-allocated-topology
May 20 16:21:27.582873 np0000001085 devstack@neutron-api.service[89835]: DEBUG neutron.api.extensions [None req-2aaa995b-a658-4606-b41b-eb76652c3546 None None] Loading extension file: availability_zone.py {{(pid=89835) _load_all_extensions_from_path /opt/stack/neutron/neutron/api/extensions.py:449}}
May 20 16:21:27.583173 np0000001085 devstack@neutron-api.service[89835]: DEBUG neutron.api.extensions [None req-2aaa995b-a658-4606-b41b-eb76652c3546 None None] Ext name="Availability Zone" alias="availability_zone" description="The availability zone extension." updated="2015-01-01T10:00:00-00:00" {{(pid=89835) _check_extension /opt/stack/neutron/neutron/api/extensions.py:415}}
May 20 16:21:27.583345 np0000001085 devstack@neutron-api.service[89835]: INFO neutron.api.extensions [None req-2aaa995b-a658-4606-b41b-eb76652c3546 None None] Loaded extension: availability_zone
May 20 16:21:27.583389 np0000001085 devstack@neutron-api.service[89835]: DEBUG neutron.api.extensions [None req-2aaa995b-a658-4606-b41b-eb76652c3546 None None] Loading extension file: availability_zone_filter.py {{(pid=89835) _load_all_extensions_from_path /opt/stack/neutron/neutron/api/extensions.py:449}}
May 20 16:21:27.583620 np0000001085 devstack@neutron-api.service[89835]: DEBUG neutron.api.extensions [None req-2aaa995b-a658-4606-b41b-eb76652c3546 None None] Ext name="Availability Zone Filter Extension" alias="availability_zone_filter" description="Add filter parameters to AvailabilityZone resource" updated="2018-06-22T10:00:00-00:00" {{(pid=89835) _check_extension /opt/stack/neutron/neutron/api/extensions.py:415}}
May 20 16:21:27.583819 np0000001085 devstack@neutron-api.service[89835]: INFO neutron.api.extensions [None req-2aaa995b-a658-4606-b41b-eb76652c3546 None None] Extension availability_zone_filter not supported by any of loaded plugins
May 20 16:21:27.583853 np0000001085 devstack@neutron-api.service[89835]: DEBUG neutron.api.extensions [None req-2aaa995b-a658-4606-b41b-eb76652c3546 None None] Loading extension file: data_plane_status.py {{(pid=89835) _load_all_extensions_from_path /opt/stack/neutron/neutron/api/extensions.py:449}}
May 20 16:21:27.584120 np0000001085 devstack@neutron-api.service[89835]: DEBUG neutron.api.extensions [None req-2aaa995b-a658-4606-b41b-eb76652c3546 None None] Ext name="Port data plane status extension" alias="data-plane-status" description="Expose status of underlying data plane" updated="2017-01-24T10:00:00-00:00" {{(pid=89835) _check_extension /opt/stack/neutron/neutron/api/extensions.py:415}}
May 20 16:21:27.584252 np0000001085 devstack@neutron-api.service[89835]: INFO neutron.api.extensions [None req-2aaa995b-a658-4606-b41b-eb76652c3546 None None] Extension data-plane-status not supported by any of loaded plugins
May 20 16:21:27.584323 np0000001085 devstack@neutron-api.service[89835]: DEBUG neutron.api.extensions [None req-2aaa995b-a658-4606-b41b-eb76652c3546 None None] Loading extension file: default_subnetpools.py {{(pid=89835) _load_all_extensions_from_path /opt/stack/neutron/neutron/api/extensions.py:449}}
May 20 16:21:27.584612 np0000001085 devstack@neutron-api.service[89835]: DEBUG neutron.api.extensions [None req-2aaa995b-a658-4606-b41b-eb76652c3546 None None] Ext name="Default Subnetpools" alias="default-subnetpools" description="Provides ability to mark and use a subnetpool as the default." updated="2016-02-18T18:00:00-00:00" {{(pid=89835) _check_extension /opt/stack/neutron/neutron/api/extensions.py:415}}
May 20 16:21:27.584721 np0000001085 devstack@neutron-api.service[89835]: INFO neutron.api.extensions [None req-2aaa995b-a658-4606-b41b-eb76652c3546 None None] Loaded extension: default-subnetpools
May 20 16:21:27.584811 np0000001085 devstack@neutron-api.service[89835]: DEBUG neutron.api.extensions [None req-2aaa995b-a658-4606-b41b-eb76652c3546 None None] Loading extension file: dhcpagentscheduler.py {{(pid=89835) _load_all_extensions_from_path /opt/stack/neutron/neutron/api/extensions.py:449}}
May 20 16:21:27.585212 np0000001085 devstack@neutron-api.service[89835]: DEBUG neutron.api.extensions [None req-2aaa995b-a658-4606-b41b-eb76652c3546 None None] Ext name="DHCP Agent Scheduler" alias="dhcp_agent_scheduler" description="Schedule networks among dhcp agents" updated="2013-02-07T10:00:00-00:00" {{(pid=89835) _check_extension /opt/stack/neutron/neutron/api/extensions.py:415}}
May 20 16:21:27.585360 np0000001085 devstack@neutron-api.service[89835]: INFO neutron.api.extensions [None req-2aaa995b-a658-4606-b41b-eb76652c3546 None None] Loaded extension: dhcp_agent_scheduler
May 20 16:21:27.585465 np0000001085 devstack@neutron-api.service[89835]: DEBUG neutron.api.extensions [None req-2aaa995b-a658-4606-b41b-eb76652c3546 None None] Loading extension file: dns.py {{(pid=89835) _load_all_extensions_from_path /opt/stack/neutron/neutron/api/extensions.py:449}}
May 20 16:21:27.585644 np0000001085 devstack@neutron-api.service[89835]: DEBUG neutron.api.extensions [None req-2aaa995b-a658-4606-b41b-eb76652c3546 None None] Ext name="DNS Integration" alias="dns-integration" description="Provides integration with DNS." updated="2015-08-15T18:00:00-00:00" {{(pid=89835) _check_extension /opt/stack/neutron/neutron/api/extensions.py:415}}
May 20 16:21:27.585818 np0000001085 devstack@neutron-api.service[89835]: INFO neutron.api.extensions [None req-2aaa995b-a658-4606-b41b-eb76652c3546 None None] Loaded extension: dns-integration
May 20 16:21:27.585899 np0000001085 devstack@neutron-api.service[89835]: DEBUG neutron.api.extensions [None req-2aaa995b-a658-4606-b41b-eb76652c3546 None None] Loading extension file: dns_domain_ports.py {{(pid=89835) _load_all_extensions_from_path /opt/stack/neutron/neutron/api/extensions.py:449}}
May 20 16:21:27.586149 np0000001085 devstack@neutron-api.service[89835]: DEBUG neutron.api.extensions [None req-2aaa995b-a658-4606-b41b-eb76652c3546 None None] Ext name="dns_domain for ports" alias="dns-domain-ports" description="Allows the DNS domain to be specified for a network port." updated="2017-04-24T10:00:00-00:00" {{(pid=89835) _check_extension /opt/stack/neutron/neutron/api/extensions.py:415}}
May 20 16:21:27.586302 np0000001085 devstack@neutron-api.service[89835]: INFO neutron.api.extensions [None req-2aaa995b-a658-4606-b41b-eb76652c3546 None None] Loaded extension: dns-domain-ports
May 20 16:21:27.586360 np0000001085 devstack@neutron-api.service[89835]: DEBUG neutron.api.extensions [None req-2aaa995b-a658-4606-b41b-eb76652c3546 None None] Loading extension file: dns_integration_domain_keywords.py {{(pid=89835) _load_all_extensions_from_path /opt/stack/neutron/neutron/api/extensions.py:449}}
May 20 16:21:27.586602 np0000001085 devstack@neutron-api.service[89835]: DEBUG neutron.api.extensions [None req-2aaa995b-a658-4606-b41b-eb76652c3546 None None] Ext name="DNS domain names with keywords allowed" alias="dns-integration-domain-keywords" description="Allows to use keywords like , , and as DNS domain name" updated="2020-06-15T18:00:00-00:00" {{(pid=89835) _check_extension /opt/stack/neutron/neutron/api/extensions.py:415}}
May 20 16:21:27.586771 np0000001085 devstack@neutron-api.service[89835]: INFO neutron.api.extensions [None req-2aaa995b-a658-4606-b41b-eb76652c3546 None None] Loaded extension: dns-integration-domain-keywords
May 20 16:21:27.586819 np0000001085 devstack@neutron-api.service[89835]: DEBUG neutron.api.extensions [None req-2aaa995b-a658-4606-b41b-eb76652c3546 None None] Loading extension file: dvr.py {{(pid=89835) _load_all_extensions_from_path /opt/stack/neutron/neutron/api/extensions.py:449}}
May 20 16:21:27.587107 np0000001085 devstack@neutron-api.service[89835]: DEBUG neutron.api.extensions [None req-2aaa995b-a658-4606-b41b-eb76652c3546 None None] Ext name="Distributed Virtual Router" alias="dvr" description="Enables configuration of Distributed Virtual Routers." updated="2014-06-1T10:00:00-00:00" {{(pid=89835) _check_extension /opt/stack/neutron/neutron/api/extensions.py:415}}
May 20 16:21:27.587256 np0000001085 devstack@neutron-api.service[89835]: INFO neutron.api.extensions [None req-2aaa995b-a658-4606-b41b-eb76652c3546 None None] Extension dvr not supported by any of loaded plugins
May 20 16:21:27.587338 np0000001085 devstack@neutron-api.service[89835]: DEBUG neutron.api.extensions [None req-2aaa995b-a658-4606-b41b-eb76652c3546 None None] Loading extension file: ecmp_routes.py {{(pid=89835) _load_all_extensions_from_path /opt/stack/neutron/neutron/api/extensions.py:449}}
May 20 16:21:27.587600 np0000001085 devstack@neutron-api.service[89835]: DEBUG neutron.api.extensions [None req-2aaa995b-a658-4606-b41b-eb76652c3546 None None] Ext name="Equal Cost Multipath Routing" alias="ecmp_routes" description="Allows traffic to reach thesame destination via multiple different links " updated="2020-11-26T18:00:00-00:00" {{(pid=89835) _check_extension /opt/stack/neutron/neutron/api/extensions.py:415}}
May 20 16:21:27.587693 np0000001085 devstack@neutron-api.service[89835]: INFO neutron.api.extensions [None req-2aaa995b-a658-4606-b41b-eb76652c3546 None None] Extension ecmp_routes not supported by any of loaded plugins
May 20 16:21:27.587765 np0000001085 devstack@neutron-api.service[89835]: DEBUG neutron.api.extensions [None req-2aaa995b-a658-4606-b41b-eb76652c3546 None None] Loading extension file: empty_string_filtering.py {{(pid=89835) _load_all_extensions_from_path /opt/stack/neutron/neutron/api/extensions.py:449}}
May 20 16:21:27.587997 np0000001085 devstack@neutron-api.service[89835]: DEBUG neutron.api.extensions [None req-2aaa995b-a658-4606-b41b-eb76652c3546 None None] Ext name="Empty String Filtering Extension" alias="empty-string-filtering" description="Allow filtering by attributes with empty string value" updated="2018-05-01T10:00:00-00:00" {{(pid=89835) _check_extension /opt/stack/neutron/neutron/api/extensions.py:415}}
May 20 16:21:27.588235 np0000001085 devstack@neutron-api.service[89835]: INFO neutron.api.extensions [None req-2aaa995b-a658-4606-b41b-eb76652c3546 None None] Loaded extension: empty-string-filtering
May 20 16:21:27.588276 np0000001085 devstack@neutron-api.service[89835]: DEBUG neutron.api.extensions [None req-2aaa995b-a658-4606-b41b-eb76652c3546 None None] Loading extension file: expose_l3_conntrack_helper.py {{(pid=89835) _load_all_extensions_from_path /opt/stack/neutron/neutron/api/extensions.py:449}}
May 20 16:21:27.588549 np0000001085 devstack@neutron-api.service[89835]: DEBUG neutron.api.extensions [None req-2aaa995b-a658-4606-b41b-eb76652c3546 None None] Ext name="Expose CT target rules for conntrack helper" alias="expose-l3-conntrack-helper" description="Expose allow adding CT target rules for conntrack helper" updated="2019-04-04T10:00:00-00:00" {{(pid=89835) _check_extension /opt/stack/neutron/neutron/api/extensions.py:415}}
May 20 16:21:27.588592 np0000001085 devstack@neutron-api.service[89834]: INFO neutron.plugins.ml2.drivers.type_vlan [None req-9eea6675-05ac-4ba8-9b43-bd0c561771bd None None] VlanTypeDriver initialization complete
May 20 16:21:27.588743 np0000001085 devstack@neutron-api.service[89835]: INFO neutron.api.extensions [None req-2aaa995b-a658-4606-b41b-eb76652c3546 None None] Extension expose-l3-conntrack-helper not supported by any of loaded plugins
May 20 16:21:27.588782 np0000001085 devstack@neutron-api.service[89834]: INFO neutron.plugins.ml2.managers [None req-9eea6675-05ac-4ba8-9b43-bd0c561771bd None None] Initializing extension driver 'port_security'
May 20 16:21:27.588878 np0000001085 devstack@neutron-api.service[89835]: DEBUG neutron.api.extensions [None req-2aaa995b-a658-4606-b41b-eb76652c3546 None None] Loading extension file: expose_port_forwarding_in_fip.py {{(pid=89835) _load_all_extensions_from_path /opt/stack/neutron/neutron/api/extensions.py:449}}
May 20 16:21:27.588999 np0000001085 devstack@neutron-api.service[89834]: INFO neutron.plugins.ml2.extensions.port_security [None req-9eea6675-05ac-4ba8-9b43-bd0c561771bd None None] PortSecurityExtensionDriver initialization complete
May 20 16:21:27.588999 np0000001085 devstack@neutron-api.service[89834]: INFO neutron.plugins.ml2.managers [None req-9eea6675-05ac-4ba8-9b43-bd0c561771bd None None] Initializing extension driver 'qos'
May 20 16:21:27.588999 np0000001085 devstack@neutron-api.service[89834]: DEBUG neutron.plugins.ml2.extensions.qos [None req-9eea6675-05ac-4ba8-9b43-bd0c561771bd None None] QosExtensionDriver initialization complete {{(pid=89834) initialize /opt/stack/neutron/neutron/plugins/ml2/extensions/qos.py:31}}
May 20 16:21:27.589196 np0000001085 devstack@neutron-api.service[89835]: DEBUG neutron.api.extensions [None req-2aaa995b-a658-4606-b41b-eb76652c3546 None None] Ext name="Expose Floating IP port forwardings" alias="expose-port-forwarding-in-fip" description="Expose port forwarding fields in floating IP response" updated="2018-06-28T16:00:00-00:00" {{(pid=89835) _check_extension /opt/stack/neutron/neutron/api/extensions.py:415}}
May 20 16:21:27.589322 np0000001085 devstack@neutron-api.service[89834]: INFO neutron.plugins.ml2.managers [None req-9eea6675-05ac-4ba8-9b43-bd0c561771bd None None] Initializing mechanism driver 'ovn'
May 20 16:21:27.589322 np0000001085 devstack@neutron-api.service[89834]: INFO neutron.plugins.ml2.drivers.ovn.mech_driver.mech_driver [None req-9eea6675-05ac-4ba8-9b43-bd0c561771bd None None] Starting OVNMechanismDriver
May 20 16:21:27.589464 np0000001085 devstack@neutron-api.service[89835]: INFO neutron.api.extensions [None req-2aaa995b-a658-4606-b41b-eb76652c3546 None None] Extension expose-port-forwarding-in-fip not supported by any of loaded plugins
May 20 16:21:27.589464 np0000001085 devstack@neutron-api.service[89835]: DEBUG neutron.api.extensions [None req-2aaa995b-a658-4606-b41b-eb76652c3546 None None] Loading extension file: external_net.py {{(pid=89835) _load_all_extensions_from_path /opt/stack/neutron/neutron/api/extensions.py:449}}
May 20 16:21:27.589464 np0000001085 devstack@neutron-api.service[89835]: DEBUG neutron.api.extensions [None req-2aaa995b-a658-4606-b41b-eb76652c3546 None None] Ext name="Neutron external network" alias="external-net" description="Adds external network attribute to network resource." updated="2013-01-14T10:00:00-00:00" {{(pid=89835) _check_extension /opt/stack/neutron/neutron/api/extensions.py:415}}
May 20 16:21:27.589696 np0000001085 devstack@neutron-api.service[89835]: INFO neutron.api.extensions [None req-2aaa995b-a658-4606-b41b-eb76652c3546 None None] Loaded extension: external-net
May 20 16:21:27.589696 np0000001085 devstack@neutron-api.service[89835]: DEBUG neutron.api.extensions [None req-2aaa995b-a658-4606-b41b-eb76652c3546 None None] Loading extension file: extra_dhcp_opt.py {{(pid=89835) _load_all_extensions_from_path /opt/stack/neutron/neutron/api/extensions.py:449}}
May 20 16:21:27.589940 np0000001085 devstack@neutron-api.service[89835]: DEBUG neutron.api.extensions [None req-2aaa995b-a658-4606-b41b-eb76652c3546 None None] Ext name="Neutron Extra DHCP options" alias="extra_dhcp_opt" description="Extra options configuration for DHCP. For example PXE boot options to DHCP clients can be specified (e.g. tftp-server, server-ip-address, bootfile-name)" updated="2013-03-17T12:00:00-00:00" {{(pid=89835) _check_extension /opt/stack/neutron/neutron/api/extensions.py:415}}
May 20 16:21:27.590169 np0000001085 devstack@neutron-api.service[89835]: INFO neutron.api.extensions [None req-2aaa995b-a658-4606-b41b-eb76652c3546 None None] Loaded extension: extra_dhcp_opt
May 20 16:21:27.590169 np0000001085 devstack@neutron-api.service[89835]: DEBUG neutron.api.extensions [None req-2aaa995b-a658-4606-b41b-eb76652c3546 None None] Loading extension file: extraroute.py {{(pid=89835) _load_all_extensions_from_path /opt/stack/neutron/neutron/api/extensions.py:449}}
May 20 16:21:27.590410 np0000001085 devstack@neutron-api.service[89835]: DEBUG neutron.api.extensions [None req-2aaa995b-a658-4606-b41b-eb76652c3546 None None] Ext name="Neutron Extra Route" alias="extraroute" description="Extra routes configuration for L3 router" updated="2013-02-01T10:00:00-00:00" {{(pid=89835) _check_extension /opt/stack/neutron/neutron/api/extensions.py:415}}
May 20 16:21:27.590542 np0000001085 devstack@neutron-api.service[89835]: INFO neutron.api.extensions [None req-2aaa995b-a658-4606-b41b-eb76652c3546 None None] Loaded extension: extraroute
May 20 16:21:27.590629 np0000001085 devstack@neutron-api.service[89835]: DEBUG neutron.api.extensions [None req-2aaa995b-a658-4606-b41b-eb76652c3546 None None] Loading extension file: extraroute_atomic.py {{(pid=89835) _load_all_extensions_from_path /opt/stack/neutron/neutron/api/extensions.py:449}}
May 20 16:21:27.590754 np0000001085 devstack@neutron-api.service[89834]: DEBUG neutron_lib.callbacks.manager [None req-9eea6675-05ac-4ba8-9b43-bd0c561771bd None None] Subscribe: > process before_spawn 55550000, False {{(pid=89834) subscribe /opt/stack/data/venv/lib/python3.12/site-packages/neutron_lib/callbacks/manager.py:52}}
May 20 16:21:27.590889 np0000001085 devstack@neutron-api.service[89835]: DEBUG neutron.api.extensions [None req-2aaa995b-a658-4606-b41b-eb76652c3546 None None] Ext name="Atomically add/remove extra routes" alias="extraroute-atomic" description="Edit extra routes of a router on server side by atomically adding/removing extra routes" updated="2019-07-10T00:00:00+00:00" {{(pid=89835) _check_extension /opt/stack/neutron/neutron/api/extensions.py:415}}
May 20 16:21:27.590939 np0000001085 devstack@neutron-api.service[89834]: DEBUG neutron_lib.callbacks.manager [None req-9eea6675-05ac-4ba8-9b43-bd0c561771bd None None] Subscribe: > process after_init 55550000, True {{(pid=89834) subscribe /opt/stack/data/venv/lib/python3.12/site-packages/neutron_lib/callbacks/manager.py:52}}
May 20 16:21:27.590939 np0000001085 devstack@neutron-api.service[89834]: DEBUG neutron_lib.callbacks.manager [None req-9eea6675-05ac-4ba8-9b43-bd0c561771bd None None] Subscribe: > segment after_create 55550000, False {{(pid=89834) subscribe /opt/stack/data/venv/lib/python3.12/site-packages/neutron_lib/callbacks/manager.py:52}}
May 20 16:21:27.591085 np0000001085 devstack@neutron-api.service[89835]: INFO neutron.api.extensions [None req-2aaa995b-a658-4606-b41b-eb76652c3546 None None] Loaded extension: extraroute-atomic
May 20 16:21:27.591219 np0000001085 devstack@neutron-api.service[89834]: DEBUG neutron_lib.callbacks.manager [None req-9eea6675-05ac-4ba8-9b43-bd0c561771bd None None] Subscribe: > segment after_create 55550000, False {{(pid=89834) subscribe /opt/stack/data/venv/lib/python3.12/site-packages/neutron_lib/callbacks/manager.py:52}}
May 20 16:21:27.591345 np0000001085 devstack@neutron-api.service[89835]: DEBUG neutron.api.extensions [None req-2aaa995b-a658-4606-b41b-eb76652c3546 None None] Loading extension file: filter_validation.py {{(pid=89835) _load_all_extensions_from_path /opt/stack/neutron/neutron/api/extensions.py:449}}
May 20 16:21:27.591421 np0000001085 devstack@neutron-api.service[89834]: DEBUG neutron_lib.callbacks.manager [None req-9eea6675-05ac-4ba8-9b43-bd0c561771bd None None] Subscribe: > segment after_delete 55550000, False {{(pid=89834) subscribe /opt/stack/data/venv/lib/python3.12/site-packages/neutron_lib/callbacks/manager.py:52}}
May 20 16:21:27.591421 np0000001085 devstack@neutron-api.service[89834]: DEBUG neutron_lib.callbacks.manager [None req-9eea6675-05ac-4ba8-9b43-bd0c561771bd None None] Subscribe: > allowed_address_pair before_create 55550000, False {{(pid=89834) subscribe /opt/stack/data/venv/lib/python3.12/site-packages/neutron_lib/callbacks/manager.py:52}}
May 20 16:21:27.591421 np0000001085 devstack@neutron-api.service[89834]: DEBUG neutron_lib.callbacks.manager [None req-9eea6675-05ac-4ba8-9b43-bd0c561771bd None None] Subscribe: > security_group precommit_create 55550000, False {{(pid=89834) subscribe /opt/stack/data/venv/lib/python3.12/site-packages/neutron_lib/callbacks/manager.py:52}}
May 20 16:21:27.591672 np0000001085 devstack@neutron-api.service[89835]: DEBUG neutron.api.extensions [None req-2aaa995b-a658-4606-b41b-eb76652c3546 None None] Ext name="Filter parameters validation" alias="filter-validation" description="Provides validation on filter parameters." updated="2018-07-04T10:00:00-00:00" {{(pid=89835) _check_extension /opt/stack/neutron/neutron/api/extensions.py:415}}
May 20 16:21:27.591753 np0000001085 devstack@neutron-api.service[89834]: DEBUG neutron_lib.callbacks.manager [None req-9eea6675-05ac-4ba8-9b43-bd0c561771bd None None] Subscribe: > security_group after_update 55550000, False {{(pid=89834) subscribe /opt/stack/data/venv/lib/python3.12/site-packages/neutron_lib/callbacks/manager.py:52}}
May 20 16:21:27.592206 np0000001085 devstack@neutron-api.service[89835]: INFO neutron.api.extensions [None req-2aaa995b-a658-4606-b41b-eb76652c3546 None None] Loaded extension: filter-validation
May 20 16:21:27.592291 np0000001085 devstack@neutron-api.service[89834]: DEBUG neutron_lib.callbacks.manager [None req-9eea6675-05ac-4ba8-9b43-bd0c561771bd None None] Subscribe: > security_group after_create 55550000, False {{(pid=89834) subscribe /opt/stack/data/venv/lib/python3.12/site-packages/neutron_lib/callbacks/manager.py:52}}
May 20 16:21:27.592349 np0000001085 devstack@neutron-api.service[89835]: DEBUG neutron.api.extensions [None req-2aaa995b-a658-4606-b41b-eb76652c3546 None None] Loading extension file: fip_pf_description.py {{(pid=89835) _load_all_extensions_from_path /opt/stack/neutron/neutron/api/extensions.py:449}}
May 20 16:21:27.592949 np0000001085 devstack@neutron-api.service[89834]: DEBUG neutron_lib.callbacks.manager [None req-9eea6675-05ac-4ba8-9b43-bd0c561771bd None None] Subscribe: > security_group precommit_delete 55550000, False {{(pid=89834) subscribe /opt/stack/data/venv/lib/python3.12/site-packages/neutron_lib/callbacks/manager.py:52}}
May 20 16:21:27.592949 np0000001085 devstack@neutron-api.service[89834]: DEBUG neutron_lib.callbacks.manager [None req-9eea6675-05ac-4ba8-9b43-bd0c561771bd None None] Subscribe: > security_group after_delete 55550000, False {{(pid=89834) subscribe /opt/stack/data/venv/lib/python3.12/site-packages/neutron_lib/callbacks/manager.py:52}}
May 20 16:21:27.593045 np0000001085 devstack@neutron-api.service[89835]: DEBUG neutron.api.extensions [None req-2aaa995b-a658-4606-b41b-eb76652c3546 None None] Ext name="Floating IP Port Forwarding new attribute description" alias="floating-ip-port-forwarding-description" description="Add a description field to Port Forwarding rules" updated="2019-11-01T10:00:00-00:00" {{(pid=89835) _check_extension /opt/stack/neutron/neutron/api/extensions.py:415}}
May 20 16:21:27.593129 np0000001085 devstack@neutron-api.service[89834]: DEBUG neutron_lib.callbacks.manager [None req-9eea6675-05ac-4ba8-9b43-bd0c561771bd None None] Subscribe: > security_group_rule precommit_create 55550000, False {{(pid=89834) subscribe /opt/stack/data/venv/lib/python3.12/site-packages/neutron_lib/callbacks/manager.py:52}}
May 20 16:21:27.593174 np0000001085 devstack@neutron-api.service[89835]: INFO neutron.api.extensions [None req-2aaa995b-a658-4606-b41b-eb76652c3546 None None] Extension floating-ip-port-forwarding-description not supported by any of loaded plugins
May 20 16:21:27.593249 np0000001085 devstack@neutron-api.service[89834]: DEBUG neutron_lib.callbacks.manager [None req-9eea6675-05ac-4ba8-9b43-bd0c561771bd None None] Subscribe: > security_group_rule after_create 55550000, False {{(pid=89834) subscribe /opt/stack/data/venv/lib/python3.12/site-packages/neutron_lib/callbacks/manager.py:52}}
May 20 16:21:27.593302 np0000001085 devstack@neutron-api.service[89835]: DEBUG neutron.api.extensions [None req-2aaa995b-a658-4606-b41b-eb76652c3546 None None] Loading extension file: fip_pf_detail.py {{(pid=89835) _load_all_extensions_from_path /opt/stack/neutron/neutron/api/extensions.py:449}}
May 20 16:21:27.593326 np0000001085 devstack@neutron-api.service[89834]: DEBUG neutron_lib.callbacks.manager [None req-9eea6675-05ac-4ba8-9b43-bd0c561771bd None None] Subscribe: > security_group_rule before_delete 55550000, False {{(pid=89834) subscribe /opt/stack/data/venv/lib/python3.12/site-packages/neutron_lib/callbacks/manager.py:52}}
May 20 16:21:27.593326 np0000001085 devstack@neutron-api.service[89834]: DEBUG neutron_lib.callbacks.manager [None req-9eea6675-05ac-4ba8-9b43-bd0c561771bd None None] Subscribe: > address_group after_create 55550000, False {{(pid=89834) subscribe /opt/stack/data/venv/lib/python3.12/site-packages/neutron_lib/callbacks/manager.py:52}}
May 20 16:21:27.593326 np0000001085 devstack@neutron-api.service[89834]: DEBUG neutron_lib.callbacks.manager [None req-9eea6675-05ac-4ba8-9b43-bd0c561771bd None None] Subscribe: > address_group after_update 55550000, False {{(pid=89834) subscribe /opt/stack/data/venv/lib/python3.12/site-packages/neutron_lib/callbacks/manager.py:52}}
May 20 16:21:27.593461 np0000001085 devstack@neutron-api.service[89835]: DEBUG neutron.api.extensions [None req-2aaa995b-a658-4606-b41b-eb76652c3546 None None] Ext name="Floating IP port forwarding detail" alias="floating-ip-port-forwarding-detail" description="Allow list floating ip return more port forwarding data, include'id' and 'internal_port_id'" updated="2022-05-06T10:00:00-00:00" {{(pid=89835) _check_extension /opt/stack/neutron/neutron/api/extensions.py:415}}
May 20 16:21:27.593520 np0000001085 devstack@neutron-api.service[89834]: DEBUG neutron_lib.callbacks.manager [None req-9eea6675-05ac-4ba8-9b43-bd0c561771bd None None] Subscribe: > address_group after_delete 55550000, False {{(pid=89834) subscribe /opt/stack/data/venv/lib/python3.12/site-packages/neutron_lib/callbacks/manager.py:52}}
May 20 16:21:27.593520 np0000001085 devstack@neutron-api.service[89834]: DEBUG neutron_lib.callbacks.manager [None req-9eea6675-05ac-4ba8-9b43-bd0c561771bd None None] Subscribe: > qos_plugin after_init 55550000, False {{(pid=89834) subscribe /opt/stack/data/venv/lib/python3.12/site-packages/neutron_lib/callbacks/manager.py:52}}
May 20 16:21:27.593564 np0000001085 devstack@neutron-api.service[89835]: INFO neutron.api.extensions [None req-2aaa995b-a658-4606-b41b-eb76652c3546 None None] Loaded extension: floating-ip-port-forwarding-detail
