Jul 10 11:18:15.156767 np0000004994 systemd[1]: Starting devstack@n-api-meta.service - Devstack devstack@n-api-meta.service...
Jul 10 11:18:15.162458 np0000004994 devstack@n-api-meta.service[95835]: [uWSGI] getting INI configuration from /etc/nova/nova-metadata-uwsgi.ini
Jul 10 11:18:15.164899 np0000004994 devstack@n-api-meta.service[95835]: *** Starting uWSGI 2.0.24-debian (64bit) on [Fri Jul 10 11:18:15 2026] ***
Jul 10 11:18:15.164899 np0000004994 devstack@n-api-meta.service[95835]: compiled with version: 13.2.0 on 17 April 2024 16:23:48
Jul 10 11:18:15.164899 np0000004994 devstack@n-api-meta.service[95835]: os: Linux-6.8.0-100-generic #100-Ubuntu SMP PREEMPT_DYNAMIC Tue Jan 13 16:40:06 UTC 2026
Jul 10 11:18:15.164899 np0000004994 devstack@n-api-meta.service[95835]: nodename: np0000004994
Jul 10 11:18:15.164899 np0000004994 devstack@n-api-meta.service[95835]: machine: x86_64
Jul 10 11:18:15.164899 np0000004994 devstack@n-api-meta.service[95835]: clock source: unix
Jul 10 11:18:15.164899 np0000004994 devstack@n-api-meta.service[95835]: pcre jit disabled
Jul 10 11:18:15.164899 np0000004994 devstack@n-api-meta.service[95835]: detected number of CPU cores: 16
Jul 10 11:18:15.164899 np0000004994 devstack@n-api-meta.service[95835]: current working directory: /
Jul 10 11:18:15.164899 np0000004994 devstack@n-api-meta.service[95835]: detected binary path: /usr/bin/uwsgi-core
Jul 10 11:18:15.164899 np0000004994 devstack@n-api-meta.service[95835]: your processes number limit is 257052
Jul 10 11:18:15.164899 np0000004994 devstack@n-api-meta.service[95835]: your memory page size is 4096 bytes
Jul 10 11:18:15.164899 np0000004994 devstack@n-api-meta.service[95835]: detected max file descriptor number: 2048
Jul 10 11:18:15.164899 np0000004994 devstack@n-api-meta.service[95835]: lock engine: pthread robust mutexes
Jul 10 11:18:15.165503 np0000004994 devstack@n-api-meta.service[95835]: thunder lock: enabled
Jul 10 11:18:15.165503 np0000004994 devstack@n-api-meta.service[95835]: uWSGI http bound on 0.0.0.0:8775 fd 5
Jul 10 11:18:15.165503 np0000004994 devstack@n-api-meta.service[95835]: uwsgi socket 0 bound to TCP address 127.0.0.1:44051 (port auto-assigned) fd 4
Jul 10 11:18:15.165503 np0000004994 devstack@n-api-meta.service[95835]: Python version: 3.12.3 (main, Jun 19 2026, 12:46:00) [GCC 13.3.0]
Jul 10 11:18:15.165503 np0000004994 devstack@n-api-meta.service[95835]: PEP 405 virtualenv detected: /opt/stack/data/venv
Jul 10 11:18:15.165503 np0000004994 devstack@n-api-meta.service[95835]: Set PythonHome to /opt/stack/data/venv
Jul 10 11:18:15.199253 np0000004994 devstack@n-api-meta.service[95835]: Python main interpreter initialized at 0x71a6b20a4668
Jul 10 11:18:15.199253 np0000004994 devstack@n-api-meta.service[95835]: python threads support enabled
Jul 10 11:18:15.199253 np0000004994 devstack@n-api-meta.service[95835]: your server socket listen backlog is limited to 100 connections
Jul 10 11:18:15.199253 np0000004994 devstack@n-api-meta.service[95835]: your mercy for graceful operations on workers is 80 seconds
Jul 10 11:18:15.199768 np0000004994 devstack@n-api-meta.service[95835]: mapped 671795 bytes (656 KB) for 4 cores
Jul 10 11:18:15.199911 np0000004994 devstack@n-api-meta.service[95835]: *** Operational MODE: preforking ***
Jul 10 11:18:15.200110 np0000004994 devstack@n-api-meta.service[95835]: *** uWSGI is running in multiple interpreter mode ***
Jul 10 11:18:15.200110 np0000004994 devstack@n-api-meta.service[95835]: spawned uWSGI master process (pid: 95835)
Jul 10 11:18:15.200308 np0000004994 systemd[1]: Started devstack@n-api-meta.service - Devstack devstack@n-api-meta.service.
Jul 10 11:18:15.200680 np0000004994 devstack@n-api-meta.service[95835]: spawned uWSGI worker 1 (pid: 95840, cores: 1)
Jul 10 11:18:15.201104 np0000004994 devstack@n-api-meta.service[95835]: spawned uWSGI worker 2 (pid: 95841, cores: 1)
Jul 10 11:18:15.201577 np0000004994 devstack@n-api-meta.service[95835]: spawned uWSGI worker 3 (pid: 95842, cores: 1)
Jul 10 11:18:15.201953 np0000004994 devstack@n-api-meta.service[95835]: spawned uWSGI worker 4 (pid: 95843, cores: 1)
Jul 10 11:18:15.202457 np0000004994 devstack@n-api-meta.service[95835]: spawned uWSGI http 1 (pid: 95844)
Jul 10 11:18:15.202457 np0000004994 devstack@n-api-meta.service[95835]: running "unix_signal:15 gracefully_kill_them_all" (master-start)...
Jul 10 11:18:16.868600 np0000004994 devstack@n-api-meta.service[95843]: INFO dbcounter [None req-92d710eb-7619-4255-80f4-57f232d98631 None None] Registered counter for database nova_api
Jul 10 11:18:16.883691 np0000004994 devstack@n-api-meta.service[95840]: INFO dbcounter [None req-b9272db1-88b8-40c3-9d63-5aebcd04d96c None None] Registered counter for database nova_api
Jul 10 11:18:16.911279 np0000004994 devstack@n-api-meta.service[95843]: DEBUG oslo_db.sqlalchemy.engines [None req-92d710eb-7619-4255-80f4-57f232d98631 None None] MySQL server mode set to STRICT_TRANS_TABLES,STRICT_ALL_TABLES,NO_ZERO_IN_DATE,NO_ZERO_DATE,ERROR_FOR_DIVISION_BY_ZERO,TRADITIONAL,NO_ENGINE_SUBSTITUTION {{(pid=95843) _check_effective_sql_mode /opt/stack/data/venv/lib/python3.12/site-packages/oslo_db/sqlalchemy/engines.py:325}}
Jul 10 11:18:16.914389 np0000004994 devstack@n-api-meta.service[95842]: INFO dbcounter [None req-e606284b-5a5e-4d55-9ec5-36b367a8af1b None None] Registered counter for database nova_api
Jul 10 11:18:16.914740 np0000004994 devstack@n-api-meta.service[95841]: INFO dbcounter [None req-e895ae5f-82da-473b-92e4-3d45dae5dc0c None None] Registered counter for database nova_api
Jul 10 11:18:16.927501 np0000004994 devstack@n-api-meta.service[95840]: DEBUG oslo_db.sqlalchemy.engines [None req-b9272db1-88b8-40c3-9d63-5aebcd04d96c None None] MySQL server mode set to STRICT_TRANS_TABLES,STRICT_ALL_TABLES,NO_ZERO_IN_DATE,NO_ZERO_DATE,ERROR_FOR_DIVISION_BY_ZERO,TRADITIONAL,NO_ENGINE_SUBSTITUTION {{(pid=95840) _check_effective_sql_mode /opt/stack/data/venv/lib/python3.12/site-packages/oslo_db/sqlalchemy/engines.py:325}}
Jul 10 11:18:16.939644 np0000004994 devstack@n-api-meta.service[95843]: DEBUG dbcounter [-] [95843] Writer thread running {{(pid=95843) stat_writer /opt/stack/data/venv/lib/python3.12/site-packages/dbcounter.py:102}}
Jul 10 11:18:16.942001 np0000004994 devstack@n-api-meta.service[95843]: DEBUG nova.context [None req-92d710eb-7619-4255-80f4-57f232d98631 None None] Found 2 cells: 00000000-0000-0000-0000-000000000000(cell0),3eb0c0d4-dcf2-4a4e-b5b3-402debda2b6e(cell1) {{(pid=95843) load_cells /opt/stack/nova/nova/context.py:509}}
Jul 10 11:18:16.942209 np0000004994 devstack@n-api-meta.service[95843]: INFO nova.utils [None req-92d710eb-7619-4255-80f4-57f232d98631 None None] The cell worker thread pool MainProcess.cell_worker is initialized
Jul 10 11:18:16.943965 np0000004994 devstack@n-api-meta.service[95843]: DEBUG oslo_concurrency.lockutils [None req-92d710eb-7619-4255-80f4-57f232d98631 None None] Acquiring lock "00000000-0000-0000-0000-000000000000" by "nova.context.set_target_cell..get_or_set_cached_cell_and_set_connections" {{(pid=95843) inner /opt/stack/data/venv/lib/python3.12/site-packages/oslo_concurrency/lockutils.py:511}}
Jul 10 11:18:16.944115 np0000004994 devstack@n-api-meta.service[95843]: DEBUG oslo_concurrency.lockutils [None req-92d710eb-7619-4255-80f4-57f232d98631 None None] Lock "00000000-0000-0000-0000-000000000000" acquired by "nova.context.set_target_cell..get_or_set_cached_cell_and_set_connections" :: waited 0.000s {{(pid=95843) inner /opt/stack/data/venv/lib/python3.12/site-packages/oslo_concurrency/lockutils.py:524}}
Jul 10 11:18:16.944472 np0000004994 devstack@n-api-meta.service[95843]: DEBUG oslo_concurrency.lockutils [None req-92d710eb-7619-4255-80f4-57f232d98631 None None] Lock "00000000-0000-0000-0000-000000000000" "released" by "nova.context.set_target_cell..get_or_set_cached_cell_and_set_connections" :: held 0.000s {{(pid=95843) inner /opt/stack/data/venv/lib/python3.12/site-packages/oslo_concurrency/lockutils.py:543}}
Jul 10 11:18:16.945110 np0000004994 devstack@n-api-meta.service[95843]: DEBUG oslo_concurrency.lockutils [None req-92d710eb-7619-4255-80f4-57f232d98631 None None] Acquiring lock "3eb0c0d4-dcf2-4a4e-b5b3-402debda2b6e" by "nova.context.set_target_cell..get_or_set_cached_cell_and_set_connections" {{(pid=95843) inner /opt/stack/data/venv/lib/python3.12/site-packages/oslo_concurrency/lockutils.py:511}}
Jul 10 11:18:16.945267 np0000004994 devstack@n-api-meta.service[95843]: DEBUG oslo_concurrency.lockutils [None req-92d710eb-7619-4255-80f4-57f232d98631 None None] Lock "3eb0c0d4-dcf2-4a4e-b5b3-402debda2b6e" acquired by "nova.context.set_target_cell..get_or_set_cached_cell_and_set_connections" :: waited 0.000s {{(pid=95843) inner /opt/stack/data/venv/lib/python3.12/site-packages/oslo_concurrency/lockutils.py:524}}
Jul 10 11:18:16.946007 np0000004994 devstack@n-api-meta.service[95843]: DEBUG oslo_concurrency.lockutils [None req-92d710eb-7619-4255-80f4-57f232d98631 None None] Lock "3eb0c0d4-dcf2-4a4e-b5b3-402debda2b6e" "released" by "nova.context.set_target_cell..get_or_set_cached_cell_and_set_connections" :: held 0.001s {{(pid=95843) inner /opt/stack/data/venv/lib/python3.12/site-packages/oslo_concurrency/lockutils.py:543}}
Jul 10 11:18:16.947331 np0000004994 devstack@n-api-meta.service[95843]: INFO dbcounter [None req-92d710eb-7619-4255-80f4-57f232d98631 None None] Registered counter for database nova_cell0
Jul 10 11:18:16.953269 np0000004994 devstack@n-api-meta.service[95843]: INFO dbcounter [None req-92d710eb-7619-4255-80f4-57f232d98631 None None] Registered counter for database nova_cell1
Jul 10 11:18:16.960007 np0000004994 devstack@n-api-meta.service[95842]: DEBUG oslo_db.sqlalchemy.engines [None req-e606284b-5a5e-4d55-9ec5-36b367a8af1b None None] MySQL server mode set to STRICT_TRANS_TABLES,STRICT_ALL_TABLES,NO_ZERO_IN_DATE,NO_ZERO_DATE,ERROR_FOR_DIVISION_BY_ZERO,TRADITIONAL,NO_ENGINE_SUBSTITUTION {{(pid=95842) _check_effective_sql_mode /opt/stack/data/venv/lib/python3.12/site-packages/oslo_db/sqlalchemy/engines.py:325}}
Jul 10 11:18:16.963842 np0000004994 devstack@n-api-meta.service[95841]: DEBUG oslo_db.sqlalchemy.engines [None req-e895ae5f-82da-473b-92e4-3d45dae5dc0c None None] MySQL server mode set to STRICT_TRANS_TABLES,STRICT_ALL_TABLES,NO_ZERO_IN_DATE,NO_ZERO_DATE,ERROR_FOR_DIVISION_BY_ZERO,TRADITIONAL,NO_ENGINE_SUBSTITUTION {{(pid=95841) _check_effective_sql_mode /opt/stack/data/venv/lib/python3.12/site-packages/oslo_db/sqlalchemy/engines.py:325}}
Jul 10 11:18:16.965240 np0000004994 devstack@n-api-meta.service[95840]: DEBUG dbcounter [-] [95840] Writer thread running {{(pid=95840) stat_writer /opt/stack/data/venv/lib/python3.12/site-packages/dbcounter.py:102}}
Jul 10 11:18:16.969245 np0000004994 devstack@n-api-meta.service[95840]: DEBUG nova.context [None req-b9272db1-88b8-40c3-9d63-5aebcd04d96c None None] Found 2 cells: 00000000-0000-0000-0000-000000000000(cell0),3eb0c0d4-dcf2-4a4e-b5b3-402debda2b6e(cell1) {{(pid=95840) load_cells /opt/stack/nova/nova/context.py:509}}
Jul 10 11:18:16.969540 np0000004994 devstack@n-api-meta.service[95840]: INFO nova.utils [None req-b9272db1-88b8-40c3-9d63-5aebcd04d96c None None] The cell worker thread pool MainProcess.cell_worker is initialized
Jul 10 11:18:16.972845 np0000004994 devstack@n-api-meta.service[95840]: DEBUG oslo_concurrency.lockutils [None req-b9272db1-88b8-40c3-9d63-5aebcd04d96c None None] Acquiring lock "00000000-0000-0000-0000-000000000000" by "nova.context.set_target_cell..get_or_set_cached_cell_and_set_connections" {{(pid=95840) inner /opt/stack/data/venv/lib/python3.12/site-packages/oslo_concurrency/lockutils.py:511}}
Jul 10 11:18:16.972845 np0000004994 devstack@n-api-meta.service[95840]: DEBUG oslo_concurrency.lockutils [None req-b9272db1-88b8-40c3-9d63-5aebcd04d96c None None] Lock "00000000-0000-0000-0000-000000000000" acquired by "nova.context.set_target_cell..get_or_set_cached_cell_and_set_connections" :: waited 0.000s {{(pid=95840) inner /opt/stack/data/venv/lib/python3.12/site-packages/oslo_concurrency/lockutils.py:524}}
Jul 10 11:18:16.972845 np0000004994 devstack@n-api-meta.service[95840]: DEBUG oslo_concurrency.lockutils [None req-b9272db1-88b8-40c3-9d63-5aebcd04d96c None None] Lock "00000000-0000-0000-0000-000000000000" "released" by "nova.context.set_target_cell..get_or_set_cached_cell_and_set_connections" :: held 0.001s {{(pid=95840) inner /opt/stack/data/venv/lib/python3.12/site-packages/oslo_concurrency/lockutils.py:543}}
Jul 10 11:18:16.973624 np0000004994 devstack@n-api-meta.service[95840]: DEBUG oslo_concurrency.lockutils [None req-b9272db1-88b8-40c3-9d63-5aebcd04d96c None None] Acquiring lock "3eb0c0d4-dcf2-4a4e-b5b3-402debda2b6e" by "nova.context.set_target_cell..get_or_set_cached_cell_and_set_connections" {{(pid=95840) inner /opt/stack/data/venv/lib/python3.12/site-packages/oslo_concurrency/lockutils.py:511}}
Jul 10 11:18:16.973846 np0000004994 devstack@n-api-meta.service[95840]: DEBUG oslo_concurrency.lockutils [None req-b9272db1-88b8-40c3-9d63-5aebcd04d96c None None] Lock "3eb0c0d4-dcf2-4a4e-b5b3-402debda2b6e" acquired by "nova.context.set_target_cell..get_or_set_cached_cell_and_set_connections" :: waited 0.000s {{(pid=95840) inner /opt/stack/data/venv/lib/python3.12/site-packages/oslo_concurrency/lockutils.py:524}}
Jul 10 11:18:16.977081 np0000004994 devstack@n-api-meta.service[95840]: INFO dbcounter [None req-b9272db1-88b8-40c3-9d63-5aebcd04d96c None None] Registered counter for database nova_cell0
Jul 10 11:18:16.978456 np0000004994 devstack@n-api-meta.service[95840]: DEBUG oslo_concurrency.lockutils [None req-b9272db1-88b8-40c3-9d63-5aebcd04d96c None None] Lock "3eb0c0d4-dcf2-4a4e-b5b3-402debda2b6e" "released" by "nova.context.set_target_cell..get_or_set_cached_cell_and_set_connections" :: held 0.003s {{(pid=95840) inner /opt/stack/data/venv/lib/python3.12/site-packages/oslo_concurrency/lockutils.py:543}}
Jul 10 11:18:16.981045 np0000004994 devstack@n-api-meta.service[95840]: INFO dbcounter [None req-b9272db1-88b8-40c3-9d63-5aebcd04d96c None None] Registered counter for database nova_cell1
Jul 10 11:18:16.991655 np0000004994 devstack@n-api-meta.service[95842]: DEBUG dbcounter [-] [95842] Writer thread running {{(pid=95842) stat_writer /opt/stack/data/venv/lib/python3.12/site-packages/dbcounter.py:102}}
Jul 10 11:18:16.992476 np0000004994 devstack@n-api-meta.service[95843]: DEBUG oslo_db.sqlalchemy.engines [None req-92d710eb-7619-4255-80f4-57f232d98631 None None] MySQL server mode set to STRICT_TRANS_TABLES,STRICT_ALL_TABLES,NO_ZERO_IN_DATE,NO_ZERO_DATE,ERROR_FOR_DIVISION_BY_ZERO,TRADITIONAL,NO_ENGINE_SUBSTITUTION {{(pid=95843) _check_effective_sql_mode /opt/stack/data/venv/lib/python3.12/site-packages/oslo_db/sqlalchemy/engines.py:325}}
Jul 10 11:18:16.994536 np0000004994 devstack@n-api-meta.service[95842]: DEBUG nova.context [None req-e606284b-5a5e-4d55-9ec5-36b367a8af1b None None] Found 2 cells: 00000000-0000-0000-0000-000000000000(cell0),3eb0c0d4-dcf2-4a4e-b5b3-402debda2b6e(cell1) {{(pid=95842) load_cells /opt/stack/nova/nova/context.py:509}}
Jul 10 11:18:16.994536 np0000004994 devstack@n-api-meta.service[95842]: INFO nova.utils [None req-e606284b-5a5e-4d55-9ec5-36b367a8af1b None None] The cell worker thread pool MainProcess.cell_worker is initialized
Jul 10 11:18:16.996134 np0000004994 devstack@n-api-meta.service[95842]: DEBUG oslo_concurrency.lockutils [None req-e606284b-5a5e-4d55-9ec5-36b367a8af1b None None] Acquiring lock "00000000-0000-0000-0000-000000000000" by "nova.context.set_target_cell..get_or_set_cached_cell_and_set_connections" {{(pid=95842) inner /opt/stack/data/venv/lib/python3.12/site-packages/oslo_concurrency/lockutils.py:511}}
Jul 10 11:18:16.996312 np0000004994 devstack@n-api-meta.service[95842]: DEBUG oslo_concurrency.lockutils [None req-e606284b-5a5e-4d55-9ec5-36b367a8af1b None None] Lock "00000000-0000-0000-0000-000000000000" acquired by "nova.context.set_target_cell..get_or_set_cached_cell_and_set_connections" :: waited 0.000s {{(pid=95842) inner /opt/stack/data/venv/lib/python3.12/site-packages/oslo_concurrency/lockutils.py:524}}
Jul 10 11:18:16.996696 np0000004994 devstack@n-api-meta.service[95842]: DEBUG oslo_concurrency.lockutils [None req-e606284b-5a5e-4d55-9ec5-36b367a8af1b None None] Lock "00000000-0000-0000-0000-000000000000" "released" by "nova.context.set_target_cell..get_or_set_cached_cell_and_set_connections" :: held 0.000s {{(pid=95842) inner /opt/stack/data/venv/lib/python3.12/site-packages/oslo_concurrency/lockutils.py:543}}
Jul 10 11:18:16.997270 np0000004994 devstack@n-api-meta.service[95842]: DEBUG oslo_concurrency.lockutils [None req-e606284b-5a5e-4d55-9ec5-36b367a8af1b None None] Acquiring lock "3eb0c0d4-dcf2-4a4e-b5b3-402debda2b6e" by "nova.context.set_target_cell..get_or_set_cached_cell_and_set_connections" {{(pid=95842) inner /opt/stack/data/venv/lib/python3.12/site-packages/oslo_concurrency/lockutils.py:511}}
Jul 10 11:18:16.997442 np0000004994 devstack@n-api-meta.service[95842]: DEBUG oslo_concurrency.lockutils [None req-e606284b-5a5e-4d55-9ec5-36b367a8af1b None None] Lock "3eb0c0d4-dcf2-4a4e-b5b3-402debda2b6e" acquired by "nova.context.set_target_cell..get_or_set_cached_cell_and_set_connections" :: waited 0.000s {{(pid=95842) inner /opt/stack/data/venv/lib/python3.12/site-packages/oslo_concurrency/lockutils.py:524}}
Jul 10 11:18:16.998676 np0000004994 devstack@n-api-meta.service[95842]: DEBUG oslo_concurrency.lockutils [None req-e606284b-5a5e-4d55-9ec5-36b367a8af1b None None] Lock "3eb0c0d4-dcf2-4a4e-b5b3-402debda2b6e" "released" by "nova.context.set_target_cell..get_or_set_cached_cell_and_set_connections" :: held 0.001s {{(pid=95842) inner /opt/stack/data/venv/lib/python3.12/site-packages/oslo_concurrency/lockutils.py:543}}
Jul 10 11:18:16.999902 np0000004994 devstack@n-api-meta.service[95842]: INFO dbcounter [None req-e606284b-5a5e-4d55-9ec5-36b367a8af1b None None] Registered counter for database nova_cell0
Jul 10 11:18:17.004431 np0000004994 devstack@n-api-meta.service[95842]: INFO dbcounter [None req-e606284b-5a5e-4d55-9ec5-36b367a8af1b None None] Registered counter for database nova_cell1
Jul 10 11:18:17.006201 np0000004994 devstack@n-api-meta.service[95841]: DEBUG dbcounter [-] [95841] Writer thread running {{(pid=95841) stat_writer /opt/stack/data/venv/lib/python3.12/site-packages/dbcounter.py:102}}
Jul 10 11:18:17.009301 np0000004994 devstack@n-api-meta.service[95841]: DEBUG nova.context [None req-e895ae5f-82da-473b-92e4-3d45dae5dc0c None None] Found 2 cells: 00000000-0000-0000-0000-000000000000(cell0),3eb0c0d4-dcf2-4a4e-b5b3-402debda2b6e(cell1) {{(pid=95841) load_cells /opt/stack/nova/nova/context.py:509}}
Jul 10 11:18:17.009614 np0000004994 devstack@n-api-meta.service[95841]: INFO nova.utils [None req-e895ae5f-82da-473b-92e4-3d45dae5dc0c None None] The cell worker thread pool MainProcess.cell_worker is initialized
Jul 10 11:18:17.011297 np0000004994 devstack@n-api-meta.service[95841]: DEBUG oslo_concurrency.lockutils [None req-e895ae5f-82da-473b-92e4-3d45dae5dc0c None None] Acquiring lock "00000000-0000-0000-0000-000000000000" by "nova.context.set_target_cell..get_or_set_cached_cell_and_set_connections" {{(pid=95841) inner /opt/stack/data/venv/lib/python3.12/site-packages/oslo_concurrency/lockutils.py:511}}
Jul 10 11:18:17.011520 np0000004994 devstack@n-api-meta.service[95841]: DEBUG oslo_concurrency.lockutils [None req-e895ae5f-82da-473b-92e4-3d45dae5dc0c None None] Lock "00000000-0000-0000-0000-000000000000" acquired by "nova.context.set_target_cell..get_or_set_cached_cell_and_set_connections" :: waited 0.000s {{(pid=95841) inner /opt/stack/data/venv/lib/python3.12/site-packages/oslo_concurrency/lockutils.py:524}}
Jul 10 11:18:17.012543 np0000004994 devstack@n-api-meta.service[95841]: DEBUG oslo_concurrency.lockutils [None req-e895ae5f-82da-473b-92e4-3d45dae5dc0c None None] Lock "00000000-0000-0000-0000-000000000000" "released" by "nova.context.set_target_cell..get_or_set_cached_cell_and_set_connections" :: held 0.000s {{(pid=95841) inner /opt/stack/data/venv/lib/python3.12/site-packages/oslo_concurrency/lockutils.py:543}}
Jul 10 11:18:17.012791 np0000004994 devstack@n-api-meta.service[95841]: DEBUG oslo_concurrency.lockutils [None req-e895ae5f-82da-473b-92e4-3d45dae5dc0c None None] Acquiring lock "3eb0c0d4-dcf2-4a4e-b5b3-402debda2b6e" by "nova.context.set_target_cell..get_or_set_cached_cell_and_set_connections" {{(pid=95841) inner /opt/stack/data/venv/lib/python3.12/site-packages/oslo_concurrency/lockutils.py:511}}
Jul 10 11:18:17.012976 np0000004994 devstack@n-api-meta.service[95841]: DEBUG oslo_concurrency.lockutils [None req-e895ae5f-82da-473b-92e4-3d45dae5dc0c None None] Lock "3eb0c0d4-dcf2-4a4e-b5b3-402debda2b6e" acquired by "nova.context.set_target_cell..get_or_set_cached_cell_and_set_connections" :: waited 0.000s {{(pid=95841) inner /opt/stack/data/venv/lib/python3.12/site-packages/oslo_concurrency/lockutils.py:524}}
Jul 10 11:18:17.013850 np0000004994 devstack@n-api-meta.service[95841]: DEBUG oslo_concurrency.lockutils [None req-e895ae5f-82da-473b-92e4-3d45dae5dc0c None None] Lock "3eb0c0d4-dcf2-4a4e-b5b3-402debda2b6e" "released" by "nova.context.set_target_cell..get_or_set_cached_cell_and_set_connections" :: held 0.001s {{(pid=95841) inner /opt/stack/data/venv/lib/python3.12/site-packages/oslo_concurrency/lockutils.py:543}}
Jul 10 11:18:17.015942 np0000004994 devstack@n-api-meta.service[95841]: INFO dbcounter [None req-e895ae5f-82da-473b-92e4-3d45dae5dc0c None None] Registered counter for database nova_cell0
Jul 10 11:18:17.017652 np0000004994 devstack@n-api-meta.service[95841]: INFO dbcounter [None req-e895ae5f-82da-473b-92e4-3d45dae5dc0c None None] Registered counter for database nova_cell1
Jul 10 11:18:17.045099 np0000004994 devstack@n-api-meta.service[95842]: DEBUG oslo_db.sqlalchemy.engines [None req-e606284b-5a5e-4d55-9ec5-36b367a8af1b None None] MySQL server mode set to STRICT_TRANS_TABLES,STRICT_ALL_TABLES,NO_ZERO_IN_DATE,NO_ZERO_DATE,ERROR_FOR_DIVISION_BY_ZERO,TRADITIONAL,NO_ENGINE_SUBSTITUTION {{(pid=95842) _check_effective_sql_mode /opt/stack/data/venv/lib/python3.12/site-packages/oslo_db/sqlalchemy/engines.py:325}}
Jul 10 11:18:17.048602 np0000004994 devstack@n-api-meta.service[95840]: DEBUG oslo_db.sqlalchemy.engines [None req-b9272db1-88b8-40c3-9d63-5aebcd04d96c None None] MySQL server mode set to STRICT_TRANS_TABLES,STRICT_ALL_TABLES,NO_ZERO_IN_DATE,NO_ZERO_DATE,ERROR_FOR_DIVISION_BY_ZERO,TRADITIONAL,NO_ENGINE_SUBSTITUTION {{(pid=95840) _check_effective_sql_mode /opt/stack/data/venv/lib/python3.12/site-packages/oslo_db/sqlalchemy/engines.py:325}}
Jul 10 11:18:17.051362 np0000004994 devstack@n-api-meta.service[95840]: DEBUG oslo_db.sqlalchemy.engines [None req-b9272db1-88b8-40c3-9d63-5aebcd04d96c None None] MySQL server mode set to STRICT_TRANS_TABLES,STRICT_ALL_TABLES,NO_ZERO_IN_DATE,NO_ZERO_DATE,ERROR_FOR_DIVISION_BY_ZERO,TRADITIONAL,NO_ENGINE_SUBSTITUTION {{(pid=95840) _check_effective_sql_mode /opt/stack/data/venv/lib/python3.12/site-packages/oslo_db/sqlalchemy/engines.py:325}}
Jul 10 11:18:17.060133 np0000004994 devstack@n-api-meta.service[95841]: DEBUG oslo_db.sqlalchemy.engines [None req-e895ae5f-82da-473b-92e4-3d45dae5dc0c None None] MySQL server mode set to STRICT_TRANS_TABLES,STRICT_ALL_TABLES,NO_ZERO_IN_DATE,NO_ZERO_DATE,ERROR_FOR_DIVISION_BY_ZERO,TRADITIONAL,NO_ENGINE_SUBSTITUTION {{(pid=95841) _check_effective_sql_mode /opt/stack/data/venv/lib/python3.12/site-packages/oslo_db/sqlalchemy/engines.py:325}}
Jul 10 11:18:17.063468 np0000004994 devstack@n-api-meta.service[95841]: DEBUG oslo_db.sqlalchemy.engines [None req-e895ae5f-82da-473b-92e4-3d45dae5dc0c None None] MySQL server mode set to STRICT_TRANS_TABLES,STRICT_ALL_TABLES,NO_ZERO_IN_DATE,NO_ZERO_DATE,ERROR_FOR_DIVISION_BY_ZERO,TRADITIONAL,NO_ENGINE_SUBSTITUTION {{(pid=95841) _check_effective_sql_mode /opt/stack/data/venv/lib/python3.12/site-packages/oslo_db/sqlalchemy/engines.py:325}}
Jul 10 11:18:17.100777 np0000004994 devstack@n-api-meta.service[95843]: DEBUG dbcounter [-] [95843] Writer thread running {{(pid=95843) stat_writer /opt/stack/data/venv/lib/python3.12/site-packages/dbcounter.py:102}}
Jul 10 11:18:17.103821 np0000004994 devstack@n-api-meta.service[95843]: DEBUG oslo_db.sqlalchemy.engines [None req-92d710eb-7619-4255-80f4-57f232d98631 None None] MySQL server mode set to STRICT_TRANS_TABLES,STRICT_ALL_TABLES,NO_ZERO_IN_DATE,NO_ZERO_DATE,ERROR_FOR_DIVISION_BY_ZERO,TRADITIONAL,NO_ENGINE_SUBSTITUTION {{(pid=95843) _check_effective_sql_mode /opt/stack/data/venv/lib/python3.12/site-packages/oslo_db/sqlalchemy/engines.py:325}}
Jul 10 11:18:17.110955 np0000004994 devstack@n-api-meta.service[95843]: DEBUG dbcounter [-] [95843] Writer thread running {{(pid=95843) stat_writer /opt/stack/data/venv/lib/python3.12/site-packages/dbcounter.py:102}}
Jul 10 11:18:17.114606 np0000004994 devstack@n-api-meta.service[95843]: INFO dbcounter [None req-92d710eb-7619-4255-80f4-57f232d98631 None None] Registered counter for database nova_cell0
Jul 10 11:18:17.119543 np0000004994 devstack@n-api-meta.service[95842]: DEBUG oslo_db.sqlalchemy.engines [None req-e606284b-5a5e-4d55-9ec5-36b367a8af1b None None] MySQL server mode set to STRICT_TRANS_TABLES,STRICT_ALL_TABLES,NO_ZERO_IN_DATE,NO_ZERO_DATE,ERROR_FOR_DIVISION_BY_ZERO,TRADITIONAL,NO_ENGINE_SUBSTITUTION {{(pid=95842) _check_effective_sql_mode /opt/stack/data/venv/lib/python3.12/site-packages/oslo_db/sqlalchemy/engines.py:325}}
Jul 10 11:18:17.134868 np0000004994 devstack@n-api-meta.service[95842]: DEBUG dbcounter [-] [95842] Writer thread running {{(pid=95842) stat_writer /opt/stack/data/venv/lib/python3.12/site-packages/dbcounter.py:102}}
Jul 10 11:18:17.140955 np0000004994 devstack@n-api-meta.service[95842]: DEBUG dbcounter [-] [95842] Writer thread running {{(pid=95842) stat_writer /opt/stack/data/venv/lib/python3.12/site-packages/dbcounter.py:102}}
Jul 10 11:18:17.143789 np0000004994 devstack@n-api-meta.service[95842]: INFO dbcounter [None req-e606284b-5a5e-4d55-9ec5-36b367a8af1b None None] Registered counter for database nova_cell0
Jul 10 11:18:17.146569 np0000004994 devstack@n-api-meta.service[95840]: DEBUG dbcounter [-] [95840] Writer thread running {{(pid=95840) stat_writer /opt/stack/data/venv/lib/python3.12/site-packages/dbcounter.py:102}}
Jul 10 11:18:17.147290 np0000004994 devstack@n-api-meta.service[95840]: DEBUG dbcounter [-] [95840] Writer thread running {{(pid=95840) stat_writer /opt/stack/data/venv/lib/python3.12/site-packages/dbcounter.py:102}}
Jul 10 11:18:17.151336 np0000004994 devstack@n-api-meta.service[95840]: INFO dbcounter [None req-b9272db1-88b8-40c3-9d63-5aebcd04d96c None None] Registered counter for database nova_cell0
Jul 10 11:18:17.152156 np0000004994 devstack@n-api-meta.service[95843]: DEBUG oslo_db.sqlalchemy.engines [None req-92d710eb-7619-4255-80f4-57f232d98631 None None] MySQL server mode set to STRICT_TRANS_TABLES,STRICT_ALL_TABLES,NO_ZERO_IN_DATE,NO_ZERO_DATE,ERROR_FOR_DIVISION_BY_ZERO,TRADITIONAL,NO_ENGINE_SUBSTITUTION {{(pid=95843) _check_effective_sql_mode /opt/stack/data/venv/lib/python3.12/site-packages/oslo_db/sqlalchemy/engines.py:325}}
Jul 10 11:18:17.155968 np0000004994 devstack@n-api-meta.service[95841]: DEBUG dbcounter [-] [95841] Writer thread running {{(pid=95841) stat_writer /opt/stack/data/venv/lib/python3.12/site-packages/dbcounter.py:102}}
Jul 10 11:18:17.156526 np0000004994 devstack@n-api-meta.service[95841]: DEBUG dbcounter [-] [95841] Writer thread running {{(pid=95841) stat_writer /opt/stack/data/venv/lib/python3.12/site-packages/dbcounter.py:102}}
Jul 10 11:18:17.159550 np0000004994 devstack@n-api-meta.service[95841]: INFO dbcounter [None req-e895ae5f-82da-473b-92e4-3d45dae5dc0c None None] Registered counter for database nova_cell0
Jul 10 11:18:17.160444 np0000004994 devstack@n-api-meta.service[95843]: DEBUG dbcounter [-] [95843] Writer thread running {{(pid=95843) stat_writer /opt/stack/data/venv/lib/python3.12/site-packages/dbcounter.py:102}}
Jul 10 11:18:17.181007 np0000004994 devstack@n-api-meta.service[95842]: DEBUG oslo_db.sqlalchemy.engines [None req-e606284b-5a5e-4d55-9ec5-36b367a8af1b None None] MySQL server mode set to STRICT_TRANS_TABLES,STRICT_ALL_TABLES,NO_ZERO_IN_DATE,NO_ZERO_DATE,ERROR_FOR_DIVISION_BY_ZERO,TRADITIONAL,NO_ENGINE_SUBSTITUTION {{(pid=95842) _check_effective_sql_mode /opt/stack/data/venv/lib/python3.12/site-packages/oslo_db/sqlalchemy/engines.py:325}}
Jul 10 11:18:17.187539 np0000004994 devstack@n-api-meta.service[95842]: DEBUG dbcounter [-] [95842] Writer thread running {{(pid=95842) stat_writer /opt/stack/data/venv/lib/python3.12/site-packages/dbcounter.py:102}}
Jul 10 11:18:17.197417 np0000004994 devstack@n-api-meta.service[95841]: DEBUG oslo_db.sqlalchemy.engines [None req-e895ae5f-82da-473b-92e4-3d45dae5dc0c None None] MySQL server mode set to STRICT_TRANS_TABLES,STRICT_ALL_TABLES,NO_ZERO_IN_DATE,NO_ZERO_DATE,ERROR_FOR_DIVISION_BY_ZERO,TRADITIONAL,NO_ENGINE_SUBSTITUTION {{(pid=95841) _check_effective_sql_mode /opt/stack/data/venv/lib/python3.12/site-packages/oslo_db/sqlalchemy/engines.py:325}}
Jul 10 11:18:17.202666 np0000004994 devstack@n-api-meta.service[95843]: WARNING nova.api.metadata.handler [None req-92d710eb-7619-4255-80f4-57f232d98631 None None] metadata_proxy_shared_secret is not configured, the metadata information returned by the proxy cannot be trusted
Jul 10 11:18:17.203900 np0000004994 devstack@n-api-meta.service[95841]: DEBUG dbcounter [-] [95841] Writer thread running {{(pid=95841) stat_writer /opt/stack/data/venv/lib/python3.12/site-packages/dbcounter.py:102}}
Jul 10 11:18:17.205968 np0000004994 devstack@n-api-meta.service[95843]: DEBUG nova.api.openstack.wsgi_app [None req-92d710eb-7619-4255-80f4-57f232d98631 None None] ******************************************************************************** {{(pid=95843) log_opt_values /opt/stack/data/venv/lib/python3.12/site-packages/oslo_config/cfg.py:3226}}
Jul 10 11:18:17.205968 np0000004994 devstack@n-api-meta.service[95843]: DEBUG nova.api.openstack.wsgi_app [None req-92d710eb-7619-4255-80f4-57f232d98631 None None] Configuration options gathered from: {{(pid=95843) log_opt_values /opt/stack/data/venv/lib/python3.12/site-packages/oslo_config/cfg.py:3227}}
Jul 10 11:18:17.205968 np0000004994 devstack@n-api-meta.service[95843]: DEBUG nova.api.openstack.wsgi_app [None req-92d710eb-7619-4255-80f4-57f232d98631 None None] command line args: [] {{(pid=95843) log_opt_values /opt/stack/data/venv/lib/python3.12/site-packages/oslo_config/cfg.py:3228}}
Jul 10 11:18:17.205968 np0000004994 devstack@n-api-meta.service[95843]: DEBUG nova.api.openstack.wsgi_app [None req-92d710eb-7619-4255-80f4-57f232d98631 None None] config files: ['/etc/nova/api-paste.ini', '/etc/nova/nova.conf'] {{(pid=95843) log_opt_values /opt/stack/data/venv/lib/python3.12/site-packages/oslo_config/cfg.py:3229}}
Jul 10 11:18:17.205968 np0000004994 devstack@n-api-meta.service[95843]: DEBUG nova.api.openstack.wsgi_app [None req-92d710eb-7619-4255-80f4-57f232d98631 None None] ================================================================================ {{(pid=95843) log_opt_values /opt/stack/data/venv/lib/python3.12/site-packages/oslo_config/cfg.py:3234}}
Jul 10 11:18:17.206206 np0000004994 devstack@n-api-meta.service[95840]: DEBUG oslo_db.sqlalchemy.engines [None req-b9272db1-88b8-40c3-9d63-5aebcd04d96c None None] MySQL server mode set to STRICT_TRANS_TABLES,STRICT_ALL_TABLES,NO_ZERO_IN_DATE,NO_ZERO_DATE,ERROR_FOR_DIVISION_BY_ZERO,TRADITIONAL,NO_ENGINE_SUBSTITUTION {{(pid=95840) _check_effective_sql_mode /opt/stack/data/venv/lib/python3.12/site-packages/oslo_db/sqlalchemy/engines.py:325}}
Jul 10 11:18:17.206282 np0000004994 devstack@n-api-meta.service[95843]: DEBUG nova.api.openstack.wsgi_app [None req-92d710eb-7619-4255-80f4-57f232d98631 None None] allow_resize_to_same_host = True {{(pid=95843) log_opt_values /opt/stack/data/venv/lib/python3.12/site-packages/oslo_config/cfg.py:3242}}
Jul 10 11:18:17.206282 np0000004994 devstack@n-api-meta.service[95843]: DEBUG nova.api.openstack.wsgi_app [None req-92d710eb-7619-4255-80f4-57f232d98631 None None] arq_binding_timeout = 300 {{(pid=95843) log_opt_values /opt/stack/data/venv/lib/python3.12/site-packages/oslo_config/cfg.py:3242}}
Jul 10 11:18:17.206282 np0000004994 devstack@n-api-meta.service[95843]: DEBUG nova.api.openstack.wsgi_app [None req-92d710eb-7619-4255-80f4-57f232d98631 None None] block_device_allocate_retries = 60 {{(pid=95843) log_opt_values /opt/stack/data/venv/lib/python3.12/site-packages/oslo_config/cfg.py:3242}}
Jul 10 11:18:17.206418 np0000004994 devstack@n-api-meta.service[95843]: DEBUG nova.api.openstack.wsgi_app [None req-92d710eb-7619-4255-80f4-57f232d98631 None None] block_device_allocate_retries_interval = 3 {{(pid=95843) log_opt_values /opt/stack/data/venv/lib/python3.12/site-packages/oslo_config/cfg.py:3242}}
Jul 10 11:18:17.206530 np0000004994 devstack@n-api-meta.service[95843]: DEBUG nova.api.openstack.wsgi_app [None req-92d710eb-7619-4255-80f4-57f232d98631 None None] cell_worker_thread_pool_size = 5 {{(pid=95843) log_opt_values /opt/stack/data/venv/lib/python3.12/site-packages/oslo_config/cfg.py:3242}}
Jul 10 11:18:17.206694 np0000004994 devstack@n-api-meta.service[95843]: DEBUG nova.api.openstack.wsgi_app [None req-92d710eb-7619-4255-80f4-57f232d98631 None None] cert = self.pem {{(pid=95843) log_opt_values /opt/stack/data/venv/lib/python3.12/site-packages/oslo_config/cfg.py:3242}}
Jul 10 11:18:17.207639 np0000004994 devstack@n-api-meta.service[95843]: DEBUG nova.api.openstack.wsgi_app [None req-92d710eb-7619-4255-80f4-57f232d98631 None None] compute_driver = libvirt.LibvirtDriver {{(pid=95843) log_opt_values /opt/stack/data/venv/lib/python3.12/site-packages/oslo_config/cfg.py:3242}}
Jul 10 11:18:17.207639 np0000004994 devstack@n-api-meta.service[95843]: DEBUG nova.api.openstack.wsgi_app [None req-92d710eb-7619-4255-80f4-57f232d98631 None None] compute_monitors = [] {{(pid=95843) log_opt_values /opt/stack/data/venv/lib/python3.12/site-packages/oslo_config/cfg.py:3242}}
Jul 10 11:18:17.207639 np0000004994 devstack@n-api-meta.service[95843]: DEBUG nova.api.openstack.wsgi_app [None req-92d710eb-7619-4255-80f4-57f232d98631 None None] concurrency_backend = auto {{(pid=95843) log_opt_values /opt/stack/data/venv/lib/python3.12/site-packages/oslo_config/cfg.py:3242}}
Jul 10 11:18:17.207639 np0000004994 devstack@n-api-meta.service[95843]: DEBUG nova.api.openstack.wsgi_app [None req-92d710eb-7619-4255-80f4-57f232d98631 None None] config_dir = [] {{(pid=95843) log_opt_values /opt/stack/data/venv/lib/python3.12/site-packages/oslo_config/cfg.py:3242}}
Jul 10 11:18:17.207639 np0000004994 devstack@n-api-meta.service[95843]: DEBUG nova.api.openstack.wsgi_app [None req-92d710eb-7619-4255-80f4-57f232d98631 None None] config_drive_format = iso9660 {{(pid=95843) log_opt_values /opt/stack/data/venv/lib/python3.12/site-packages/oslo_config/cfg.py:3242}}
Jul 10 11:18:17.207639 np0000004994 devstack@n-api-meta.service[95843]: DEBUG nova.api.openstack.wsgi_app [None req-92d710eb-7619-4255-80f4-57f232d98631 None None] config_file = ['/etc/nova/api-paste.ini', '/etc/nova/nova.conf'] {{(pid=95843) log_opt_values /opt/stack/data/venv/lib/python3.12/site-packages/oslo_config/cfg.py:3242}}
Jul 10 11:18:17.207639 np0000004994 devstack@n-api-meta.service[95843]: DEBUG nova.api.openstack.wsgi_app [None req-92d710eb-7619-4255-80f4-57f232d98631 None None] config_source = [] {{(pid=95843) log_opt_values /opt/stack/data/venv/lib/python3.12/site-packages/oslo_config/cfg.py:3242}}
Jul 10 11:18:17.207913 np0000004994 devstack@n-api-meta.service[95843]: DEBUG nova.api.openstack.wsgi_app [None req-92d710eb-7619-4255-80f4-57f232d98631 None None] console_host = np0000004994 {{(pid=95843) log_opt_values /opt/stack/data/venv/lib/python3.12/site-packages/oslo_config/cfg.py:3242}}
Jul 10 11:18:17.207913 np0000004994 devstack@n-api-meta.service[95843]: DEBUG nova.api.openstack.wsgi_app [None req-92d710eb-7619-4255-80f4-57f232d98631 None None] control_exchange = nova {{(pid=95843) log_opt_values /opt/stack/data/venv/lib/python3.12/site-packages/oslo_config/cfg.py:3242}}
Jul 10 11:18:17.208063 np0000004994 devstack@n-api-meta.service[95843]: DEBUG nova.api.openstack.wsgi_app [None req-92d710eb-7619-4255-80f4-57f232d98631 None None] cpu_allocation_ratio = None {{(pid=95843) log_opt_values /opt/stack/data/venv/lib/python3.12/site-packages/oslo_config/cfg.py:3242}}
Jul 10 11:18:17.208195 np0000004994 devstack@n-api-meta.service[95843]: DEBUG nova.api.openstack.wsgi_app [None req-92d710eb-7619-4255-80f4-57f232d98631 None None] daemon = False {{(pid=95843) log_opt_values /opt/stack/data/venv/lib/python3.12/site-packages/oslo_config/cfg.py:3242}}
Jul 10 11:18:17.208358 np0000004994 devstack@n-api-meta.service[95843]: DEBUG nova.api.openstack.wsgi_app [None req-92d710eb-7619-4255-80f4-57f232d98631 None None] debug = True {{(pid=95843) log_opt_values /opt/stack/data/venv/lib/python3.12/site-packages/oslo_config/cfg.py:3242}}
Jul 10 11:18:17.208533 np0000004994 devstack@n-api-meta.service[95843]: DEBUG nova.api.openstack.wsgi_app [None req-92d710eb-7619-4255-80f4-57f232d98631 None None] default_access_ip_network_name = None {{(pid=95843) log_opt_values /opt/stack/data/venv/lib/python3.12/site-packages/oslo_config/cfg.py:3242}}
Jul 10 11:18:17.208676 np0000004994 devstack@n-api-meta.service[95843]: DEBUG nova.api.openstack.wsgi_app [None req-92d710eb-7619-4255-80f4-57f232d98631 None None] default_availability_zone = nova {{(pid=95843) log_opt_values /opt/stack/data/venv/lib/python3.12/site-packages/oslo_config/cfg.py:3242}}
Jul 10 11:18:17.208815 np0000004994 devstack@n-api-meta.service[95843]: DEBUG nova.api.openstack.wsgi_app [None req-92d710eb-7619-4255-80f4-57f232d98631 None None] default_ephemeral_format = ext4 {{(pid=95843) log_opt_values /opt/stack/data/venv/lib/python3.12/site-packages/oslo_config/cfg.py:3242}}
Jul 10 11:18:17.208952 np0000004994 devstack@n-api-meta.service[95843]: DEBUG nova.api.openstack.wsgi_app [None req-92d710eb-7619-4255-80f4-57f232d98631 None None] default_green_pool_size = 1000 {{(pid=95843) log_opt_values /opt/stack/data/venv/lib/python3.12/site-packages/oslo_config/cfg.py:3242}}
Jul 10 11:18:17.209191 np0000004994 devstack@n-api-meta.service[95843]: DEBUG nova.api.openstack.wsgi_app [None req-92d710eb-7619-4255-80f4-57f232d98631 None None] default_log_levels = ['amqp=WARN', 'boto=WARN', 'sqlalchemy=WARN', 'suds=INFO', 'oslo.messaging=INFO', 'oslo_messaging=INFO', 'iso8601=WARN', 'requests.packages.urllib3.connectionpool=WARN', 'urllib3.connectionpool=WARN', 'websocket=WARN', 'requests.packages.urllib3.util.retry=WARN', 'urllib3.util.retry=WARN', 'keystonemiddleware=WARN', 'routes.middleware=WARN', 'stevedore=WARN', 'taskflow=WARN', 'keystoneauth=WARN', 'oslo.cache=INFO', 'oslo_policy=INFO', 'dogpile.core.dogpile=INFO', 'glanceclient=WARN', 'oslo.privsep.daemon=INFO'] {{(pid=95843) log_opt_values /opt/stack/data/venv/lib/python3.12/site-packages/oslo_config/cfg.py:3242}}
Jul 10 11:18:17.209325 np0000004994 devstack@n-api-meta.service[95843]: DEBUG nova.api.openstack.wsgi_app [None req-92d710eb-7619-4255-80f4-57f232d98631 None None] default_schedule_zone = None {{(pid=95843) log_opt_values /opt/stack/data/venv/lib/python3.12/site-packages/oslo_config/cfg.py:3242}}
Jul 10 11:18:17.209493 np0000004994 devstack@n-api-meta.service[95843]: DEBUG nova.api.openstack.wsgi_app [None req-92d710eb-7619-4255-80f4-57f232d98631 None None] default_thread_pool_size = 10 {{(pid=95843) log_opt_values /opt/stack/data/venv/lib/python3.12/site-packages/oslo_config/cfg.py:3242}}
Jul 10 11:18:17.209630 np0000004994 devstack@n-api-meta.service[95843]: DEBUG nova.api.openstack.wsgi_app [None req-92d710eb-7619-4255-80f4-57f232d98631 None None] disk_allocation_ratio = None {{(pid=95843) log_opt_values /opt/stack/data/venv/lib/python3.12/site-packages/oslo_config/cfg.py:3242}}
Jul 10 11:18:17.209765 np0000004994 devstack@n-api-meta.service[95843]: DEBUG nova.api.openstack.wsgi_app [None req-92d710eb-7619-4255-80f4-57f232d98631 None None] enable_new_services = True {{(pid=95843) log_opt_values /opt/stack/data/venv/lib/python3.12/site-packages/oslo_config/cfg.py:3242}}
Jul 10 11:18:17.209913 np0000004994 devstack@n-api-meta.service[95843]: DEBUG nova.api.openstack.wsgi_app [None req-92d710eb-7619-4255-80f4-57f232d98631 None None] flat_injected = False {{(pid=95843) log_opt_values /opt/stack/data/venv/lib/python3.12/site-packages/oslo_config/cfg.py:3242}}
Jul 10 11:18:17.210057 np0000004994 devstack@n-api-meta.service[95843]: DEBUG nova.api.openstack.wsgi_app [None req-92d710eb-7619-4255-80f4-57f232d98631 None None] force_config_drive = True {{(pid=95843) log_opt_values /opt/stack/data/venv/lib/python3.12/site-packages/oslo_config/cfg.py:3242}}
Jul 10 11:18:17.210192 np0000004994 devstack@n-api-meta.service[95843]: DEBUG nova.api.openstack.wsgi_app [None req-92d710eb-7619-4255-80f4-57f232d98631 None None] force_raw_images = True {{(pid=95843) log_opt_values /opt/stack/data/venv/lib/python3.12/site-packages/oslo_config/cfg.py:3242}}
Jul 10 11:18:17.210352 np0000004994 devstack@n-api-meta.service[95843]: DEBUG nova.api.openstack.wsgi_app [None req-92d710eb-7619-4255-80f4-57f232d98631 None None] graceful_shutdown_timeout = 5 {{(pid=95843) log_opt_values /opt/stack/data/venv/lib/python3.12/site-packages/oslo_config/cfg.py:3242}}
Jul 10 11:18:17.210515 np0000004994 devstack@n-api-meta.service[95843]: DEBUG nova.api.openstack.wsgi_app [None req-92d710eb-7619-4255-80f4-57f232d98631 None None] heal_instance_info_cache_interval = -1 {{(pid=95843) log_opt_values /opt/stack/data/venv/lib/python3.12/site-packages/oslo_config/cfg.py:3242}}
Jul 10 11:18:17.210716 np0000004994 devstack@n-api-meta.service[95843]: DEBUG nova.api.openstack.wsgi_app [None req-92d710eb-7619-4255-80f4-57f232d98631 None None] host = np0000004994 {{(pid=95843) log_opt_values /opt/stack/data/venv/lib/python3.12/site-packages/oslo_config/cfg.py:3242}}
Jul 10 11:18:17.210862 np0000004994 devstack@n-api-meta.service[95843]: DEBUG nova.api.openstack.wsgi_app [None req-92d710eb-7619-4255-80f4-57f232d98631 None None] initial_cpu_allocation_ratio = 4.0 {{(pid=95843) log_opt_values /opt/stack/data/venv/lib/python3.12/site-packages/oslo_config/cfg.py:3242}}
Jul 10 11:18:17.211005 np0000004994 devstack@n-api-meta.service[95843]: DEBUG nova.api.openstack.wsgi_app [None req-92d710eb-7619-4255-80f4-57f232d98631 None None] initial_disk_allocation_ratio = 1.0 {{(pid=95843) log_opt_values /opt/stack/data/venv/lib/python3.12/site-packages/oslo_config/cfg.py:3242}}
Jul 10 11:18:17.211141 np0000004994 devstack@n-api-meta.service[95843]: DEBUG nova.api.openstack.wsgi_app [None req-92d710eb-7619-4255-80f4-57f232d98631 None None] initial_ram_allocation_ratio = 1.0 {{(pid=95843) log_opt_values /opt/stack/data/venv/lib/python3.12/site-packages/oslo_config/cfg.py:3242}}
Jul 10 11:18:17.211347 np0000004994 devstack@n-api-meta.service[95843]: DEBUG nova.api.openstack.wsgi_app [None req-92d710eb-7619-4255-80f4-57f232d98631 None None] injected_network_template = /opt/stack/nova/nova/virt/interfaces.template {{(pid=95843) log_opt_values /opt/stack/data/venv/lib/python3.12/site-packages/oslo_config/cfg.py:3242}}
Jul 10 11:18:17.211509 np0000004994 devstack@n-api-meta.service[95843]: DEBUG nova.api.openstack.wsgi_app [None req-92d710eb-7619-4255-80f4-57f232d98631 None None] instance_build_timeout = 0 {{(pid=95843) log_opt_values /opt/stack/data/venv/lib/python3.12/site-packages/oslo_config/cfg.py:3242}}
Jul 10 11:18:17.211645 np0000004994 devstack@n-api-meta.service[95843]: DEBUG nova.api.openstack.wsgi_app [None req-92d710eb-7619-4255-80f4-57f232d98631 None None] instance_delete_interval = 300 {{(pid=95843) log_opt_values /opt/stack/data/venv/lib/python3.12/site-packages/oslo_config/cfg.py:3242}}
Jul 10 11:18:17.211789 np0000004994 devstack@n-api-meta.service[95843]: DEBUG nova.api.openstack.wsgi_app [None req-92d710eb-7619-4255-80f4-57f232d98631 None None] instance_format = [instance: %(uuid)s] {{(pid=95843) log_opt_values /opt/stack/data/venv/lib/python3.12/site-packages/oslo_config/cfg.py:3242}}
Jul 10 11:18:17.211935 np0000004994 devstack@n-api-meta.service[95843]: DEBUG nova.api.openstack.wsgi_app [None req-92d710eb-7619-4255-80f4-57f232d98631 None None] instance_name_template = instance-%08x {{(pid=95843) log_opt_values /opt/stack/data/venv/lib/python3.12/site-packages/oslo_config/cfg.py:3242}}
Jul 10 11:18:17.212072 np0000004994 devstack@n-api-meta.service[95843]: DEBUG nova.api.openstack.wsgi_app [None req-92d710eb-7619-4255-80f4-57f232d98631 None None] instance_usage_audit = False {{(pid=95843) log_opt_values /opt/stack/data/venv/lib/python3.12/site-packages/oslo_config/cfg.py:3242}}
Jul 10 11:18:17.212230 np0000004994 devstack@n-api-meta.service[95843]: DEBUG nova.api.openstack.wsgi_app [None req-92d710eb-7619-4255-80f4-57f232d98631 None None] instance_usage_audit_period = month {{(pid=95843) log_opt_values /opt/stack/data/venv/lib/python3.12/site-packages/oslo_config/cfg.py:3242}}
Jul 10 11:18:17.212389 np0000004994 devstack@n-api-meta.service[95843]: DEBUG nova.api.openstack.wsgi_app [None req-92d710eb-7619-4255-80f4-57f232d98631 None None] instance_uuid_format = [instance: %(uuid)s] {{(pid=95843) log_opt_values /opt/stack/data/venv/lib/python3.12/site-packages/oslo_config/cfg.py:3242}}
Jul 10 11:18:17.212552 np0000004994 devstack@n-api-meta.service[95843]: DEBUG nova.api.openstack.wsgi_app [None req-92d710eb-7619-4255-80f4-57f232d98631 None None] instances_path = /opt/stack/data/nova/instances {{(pid=95843) log_opt_values /opt/stack/data/venv/lib/python3.12/site-packages/oslo_config/cfg.py:3242}}
Jul 10 11:18:17.212695 np0000004994 devstack@n-api-meta.service[95843]: DEBUG nova.api.openstack.wsgi_app [None req-92d710eb-7619-4255-80f4-57f232d98631 None None] internal_service_availability_zone = internal {{(pid=95843) log_opt_values /opt/stack/data/venv/lib/python3.12/site-packages/oslo_config/cfg.py:3242}}
Jul 10 11:18:17.212828 np0000004994 devstack@n-api-meta.service[95843]: DEBUG nova.api.openstack.wsgi_app [None req-92d710eb-7619-4255-80f4-57f232d98631 None None] key = None {{(pid=95843) log_opt_values /opt/stack/data/venv/lib/python3.12/site-packages/oslo_config/cfg.py:3242}}
Jul 10 11:18:17.212961 np0000004994 devstack@n-api-meta.service[95843]: DEBUG nova.api.openstack.wsgi_app [None req-92d710eb-7619-4255-80f4-57f232d98631 None None] live_migration_retry_count = 30 {{(pid=95843) log_opt_values /opt/stack/data/venv/lib/python3.12/site-packages/oslo_config/cfg.py:3242}}
Jul 10 11:18:17.213107 np0000004994 devstack@n-api-meta.service[95843]: DEBUG nova.api.openstack.wsgi_app [None req-92d710eb-7619-4255-80f4-57f232d98631 None None] log_color = False {{(pid=95843) log_opt_values /opt/stack/data/venv/lib/python3.12/site-packages/oslo_config/cfg.py:3242}}
Jul 10 11:18:17.213256 np0000004994 devstack@n-api-meta.service[95843]: DEBUG nova.api.openstack.wsgi_app [None req-92d710eb-7619-4255-80f4-57f232d98631 None None] log_config_append = None {{(pid=95843) log_opt_values /opt/stack/data/venv/lib/python3.12/site-packages/oslo_config/cfg.py:3242}}
Jul 10 11:18:17.213415 np0000004994 devstack@n-api-meta.service[95843]: DEBUG nova.api.openstack.wsgi_app [None req-92d710eb-7619-4255-80f4-57f232d98631 None None] log_date_format = %Y-%m-%d %H:%M:%S {{(pid=95843) log_opt_values /opt/stack/data/venv/lib/python3.12/site-packages/oslo_config/cfg.py:3242}}
Jul 10 11:18:17.213555 np0000004994 devstack@n-api-meta.service[95843]: DEBUG nova.api.openstack.wsgi_app [None req-92d710eb-7619-4255-80f4-57f232d98631 None None] log_dir = None {{(pid=95843) log_opt_values /opt/stack/data/venv/lib/python3.12/site-packages/oslo_config/cfg.py:3242}}
Jul 10 11:18:17.213689 np0000004994 devstack@n-api-meta.service[95843]: DEBUG nova.api.openstack.wsgi_app [None req-92d710eb-7619-4255-80f4-57f232d98631 None None] log_file = None {{(pid=95843) log_opt_values /opt/stack/data/venv/lib/python3.12/site-packages/oslo_config/cfg.py:3242}}
Jul 10 11:18:17.213800 np0000004994 devstack@n-api-meta.service[95843]: DEBUG nova.api.openstack.wsgi_app [None req-92d710eb-7619-4255-80f4-57f232d98631 None None] log_options = True {{(pid=95843) log_opt_values /opt/stack/data/venv/lib/python3.12/site-packages/oslo_config/cfg.py:3242}}
Jul 10 11:18:17.213847 np0000004994 devstack@n-api-meta.service[95840]: DEBUG dbcounter [-] [95840] Writer thread running {{(pid=95840) stat_writer /opt/stack/data/venv/lib/python3.12/site-packages/dbcounter.py:102}}
Jul 10 11:18:17.213937 np0000004994 devstack@n-api-meta.service[95843]: DEBUG nova.api.openstack.wsgi_app [None req-92d710eb-7619-4255-80f4-57f232d98631 None None] log_rotate_interval = 1 {{(pid=95843) log_opt_values /opt/stack/data/venv/lib/python3.12/site-packages/oslo_config/cfg.py:3242}}
Jul 10 11:18:17.214082 np0000004994 devstack@n-api-meta.service[95843]: DEBUG nova.api.openstack.wsgi_app [None req-92d710eb-7619-4255-80f4-57f232d98631 None None] log_rotate_interval_type = days {{(pid=95843) log_opt_values /opt/stack/data/venv/lib/python3.12/site-packages/oslo_config/cfg.py:3242}}
Jul 10 11:18:17.214231 np0000004994 devstack@n-api-meta.service[95843]: DEBUG nova.api.openstack.wsgi_app [None req-92d710eb-7619-4255-80f4-57f232d98631 None None] log_rotation_type = none {{(pid=95843) log_opt_values /opt/stack/data/venv/lib/python3.12/site-packages/oslo_config/cfg.py:3242}}
Jul 10 11:18:17.214346 np0000004994 devstack@n-api-meta.service[95843]: DEBUG nova.api.openstack.wsgi_app [None req-92d710eb-7619-4255-80f4-57f232d98631 None None] logging_context_format_string = %(color)s%(levelname)s %(name)s [%(global_request_id)s %(request_id)s %(project_name)s %(user_name)s%(color)s] %(instance)s%(color)s%(message)s {{(pid=95843) log_opt_values /opt/stack/data/venv/lib/python3.12/site-packages/oslo_config/cfg.py:3242}}
