Aug 09 17:41:20.971267 np0000006836 nova-scheduler[93474]: DEBUG cotyledon.oslo_config_glue [-] oslo_messaging_rabbit.rabbit_quorum_max_memory_bytes = 0 {{(pid=93474) log_opt_values /opt/stack/data/venv/lib/python3.12/site-packages/oslo_config/cfg.py:3545}}
Aug 09 17:41:20.971267 np0000006836 nova-scheduler[93474]: DEBUG cotyledon.oslo_config_glue [-] oslo_messaging_rabbit.rabbit_quorum_max_memory_length = 0 {{(pid=93474) log_opt_values /opt/stack/data/venv/lib/python3.12/site-packages/oslo_config/cfg.py:3545}}
Aug 09 17:41:20.971267 np0000006836 nova-scheduler[93474]: DEBUG cotyledon.oslo_config_glue [-] oslo_messaging_rabbit.rabbit_quorum_queue = False {{(pid=93474) log_opt_values /opt/stack/data/venv/lib/python3.12/site-packages/oslo_config/cfg.py:3545}}
Aug 09 17:41:20.971267 np0000006836 nova-scheduler[93474]: DEBUG cotyledon.oslo_config_glue [-] oslo_messaging_rabbit.rabbit_retry_backoff = 2 {{(pid=93474) log_opt_values /opt/stack/data/venv/lib/python3.12/site-packages/oslo_config/cfg.py:3545}}
Aug 09 17:41:20.971267 np0000006836 nova-scheduler[93474]: DEBUG cotyledon.oslo_config_glue [-] oslo_messaging_rabbit.rabbit_retry_interval = 1 {{(pid=93474) log_opt_values /opt/stack/data/venv/lib/python3.12/site-packages/oslo_config/cfg.py:3545}}
Aug 09 17:41:20.971267 np0000006836 nova-scheduler[93474]: DEBUG cotyledon.oslo_config_glue [-] oslo_messaging_rabbit.rabbit_stream_fanout = False {{(pid=93474) log_opt_values /opt/stack/data/venv/lib/python3.12/site-packages/oslo_config/cfg.py:3545}}
Aug 09 17:41:20.971267 np0000006836 nova-scheduler[93474]: DEBUG cotyledon.oslo_config_glue [-] oslo_messaging_rabbit.rabbit_transient_queues_ttl = 1800 {{(pid=93474) log_opt_values /opt/stack/data/venv/lib/python3.12/site-packages/oslo_config/cfg.py:3545}}
Aug 09 17:41:20.971267 np0000006836 nova-scheduler[93474]: DEBUG cotyledon.oslo_config_glue [-] oslo_messaging_rabbit.rabbit_transient_quorum_queue = False {{(pid=93474) log_opt_values /opt/stack/data/venv/lib/python3.12/site-packages/oslo_config/cfg.py:3545}}
Aug 09 17:41:20.971547 np0000006836 nova-scheduler[93474]: DEBUG cotyledon.oslo_config_glue [-] oslo_messaging_rabbit.rpc_conn_pool_size = 30 {{(pid=93474) log_opt_values /opt/stack/data/venv/lib/python3.12/site-packages/oslo_config/cfg.py:3545}}
Aug 09 17:41:20.971547 np0000006836 nova-scheduler[93474]: DEBUG cotyledon.oslo_config_glue [-] oslo_messaging_rabbit.ssl = False {{(pid=93474) log_opt_values /opt/stack/data/venv/lib/python3.12/site-packages/oslo_config/cfg.py:3545}}
Aug 09 17:41:20.971547 np0000006836 nova-scheduler[93474]: DEBUG cotyledon.oslo_config_glue [-] oslo_messaging_rabbit.ssl_ca_file = {{(pid=93474) log_opt_values /opt/stack/data/venv/lib/python3.12/site-packages/oslo_config/cfg.py:3545}}
Aug 09 17:41:20.971547 np0000006836 nova-scheduler[93474]: DEBUG cotyledon.oslo_config_glue [-] oslo_messaging_rabbit.ssl_cert_file = {{(pid=93474) log_opt_values /opt/stack/data/venv/lib/python3.12/site-packages/oslo_config/cfg.py:3545}}
Aug 09 17:41:20.971547 np0000006836 nova-scheduler[93474]: DEBUG cotyledon.oslo_config_glue [-] oslo_messaging_rabbit.ssl_enforce_fips_mode = False {{(pid=93474) log_opt_values /opt/stack/data/venv/lib/python3.12/site-packages/oslo_config/cfg.py:3545}}
Aug 09 17:41:20.971547 np0000006836 nova-scheduler[93474]: DEBUG cotyledon.oslo_config_glue [-] oslo_messaging_rabbit.ssl_enforce_hostname_verification = True {{(pid=93474) log_opt_values /opt/stack/data/venv/lib/python3.12/site-packages/oslo_config/cfg.py:3545}}
Aug 09 17:41:20.971547 np0000006836 nova-scheduler[93474]: DEBUG cotyledon.oslo_config_glue [-] oslo_messaging_rabbit.ssl_key_file = {{(pid=93474) log_opt_values /opt/stack/data/venv/lib/python3.12/site-packages/oslo_config/cfg.py:3545}}
Aug 09 17:41:20.971547 np0000006836 nova-scheduler[93474]: DEBUG cotyledon.oslo_config_glue [-] oslo_messaging_rabbit.ssl_version = {{(pid=93474) log_opt_values /opt/stack/data/venv/lib/python3.12/site-packages/oslo_config/cfg.py:3545}}
Aug 09 17:41:20.971547 np0000006836 nova-scheduler[93474]: DEBUG cotyledon.oslo_config_glue [-] oslo_messaging_rabbit.use_queue_manager = False {{(pid=93474) log_opt_values /opt/stack/data/venv/lib/python3.12/site-packages/oslo_config/cfg.py:3545}}
Aug 09 17:41:20.971816 np0000006836 nova-scheduler[93474]: DEBUG cotyledon.oslo_config_glue [-] oslo_messaging_notifications.driver = ['messagingv2'] {{(pid=93474) log_opt_values /opt/stack/data/venv/lib/python3.12/site-packages/oslo_config/cfg.py:3545}}
Aug 09 17:41:20.971816 np0000006836 nova-scheduler[93474]: DEBUG cotyledon.oslo_config_glue [-] oslo_messaging_notifications.retry = -1 {{(pid=93474) log_opt_values /opt/stack/data/venv/lib/python3.12/site-packages/oslo_config/cfg.py:3545}}
Aug 09 17:41:20.971816 np0000006836 nova-scheduler[93474]: DEBUG cotyledon.oslo_config_glue [-] oslo_messaging_notifications.topics = ['notifications'] {{(pid=93474) log_opt_values /opt/stack/data/venv/lib/python3.12/site-packages/oslo_config/cfg.py:3545}}
Aug 09 17:41:20.971816 np0000006836 nova-scheduler[93474]: DEBUG cotyledon.oslo_config_glue [-] oslo_messaging_notifications.transport_url = **** {{(pid=93474) log_opt_values /opt/stack/data/venv/lib/python3.12/site-packages/oslo_config/cfg.py:3545}}
Aug 09 17:41:20.971816 np0000006836 nova-scheduler[93474]: DEBUG cotyledon.oslo_config_glue [-] oslo_limit.auth_section = None {{(pid=93474) log_opt_values /opt/stack/data/venv/lib/python3.12/site-packages/oslo_config/cfg.py:3545}}
Aug 09 17:41:20.971816 np0000006836 nova-scheduler[93474]: DEBUG cotyledon.oslo_config_glue [-] oslo_limit.auth_type = None {{(pid=93474) log_opt_values /opt/stack/data/venv/lib/python3.12/site-packages/oslo_config/cfg.py:3545}}
Aug 09 17:41:20.971816 np0000006836 nova-scheduler[93474]: DEBUG cotyledon.oslo_config_glue [-] oslo_limit.cafile = None {{(pid=93474) log_opt_values /opt/stack/data/venv/lib/python3.12/site-packages/oslo_config/cfg.py:3545}}
Aug 09 17:41:20.971816 np0000006836 nova-scheduler[93474]: DEBUG cotyledon.oslo_config_glue [-] oslo_limit.certfile = None {{(pid=93474) log_opt_values /opt/stack/data/venv/lib/python3.12/site-packages/oslo_config/cfg.py:3545}}
Aug 09 17:41:20.971816 np0000006836 nova-scheduler[93474]: DEBUG cotyledon.oslo_config_glue [-] oslo_limit.collect_timing = False {{(pid=93474) log_opt_values /opt/stack/data/venv/lib/python3.12/site-packages/oslo_config/cfg.py:3545}}
Aug 09 17:41:20.972103 np0000006836 nova-scheduler[93474]: DEBUG cotyledon.oslo_config_glue [-] oslo_limit.connect_retries = None {{(pid=93474) log_opt_values /opt/stack/data/venv/lib/python3.12/site-packages/oslo_config/cfg.py:3545}}
Aug 09 17:41:20.972103 np0000006836 nova-scheduler[93474]: DEBUG cotyledon.oslo_config_glue [-] oslo_limit.connect_retry_delay = None {{(pid=93474) log_opt_values /opt/stack/data/venv/lib/python3.12/site-packages/oslo_config/cfg.py:3545}}
Aug 09 17:41:20.972103 np0000006836 nova-scheduler[93474]: DEBUG cotyledon.oslo_config_glue [-] oslo_limit.endpoint_id = None {{(pid=93474) log_opt_values /opt/stack/data/venv/lib/python3.12/site-packages/oslo_config/cfg.py:3545}}
Aug 09 17:41:20.972103 np0000006836 nova-scheduler[93474]: DEBUG cotyledon.oslo_config_glue [-] oslo_limit.endpoint_interface = public {{(pid=93474) log_opt_values /opt/stack/data/venv/lib/python3.12/site-packages/oslo_config/cfg.py:3545}}
Aug 09 17:41:20.972103 np0000006836 nova-scheduler[93474]: DEBUG cotyledon.oslo_config_glue [-] oslo_limit.endpoint_override = None {{(pid=93474) log_opt_values /opt/stack/data/venv/lib/python3.12/site-packages/oslo_config/cfg.py:3545}}
Aug 09 17:41:20.972103 np0000006836 nova-scheduler[93474]: DEBUG cotyledon.oslo_config_glue [-] oslo_limit.endpoint_region_name = None {{(pid=93474) log_opt_values /opt/stack/data/venv/lib/python3.12/site-packages/oslo_config/cfg.py:3545}}
Aug 09 17:41:20.972103 np0000006836 nova-scheduler[93474]: DEBUG cotyledon.oslo_config_glue [-] oslo_limit.endpoint_service_name = None {{(pid=93474) log_opt_values /opt/stack/data/venv/lib/python3.12/site-packages/oslo_config/cfg.py:3545}}
Aug 09 17:41:20.972103 np0000006836 nova-scheduler[93474]: DEBUG cotyledon.oslo_config_glue [-] oslo_limit.endpoint_service_type = None {{(pid=93474) log_opt_values /opt/stack/data/venv/lib/python3.12/site-packages/oslo_config/cfg.py:3545}}
Aug 09 17:41:20.972103 np0000006836 nova-scheduler[93474]: DEBUG cotyledon.oslo_config_glue [-] oslo_limit.insecure = False {{(pid=93474) log_opt_values /opt/stack/data/venv/lib/python3.12/site-packages/oslo_config/cfg.py:3545}}
Aug 09 17:41:20.972365 np0000006836 nova-scheduler[93474]: DEBUG cotyledon.oslo_config_glue [-] oslo_limit.keyfile = None {{(pid=93474) log_opt_values /opt/stack/data/venv/lib/python3.12/site-packages/oslo_config/cfg.py:3545}}
Aug 09 17:41:20.972365 np0000006836 nova-scheduler[93474]: DEBUG cotyledon.oslo_config_glue [-] oslo_limit.max_version = None {{(pid=93474) log_opt_values /opt/stack/data/venv/lib/python3.12/site-packages/oslo_config/cfg.py:3545}}
Aug 09 17:41:20.972365 np0000006836 nova-scheduler[93474]: DEBUG cotyledon.oslo_config_glue [-] oslo_limit.min_version = None {{(pid=93474) log_opt_values /opt/stack/data/venv/lib/python3.12/site-packages/oslo_config/cfg.py:3545}}
Aug 09 17:41:20.972365 np0000006836 nova-scheduler[93474]: DEBUG cotyledon.oslo_config_glue [-] oslo_limit.region_name = None {{(pid=93474) log_opt_values /opt/stack/data/venv/lib/python3.12/site-packages/oslo_config/cfg.py:3545}}
Aug 09 17:41:20.972365 np0000006836 nova-scheduler[93474]: DEBUG cotyledon.oslo_config_glue [-] oslo_limit.retriable_status_codes = None {{(pid=93474) log_opt_values /opt/stack/data/venv/lib/python3.12/site-packages/oslo_config/cfg.py:3545}}
Aug 09 17:41:20.972365 np0000006836 nova-scheduler[93474]: DEBUG cotyledon.oslo_config_glue [-] oslo_limit.service_name = None {{(pid=93474) log_opt_values /opt/stack/data/venv/lib/python3.12/site-packages/oslo_config/cfg.py:3545}}
Aug 09 17:41:20.972365 np0000006836 nova-scheduler[93474]: DEBUG cotyledon.oslo_config_glue [-] oslo_limit.service_type = None {{(pid=93474) log_opt_values /opt/stack/data/venv/lib/python3.12/site-packages/oslo_config/cfg.py:3545}}
Aug 09 17:41:20.972365 np0000006836 nova-scheduler[93474]: DEBUG cotyledon.oslo_config_glue [-] oslo_limit.split_loggers = False {{(pid=93474) log_opt_values /opt/stack/data/venv/lib/python3.12/site-packages/oslo_config/cfg.py:3545}}
Aug 09 17:41:20.972365 np0000006836 nova-scheduler[93474]: DEBUG cotyledon.oslo_config_glue [-] oslo_limit.status_code_retries = None {{(pid=93474) log_opt_values /opt/stack/data/venv/lib/python3.12/site-packages/oslo_config/cfg.py:3545}}
Aug 09 17:41:20.972642 np0000006836 nova-scheduler[93474]: DEBUG cotyledon.oslo_config_glue [-] oslo_limit.status_code_retry_delay = None {{(pid=93474) log_opt_values /opt/stack/data/venv/lib/python3.12/site-packages/oslo_config/cfg.py:3545}}
Aug 09 17:41:20.972642 np0000006836 nova-scheduler[93474]: DEBUG cotyledon.oslo_config_glue [-] oslo_limit.timeout = None {{(pid=93474) log_opt_values /opt/stack/data/venv/lib/python3.12/site-packages/oslo_config/cfg.py:3545}}
Aug 09 17:41:20.972642 np0000006836 nova-scheduler[93474]: DEBUG cotyledon.oslo_config_glue [-] oslo_limit.valid_interfaces = None {{(pid=93474) log_opt_values /opt/stack/data/venv/lib/python3.12/site-packages/oslo_config/cfg.py:3545}}
Aug 09 17:41:20.972642 np0000006836 nova-scheduler[93474]: DEBUG cotyledon.oslo_config_glue [-] oslo_limit.version = None {{(pid=93474) log_opt_values /opt/stack/data/venv/lib/python3.12/site-packages/oslo_config/cfg.py:3545}}
Aug 09 17:41:20.972642 np0000006836 nova-scheduler[93474]: DEBUG cotyledon.oslo_config_glue [-] oslo_reports.file_event_handler = None {{(pid=93474) log_opt_values /opt/stack/data/venv/lib/python3.12/site-packages/oslo_config/cfg.py:3545}}
Aug 09 17:41:20.972642 np0000006836 nova-scheduler[93474]: DEBUG cotyledon.oslo_config_glue [-] oslo_reports.file_event_handler_interval = 1 {{(pid=93474) log_opt_values /opt/stack/data/venv/lib/python3.12/site-packages/oslo_config/cfg.py:3545}}
Aug 09 17:41:20.972642 np0000006836 nova-scheduler[93474]: DEBUG cotyledon.oslo_config_glue [-] oslo_reports.log_dir = None {{(pid=93474) log_opt_values /opt/stack/data/venv/lib/python3.12/site-packages/oslo_config/cfg.py:3545}}
Aug 09 17:41:20.972642 np0000006836 nova-scheduler[93474]: DEBUG cotyledon.oslo_config_glue [-] ******************************************************************************** {{(pid=93474) log_opt_values /opt/stack/data/venv/lib/python3.12/site-packages/oslo_config/cfg.py:3552}}
Aug 09 17:41:20.972642 np0000006836 nova-scheduler[93474]: DEBUG cotyledon._service_worker [-] Run service ServiceWrapper(2) [93474] {{(pid=93474) wait_forever /opt/stack/data/venv/lib/python3.12/site-packages/cotyledon/_service_worker.py:218}}
Aug 09 17:41:20.972929 np0000006836 nova-scheduler[93474]: INFO nova.service [-] Starting scheduler node (version 33.1.0)
Aug 09 17:41:20.973625 np0000006836 nova-scheduler[93474]: INFO dbcounter [None req-03058abf-7f24-4346-b30c-85a50ff4ae31 None None] Registered counter for database nova_cell0
Aug 09 17:41:20.999930 np0000006836 nova-scheduler[93472]: DEBUG oslo_db.sqlalchemy.engines [None req-095fa37c-7461-47ae-b16a-586896f04ad8 None None] MySQL server mode set to STRICT_TRANS_TABLES,STRICT_ALL_TABLES,NO_ZERO_IN_DATE,NO_ZERO_DATE,ERROR_FOR_DIVISION_BY_ZERO,TRADITIONAL,NO_ENGINE_SUBSTITUTION {{(pid=93472) _check_effective_sql_mode /opt/stack/data/venv/lib/python3.12/site-packages/oslo_db/sqlalchemy/engines.py:325}}
Aug 09 17:41:21.004778 np0000006836 nova-scheduler[93468]: DEBUG oslo_db.sqlalchemy.engines [None req-9b5c5308-ace1-4986-b89a-e4bbf690c588 None None] MySQL server mode set to STRICT_TRANS_TABLES,STRICT_ALL_TABLES,NO_ZERO_IN_DATE,NO_ZERO_DATE,ERROR_FOR_DIVISION_BY_ZERO,TRADITIONAL,NO_ENGINE_SUBSTITUTION {{(pid=93468) _check_effective_sql_mode /opt/stack/data/venv/lib/python3.12/site-packages/oslo_db/sqlalchemy/engines.py:325}}
Aug 09 17:41:21.011626 np0000006836 nova-scheduler[93472]: DEBUG dbcounter [-] [93472] Writer thread running {{(pid=93472) stat_writer /opt/stack/data/venv/lib/python3.12/site-packages/dbcounter.py:102}}
Aug 09 17:41:21.015800 np0000006836 nova-scheduler[93468]: DEBUG dbcounter [-] [93468] Writer thread running {{(pid=93468) stat_writer /opt/stack/data/venv/lib/python3.12/site-packages/dbcounter.py:102}}
Aug 09 17:41:21.032056 np0000006836 nova-scheduler[93474]: DEBUG oslo_db.sqlalchemy.engines [None req-03058abf-7f24-4346-b30c-85a50ff4ae31 None None] MySQL server mode set to STRICT_TRANS_TABLES,STRICT_ALL_TABLES,NO_ZERO_IN_DATE,NO_ZERO_DATE,ERROR_FOR_DIVISION_BY_ZERO,TRADITIONAL,NO_ENGINE_SUBSTITUTION {{(pid=93474) _check_effective_sql_mode /opt/stack/data/venv/lib/python3.12/site-packages/oslo_db/sqlalchemy/engines.py:325}}
Aug 09 17:41:21.038656 np0000006836 nova-scheduler[93472]: DEBUG nova.service [None req-095fa37c-7461-47ae-b16a-586896f04ad8 None None] Creating RPC server for service: nova-scheduler on topic: scheduler {{(pid=93472) start /opt/stack/nova/nova/service.py:196}}
Aug 09 17:41:21.042919 np0000006836 nova-scheduler[93474]: DEBUG dbcounter [-] [93474] Writer thread running {{(pid=93474) stat_writer /opt/stack/data/venv/lib/python3.12/site-packages/dbcounter.py:102}}
Aug 09 17:41:21.044994 np0000006836 nova-scheduler[93468]: DEBUG nova.service [None req-9b5c5308-ace1-4986-b89a-e4bbf690c588 None None] Creating RPC server for service: nova-scheduler on topic: scheduler {{(pid=93468) start /opt/stack/nova/nova/service.py:196}}
Aug 09 17:41:21.046575 np0000006836 nova-scheduler[93474]: DEBUG nova.service [None req-03058abf-7f24-4346-b30c-85a50ff4ae31 None None] Creating RPC server for service: nova-scheduler on topic: scheduler {{(pid=93474) start /opt/stack/nova/nova/service.py:196}}
Aug 09 17:41:21.066133 np0000006836 nova-scheduler[93474]: DEBUG nova.service [None req-03058abf-7f24-4346-b30c-85a50ff4ae31 None None] Join ServiceGroup membership for this service scheduler {{(pid=93474) start /opt/stack/nova/nova/service.py:222}}
Aug 09 17:41:21.066275 np0000006836 nova-scheduler[93472]: DEBUG nova.service [None req-095fa37c-7461-47ae-b16a-586896f04ad8 None None] Join ServiceGroup membership for this service scheduler {{(pid=93472) start /opt/stack/nova/nova/service.py:222}}
Aug 09 17:41:21.066362 np0000006836 nova-scheduler[93474]: DEBUG nova.servicegroup.drivers.db [None req-03058abf-7f24-4346-b30c-85a50ff4ae31 None None] DB_Driver: join new ServiceGroup member np0000006836 to the scheduler group, service = {{(pid=93474) join /opt/stack/nova/nova/servicegroup/drivers/db.py:44}}
Aug 09 17:41:21.066527 np0000006836 nova-scheduler[93472]: DEBUG nova.servicegroup.drivers.db [None req-095fa37c-7461-47ae-b16a-586896f04ad8 None None] DB_Driver: join new ServiceGroup member np0000006836 to the scheduler group, service = {{(pid=93472) join /opt/stack/nova/nova/servicegroup/drivers/db.py:44}}
Aug 09 17:41:21.080291 np0000006836 nova-scheduler[93468]: DEBUG nova.service [None req-9b5c5308-ace1-4986-b89a-e4bbf690c588 None None] Join ServiceGroup membership for this service scheduler {{(pid=93468) start /opt/stack/nova/nova/service.py:222}}
Aug 09 17:41:21.080596 np0000006836 nova-scheduler[93468]: DEBUG nova.servicegroup.drivers.db [None req-9b5c5308-ace1-4986-b89a-e4bbf690c588 None None] DB_Driver: join new ServiceGroup member np0000006836 to the scheduler group, service = {{(pid=93468) join /opt/stack/nova/nova/servicegroup/drivers/db.py:44}}
Aug 09 17:41:26.079223 np0000006836 nova-scheduler[93472]: DEBUG oslo.service.backend._threading.loopingcall [-] Fixed interval looping call 'nova.servicegroup.drivers.db.DbDriver._report_state' sleeping for 119.99 seconds {{(pid=93472) _run_loop /opt/stack/data/venv/lib/python3.12/site-packages/oslo_service/backend/_threading/loopingcall.py:125}}
Aug 09 17:41:26.081680 np0000006836 nova-scheduler[93474]: DEBUG oslo.service.backend._threading.loopingcall [-] Fixed interval looping call 'nova.servicegroup.drivers.db.DbDriver._report_state' sleeping for 119.99 seconds {{(pid=93474) _run_loop /opt/stack/data/venv/lib/python3.12/site-packages/oslo_service/backend/_threading/loopingcall.py:125}}
Aug 09 17:41:26.090554 np0000006836 nova-scheduler[93468]: DEBUG oslo.service.backend._threading.loopingcall [-] Fixed interval looping call 'nova.servicegroup.drivers.db.DbDriver._report_state' sleeping for 119.99 seconds {{(pid=93468) _run_loop /opt/stack/data/venv/lib/python3.12/site-packages/oslo_service/backend/_threading/loopingcall.py:125}}
Aug 09 17:41:29.553044 np0000006836 nova-scheduler[92203]: DEBUG dbcounter [-] [92203] Writing DB stats nova_api:SELECT=3 {{(pid=92203) stat_writer /opt/stack/data/venv/lib/python3.12/site-packages/dbcounter.py:115}}
Aug 09 17:41:29.696272 np0000006836 nova-scheduler[92203]: DEBUG dbcounter [-] [92203] Writing DB stats nova_cell0:SELECT=1 {{(pid=92203) stat_writer /opt/stack/data/venv/lib/python3.12/site-packages/dbcounter.py:115}}
Aug 09 17:41:29.704437 np0000006836 nova-scheduler[92203]: DEBUG dbcounter [-] [92203] Writing DB stats nova_cell1:SELECT=1 {{(pid=92203) stat_writer /opt/stack/data/venv/lib/python3.12/site-packages/dbcounter.py:115}}
Aug 09 17:41:36.075631 np0000006836 nova-scheduler[93472]: DEBUG dbcounter [-] [93472] Writing DB stats nova_cell0:SELECT=4,nova_cell0:INSERT=1,nova_cell0:UPDATE=1 {{(pid=93472) stat_writer /opt/stack/data/venv/lib/python3.12/site-packages/dbcounter.py:115}}
Aug 09 17:41:36.080239 np0000006836 nova-scheduler[93474]: DEBUG dbcounter [-] [93474] Writing DB stats nova_cell0:SELECT=3,nova_cell0:UPDATE=1 {{(pid=93474) stat_writer /opt/stack/data/venv/lib/python3.12/site-packages/dbcounter.py:115}}
Aug 09 17:41:36.088092 np0000006836 nova-scheduler[93468]: DEBUG dbcounter [-] [93468] Writing DB stats nova_cell0:SELECT=5,nova_cell0:INSERT=1 {{(pid=93468) stat_writer /opt/stack/data/venv/lib/python3.12/site-packages/dbcounter.py:115}}
Aug 09 17:41:38.069877 np0000006836 nova-scheduler[93474]: DEBUG oslo.service.backend._threading.loopingcall [None req-03a1a375-5427-4446-bb06-d68dc4ff3562 None None] Dynamic interval looping call 'nova.service.Service.periodic_tasks' sleeping for 60.00 seconds {{(pid=93474) _run_loop /opt/stack/data/venv/lib/python3.12/site-packages/oslo_service/backend/_threading/loopingcall.py:125}}
Aug 09 17:41:43.068951 np0000006836 nova-scheduler[93472]: DEBUG oslo.service.backend._threading.loopingcall [None req-1f26fc1c-d908-4090-bcc7-487c80c18d62 None None] Dynamic interval looping call 'nova.service.Service.periodic_tasks' sleeping for 60.00 seconds {{(pid=93472) _run_loop /opt/stack/data/venv/lib/python3.12/site-packages/oslo_service/backend/_threading/loopingcall.py:125}}
Aug 09 17:42:07.082677 np0000006836 nova-scheduler[93468]: DEBUG oslo.service.backend._threading.loopingcall [None req-1d2750a3-866c-473b-a402-affa1deb0ba7 None None] Dynamic interval looping call 'nova.service.Service.periodic_tasks' sleeping for 60.00 seconds {{(pid=93468) _run_loop /opt/stack/data/venv/lib/python3.12/site-packages/oslo_service/backend/_threading/loopingcall.py:125}}
Aug 09 17:42:38.070454 np0000006836 nova-scheduler[93474]: DEBUG oslo.service.backend._threading.loopingcall [None req-03a1a375-5427-4446-bb06-d68dc4ff3562 None None] Dynamic interval looping call 'nova.service.Service.periodic_tasks' sleeping for 60.00 seconds {{(pid=93474) _run_loop /opt/stack/data/venv/lib/python3.12/site-packages/oslo_service/backend/_threading/loopingcall.py:125}}
Aug 09 17:42:43.069463 np0000006836 nova-scheduler[93472]: DEBUG oslo.service.backend._threading.loopingcall [None req-1f26fc1c-d908-4090-bcc7-487c80c18d62 None None] Dynamic interval looping call 'nova.service.Service.periodic_tasks' sleeping for 60.00 seconds {{(pid=93472) _run_loop /opt/stack/data/venv/lib/python3.12/site-packages/oslo_service/backend/_threading/loopingcall.py:125}}
Aug 09 17:43:07.083190 np0000006836 nova-scheduler[93468]: DEBUG oslo.service.backend._threading.loopingcall [None req-1d2750a3-866c-473b-a402-affa1deb0ba7 None None] Dynamic interval looping call 'nova.service.Service.periodic_tasks' sleeping for 60.00 seconds {{(pid=93468) _run_loop /opt/stack/data/venv/lib/python3.12/site-packages/oslo_service/backend/_threading/loopingcall.py:125}}
Aug 09 17:43:26.076541 np0000006836 nova-scheduler[93472]: DEBUG oslo.service.backend._threading.loopingcall [-] Fixed interval looping call 'nova.servicegroup.drivers.db.DbDriver._report_state' sleeping for 119.99 seconds {{(pid=93472) _run_loop /opt/stack/data/venv/lib/python3.12/site-packages/oslo_service/backend/_threading/loopingcall.py:125}}
Aug 09 17:43:26.076962 np0000006836 nova-scheduler[93474]: DEBUG oslo.service.backend._threading.loopingcall [-] Fixed interval looping call 'nova.servicegroup.drivers.db.DbDriver._report_state' sleeping for 120.00 seconds {{(pid=93474) _run_loop /opt/stack/data/venv/lib/python3.12/site-packages/oslo_service/backend/_threading/loopingcall.py:125}}
Aug 09 17:43:26.083532 np0000006836 nova-scheduler[93468]: DEBUG oslo.service.backend._threading.loopingcall [-] Fixed interval looping call 'nova.servicegroup.drivers.db.DbDriver._report_state' sleeping for 120.00 seconds {{(pid=93468) _run_loop /opt/stack/data/venv/lib/python3.12/site-packages/oslo_service/backend/_threading/loopingcall.py:125}}
Aug 09 17:43:36.074529 np0000006836 nova-scheduler[93472]: DEBUG dbcounter [-] [93472] Writing DB stats nova_cell0:SELECT=1,nova_cell0:UPDATE=1 {{(pid=93472) stat_writer /opt/stack/data/venv/lib/python3.12/site-packages/dbcounter.py:115}}
Aug 09 17:43:36.075004 np0000006836 nova-scheduler[93474]: DEBUG dbcounter [-] [93474] Writing DB stats nova_cell0:SELECT=1,nova_cell0:UPDATE=1 {{(pid=93474) stat_writer /opt/stack/data/venv/lib/python3.12/site-packages/dbcounter.py:115}}
Aug 09 17:43:36.082071 np0000006836 nova-scheduler[93468]: DEBUG dbcounter [-] [93468] Writing DB stats nova_cell0:SELECT=1 {{(pid=93468) stat_writer /opt/stack/data/venv/lib/python3.12/site-packages/dbcounter.py:115}}
Aug 09 17:43:38.071000 np0000006836 nova-scheduler[93474]: DEBUG oslo.service.backend._threading.loopingcall [None req-03a1a375-5427-4446-bb06-d68dc4ff3562 None None] Dynamic interval looping call 'nova.service.Service.periodic_tasks' sleeping for 60.00 seconds {{(pid=93474) _run_loop /opt/stack/data/venv/lib/python3.12/site-packages/oslo_service/backend/_threading/loopingcall.py:125}}
Aug 09 17:43:43.070070 np0000006836 nova-scheduler[93472]: DEBUG oslo.service.backend._threading.loopingcall [None req-1f26fc1c-d908-4090-bcc7-487c80c18d62 None None] Dynamic interval looping call 'nova.service.Service.periodic_tasks' sleeping for 60.00 seconds {{(pid=93472) _run_loop /opt/stack/data/venv/lib/python3.12/site-packages/oslo_service/backend/_threading/loopingcall.py:125}}
Aug 09 17:43:50.625024 np0000006836 nova-scheduler[93472]: DEBUG nova.scheduler.manager [None req-80342191-8365-46ae-97d5-c31466fe2767 tempest-ServerBootFromVolumeStableRescueTest-1227922741 tempest-ServerBootFromVolumeStableRescueTest-1227922741-project-member] Starting to schedule for instances: ['2b92e74e-a4b9-4e5c-bb25-e6926cb5117b'] {{(pid=93472) select_destinations /opt/stack/nova/nova/scheduler/manager.py:209}}
Aug 09 17:43:50.625660 np0000006836 nova-scheduler[93472]: DEBUG nova.scheduler.request_filter [None req-80342191-8365-46ae-97d5-c31466fe2767 tempest-ServerBootFromVolumeStableRescueTest-1227922741 tempest-ServerBootFromVolumeStableRescueTest-1227922741-project-member] compute_status_filter request filter added forbidden trait COMPUTE_STATUS_DISABLED {{(pid=93472) compute_status_filter /opt/stack/nova/nova/scheduler/request_filter.py:253}}
Aug 09 17:43:50.625660 np0000006836 nova-scheduler[93472]: DEBUG nova.scheduler.request_filter [None req-80342191-8365-46ae-97d5-c31466fe2767 tempest-ServerBootFromVolumeStableRescueTest-1227922741 tempest-ServerBootFromVolumeStableRescueTest-1227922741-project-member] Request filter 'compute_status_filter' took 0.0 seconds {{(pid=93472) wrapper /opt/stack/nova/nova/scheduler/request_filter.py:46}}
Aug 09 17:43:50.625760 np0000006836 nova-scheduler[93472]: DEBUG nova.scheduler.request_filter [None req-80342191-8365-46ae-97d5-c31466fe2767 tempest-ServerBootFromVolumeStableRescueTest-1227922741 tempest-ServerBootFromVolumeStableRescueTest-1227922741-project-member] Request filter 'accelerators_filter' took 0.0 seconds {{(pid=93472) wrapper /opt/stack/nova/nova/scheduler/request_filter.py:46}}
Aug 09 17:43:50.625931 np0000006836 nova-scheduler[93472]: DEBUG nova.scheduler.request_filter [None req-80342191-8365-46ae-97d5-c31466fe2767 tempest-ServerBootFromVolumeStableRescueTest-1227922741 tempest-ServerBootFromVolumeStableRescueTest-1227922741-project-member] Request filter 'packed_virtqueue_filter' took 0.0 seconds {{(pid=93472) wrapper /opt/stack/nova/nova/scheduler/request_filter.py:46}}
Aug 09 17:43:50.626163 np0000006836 nova-scheduler[93472]: DEBUG nova.scheduler.request_filter [None req-80342191-8365-46ae-97d5-c31466fe2767 tempest-ServerBootFromVolumeStableRescueTest-1227922741 tempest-ServerBootFromVolumeStableRescueTest-1227922741-project-member] Request filter 'remote_managed_ports_filter' took 0.0 seconds {{(pid=93472) wrapper /opt/stack/nova/nova/scheduler/request_filter.py:46}}
Aug 09 17:43:50.626307 np0000006836 nova-scheduler[93472]: DEBUG nova.scheduler.request_filter [None req-80342191-8365-46ae-97d5-c31466fe2767 tempest-ServerBootFromVolumeStableRescueTest-1227922741 tempest-ServerBootFromVolumeStableRescueTest-1227922741-project-member] ephemeral_encryption_filter skipped {{(pid=93472) ephemeral_encryption_filter /opt/stack/nova/nova/scheduler/request_filter.py:426}}
Aug 09 17:43:50.626752 np0000006836 nova-scheduler[93472]: DEBUG nova.scheduler.request_filter [None req-80342191-8365-46ae-97d5-c31466fe2767 tempest-ServerBootFromVolumeStableRescueTest-1227922741 tempest-ServerBootFromVolumeStableRescueTest-1227922741-project-member] virtio_sound_filter skipped {{(pid=93472) virtio_sound_filter /opt/stack/nova/nova/scheduler/request_filter.py:460}}
Aug 09 17:43:50.626877 np0000006836 nova-scheduler[93472]: DEBUG nova.scheduler.request_filter [None req-80342191-8365-46ae-97d5-c31466fe2767 tempest-ServerBootFromVolumeStableRescueTest-1227922741 tempest-ServerBootFromVolumeStableRescueTest-1227922741-project-member] tpm_secret_security_filter skipped {{(pid=93472) tpm_secret_security_filter /opt/stack/nova/nova/scheduler/request_filter.py:477}}
Aug 09 17:43:51.167656 np0000006836 nova-scheduler[93472]: INFO nova.utils [None req-80342191-8365-46ae-97d5-c31466fe2767 tempest-ServerBootFromVolumeStableRescueTest-1227922741 tempest-ServerBootFromVolumeStableRescueTest-1227922741-project-member] The cell worker thread pool ForkProcess-2.cell_worker is initialized
Aug 09 17:43:51.169132 np0000006836 nova-scheduler[93472]: DEBUG oslo_concurrency.lockutils [None req-80342191-8365-46ae-97d5-c31466fe2767 tempest-ServerBootFromVolumeStableRescueTest-1227922741 tempest-ServerBootFromVolumeStableRescueTest-1227922741-project-member] Acquiring lock "18aa28a7-0c81-4935-a1a9-0593b636d2f8" by "nova.context.set_target_cell..get_or_set_cached_cell_and_set_connections" {{(pid=93472) inner /opt/stack/data/venv/lib/python3.12/site-packages/oslo_concurrency/lockutils.py:512}}
Aug 09 17:43:51.169885 np0000006836 nova-scheduler[93472]: DEBUG oslo_concurrency.lockutils [None req-80342191-8365-46ae-97d5-c31466fe2767 tempest-ServerBootFromVolumeStableRescueTest-1227922741 tempest-ServerBootFromVolumeStableRescueTest-1227922741-project-member] Lock "18aa28a7-0c81-4935-a1a9-0593b636d2f8" acquired by "nova.context.set_target_cell..get_or_set_cached_cell_and_set_connections" :: waited 0.001s {{(pid=93472) inner /opt/stack/data/venv/lib/python3.12/site-packages/oslo_concurrency/lockutils.py:525}}
Aug 09 17:43:51.171207 np0000006836 nova-scheduler[93472]: DEBUG oslo_concurrency.lockutils [None req-80342191-8365-46ae-97d5-c31466fe2767 tempest-ServerBootFromVolumeStableRescueTest-1227922741 tempest-ServerBootFromVolumeStableRescueTest-1227922741-project-member] Lock "18aa28a7-0c81-4935-a1a9-0593b636d2f8" "released" by "nova.context.set_target_cell..get_or_set_cached_cell_and_set_connections" :: held 0.001s {{(pid=93472) inner /opt/stack/data/venv/lib/python3.12/site-packages/oslo_concurrency/lockutils.py:544}}
Aug 09 17:43:51.173132 np0000006836 nova-scheduler[93472]: INFO dbcounter [None req-80342191-8365-46ae-97d5-c31466fe2767 tempest-ServerBootFromVolumeStableRescueTest-1227922741 tempest-ServerBootFromVolumeStableRescueTest-1227922741-project-member] Registered counter for database nova_cell1
Aug 09 17:43:51.208209 np0000006836 nova-scheduler[93472]: DEBUG oslo_db.sqlalchemy.engines [None req-80342191-8365-46ae-97d5-c31466fe2767 tempest-ServerBootFromVolumeStableRescueTest-1227922741 tempest-ServerBootFromVolumeStableRescueTest-1227922741-project-member] MySQL server mode set to STRICT_TRANS_TABLES,STRICT_ALL_TABLES,NO_ZERO_IN_DATE,NO_ZERO_DATE,ERROR_FOR_DIVISION_BY_ZERO,TRADITIONAL,NO_ENGINE_SUBSTITUTION {{(pid=93472) _check_effective_sql_mode /opt/stack/data/venv/lib/python3.12/site-packages/oslo_db/sqlalchemy/engines.py:325}}
Aug 09 17:43:51.213926 np0000006836 nova-scheduler[93472]: DEBUG dbcounter [-] [93472] Writer thread running {{(pid=93472) stat_writer /opt/stack/data/venv/lib/python3.12/site-packages/dbcounter.py:102}}
Aug 09 17:43:51.225476 np0000006836 nova-scheduler[93472]: DEBUG oslo_db.sqlalchemy.engines [None req-80342191-8365-46ae-97d5-c31466fe2767 tempest-ServerBootFromVolumeStableRescueTest-1227922741 tempest-ServerBootFromVolumeStableRescueTest-1227922741-project-member] Parent process 92203 forked (93472) with an open database connection, which is being discarded and recreated. {{(pid=93472) checkout /opt/stack/data/venv/lib/python3.12/site-packages/oslo_db/sqlalchemy/engines.py:402}}
Aug 09 17:43:51.258146 np0000006836 nova-scheduler[93472]: DEBUG dbcounter [-] [93472] Writer thread running {{(pid=93472) stat_writer /opt/stack/data/venv/lib/python3.12/site-packages/dbcounter.py:102}}
Aug 09 17:43:51.261014 np0000006836 nova-scheduler[93472]: DEBUG oslo_concurrency.lockutils [None req-80342191-8365-46ae-97d5-c31466fe2767 tempest-ServerBootFromVolumeStableRescueTest-1227922741 tempest-ServerBootFromVolumeStableRescueTest-1227922741-project-member] Acquiring lock "18aa28a7-0c81-4935-a1a9-0593b636d2f8" by "nova.context.set_target_cell..get_or_set_cached_cell_and_set_connections" {{(pid=93472) inner /opt/stack/data/venv/lib/python3.12/site-packages/oslo_concurrency/lockutils.py:512}}
Aug 09 17:43:51.261014 np0000006836 nova-scheduler[93472]: DEBUG oslo_concurrency.lockutils [None req-80342191-8365-46ae-97d5-c31466fe2767 tempest-ServerBootFromVolumeStableRescueTest-1227922741 tempest-ServerBootFromVolumeStableRescueTest-1227922741-project-member] Lock "18aa28a7-0c81-4935-a1a9-0593b636d2f8" acquired by "nova.context.set_target_cell..get_or_set_cached_cell_and_set_connections" :: waited 0.000s {{(pid=93472) inner /opt/stack/data/venv/lib/python3.12/site-packages/oslo_concurrency/lockutils.py:525}}
Aug 09 17:43:51.261264 np0000006836 nova-scheduler[93472]: DEBUG oslo_concurrency.lockutils [None req-80342191-8365-46ae-97d5-c31466fe2767 tempest-ServerBootFromVolumeStableRescueTest-1227922741 tempest-ServerBootFromVolumeStableRescueTest-1227922741-project-member] Lock "18aa28a7-0c81-4935-a1a9-0593b636d2f8" "released" by "nova.context.set_target_cell..get_or_set_cached_cell_and_set_connections" :: held 0.000s {{(pid=93472) inner /opt/stack/data/venv/lib/python3.12/site-packages/oslo_concurrency/lockutils.py:544}}
Aug 09 17:43:51.264067 np0000006836 nova-scheduler[93472]: DEBUG oslo_concurrency.lockutils [None req-80342191-8365-46ae-97d5-c31466fe2767 tempest-ServerBootFromVolumeStableRescueTest-1227922741 tempest-ServerBootFromVolumeStableRescueTest-1227922741-project-member] Acquiring lock "np0000006836-np0000006836" by "nova.scheduler.host_manager.HostState.update.._locked_update" {{(pid=93472) inner /opt/stack/data/venv/lib/python3.12/site-packages/oslo_concurrency/lockutils.py:512}}
Aug 09 17:43:51.264212 np0000006836 nova-scheduler[93472]: DEBUG oslo_concurrency.lockutils [None req-80342191-8365-46ae-97d5-c31466fe2767 tempest-ServerBootFromVolumeStableRescueTest-1227922741 tempest-ServerBootFromVolumeStableRescueTest-1227922741-project-member] Lock "np0000006836-np0000006836" acquired by "nova.scheduler.host_manager.HostState.update.._locked_update" :: waited 0.000s {{(pid=93472) inner /opt/stack/data/venv/lib/python3.12/site-packages/oslo_concurrency/lockutils.py:525}}
Aug 09 17:43:51.265172 np0000006836 nova-scheduler[93472]: DEBUG nova.scheduler.host_manager [None req-80342191-8365-46ae-97d5-c31466fe2767 tempest-ServerBootFromVolumeStableRescueTest-1227922741 tempest-ServerBootFromVolumeStableRescueTest-1227922741-project-member] Update host state from compute node: ComputeNode(cpu_allocation_ratio=4.0,cpu_info='{"arch": "x86_64", "model": "EPYC-Milan", "vendor": "AMD", "topology": {"cells": 1, "sockets": 16, "cores": 1, "threads": 1}, "maxphysaddr": {"mode": "emulate", "bits": 40}, "features": ["rdseed", "avx", "perfctr_core", "ibrs", "tsc-scale", "arch-capabilities", "pclmuldq", "cx8", "sse4.2", "stibp", "pae", "clflushopt", "vmcb-clean", "pse", "mds-no", "lbrv", "virt-ssbd", "fpu", "lahf_lm", "mtrr", "xsavec", "cmp_legacy", "xsaveopt", "pdpe1gb", "msr", "apic", "xsaveerptr", "wbnoinvd", "vaes", "pge", "mce", "fsgsbase", "pause-filter", "ssse3", "sse4.1", "pfthreshold", "fma", "popcnt", "arat", "mca", "sse2", "xsave", "rdtscp", "svm", "invpcid", "aes", "fsrm", "cr8legacy", "topoext", "amd-psfd", "null-sel-clr-base", "nrip-save", "flushbyasid", "vgif", "sse", "tsc", "misalignsse", "pcid", "pschange-mc-no", "ibpb", "bmi1", "cx16", "amd-stibp", "f16c", "spec-ctrl", "pse36", "rdctl-no", "pni", "tsc_adjust", "abm", "smep", "clwb", "npt", "gds-no", "avx2", "sha-ni", "3dnowprefetch", "rdpid", "sep", "lm", "fxsr_opt", "movbe", "svme-addr-chk", "syscall", "mmxext", "no-nested-data-bp", "xsaves", "amd-ssbd", "sse4a", "smap", "rdrand", "hypervisor", "tsc-deadline", "ssbd", "v-vmsave-vmload", "vpclmulqdq", "x2apic", "pku", "nx", "stibp-always-on", "vme", "lfence-always-serializing", "erms", "adx", "de", "cmov", "bmi2", "clzero", "osvw", "clflush", "xgetbv1", "skip-l1dfl-vmentry", "mmx", "pat", "umip", "fxsr"]}',created_at=2026-08-09T17:41:42Z,current_workload=0,deleted=False,deleted_at=None,disk_allocation_ratio=1.0,disk_available_least=73,free_disk_gb=95,free_ram_mb=62765,host='np0000006836',host_ip=10.4.3.202,hypervisor_hostname='np0000006836',hypervisor_type='QEMU',hypervisor_version=8002002,id=1,local_gb=95,local_gb_used=0,mapped=1,memory_mb=63277,memory_mb_used=512,metrics='[]',numa_topology='{"nova_object.name": "NUMATopology", "nova_object.namespace": "nova", "nova_object.version": "1.2", "nova_object.data": {"cells": [{"nova_object.name": "NUMACell", "nova_object.namespace": "nova", "nova_object.version": "1.5", "nova_object.data": {"id": 0, "cpuset": [0, 1, 2, 3, 4, 5, 6, 7, 8, 9, 10, 11, 12, 13, 14, 15], "pcpuset": [0, 1, 2, 3, 4, 5, 6, 7, 8, 9, 10, 11, 12, 13, 14, 15], "memory": 63277, "cpu_usage": 0, "memory_usage": 0, "pinned_cpus": [], "siblings": [[6], [12], [2], [15], [5], [11], [8], [14], [4], [1], [7], [10], [0], [13], [3], [9]], "mempages": [{"nova_object.name": "NUMAPagesTopology", "nova_object.namespace": "nova", "nova_object.version": "1.1", "nova_object.data": {"size_kb": 4, "total": 16177929, "used": 0, "reserved": 0}, "nova_object.changes": ["used", "reserved", "total", "size_kb"]}, {"nova_object.name": "NUMAPagesTopology", "nova_object.namespace": "nova", "nova_object.version": "1.1", "nova_object.data": {"size_kb": 2048, "total": 41, "used": 0, "reserved": 0}, "nova_object.changes": ["used", "reserved", "total", "size_kb"]}, {"nova_object.name": "NUMAPagesTopology", "nova_object.namespace": "nova", "nova_object.version": "1.1", "nova_object.data": {"size_kb": 1048576, "total": 0, "used": 0, "reserved": 0}, "nova_object.changes": ["used", "reserved", "total", "size_kb"]}], "network_metadata": {"nova_object.name": "NetworkMetadata", "nova_object.namespace": "nova", "nova_object.version": "1.0", "nova_object.data": {"physnets": [], "tunneled": false}, "nova_object.changes": ["physnets", "tunneled"]}, "socket": null}, "nova_object.changes": ["cpu_usage", "memory", "cpuset", "pinned_cpus", "id", "siblings", "pcpuset", "socket", "memory_usage", "mempages", "network_metadata"]}]}, "nova_object.changes": ["cells"]}',pci_device_pools=PciDevicePoolList,ram_allocation_ratio=1.0,running_vms=0,service_id=4,stats={failed_builds='0',uptime=' 17:43:30 up 13 min, 2 users, load average: 2.11, 1.71, 0.92
Aug 09 17:43:51.265172 np0000006836 nova-scheduler[93472]: '},supported_hv_specs=[HVSpec,HVSpec,HVSpec,HVSpec,HVSpec,HVSpec,HVSpec,HVSpec,HVSpec,HVSpec,HVSpec,HVSpec,HVSpec,HVSpec,HVSpec,HVSpec,HVSpec,HVSpec,HVSpec,HVSpec,HVSpec,HVSpec,HVSpec,HVSpec,HVSpec],updated_at=2026-08-09T17:43:30Z,uuid=811ae5b3-ff82-4e61-af60-a69ee49a51b8,vcpus=16,vcpus_used=0) {{(pid=93472) _locked_update /opt/stack/nova/nova/scheduler/host_manager.py:168}}
Aug 09 17:43:51.266071 np0000006836 nova-scheduler[93472]: DEBUG nova.scheduler.host_manager [None req-80342191-8365-46ae-97d5-c31466fe2767 tempest-ServerBootFromVolumeStableRescueTest-1227922741 tempest-ServerBootFromVolumeStableRescueTest-1227922741-project-member] Update host state with aggregates: [] {{(pid=93472) _locked_update /opt/stack/nova/nova/scheduler/host_manager.py:171}}
Aug 09 17:43:51.266071 np0000006836 nova-scheduler[93472]: DEBUG nova.scheduler.host_manager [None req-80342191-8365-46ae-97d5-c31466fe2767 tempest-ServerBootFromVolumeStableRescueTest-1227922741 tempest-ServerBootFromVolumeStableRescueTest-1227922741-project-member] Update host state with service dict: {'id': 4, 'uuid': '75fb9fd0-b4ac-4c8c-9211-8487c3d5f917', 'host': 'np0000006836', 'binary': 'nova-compute', 'topic': 'compute', 'report_count': 2, 'disabled': False, 'disabled_reason': None, 'last_seen_up': datetime.datetime(2026, 8, 9, 17, 43, 49, tzinfo=datetime.timezone.utc), 'forced_down': False, 'version': 72, 'created_at': datetime.datetime(2026, 8, 9, 17, 41, 42, tzinfo=datetime.timezone.utc), 'updated_at': datetime.datetime(2026, 8, 9, 17, 43, 49, tzinfo=datetime.timezone.utc), 'deleted_at': None, 'deleted': False} {{(pid=93472) _locked_update /opt/stack/nova/nova/scheduler/host_manager.py:174}}
Aug 09 17:43:51.266245 np0000006836 nova-scheduler[93472]: DEBUG nova.scheduler.host_manager [None req-80342191-8365-46ae-97d5-c31466fe2767 tempest-ServerBootFromVolumeStableRescueTest-1227922741 tempest-ServerBootFromVolumeStableRescueTest-1227922741-project-member] Update host state with instances: [] {{(pid=93472) _locked_update /opt/stack/nova/nova/scheduler/host_manager.py:177}}
Aug 09 17:43:51.266332 np0000006836 nova-scheduler[93472]: DEBUG oslo_concurrency.lockutils [None req-80342191-8365-46ae-97d5-c31466fe2767 tempest-ServerBootFromVolumeStableRescueTest-1227922741 tempest-ServerBootFromVolumeStableRescueTest-1227922741-project-member] Lock "np0000006836-np0000006836" "released" by "nova.scheduler.host_manager.HostState.update.._locked_update" :: held 0.002s {{(pid=93472) inner /opt/stack/data/venv/lib/python3.12/site-packages/oslo_concurrency/lockutils.py:544}}
Aug 09 17:43:51.267274 np0000006836 nova-scheduler[93472]: DEBUG nova.filters [None req-80342191-8365-46ae-97d5-c31466fe2767 tempest-ServerBootFromVolumeStableRescueTest-1227922741 tempest-ServerBootFromVolumeStableRescueTest-1227922741-project-member] Starting with 1 host(s) {{(pid=93472) get_filtered_objects /opt/stack/nova/nova/filters.py:70}}
Aug 09 17:43:51.267274 np0000006836 nova-scheduler[93472]: DEBUG nova.filters [None req-80342191-8365-46ae-97d5-c31466fe2767 tempest-ServerBootFromVolumeStableRescueTest-1227922741 tempest-ServerBootFromVolumeStableRescueTest-1227922741-project-member] Filter ComputeFilter returned 1 host(s) {{(pid=93472) get_filtered_objects /opt/stack/nova/nova/filters.py:102}}
Aug 09 17:43:51.267274 np0000006836 nova-scheduler[93472]: DEBUG nova.filters [None req-80342191-8365-46ae-97d5-c31466fe2767 tempest-ServerBootFromVolumeStableRescueTest-1227922741 tempest-ServerBootFromVolumeStableRescueTest-1227922741-project-member] Filter ComputeCapabilitiesFilter returned 1 host(s) {{(pid=93472) get_filtered_objects /opt/stack/nova/nova/filters.py:102}}
Aug 09 17:43:51.267274 np0000006836 nova-scheduler[93472]: DEBUG nova.filters [None req-80342191-8365-46ae-97d5-c31466fe2767 tempest-ServerBootFromVolumeStableRescueTest-1227922741 tempest-ServerBootFromVolumeStableRescueTest-1227922741-project-member] Filter ImagePropertiesFilter returned 1 host(s) {{(pid=93472) get_filtered_objects /opt/stack/nova/nova/filters.py:102}}
Aug 09 17:43:51.267541 np0000006836 nova-scheduler[93472]: DEBUG nova.filters [None req-80342191-8365-46ae-97d5-c31466fe2767 tempest-ServerBootFromVolumeStableRescueTest-1227922741 tempest-ServerBootFromVolumeStableRescueTest-1227922741-project-member] Filter ServerGroupAntiAffinityFilter returned 1 host(s) {{(pid=93472) get_filtered_objects /opt/stack/nova/nova/filters.py:102}}
Aug 09 17:43:51.267541 np0000006836 nova-scheduler[93472]: DEBUG nova.filters [None req-80342191-8365-46ae-97d5-c31466fe2767 tempest-ServerBootFromVolumeStableRescueTest-1227922741 tempest-ServerBootFromVolumeStableRescueTest-1227922741-project-member] Filter ServerGroupAffinityFilter returned 1 host(s) {{(pid=93472) get_filtered_objects /opt/stack/nova/nova/filters.py:102}}
Aug 09 17:43:51.267676 np0000006836 nova-scheduler[93472]: DEBUG nova.filters [None req-80342191-8365-46ae-97d5-c31466fe2767 tempest-ServerBootFromVolumeStableRescueTest-1227922741 tempest-ServerBootFromVolumeStableRescueTest-1227922741-project-member] Filter SameHostFilter returned 1 host(s) {{(pid=93472) get_filtered_objects /opt/stack/nova/nova/filters.py:102}}
Aug 09 17:43:51.267827 np0000006836 nova-scheduler[93472]: DEBUG nova.filters [None req-80342191-8365-46ae-97d5-c31466fe2767 tempest-ServerBootFromVolumeStableRescueTest-1227922741 tempest-ServerBootFromVolumeStableRescueTest-1227922741-project-member] Filter DifferentHostFilter returned 1 host(s) {{(pid=93472) get_filtered_objects /opt/stack/nova/nova/filters.py:102}}
Aug 09 17:43:51.267949 np0000006836 nova-scheduler[93472]: DEBUG nova.scheduler.manager [None req-80342191-8365-46ae-97d5-c31466fe2767 tempest-ServerBootFromVolumeStableRescueTest-1227922741 tempest-ServerBootFromVolumeStableRescueTest-1227922741-project-member] Filtered [(np0000006836, np0000006836) ram: 62765MB disk: 74752MB io_ops: 0 instances: 0, allocation_candidates: 1] {{(pid=93472) _get_sorted_hosts /opt/stack/nova/nova/scheduler/manager.py:742}}
Aug 09 17:43:51.268136 np0000006836 nova-scheduler[93472]: DEBUG nova.scheduler.manager [None req-80342191-8365-46ae-97d5-c31466fe2767 tempest-ServerBootFromVolumeStableRescueTest-1227922741 tempest-ServerBootFromVolumeStableRescueTest-1227922741-project-member] Weighed [WeighedHost [host: (np0000006836, np0000006836) ram: 62765MB disk: 74752MB io_ops: 0 instances: 0, allocation_candidates: 1, weight: 0.0]] {{(pid=93472) _get_sorted_hosts /opt/stack/nova/nova/scheduler/manager.py:764}}
Aug 09 17:43:51.268319 np0000006836 nova-scheduler[93472]: DEBUG nova.scheduler.utils [None req-80342191-8365-46ae-97d5-c31466fe2767 tempest-ServerBootFromVolumeStableRescueTest-1227922741 tempest-ServerBootFromVolumeStableRescueTest-1227922741-project-member] Attempting to claim resources in the placement API for instance 2b92e74e-a4b9-4e5c-bb25-e6926cb5117b {{(pid=93472) claim_resources /opt/stack/nova/nova/scheduler/utils.py:1345}}
Aug 09 17:43:51.396533 np0000006836 nova-scheduler[93472]: DEBUG nova.scheduler.manager [None req-80342191-8365-46ae-97d5-c31466fe2767 tempest-ServerBootFromVolumeStableRescueTest-1227922741 tempest-ServerBootFromVolumeStableRescueTest-1227922741-project-member] [instance: 2b92e74e-a4b9-4e5c-bb25-e6926cb5117b] Selected host: (np0000006836, np0000006836) ram: 62765MB disk: 74752MB io_ops: 0 instances: 0, allocation_candidates: 1 {{(pid=93472) _consume_selected_host /opt/stack/nova/nova/scheduler/manager.py:624}}
Aug 09 17:43:51.396752 np0000006836 nova-scheduler[93472]: DEBUG oslo_concurrency.lockutils [None req-80342191-8365-46ae-97d5-c31466fe2767 tempest-ServerBootFromVolumeStableRescueTest-1227922741 tempest-ServerBootFromVolumeStableRescueTest-1227922741-project-member] Acquiring lock "np0000006836-np0000006836" by "nova.scheduler.host_manager.HostState.consume_from_request.._locked" {{(pid=93472) inner /opt/stack/data/venv/lib/python3.12/site-packages/oslo_concurrency/lockutils.py:512}}
Aug 09 17:43:51.396881 np0000006836 nova-scheduler[93472]: DEBUG oslo_concurrency.lockutils [None req-80342191-8365-46ae-97d5-c31466fe2767 tempest-ServerBootFromVolumeStableRescueTest-1227922741 tempest-ServerBootFromVolumeStableRescueTest-1227922741-project-member] Lock "np0000006836-np0000006836" acquired by "nova.scheduler.host_manager.HostState.consume_from_request.._locked" :: waited 0.000s {{(pid=93472) inner /opt/stack/data/venv/lib/python3.12/site-packages/oslo_concurrency/lockutils.py:525}}
Aug 09 17:43:51.397018 np0000006836 nova-scheduler[93472]: DEBUG oslo_concurrency.lockutils [None req-80342191-8365-46ae-97d5-c31466fe2767 tempest-ServerBootFromVolumeStableRescueTest-1227922741 tempest-ServerBootFromVolumeStableRescueTest-1227922741-project-member] Lock "np0000006836-np0000006836" "released" by "nova.scheduler.host_manager.HostState.consume_from_request.._locked" :: held 0.000s {{(pid=93472) inner /opt/stack/data/venv/lib/python3.12/site-packages/oslo_concurrency/lockutils.py:544}}
Aug 09 17:43:54.156016 np0000006836 nova-scheduler[93474]: DEBUG nova.scheduler.manager [None req-5ca26bca-196a-460f-8933-b8c37c22426d tempest-ServerActionsTestOtherA-931466280 tempest-ServerActionsTestOtherA-931466280-project-member] Starting to schedule for instances: ['760ec447-df0a-499c-b078-cd2b640a8f2a'] {{(pid=93474) select_destinations /opt/stack/nova/nova/scheduler/manager.py:209}}
Aug 09 17:43:54.157090 np0000006836 nova-scheduler[93474]: DEBUG nova.scheduler.request_filter [None req-5ca26bca-196a-460f-8933-b8c37c22426d tempest-ServerActionsTestOtherA-931466280 tempest-ServerActionsTestOtherA-931466280-project-member] compute_status_filter request filter added forbidden trait COMPUTE_STATUS_DISABLED {{(pid=93474) compute_status_filter /opt/stack/nova/nova/scheduler/request_filter.py:253}}
Aug 09 17:43:54.157090 np0000006836 nova-scheduler[93474]: DEBUG nova.scheduler.request_filter [None req-5ca26bca-196a-460f-8933-b8c37c22426d tempest-ServerActionsTestOtherA-931466280 tempest-ServerActionsTestOtherA-931466280-project-member] Request filter 'compute_status_filter' took 0.0 seconds {{(pid=93474) wrapper /opt/stack/nova/nova/scheduler/request_filter.py:46}}
Aug 09 17:43:54.157666 np0000006836 nova-scheduler[93474]: DEBUG nova.scheduler.request_filter [None req-5ca26bca-196a-460f-8933-b8c37c22426d tempest-ServerActionsTestOtherA-931466280 tempest-ServerActionsTestOtherA-931466280-project-member] Request filter 'accelerators_filter' took 0.0 seconds {{(pid=93474) wrapper /opt/stack/nova/nova/scheduler/request_filter.py:46}}
Aug 09 17:43:54.157922 np0000006836 nova-scheduler[93474]: DEBUG nova.scheduler.request_filter [None req-5ca26bca-196a-460f-8933-b8c37c22426d tempest-ServerActionsTestOtherA-931466280 tempest-ServerActionsTestOtherA-931466280-project-member] Request filter 'packed_virtqueue_filter' took 0.0 seconds {{(pid=93474) wrapper /opt/stack/nova/nova/scheduler/request_filter.py:46}}
Aug 09 17:43:54.158350 np0000006836 nova-scheduler[93474]: DEBUG nova.scheduler.request_filter [None req-5ca26bca-196a-460f-8933-b8c37c22426d tempest-ServerActionsTestOtherA-931466280 tempest-ServerActionsTestOtherA-931466280-project-member] Request filter 'remote_managed_ports_filter' took 0.0 seconds {{(pid=93474) wrapper /opt/stack/nova/nova/scheduler/request_filter.py:46}}
