May 27 20:42:15.156612 np0000001550 neutron-periodic-workers[88935]: DEBUG cotyledon.oslo_config_glue [-] database.connection_trace = False {{(pid=88935) log_opt_values /opt/stack/data/venv/lib/python3.12/site-packages/oslo_config/cfg.py:3256}}
May 27 20:42:15.156757 np0000001550 neutron-periodic-workers[88935]: DEBUG cotyledon.oslo_config_glue [-] database.db_inc_retry_interval = True {{(pid=88935) log_opt_values /opt/stack/data/venv/lib/python3.12/site-packages/oslo_config/cfg.py:3256}}
May 27 20:42:15.156757 np0000001550 neutron-periodic-workers[88935]: DEBUG cotyledon.oslo_config_glue [-] database.db_max_retries = 20 {{(pid=88935) log_opt_values /opt/stack/data/venv/lib/python3.12/site-packages/oslo_config/cfg.py:3256}}
May 27 20:42:15.157037 np0000001550 neutron-periodic-workers[88935]: DEBUG cotyledon.oslo_config_glue [-] database.db_max_retry_interval = 10 {{(pid=88935) log_opt_values /opt/stack/data/venv/lib/python3.12/site-packages/oslo_config/cfg.py:3256}}
May 27 20:42:15.157037 np0000001550 neutron-periodic-workers[88935]: DEBUG cotyledon.oslo_config_glue [-] database.db_retry_interval = 1 {{(pid=88935) log_opt_values /opt/stack/data/venv/lib/python3.12/site-packages/oslo_config/cfg.py:3256}}
May 27 20:42:15.157037 np0000001550 neutron-periodic-workers[88935]: DEBUG cotyledon.oslo_config_glue [-] database.max_overflow = 50 {{(pid=88935) log_opt_values /opt/stack/data/venv/lib/python3.12/site-packages/oslo_config/cfg.py:3256}}
May 27 20:42:15.157037 np0000001550 neutron-periodic-workers[88935]: DEBUG cotyledon.oslo_config_glue [-] database.max_pool_size = 5 {{(pid=88935) log_opt_values /opt/stack/data/venv/lib/python3.12/site-packages/oslo_config/cfg.py:3256}}
May 27 20:42:15.157284 np0000001550 neutron-periodic-workers[88935]: DEBUG cotyledon.oslo_config_glue [-] database.max_retries = 10 {{(pid=88935) log_opt_values /opt/stack/data/venv/lib/python3.12/site-packages/oslo_config/cfg.py:3256}}
May 27 20:42:15.157284 np0000001550 neutron-periodic-workers[88935]: DEBUG cotyledon.oslo_config_glue [-] database.mysql_sql_mode = TRADITIONAL {{(pid=88935) log_opt_values /opt/stack/data/venv/lib/python3.12/site-packages/oslo_config/cfg.py:3256}}
May 27 20:42:15.157430 np0000001550 neutron-periodic-workers[88935]: DEBUG cotyledon.oslo_config_glue [-] database.mysql_wsrep_sync_wait = None {{(pid=88935) log_opt_values /opt/stack/data/venv/lib/python3.12/site-packages/oslo_config/cfg.py:3256}}
May 27 20:42:15.157430 np0000001550 neutron-periodic-workers[88935]: DEBUG cotyledon.oslo_config_glue [-] database.pool_timeout = None {{(pid=88935) log_opt_values /opt/stack/data/venv/lib/python3.12/site-packages/oslo_config/cfg.py:3256}}
May 27 20:42:15.157687 np0000001550 neutron-periodic-workers[88935]: DEBUG cotyledon.oslo_config_glue [-] database.retry_interval = 10 {{(pid=88935) log_opt_values /opt/stack/data/venv/lib/python3.12/site-packages/oslo_config/cfg.py:3256}}
May 27 20:42:15.157687 np0000001550 neutron-periodic-workers[88935]: DEBUG cotyledon.oslo_config_glue [-] database.slave_connection = **** {{(pid=88935) log_opt_values /opt/stack/data/venv/lib/python3.12/site-packages/oslo_config/cfg.py:3256}}
May 27 20:42:15.157827 np0000001550 neutron-periodic-workers[88935]: DEBUG cotyledon.oslo_config_glue [-] database.sqlite_synchronous = True {{(pid=88935) log_opt_values /opt/stack/data/venv/lib/python3.12/site-packages/oslo_config/cfg.py:3256}}
May 27 20:42:15.157972 np0000001550 neutron-periodic-workers[88935]: DEBUG cotyledon.oslo_config_glue [-] database.synchronous_reader = True {{(pid=88935) log_opt_values /opt/stack/data/venv/lib/python3.12/site-packages/oslo_config/cfg.py:3256}}
May 27 20:42:15.158112 np0000001550 neutron-periodic-workers[88935]: DEBUG cotyledon.oslo_config_glue [-] database.use_db_reconnect = False {{(pid=88935) log_opt_values /opt/stack/data/venv/lib/python3.12/site-packages/oslo_config/cfg.py:3256}}
May 27 20:42:15.158281 np0000001550 neutron-periodic-workers[88935]: DEBUG cotyledon.oslo_config_glue [-] ovn.bfd_min_rx = 1000 {{(pid=88935) log_opt_values /opt/stack/data/venv/lib/python3.12/site-packages/oslo_config/cfg.py:3256}}
May 27 20:42:15.158281 np0000001550 neutron-periodic-workers[88935]: DEBUG cotyledon.oslo_config_glue [-] ovn.bfd_min_tx = 100 {{(pid=88935) log_opt_values /opt/stack/data/venv/lib/python3.12/site-packages/oslo_config/cfg.py:3256}}
May 27 20:42:15.158508 np0000001550 neutron-periodic-workers[88935]: DEBUG cotyledon.oslo_config_glue [-] ovn.bfd_mult = 3 {{(pid=88935) log_opt_values /opt/stack/data/venv/lib/python3.12/site-packages/oslo_config/cfg.py:3256}}
May 27 20:42:15.158649 np0000001550 neutron-periodic-workers[88935]: DEBUG cotyledon.oslo_config_glue [-] ovn.broadcast_arps_to_all_routers = True {{(pid=88935) log_opt_values /opt/stack/data/venv/lib/python3.12/site-packages/oslo_config/cfg.py:3256}}
May 27 20:42:15.158649 np0000001550 neutron-periodic-workers[88935]: DEBUG cotyledon.oslo_config_glue [-] ovn.dhcp_default_lease_time = 43200 {{(pid=88935) log_opt_values /opt/stack/data/venv/lib/python3.12/site-packages/oslo_config/cfg.py:3256}}
May 27 20:42:15.158821 np0000001550 neutron-periodic-workers[88935]: DEBUG cotyledon.oslo_config_glue [-] ovn.disable_ovn_dhcp_for_baremetal_ports = False {{(pid=88935) log_opt_values /opt/stack/data/venv/lib/python3.12/site-packages/oslo_config/cfg.py:3256}}
May 27 20:42:15.158821 np0000001550 neutron-periodic-workers[88935]: DEBUG cotyledon.oslo_config_glue [-] ovn.dns_records_ovn_owned = False {{(pid=88935) log_opt_values /opt/stack/data/venv/lib/python3.12/site-packages/oslo_config/cfg.py:3256}}
May 27 20:42:15.159078 np0000001550 neutron-periodic-workers[88935]: DEBUG cotyledon.oslo_config_glue [-] ovn.dns_servers = [] {{(pid=88935) log_opt_values /opt/stack/data/venv/lib/python3.12/site-packages/oslo_config/cfg.py:3256}}
May 27 20:42:15.159078 np0000001550 neutron-periodic-workers[88935]: DEBUG cotyledon.oslo_config_glue [-] ovn.enable_distributed_floating_ip = False {{(pid=88935) log_opt_values /opt/stack/data/venv/lib/python3.12/site-packages/oslo_config/cfg.py:3256}}
May 27 20:42:15.159163 np0000001550 neutron-periodic-workers[88935]: DEBUG cotyledon.oslo_config_glue [-] ovn.fdb_age_threshold = 300 {{(pid=88935) log_opt_values /opt/stack/data/venv/lib/python3.12/site-packages/oslo_config/cfg.py:3256}}
May 27 20:42:15.159220 np0000001550 neutron-periodic-workers[88935]: DEBUG cotyledon.oslo_config_glue [-] ovn.ha_failover_strategy = normal {{(pid=88935) log_opt_values /opt/stack/data/venv/lib/python3.12/site-packages/oslo_config/cfg.py:3256}}
May 27 20:42:15.159296 np0000001550 neutron-periodic-workers[88935]: DEBUG cotyledon.oslo_config_glue [-] ovn.live_migration_activation_strategy = rarp {{(pid=88935) log_opt_values /opt/stack/data/venv/lib/python3.12/site-packages/oslo_config/cfg.py:3256}}
May 27 20:42:15.159367 np0000001550 neutron-periodic-workers[88935]: DEBUG cotyledon.oslo_config_glue [-] ovn.localnet_learn_fdb = False {{(pid=88935) log_opt_values /opt/stack/data/venv/lib/python3.12/site-packages/oslo_config/cfg.py:3256}}
May 27 20:42:15.159440 np0000001550 neutron-periodic-workers[88935]: DEBUG cotyledon.oslo_config_glue [-] ovn.mac_binding_age_threshold = 300 {{(pid=88935) log_opt_values /opt/stack/data/venv/lib/python3.12/site-packages/oslo_config/cfg.py:3256}}
May 27 20:42:15.159527 np0000001550 neutron-periodic-workers[88935]: DEBUG cotyledon.oslo_config_glue [-] ovn.neutron_sync_mode = log {{(pid=88935) log_opt_values /opt/stack/data/venv/lib/python3.12/site-packages/oslo_config/cfg.py:3256}}
May 27 20:42:15.159607 np0000001550 neutron-periodic-workers[88935]: DEBUG cotyledon.oslo_config_glue [-] ovn.ovn_dhcp4_global_options = {} {{(pid=88935) log_opt_values /opt/stack/data/venv/lib/python3.12/site-packages/oslo_config/cfg.py:3256}}
May 27 20:42:15.159684 np0000001550 neutron-periodic-workers[88935]: DEBUG cotyledon.oslo_config_glue [-] ovn.ovn_dhcp6_global_options = {} {{(pid=88935) log_opt_values /opt/stack/data/venv/lib/python3.12/site-packages/oslo_config/cfg.py:3256}}
May 27 20:42:15.159770 np0000001550 neutron-periodic-workers[88935]: DEBUG cotyledon.oslo_config_glue [-] ovn.ovn_l3_scheduler = leastloaded {{(pid=88935) log_opt_values /opt/stack/data/venv/lib/python3.12/site-packages/oslo_config/cfg.py:3256}}
May 27 20:42:15.159844 np0000001550 neutron-periodic-workers[88935]: DEBUG cotyledon.oslo_config_glue [-] ovn.ovn_metadata_enabled = True {{(pid=88935) log_opt_values /opt/stack/data/venv/lib/python3.12/site-packages/oslo_config/cfg.py:3256}}
May 27 20:42:15.159927 np0000001550 neutron-periodic-workers[88935]: DEBUG cotyledon.oslo_config_glue [-] ovn.ovn_nb_ca_cert = /opt/stack/data/CA/int-ca/ca-chain.pem {{(pid=88935) log_opt_values /opt/stack/data/venv/lib/python3.12/site-packages/oslo_config/cfg.py:3256}}
May 27 20:42:15.160037 np0000001550 neutron-periodic-workers[88935]: DEBUG cotyledon.oslo_config_glue [-] ovn.ovn_nb_certificate = /opt/stack/data/CA/int-ca/devstack-cert.crt {{(pid=88935) log_opt_values /opt/stack/data/venv/lib/python3.12/site-packages/oslo_config/cfg.py:3256}}
May 27 20:42:15.160100 np0000001550 neutron-periodic-workers[88935]: DEBUG cotyledon.oslo_config_glue [-] ovn.ovn_nb_connection = ['ssl:10.4.3.132:6641'] {{(pid=88935) log_opt_values /opt/stack/data/venv/lib/python3.12/site-packages/oslo_config/cfg.py:3256}}
May 27 20:42:15.160185 np0000001550 neutron-periodic-workers[88935]: DEBUG cotyledon.oslo_config_glue [-] ovn.ovn_nb_private_key = /opt/stack/data/CA/int-ca/private/devstack-cert.key {{(pid=88935) log_opt_values /opt/stack/data/venv/lib/python3.12/site-packages/oslo_config/cfg.py:3256}}
May 27 20:42:15.160259 np0000001550 neutron-periodic-workers[88935]: DEBUG cotyledon.oslo_config_glue [-] ovn.ovn_router_indirect_snat = False {{(pid=88935) log_opt_values /opt/stack/data/venv/lib/python3.12/site-packages/oslo_config/cfg.py:3256}}
May 27 20:42:15.160462 np0000001550 neutron-periodic-workers[88935]: DEBUG cotyledon.oslo_config_glue [-] ovn.ovn_sb_ca_cert = /opt/stack/data/CA/int-ca/ca-chain.pem {{(pid=88935) log_opt_values /opt/stack/data/venv/lib/python3.12/site-packages/oslo_config/cfg.py:3256}}
May 27 20:42:15.160462 np0000001550 neutron-periodic-workers[88935]: DEBUG cotyledon.oslo_config_glue [-] ovn.ovn_sb_certificate = /opt/stack/data/CA/int-ca/devstack-cert.crt {{(pid=88935) log_opt_values /opt/stack/data/venv/lib/python3.12/site-packages/oslo_config/cfg.py:3256}}
May 27 20:42:15.160462 np0000001550 neutron-periodic-workers[88935]: DEBUG cotyledon.oslo_config_glue [-] ovn.ovn_sb_connection = ['ssl:10.4.3.132:6642'] {{(pid=88935) log_opt_values /opt/stack/data/venv/lib/python3.12/site-packages/oslo_config/cfg.py:3256}}
May 27 20:42:15.160650 np0000001550 neutron-periodic-workers[88935]: DEBUG cotyledon.oslo_config_glue [-] ovn.ovn_sb_private_key = /opt/stack/data/CA/int-ca/private/devstack-cert.key {{(pid=88935) log_opt_values /opt/stack/data/venv/lib/python3.12/site-packages/oslo_config/cfg.py:3256}}
May 27 20:42:15.160650 np0000001550 neutron-periodic-workers[88935]: DEBUG cotyledon.oslo_config_glue [-] ovn.ovs_create_tap = False {{(pid=88935) log_opt_values /opt/stack/data/venv/lib/python3.12/site-packages/oslo_config/cfg.py:3256}}
May 27 20:42:15.160650 np0000001550 neutron-periodic-workers[88935]: DEBUG cotyledon.oslo_config_glue [-] ovn.ovsdb_connection_timeout = 180 {{(pid=88935) log_opt_values /opt/stack/data/venv/lib/python3.12/site-packages/oslo_config/cfg.py:3256}}
May 27 20:42:15.160650 np0000001550 neutron-periodic-workers[88935]: DEBUG cotyledon.oslo_config_glue [-] ovn.ovsdb_log_level = INFO {{(pid=88935) log_opt_values /opt/stack/data/venv/lib/python3.12/site-packages/oslo_config/cfg.py:3256}}
May 27 20:42:15.160650 np0000001550 neutron-periodic-workers[88935]: DEBUG cotyledon.oslo_config_glue [-] ovn.ovsdb_probe_interval = 60000 {{(pid=88935) log_opt_values /opt/stack/data/venv/lib/python3.12/site-packages/oslo_config/cfg.py:3256}}
May 27 20:42:15.160650 np0000001550 neutron-periodic-workers[88935]: DEBUG cotyledon.oslo_config_glue [-] ovn.ovsdb_retry_max_interval = 180 {{(pid=88935) log_opt_values /opt/stack/data/venv/lib/python3.12/site-packages/oslo_config/cfg.py:3256}}
May 27 20:42:15.160934 np0000001550 neutron-periodic-workers[88935]: DEBUG cotyledon.oslo_config_glue [-] ovn.stateless_nat_enabled = False {{(pid=88935) log_opt_values /opt/stack/data/venv/lib/python3.12/site-packages/oslo_config/cfg.py:3256}}
May 27 20:42:15.160934 np0000001550 neutron-periodic-workers[88935]: DEBUG cotyledon.oslo_config_glue [-] ovn.vhost_sock_dir = /var/run/openvswitch {{(pid=88935) log_opt_values /opt/stack/data/venv/lib/python3.12/site-packages/oslo_config/cfg.py:3256}}
May 27 20:42:15.160934 np0000001550 neutron-periodic-workers[88935]: DEBUG cotyledon.oslo_config_glue [-] OVS.bridge_mac_table_size = 50000 {{(pid=88935) log_opt_values /opt/stack/data/venv/lib/python3.12/site-packages/oslo_config/cfg.py:3256}}
May 27 20:42:15.160934 np0000001550 neutron-periodic-workers[88935]: DEBUG cotyledon.oslo_config_glue [-] OVS.igmp_flood = False {{(pid=88935) log_opt_values /opt/stack/data/venv/lib/python3.12/site-packages/oslo_config/cfg.py:3256}}
May 27 20:42:15.160934 np0000001550 neutron-periodic-workers[88935]: DEBUG cotyledon.oslo_config_glue [-] OVS.igmp_flood_reports = True {{(pid=88935) log_opt_values /opt/stack/data/venv/lib/python3.12/site-packages/oslo_config/cfg.py:3256}}
May 27 20:42:15.160934 np0000001550 neutron-periodic-workers[88935]: DEBUG cotyledon.oslo_config_glue [-] OVS.igmp_flood_unregistered = False {{(pid=88935) log_opt_values /opt/stack/data/venv/lib/python3.12/site-packages/oslo_config/cfg.py:3256}}
May 27 20:42:15.160934 np0000001550 neutron-periodic-workers[88935]: DEBUG cotyledon.oslo_config_glue [-] OVS.igmp_snooping_enable = False {{(pid=88935) log_opt_values /opt/stack/data/venv/lib/python3.12/site-packages/oslo_config/cfg.py:3256}}
May 27 20:42:15.161264 np0000001550 neutron-periodic-workers[88935]: DEBUG cotyledon.oslo_config_glue [-] OVS.ovsdb_timeout = 10 {{(pid=88935) log_opt_values /opt/stack/data/venv/lib/python3.12/site-packages/oslo_config/cfg.py:3256}}
May 27 20:42:15.161264 np0000001550 neutron-periodic-workers[88935]: DEBUG cotyledon.oslo_config_glue [-] ovn_nb_global.fdb_removal_limit = 0 {{(pid=88935) log_opt_values /opt/stack/data/venv/lib/python3.12/site-packages/oslo_config/cfg.py:3256}}
May 27 20:42:15.161264 np0000001550 neutron-periodic-workers[88935]: DEBUG cotyledon.oslo_config_glue [-] ovn_nb_global.ignore_lsp_down = False {{(pid=88935) log_opt_values /opt/stack/data/venv/lib/python3.12/site-packages/oslo_config/cfg.py:3256}}
May 27 20:42:15.161264 np0000001550 neutron-periodic-workers[88935]: DEBUG cotyledon.oslo_config_glue [-] ovn_nb_global.mac_binding_removal_limit = 0 {{(pid=88935) log_opt_values /opt/stack/data/venv/lib/python3.12/site-packages/oslo_config/cfg.py:3256}}
May 27 20:42:15.161264 np0000001550 neutron-periodic-workers[88935]: DEBUG cotyledon.oslo_config_glue [-] ******************************************************************************** {{(pid=88935) log_opt_values /opt/stack/data/venv/lib/python3.12/site-packages/oslo_config/cfg.py:3263}}
May 27 20:42:15.161515 np0000001550 neutron-periodic-workers[88935]: DEBUG cotyledon._service_worker [-] Run service ServiceWrapper(0) [88935] {{(pid=88935) wait_forever /opt/stack/data/venv/lib/python3.12/site-packages/cotyledon/_service_worker.py:218}}
May 27 20:42:15.161895 np0000001550 neutron-periodic-workers[88935]: DEBUG neutron.worker [-] PeriodicWorker start called, description: Periodic worker for "DbQuotaNoLockDriver" {{(pid=88935) wrapper /opt/stack/neutron/neutron/common/utils.py:197}}
May 27 20:42:15.162807 np0000001550 neutron-periodic-workers[88935]: DEBUG neutron.worker [-] PeriodicWorker start finished, description: Periodic worker for "DbQuotaNoLockDriver" {{(pid=88935) wrapper /opt/stack/neutron/neutron/common/utils.py:200}}
May 27 20:42:15.162807 np0000001550 neutron-periodic-workers[88935]: DEBUG neutron.worker [-] PeriodicWorker wait called, description: Periodic worker for "DbQuotaNoLockDriver" {{(pid=88935) wrapper /opt/stack/neutron/neutron/common/utils.py:197}}
May 27 20:42:24.790431 np0000001550 neutron-periodic-workers[88041]: DEBUG dbcounter [-] [88041] Writing DB stats neutron:SELECT=4 {{(pid=88041) stat_writer /opt/stack/data/venv/lib/python3.12/site-packages/dbcounter.py:115}}
May 27 20:43:07.111972 np0000001550 neutron-periodic-workers[88918]: DEBUG oslo_db.sqlalchemy.engines [None req-551a2a8a-64d4-47a2-b04b-7b767f1b9093 None None] Parent process 88041 forked (88918) with an open database connection, which is being discarded and recreated. {{(pid=88918) checkout /opt/stack/data/venv/lib/python3.12/site-packages/oslo_db/sqlalchemy/engines.py:402}}
May 27 20:43:07.165742 np0000001550 neutron-periodic-workers[88918]: DEBUG dbcounter [-] [88918] Writer thread running {{(pid=88918) stat_writer /opt/stack/data/venv/lib/python3.12/site-packages/dbcounter.py:102}}
May 27 20:43:07.173913 np0000001550 neutron-periodic-workers[88918]: DEBUG oslo.service.backend._threading.loopingcall [None req-551a2a8a-64d4-47a2-b04b-7b767f1b9093 None None] Fixed interval looping call 'neutron.plugins.ml2.plugin.DhcpAgentSchedulerDbMixin.remove_networks_from_down_agents' sleeping for 36.93 seconds {{(pid=88918) _run_loop /opt/stack/data/venv/lib/python3.12/site-packages/oslo_service/backend/_threading/loopingcall.py:125}}
May 27 20:43:17.172919 np0000001550 neutron-periodic-workers[88918]: DEBUG dbcounter [-] [88918] Writing DB stats neutron:SELECT=3 {{(pid=88918) stat_writer /opt/stack/data/venv/lib/python3.12/site-packages/dbcounter.py:115}}
May 27 20:43:21.163875 np0000001550 neutron-periodic-workers[88925]: DEBUG dbcounter [-] [88925] Writer thread running {{(pid=88925) stat_writer /opt/stack/data/venv/lib/python3.12/site-packages/dbcounter.py:102}}
May 27 20:43:21.167059 np0000001550 neutron-periodic-workers[88925]: DEBUG neutron.db.agents_db [None req-4c3004dc-1676-4389-b15a-83ed9b691aca None None] Agent healthcheck: found 0 active agents {{(pid=88925) agent_health_check /opt/stack/neutron/neutron/db/agents_db.py:322}}
May 27 20:43:21.167233 np0000001550 neutron-periodic-workers[88925]: DEBUG oslo.service.backend._threading.loopingcall [None req-4c3004dc-1676-4389-b15a-83ed9b691aca None None] Fixed interval looping call 'neutron.plugins.ml2.plugin.AgentDbMixin.agent_health_check' sleeping for 36.95 seconds {{(pid=88925) _run_loop /opt/stack/data/venv/lib/python3.12/site-packages/oslo_service/backend/_threading/loopingcall.py:125}}
May 27 20:43:31.165070 np0000001550 neutron-periodic-workers[88925]: DEBUG dbcounter [-] [88925] Writing DB stats neutron:SELECT=1 {{(pid=88925) stat_writer /opt/stack/data/venv/lib/python3.12/site-packages/dbcounter.py:115}}
May 27 20:43:44.109379 np0000001550 neutron-periodic-workers[88918]: DEBUG oslo.service.backend._threading.loopingcall [None req-551a2a8a-64d4-47a2-b04b-7b767f1b9093 None None] Fixed interval looping call 'neutron.plugins.ml2.plugin.DhcpAgentSchedulerDbMixin.remove_networks_from_down_agents' sleeping for 36.99 seconds {{(pid=88918) _run_loop /opt/stack/data/venv/lib/python3.12/site-packages/oslo_service/backend/_threading/loopingcall.py:125}}
May 27 20:43:54.108695 np0000001550 neutron-periodic-workers[88918]: DEBUG dbcounter [-] [88918] Writing DB stats neutron:SELECT=3 {{(pid=88918) stat_writer /opt/stack/data/venv/lib/python3.12/site-packages/dbcounter.py:115}}
May 27 20:43:58.120608 np0000001550 neutron-periodic-workers[88925]: DEBUG neutron.db.agents_db [None req-4c3004dc-1676-4389-b15a-83ed9b691aca None None] Agent healthcheck: found 0 active agents {{(pid=88925) agent_health_check /opt/stack/neutron/neutron/db/agents_db.py:322}}
May 27 20:43:58.121179 np0000001550 neutron-periodic-workers[88925]: DEBUG oslo.service.backend._threading.loopingcall [None req-4c3004dc-1676-4389-b15a-83ed9b691aca None None] Fixed interval looping call 'neutron.plugins.ml2.plugin.AgentDbMixin.agent_health_check' sleeping for 37.00 seconds {{(pid=88925) _run_loop /opt/stack/data/venv/lib/python3.12/site-packages/oslo_service/backend/_threading/loopingcall.py:125}}
May 27 20:44:08.120060 np0000001550 neutron-periodic-workers[88925]: DEBUG dbcounter [-] [88925] Writing DB stats neutron:SELECT=1 {{(pid=88925) stat_writer /opt/stack/data/venv/lib/python3.12/site-packages/dbcounter.py:115}}
May 27 20:44:15.209657 np0000001550 neutron-periodic-workers[88935]: DEBUG dbcounter [-] [88935] Writer thread running {{(pid=88935) stat_writer /opt/stack/data/venv/lib/python3.12/site-packages/dbcounter.py:102}}
May 27 20:44:15.211300 np0000001550 neutron-periodic-workers[88935]: DEBUG oslo.service.backend._threading.loopingcall [None req-f7b20d9f-d217-4529-91b1-c3b3d1459d3f None None] Fixed interval looping call 'neutron.db.quota.driver_nolock.DbQuotaNoLockDriver._remove_expired_reservations' sleeping for 119.95 seconds {{(pid=88935) _run_loop /opt/stack/data/venv/lib/python3.12/site-packages/oslo_service/backend/_threading/loopingcall.py:125}}
May 27 20:44:21.106306 np0000001550 neutron-periodic-workers[88918]: DEBUG oslo.service.backend._threading.loopingcall [None req-551a2a8a-64d4-47a2-b04b-7b767f1b9093 None None] Fixed interval looping call 'neutron.plugins.ml2.plugin.DhcpAgentSchedulerDbMixin.remove_networks_from_down_agents' sleeping for 36.99 seconds {{(pid=88918) _run_loop /opt/stack/data/venv/lib/python3.12/site-packages/oslo_service/backend/_threading/loopingcall.py:125}}
May 27 20:44:25.210203 np0000001550 neutron-periodic-workers[88935]: DEBUG dbcounter [-] [88935] Writing DB stats neutron:DELETE=1 {{(pid=88935) stat_writer /opt/stack/data/venv/lib/python3.12/site-packages/dbcounter.py:115}}
May 27 20:44:31.105391 np0000001550 neutron-periodic-workers[88918]: DEBUG dbcounter [-] [88918] Writing DB stats neutron:SELECT=3 {{(pid=88918) stat_writer /opt/stack/data/venv/lib/python3.12/site-packages/dbcounter.py:115}}
May 27 20:44:35.123962 np0000001550 neutron-periodic-workers[88925]: DEBUG neutron.db.agents_db [None req-4c3004dc-1676-4389-b15a-83ed9b691aca None None] Agent healthcheck: found 0 active agents {{(pid=88925) agent_health_check /opt/stack/neutron/neutron/db/agents_db.py:322}}
May 27 20:44:35.123962 np0000001550 neutron-periodic-workers[88925]: DEBUG oslo.service.backend._threading.loopingcall [None req-4c3004dc-1676-4389-b15a-83ed9b691aca None None] Fixed interval looping call 'neutron.plugins.ml2.plugin.AgentDbMixin.agent_health_check' sleeping for 37.00 seconds {{(pid=88925) _run_loop /opt/stack/data/venv/lib/python3.12/site-packages/oslo_service/backend/_threading/loopingcall.py:125}}
May 27 20:44:45.123209 np0000001550 neutron-periodic-workers[88925]: DEBUG dbcounter [-] [88925] Writing DB stats neutron:SELECT=1 {{(pid=88925) stat_writer /opt/stack/data/venv/lib/python3.12/site-packages/dbcounter.py:115}}
May 27 20:44:58.102304 np0000001550 neutron-periodic-workers[88918]: DEBUG oslo.service.backend._threading.loopingcall [None req-551a2a8a-64d4-47a2-b04b-7b767f1b9093 None None] Fixed interval looping call 'neutron.plugins.ml2.plugin.DhcpAgentSchedulerDbMixin.remove_networks_from_down_agents' sleeping for 36.99 seconds {{(pid=88918) _run_loop /opt/stack/data/venv/lib/python3.12/site-packages/oslo_service/backend/_threading/loopingcall.py:125}}
May 27 20:45:08.101303 np0000001550 neutron-periodic-workers[88918]: DEBUG dbcounter [-] [88918] Writing DB stats neutron:SELECT=3 {{(pid=88918) stat_writer /opt/stack/data/venv/lib/python3.12/site-packages/dbcounter.py:115}}
May 27 20:45:12.128376 np0000001550 neutron-periodic-workers[88925]: DEBUG neutron.db.agents_db [None req-4c3004dc-1676-4389-b15a-83ed9b691aca None None] Agent healthcheck: found 0 active agents {{(pid=88925) agent_health_check /opt/stack/neutron/neutron/db/agents_db.py:322}}
May 27 20:45:12.128734 np0000001550 neutron-periodic-workers[88925]: DEBUG oslo.service.backend._threading.loopingcall [None req-4c3004dc-1676-4389-b15a-83ed9b691aca None None] Fixed interval looping call 'neutron.plugins.ml2.plugin.AgentDbMixin.agent_health_check' sleeping for 37.00 seconds {{(pid=88925) _run_loop /opt/stack/data/venv/lib/python3.12/site-packages/oslo_service/backend/_threading/loopingcall.py:125}}
May 27 20:45:22.127261 np0000001550 neutron-periodic-workers[88925]: DEBUG dbcounter [-] [88925] Writing DB stats neutron:SELECT=1 {{(pid=88925) stat_writer /opt/stack/data/venv/lib/python3.12/site-packages/dbcounter.py:115}}
May 27 20:45:35.101290 np0000001550 neutron-periodic-workers[88918]: DEBUG oslo.service.backend._threading.loopingcall [None req-551a2a8a-64d4-47a2-b04b-7b767f1b9093 None None] Fixed interval looping call 'neutron.plugins.ml2.plugin.DhcpAgentSchedulerDbMixin.remove_networks_from_down_agents' sleeping for 36.99 seconds {{(pid=88918) _run_loop /opt/stack/data/venv/lib/python3.12/site-packages/oslo_service/backend/_threading/loopingcall.py:125}}
May 27 20:45:45.100431 np0000001550 neutron-periodic-workers[88918]: DEBUG dbcounter [-] [88918] Writing DB stats neutron:SELECT=3 {{(pid=88918) stat_writer /opt/stack/data/venv/lib/python3.12/site-packages/dbcounter.py:115}}
May 27 20:45:49.134573 np0000001550 neutron-periodic-workers[88925]: DEBUG neutron.db.agents_db [None req-4c3004dc-1676-4389-b15a-83ed9b691aca None None] Agent healthcheck: found 0 active agents {{(pid=88925) agent_health_check /opt/stack/neutron/neutron/db/agents_db.py:322}}
May 27 20:45:49.135194 np0000001550 neutron-periodic-workers[88925]: DEBUG oslo.service.backend._threading.loopingcall [None req-4c3004dc-1676-4389-b15a-83ed9b691aca None None] Fixed interval looping call 'neutron.plugins.ml2.plugin.AgentDbMixin.agent_health_check' sleeping for 36.99 seconds {{(pid=88925) _run_loop /opt/stack/data/venv/lib/python3.12/site-packages/oslo_service/backend/_threading/loopingcall.py:125}}
May 27 20:45:59.131424 np0000001550 neutron-periodic-workers[88925]: DEBUG dbcounter [-] [88925] Writing DB stats neutron:SELECT=1 {{(pid=88925) stat_writer /opt/stack/data/venv/lib/python3.12/site-packages/dbcounter.py:115}}
May 27 20:46:12.107201 np0000001550 neutron-periodic-workers[88918]: DEBUG oslo.service.backend._threading.loopingcall [None req-551a2a8a-64d4-47a2-b04b-7b767f1b9093 None None] Fixed interval looping call 'neutron.plugins.ml2.plugin.DhcpAgentSchedulerDbMixin.remove_networks_from_down_agents' sleeping for 36.99 seconds {{(pid=88918) _run_loop /opt/stack/data/venv/lib/python3.12/site-packages/oslo_service/backend/_threading/loopingcall.py:125}}
May 27 20:46:15.179261 np0000001550 neutron-periodic-workers[88935]: DEBUG oslo.service.backend._threading.loopingcall [None req-f7b20d9f-d217-4529-91b1-c3b3d1459d3f None None] Fixed interval looping call 'neutron.db.quota.driver_nolock.DbQuotaNoLockDriver._remove_expired_reservations' sleeping for 119.98 seconds {{(pid=88935) _run_loop /opt/stack/data/venv/lib/python3.12/site-packages/oslo_service/backend/_threading/loopingcall.py:125}}
May 27 20:46:22.110897 np0000001550 neutron-periodic-workers[88918]: DEBUG dbcounter [-] [88918] Writing DB stats neutron:SELECT=3 {{(pid=88918) stat_writer /opt/stack/data/venv/lib/python3.12/site-packages/dbcounter.py:115}}
May 27 20:46:25.177117 np0000001550 neutron-periodic-workers[88935]: DEBUG dbcounter [-] [88935] Writing DB stats neutron:DELETE=1 {{(pid=88935) stat_writer /opt/stack/data/venv/lib/python3.12/site-packages/dbcounter.py:115}}
May 27 20:46:26.130009 np0000001550 neutron-periodic-workers[88925]: DEBUG neutron.db.agents_db [None req-4c3004dc-1676-4389-b15a-83ed9b691aca None None] Agent healthcheck: found 0 active agents {{(pid=88925) agent_health_check /opt/stack/neutron/neutron/db/agents_db.py:322}}
May 27 20:46:26.130499 np0000001550 neutron-periodic-workers[88925]: DEBUG oslo.service.backend._threading.loopingcall [None req-4c3004dc-1676-4389-b15a-83ed9b691aca None None] Fixed interval looping call 'neutron.plugins.ml2.plugin.AgentDbMixin.agent_health_check' sleeping for 36.99 seconds {{(pid=88925) _run_loop /opt/stack/data/venv/lib/python3.12/site-packages/oslo_service/backend/_threading/loopingcall.py:125}}
May 27 20:46:34.172913 np0000001550 neutron-periodic-workers[88914]: DEBUG dbcounter [-] [88914] Writer thread running {{(pid=88914) stat_writer /opt/stack/data/venv/lib/python3.12/site-packages/dbcounter.py:102}}
May 27 20:46:34.182215 np0000001550 neutron-periodic-workers[88914]: DEBUG oslo.service.backend._threading.loopingcall [None req-6fd1212a-82b4-4bf1-82d5-28fb8ae7a828 None None] Fixed interval looping call 'neutron.services.ovn_l3.plugin.L3_NAT_dbonly_mixin._clean_garbage' sleeping for 299.92 seconds {{(pid=88914) _run_loop /opt/stack/data/venv/lib/python3.12/site-packages/oslo_service/backend/_threading/loopingcall.py:125}}
May 27 20:46:36.128868 np0000001550 neutron-periodic-workers[88925]: DEBUG dbcounter [-] [88925] Writing DB stats neutron:SELECT=1 {{(pid=88925) stat_writer /opt/stack/data/venv/lib/python3.12/site-packages/dbcounter.py:115}}
May 27 20:46:49.107512 np0000001550 neutron-periodic-workers[88918]: DEBUG oslo.service.backend._threading.loopingcall [None req-551a2a8a-64d4-47a2-b04b-7b767f1b9093 None None] Fixed interval looping call 'neutron.plugins.ml2.plugin.DhcpAgentSchedulerDbMixin.remove_networks_from_down_agents' sleeping for 36.99 seconds {{(pid=88918) _run_loop /opt/stack/data/venv/lib/python3.12/site-packages/oslo_service/backend/_threading/loopingcall.py:125}}
May 27 20:46:54.173443 np0000001550 neutron-periodic-workers[88914]: DEBUG dbcounter [-] [88914] Writing DB stats neutron:SELECT=1 {{(pid=88914) stat_writer /opt/stack/data/venv/lib/python3.12/site-packages/dbcounter.py:115}}
May 27 20:46:59.107264 np0000001550 neutron-periodic-workers[88918]: DEBUG dbcounter [-] [88918] Writing DB stats neutron:SELECT=3 {{(pid=88918) stat_writer /opt/stack/data/venv/lib/python3.12/site-packages/dbcounter.py:115}}
May 27 20:47:03.127294 np0000001550 neutron-periodic-workers[88925]: DEBUG neutron.db.agents_db [None req-4c3004dc-1676-4389-b15a-83ed9b691aca None None] Agent healthcheck: found 0 active agents {{(pid=88925) agent_health_check /opt/stack/neutron/neutron/db/agents_db.py:322}}
May 27 20:47:03.127631 np0000001550 neutron-periodic-workers[88925]: DEBUG oslo.service.backend._threading.loopingcall [None req-4c3004dc-1676-4389-b15a-83ed9b691aca None None] Fixed interval looping call 'neutron.plugins.ml2.plugin.AgentDbMixin.agent_health_check' sleeping for 36.99 seconds {{(pid=88925) _run_loop /opt/stack/data/venv/lib/python3.12/site-packages/oslo_service/backend/_threading/loopingcall.py:125}}
May 27 20:47:13.126736 np0000001550 neutron-periodic-workers[88925]: DEBUG dbcounter [-] [88925] Writing DB stats neutron:SELECT=1 {{(pid=88925) stat_writer /opt/stack/data/venv/lib/python3.12/site-packages/dbcounter.py:115}}
May 27 20:47:26.103519 np0000001550 neutron-periodic-workers[88918]: DEBUG oslo.service.backend._threading.loopingcall [None req-551a2a8a-64d4-47a2-b04b-7b767f1b9093 None None] Fixed interval looping call 'neutron.plugins.ml2.plugin.DhcpAgentSchedulerDbMixin.remove_networks_from_down_agents' sleeping for 36.99 seconds {{(pid=88918) _run_loop /opt/stack/data/venv/lib/python3.12/site-packages/oslo_service/backend/_threading/loopingcall.py:125}}
May 27 20:47:36.102621 np0000001550 neutron-periodic-workers[88918]: DEBUG dbcounter [-] [88918] Writing DB stats neutron:SELECT=3 {{(pid=88918) stat_writer /opt/stack/data/venv/lib/python3.12/site-packages/dbcounter.py:115}}
May 27 20:47:40.124481 np0000001550 neutron-periodic-workers[88925]: DEBUG neutron.db.agents_db [None req-4c3004dc-1676-4389-b15a-83ed9b691aca None None] Agent healthcheck: found 0 active agents {{(pid=88925) agent_health_check /opt/stack/neutron/neutron/db/agents_db.py:322}}
May 27 20:47:40.124935 np0000001550 neutron-periodic-workers[88925]: DEBUG oslo.service.backend._threading.loopingcall [None req-4c3004dc-1676-4389-b15a-83ed9b691aca None None] Fixed interval looping call 'neutron.plugins.ml2.plugin.AgentDbMixin.agent_health_check' sleeping for 36.99 seconds {{(pid=88925) _run_loop /opt/stack/data/venv/lib/python3.12/site-packages/oslo_service/backend/_threading/loopingcall.py:125}}
May 27 20:47:50.123427 np0000001550 neutron-periodic-workers[88925]: DEBUG dbcounter [-] [88925] Writing DB stats neutron:SELECT=1 {{(pid=88925) stat_writer /opt/stack/data/venv/lib/python3.12/site-packages/dbcounter.py:115}}
May 27 20:48:03.104430 np0000001550 neutron-periodic-workers[88918]: DEBUG oslo.service.backend._threading.loopingcall [None req-551a2a8a-64d4-47a2-b04b-7b767f1b9093 None None] Fixed interval looping call 'neutron.plugins.ml2.plugin.DhcpAgentSchedulerDbMixin.remove_networks_from_down_agents' sleeping for 36.99 seconds {{(pid=88918) _run_loop /opt/stack/data/venv/lib/python3.12/site-packages/oslo_service/backend/_threading/loopingcall.py:125}}
May 27 20:48:13.102226 np0000001550 neutron-periodic-workers[88918]: DEBUG dbcounter [-] [88918] Writing DB stats neutron:SELECT=3 {{(pid=88918) stat_writer /opt/stack/data/venv/lib/python3.12/site-packages/dbcounter.py:115}}
May 27 20:48:15.162600 np0000001550 neutron-periodic-workers[88935]: DEBUG oslo.service.backend._threading.loopingcall [None req-f7b20d9f-d217-4529-91b1-c3b3d1459d3f None None] Fixed interval looping call 'neutron.db.quota.driver_nolock.DbQuotaNoLockDriver._remove_expired_reservations' sleeping for 120.00 seconds {{(pid=88935) _run_loop /opt/stack/data/venv/lib/python3.12/site-packages/oslo_service/backend/_threading/loopingcall.py:125}}
May 27 20:48:17.117727 np0000001550 neutron-periodic-workers[88925]: DEBUG neutron.db.agents_db [None req-4c3004dc-1676-4389-b15a-83ed9b691aca None None] Agent healthcheck: found 0 active agents {{(pid=88925) agent_health_check /opt/stack/neutron/neutron/db/agents_db.py:322}}
May 27 20:48:17.118347 np0000001550 neutron-periodic-workers[88925]: DEBUG oslo.service.backend._threading.loopingcall [None req-4c3004dc-1676-4389-b15a-83ed9b691aca None None] Fixed interval looping call 'neutron.plugins.ml2.plugin.AgentDbMixin.agent_health_check' sleeping for 37.00 seconds {{(pid=88925) _run_loop /opt/stack/data/venv/lib/python3.12/site-packages/oslo_service/backend/_threading/loopingcall.py:125}}
May 27 20:48:25.162259 np0000001550 neutron-periodic-workers[88935]: DEBUG dbcounter [-] [88935] Writing DB stats neutron:DELETE=1 {{(pid=88935) stat_writer /opt/stack/data/venv/lib/python3.12/site-packages/dbcounter.py:115}}
May 27 20:48:27.118063 np0000001550 neutron-periodic-workers[88925]: DEBUG dbcounter [-] [88925] Writing DB stats neutron:SELECT=1 {{(pid=88925) stat_writer /opt/stack/data/venv/lib/python3.12/site-packages/dbcounter.py:115}}
May 27 20:48:40.104001 np0000001550 neutron-periodic-workers[88918]: DEBUG oslo.service.backend._threading.loopingcall [None req-551a2a8a-64d4-47a2-b04b-7b767f1b9093 None None] Fixed interval looping call 'neutron.plugins.ml2.plugin.DhcpAgentSchedulerDbMixin.remove_networks_from_down_agents' sleeping for 36.99 seconds {{(pid=88918) _run_loop /opt/stack/data/venv/lib/python3.12/site-packages/oslo_service/backend/_threading/loopingcall.py:125}}
May 27 20:48:50.103119 np0000001550 neutron-periodic-workers[88918]: DEBUG dbcounter [-] [88918] Writing DB stats neutron:SELECT=3 {{(pid=88918) stat_writer /opt/stack/data/venv/lib/python3.12/site-packages/dbcounter.py:115}}
May 27 20:48:54.123432 np0000001550 neutron-periodic-workers[88925]: DEBUG neutron.db.agents_db [None req-4c3004dc-1676-4389-b15a-83ed9b691aca None None] Agent healthcheck: found 0 active agents {{(pid=88925) agent_health_check /opt/stack/neutron/neutron/db/agents_db.py:322}}
May 27 20:48:54.123834 np0000001550 neutron-periodic-workers[88925]: DEBUG oslo.service.backend._threading.loopingcall [None req-4c3004dc-1676-4389-b15a-83ed9b691aca None None] Fixed interval looping call 'neutron.plugins.ml2.plugin.AgentDbMixin.agent_health_check' sleeping for 37.00 seconds {{(pid=88925) _run_loop /opt/stack/data/venv/lib/python3.12/site-packages/oslo_service/backend/_threading/loopingcall.py:125}}
May 27 20:49:04.122432 np0000001550 neutron-periodic-workers[88925]: DEBUG dbcounter [-] [88925] Writing DB stats neutron:SELECT=1 {{(pid=88925) stat_writer /opt/stack/data/venv/lib/python3.12/site-packages/dbcounter.py:115}}
May 27 20:49:17.109026 np0000001550 neutron-periodic-workers[88918]: DEBUG oslo.service.backend._threading.loopingcall [None req-551a2a8a-64d4-47a2-b04b-7b767f1b9093 None None] Fixed interval looping call 'neutron.plugins.ml2.plugin.DhcpAgentSchedulerDbMixin.remove_networks_from_down_agents' sleeping for 36.99 seconds {{(pid=88918) _run_loop /opt/stack/data/venv/lib/python3.12/site-packages/oslo_service/backend/_threading/loopingcall.py:125}}
May 27 20:49:27.107725 np0000001550 neutron-periodic-workers[88918]: DEBUG dbcounter [-] [88918] Writing DB stats neutron:SELECT=3 {{(pid=88918) stat_writer /opt/stack/data/venv/lib/python3.12/site-packages/dbcounter.py:115}}
May 27 20:49:31.126978 np0000001550 neutron-periodic-workers[88925]: DEBUG neutron.db.agents_db [None req-4c3004dc-1676-4389-b15a-83ed9b691aca None None] Agent healthcheck: found 0 active agents {{(pid=88925) agent_health_check /opt/stack/neutron/neutron/db/agents_db.py:322}}
May 27 20:49:31.127562 np0000001550 neutron-periodic-workers[88925]: DEBUG oslo.service.backend._threading.loopingcall [None req-4c3004dc-1676-4389-b15a-83ed9b691aca None None] Fixed interval looping call 'neutron.plugins.ml2.plugin.AgentDbMixin.agent_health_check' sleeping for 37.00 seconds {{(pid=88925) _run_loop /opt/stack/data/venv/lib/python3.12/site-packages/oslo_service/backend/_threading/loopingcall.py:125}}
May 27 20:49:41.126898 np0000001550 neutron-periodic-workers[88925]: DEBUG dbcounter [-] [88925] Writing DB stats neutron:SELECT=1 {{(pid=88925) stat_writer /opt/stack/data/venv/lib/python3.12/site-packages/dbcounter.py:115}}
May 27 20:49:54.109595 np0000001550 neutron-periodic-workers[88918]: DEBUG oslo.service.backend._threading.loopingcall [None req-551a2a8a-64d4-47a2-b04b-7b767f1b9093 None None] Fixed interval looping call 'neutron.plugins.ml2.plugin.DhcpAgentSchedulerDbMixin.remove_networks_from_down_agents' sleeping for 36.99 seconds {{(pid=88918) _run_loop /opt/stack/data/venv/lib/python3.12/site-packages/oslo_service/backend/_threading/loopingcall.py:125}}
May 27 20:50:04.108332 np0000001550 neutron-periodic-workers[88918]: DEBUG dbcounter [-] [88918] Writing DB stats neutron:SELECT=3 {{(pid=88918) stat_writer /opt/stack/data/venv/lib/python3.12/site-packages/dbcounter.py:115}}
May 27 20:50:08.132744 np0000001550 neutron-periodic-workers[88925]: DEBUG neutron.db.agents_db [None req-4c3004dc-1676-4389-b15a-83ed9b691aca None None] Agent healthcheck: found 0 active agents {{(pid=88925) agent_health_check /opt/stack/neutron/neutron/db/agents_db.py:322}}
May 27 20:50:08.133158 np0000001550 neutron-periodic-workers[88925]: DEBUG oslo.service.backend._threading.loopingcall [None req-4c3004dc-1676-4389-b15a-83ed9b691aca None None] Fixed interval looping call 'neutron.plugins.ml2.plugin.AgentDbMixin.agent_health_check' sleeping for 36.99 seconds {{(pid=88925) _run_loop /opt/stack/data/venv/lib/python3.12/site-packages/oslo_service/backend/_threading/loopingcall.py:125}}
May 27 20:50:15.166922 np0000001550 neutron-periodic-workers[88935]: DEBUG oslo.service.backend._threading.loopingcall [None req-f7b20d9f-d217-4529-91b1-c3b3d1459d3f None None] Fixed interval looping call 'neutron.db.quota.driver_nolock.DbQuotaNoLockDriver._remove_expired_reservations' sleeping for 120.00 seconds {{(pid=88935) _run_loop /opt/stack/data/venv/lib/python3.12/site-packages/oslo_service/backend/_threading/loopingcall.py:125}}
May 27 20:50:18.132154 np0000001550 neutron-periodic-workers[88925]: DEBUG dbcounter [-] [88925] Writing DB stats neutron:SELECT=1 {{(pid=88925) stat_writer /opt/stack/data/venv/lib/python3.12/site-packages/dbcounter.py:115}}
May 27 20:50:25.165919 np0000001550 neutron-periodic-workers[88935]: DEBUG dbcounter [-] [88935] Writing DB stats neutron:DELETE=1 {{(pid=88935) stat_writer /opt/stack/data/venv/lib/python3.12/site-packages/dbcounter.py:115}}
May 27 20:50:31.112511 np0000001550 neutron-periodic-workers[88918]: DEBUG oslo.service.backend._threading.loopingcall [None req-551a2a8a-64d4-47a2-b04b-7b767f1b9093 None None] Fixed interval looping call 'neutron.plugins.ml2.plugin.DhcpAgentSchedulerDbMixin.remove_networks_from_down_agents' sleeping for 36.99 seconds {{(pid=88918) _run_loop /opt/stack/data/venv/lib/python3.12/site-packages/oslo_service/backend/_threading/loopingcall.py:125}}
May 27 20:50:41.111551 np0000001550 neutron-periodic-workers[88918]: DEBUG dbcounter [-] [88918] Writing DB stats neutron:SELECT=3 {{(pid=88918) stat_writer /opt/stack/data/venv/lib/python3.12/site-packages/dbcounter.py:115}}
May 27 20:50:45.126968 np0000001550 neutron-periodic-workers[88925]: DEBUG neutron.db.agents_db [None req-4c3004dc-1676-4389-b15a-83ed9b691aca None None] Agent healthcheck: found 0 active agents {{(pid=88925) agent_health_check /opt/stack/neutron/neutron/db/agents_db.py:322}}
May 27 20:50:45.127422 np0000001550 neutron-periodic-workers[88925]: DEBUG oslo.service.backend._threading.loopingcall [None req-4c3004dc-1676-4389-b15a-83ed9b691aca None None] Fixed interval looping call 'neutron.plugins.ml2.plugin.AgentDbMixin.agent_health_check' sleeping for 37.00 seconds {{(pid=88925) _run_loop /opt/stack/data/venv/lib/python3.12/site-packages/oslo_service/backend/_threading/loopingcall.py:125}}
May 27 20:50:55.128318 np0000001550 neutron-periodic-workers[88925]: DEBUG dbcounter [-] [88925] Writing DB stats neutron:SELECT=1 {{(pid=88925) stat_writer /opt/stack/data/venv/lib/python3.12/site-packages/dbcounter.py:115}}
May 27 20:51:08.111610 np0000001550 neutron-periodic-workers[88918]: DEBUG oslo.service.backend._threading.loopingcall [None req-551a2a8a-64d4-47a2-b04b-7b767f1b9093 None None] Fixed interval looping call 'neutron.plugins.ml2.plugin.DhcpAgentSchedulerDbMixin.remove_networks_from_down_agents' sleeping for 36.99 seconds {{(pid=88918) _run_loop /opt/stack/data/venv/lib/python3.12/site-packages/oslo_service/backend/_threading/loopingcall.py:125}}
May 27 20:51:18.110407 np0000001550 neutron-periodic-workers[88918]: DEBUG dbcounter [-] [88918] Writing DB stats neutron:SELECT=3 {{(pid=88918) stat_writer /opt/stack/data/venv/lib/python3.12/site-packages/dbcounter.py:115}}
May 27 20:51:22.799152 np0000001550 neutron-periodic-workers[88925]: DEBUG neutron.db.agents_db [None req-4c3004dc-1676-4389-b15a-83ed9b691aca None None] Agent healthcheck: found 0 active agents {{(pid=88925) agent_health_check /opt/stack/neutron/neutron/db/agents_db.py:322}}
May 27 20:51:22.799152 np0000001550 neutron-periodic-workers[88925]: DEBUG oslo.service.backend._threading.loopingcall [None req-4c3004dc-1676-4389-b15a-83ed9b691aca None None] Fixed interval looping call 'neutron.plugins.ml2.plugin.AgentDbMixin.agent_health_check' sleeping for 37.00 seconds {{(pid=88925) _run_loop /opt/stack/data/venv/lib/python3.12/site-packages/oslo_service/backend/_threading/loopingcall.py:125}}
May 27 20:51:32.129810 np0000001550 neutron-periodic-workers[88925]: DEBUG dbcounter [-] [88925] Writing DB stats neutron:SELECT=1 {{(pid=88925) stat_writer /opt/stack/data/venv/lib/python3.12/site-packages/dbcounter.py:115}}
May 27 20:51:34.108603 np0000001550 neutron-periodic-workers[88914]: DEBUG oslo.service.backend._threading.loopingcall [None req-6fd1212a-82b4-4bf1-82d5-28fb8ae7a828 None None] Fixed interval looping call 'neutron.services.ovn_l3.plugin.L3_NAT_dbonly_mixin._clean_garbage' sleeping for 299.99 seconds {{(pid=88914) _run_loop /opt/stack/data/venv/lib/python3.12/site-packages/oslo_service/backend/_threading/loopingcall.py:125}}
May 27 20:51:44.104957 np0000001550 neutron-periodic-workers[88914]: DEBUG dbcounter [-] [88914] Writing DB stats neutron:SELECT=1 {{(pid=88914) stat_writer /opt/stack/data/venv/lib/python3.12/site-packages/dbcounter.py:115}}
May 27 20:51:45.112274 np0000001550 neutron-periodic-workers[88918]: DEBUG oslo.service.backend._threading.loopingcall [None req-551a2a8a-64d4-47a2-b04b-7b767f1b9093 None None] Fixed interval looping call 'neutron.plugins.ml2.plugin.DhcpAgentSchedulerDbMixin.remove_networks_from_down_agents' sleeping for 36.99 seconds {{(pid=88918) _run_loop /opt/stack/data/venv/lib/python3.12/site-packages/oslo_service/backend/_threading/loopingcall.py:125}}
May 27 20:51:55.110933 np0000001550 neutron-periodic-workers[88918]: DEBUG dbcounter [-] [88918] Writing DB stats neutron:SELECT=3 {{(pid=88918) stat_writer /opt/stack/data/venv/lib/python3.12/site-packages/dbcounter.py:115}}
May 27 20:51:59.140583 np0000001550 neutron-periodic-workers[88925]: DEBUG neutron.db.agents_db [None req-4c3004dc-1676-4389-b15a-83ed9b691aca None None] Agent healthcheck: found 0 active agents {{(pid=88925) agent_health_check /opt/stack/neutron/neutron/db/agents_db.py:322}}
May 27 20:51:59.140931 np0000001550 neutron-periodic-workers[88925]: DEBUG oslo.service.backend._threading.loopingcall [None req-4c3004dc-1676-4389-b15a-83ed9b691aca None None] Fixed interval looping call 'neutron.plugins.ml2.plugin.AgentDbMixin.agent_health_check' sleeping for 36.99 seconds {{(pid=88925) _run_loop /opt/stack/data/venv/lib/python3.12/site-packages/oslo_service/backend/_threading/loopingcall.py:125}}
May 27 20:52:09.138438 np0000001550 neutron-periodic-workers[88925]: DEBUG dbcounter [-] [88925] Writing DB stats neutron:SELECT=1 {{(pid=88925) stat_writer /opt/stack/data/venv/lib/python3.12/site-packages/dbcounter.py:115}}
May 27 20:52:15.174832 np0000001550 neutron-periodic-workers[88935]: DEBUG oslo.service.backend._threading.loopingcall [None req-f7b20d9f-d217-4529-91b1-c3b3d1459d3f None None] Fixed interval looping call 'neutron.db.quota.driver_nolock.DbQuotaNoLockDriver._remove_expired_reservations' sleeping for 119.99 seconds {{(pid=88935) _run_loop /opt/stack/data/venv/lib/python3.12/site-packages/oslo_service/backend/_threading/loopingcall.py:125}}
May 27 20:52:22.116101 np0000001550 neutron-periodic-workers[88918]: DEBUG oslo.service.backend._threading.loopingcall [None req-551a2a8a-64d4-47a2-b04b-7b767f1b9093 None None] Fixed interval looping call 'neutron.plugins.ml2.plugin.DhcpAgentSchedulerDbMixin.remove_networks_from_down_agents' sleeping for 36.99 seconds {{(pid=88918) _run_loop /opt/stack/data/venv/lib/python3.12/site-packages/oslo_service/backend/_threading/loopingcall.py:125}}
May 27 20:52:25.173312 np0000001550 neutron-periodic-workers[88935]: DEBUG dbcounter [-] [88935] Writing DB stats neutron:DELETE=1 {{(pid=88935) stat_writer /opt/stack/data/venv/lib/python3.12/site-packages/dbcounter.py:115}}
May 27 20:52:32.116454 np0000001550 neutron-periodic-workers[88918]: DEBUG dbcounter [-] [88918] Writing DB stats neutron:SELECT=3 {{(pid=88918) stat_writer /opt/stack/data/venv/lib/python3.12/site-packages/dbcounter.py:115}}
May 27 20:52:36.136168 np0000001550 neutron-periodic-workers[88925]: DEBUG neutron.db.agents_db [None req-4c3004dc-1676-4389-b15a-83ed9b691aca None None] Agent healthcheck: found 0 active agents {{(pid=88925) agent_health_check /opt/stack/neutron/neutron/db/agents_db.py:322}}
May 27 20:52:36.136168 np0000001550 neutron-periodic-workers[88925]: DEBUG oslo.service.backend._threading.loopingcall [None req-4c3004dc-1676-4389-b15a-83ed9b691aca None None] Fixed interval looping call 'neutron.plugins.ml2.plugin.AgentDbMixin.agent_health_check' sleeping for 36.99 seconds {{(pid=88925) _run_loop /opt/stack/data/venv/lib/python3.12/site-packages/oslo_service/backend/_threading/loopingcall.py:125}}
May 27 20:52:46.134294 np0000001550 neutron-periodic-workers[88925]: DEBUG dbcounter [-] [88925] Writing DB stats neutron:SELECT=1 {{(pid=88925) stat_writer /opt/stack/data/venv/lib/python3.12/site-packages/dbcounter.py:115}}
May 27 20:52:59.117587 np0000001550 neutron-periodic-workers[88918]: DEBUG oslo.service.backend._threading.loopingcall [None req-551a2a8a-64d4-47a2-b04b-7b767f1b9093 None None] Fixed interval looping call 'neutron.plugins.ml2.plugin.DhcpAgentSchedulerDbMixin.remove_networks_from_down_agents' sleeping for 36.99 seconds {{(pid=88918) _run_loop /opt/stack/data/venv/lib/python3.12/site-packages/oslo_service/backend/_threading/loopingcall.py:125}}
May 27 20:53:09.517570 np0000001550 neutron-periodic-workers[88918]: DEBUG dbcounter [-] [88918] Writing DB stats neutron:SELECT=3 {{(pid=88918) stat_writer /opt/stack/data/venv/lib/python3.12/site-packages/dbcounter.py:115}}
May 27 20:53:13.129721 np0000001550 neutron-periodic-workers[88925]: DEBUG neutron.db.agents_db [None req-4c3004dc-1676-4389-b15a-83ed9b691aca None None] Agent healthcheck: found 0 active agents {{(pid=88925) agent_health_check /opt/stack/neutron/neutron/db/agents_db.py:322}}
May 27 20:53:13.130520 np0000001550 neutron-periodic-workers[88925]: DEBUG oslo.service.backend._threading.loopingcall [None req-4c3004dc-1676-4389-b15a-83ed9b691aca None None] Fixed interval looping call 'neutron.plugins.ml2.plugin.AgentDbMixin.agent_health_check' sleeping for 37.00 seconds {{(pid=88925) _run_loop /opt/stack/data/venv/lib/python3.12/site-packages/oslo_service/backend/_threading/loopingcall.py:125}}
May 27 20:53:23.129740 np0000001550 neutron-periodic-workers[88925]: DEBUG dbcounter [-] [88925] Writing DB stats neutron:SELECT=1 {{(pid=88925) stat_writer /opt/stack/data/venv/lib/python3.12/site-packages/dbcounter.py:115}}
May 27 20:53:36.123492 np0000001550 neutron-periodic-workers[88918]: DEBUG oslo.service.backend._threading.loopingcall [None req-551a2a8a-64d4-47a2-b04b-7b767f1b9093 None None] Fixed interval looping call 'neutron.plugins.ml2.plugin.DhcpAgentSchedulerDbMixin.remove_networks_from_down_agents' sleeping for 36.99 seconds {{(pid=88918) _run_loop /opt/stack/data/venv/lib/python3.12/site-packages/oslo_service/backend/_threading/loopingcall.py:125}}
