Aug 17 19:11:19.857429 np0000007577 devstack@g-api.service[103151]: DEBUG glance.api.middleware.version_negotiation [None req-7744cf00-dc7d-4b9b-8134-2365ffb7494e tempest-ServerBootFromVolumeStableRescueTest-1607741862 tempest-ServerBootFromVolumeStableRescueTest-1607741862-project-member] new path /v2/images/3ad47ba7-d946-4796-9ab5-166dec7593c7 {{(pid=103151) process_request /opt/stack/glance/glance/api/middleware/version_negotiation.py:70}}
Aug 17 19:11:19.877965 np0000007577 devstack@g-api.service[103151]: [pid: 103151|app: 0|req: 28/114] 127.0.0.1 () {44 vars in 1115 bytes} [Mon Aug 17 19:11:19 2026] GET /v2/images/3ad47ba7-d946-4796-9ab5-166dec7593c7 => generated 1044 bytes in 23 msecs (HTTP/1.1 200) 4 headers in 158 bytes (1 switches on core 0)
Aug 17 19:11:19.929332 np0000007577 devstack@g-api.service[103150]: DEBUG glance.api.middleware.version_negotiation [None req-7744cf00-dc7d-4b9b-8134-2365ffb7494e tempest-ServerBootFromVolumeStableRescueTest-1607741862 tempest-ServerBootFromVolumeStableRescueTest-1607741862-project-member] Determining version of request: GET /v2/schemas/image Accept: */* {{(pid=103150) process_request /opt/stack/glance/glance/api/middleware/version_negotiation.py:44}}
Aug 17 19:11:19.930411 np0000007577 devstack@g-api.service[103150]: DEBUG glance.api.middleware.version_negotiation [None req-7744cf00-dc7d-4b9b-8134-2365ffb7494e tempest-ServerBootFromVolumeStableRescueTest-1607741862 tempest-ServerBootFromVolumeStableRescueTest-1607741862-project-member] Using url versioning {{(pid=103150) process_request /opt/stack/glance/glance/api/middleware/version_negotiation.py:57}}
Aug 17 19:11:19.930411 np0000007577 devstack@g-api.service[103150]: DEBUG glance.api.middleware.version_negotiation [None req-7744cf00-dc7d-4b9b-8134-2365ffb7494e tempest-ServerBootFromVolumeStableRescueTest-1607741862 tempest-ServerBootFromVolumeStableRescueTest-1607741862-project-member] Matched version: v2 {{(pid=103150) process_request /opt/stack/glance/glance/api/middleware/version_negotiation.py:69}}
Aug 17 19:11:19.930411 np0000007577 devstack@g-api.service[103150]: DEBUG glance.api.middleware.version_negotiation [None req-7744cf00-dc7d-4b9b-8134-2365ffb7494e tempest-ServerBootFromVolumeStableRescueTest-1607741862 tempest-ServerBootFromVolumeStableRescueTest-1607741862-project-member] new path /v2/schemas/image {{(pid=103150) process_request /opt/stack/glance/glance/api/middleware/version_negotiation.py:70}}
Aug 17 19:11:19.938949 np0000007577 devstack@g-api.service[103150]: [pid: 103150|app: 0|req: 31/115] 127.0.0.1 () {44 vars in 1055 bytes} [Mon Aug 17 19:11:19 2026] GET /v2/schemas/image => generated 6083 bytes in 9 msecs (HTTP/1.1 200) 4 headers in 158 bytes (1 switches on core 0)
Aug 17 19:11:21.745399 np0000007577 devstack@g-api.service[103152]: DEBUG dbcounter [-] [103152] Writing DB stats glance:SELECT=22,glance:UPDATE=2,glance:INSERT=1 {{(pid=103152) stat_writer /opt/stack/data/venv/lib/python3.12/site-packages/dbcounter.py:115}}
Aug 17 19:11:29.880361 np0000007577 devstack@g-api.service[103151]: DEBUG dbcounter [-] [103151] Writing DB stats glance:SELECT=2 {{(pid=103151) stat_writer /opt/stack/data/venv/lib/python3.12/site-packages/dbcounter.py:115}}
Aug 17 19:11:30.617593 np0000007577 devstack@g-api.service[103152]: DEBUG glance.api.middleware.version_negotiation [None req-2ea20c49-41e1-481d-9fc2-0093715d64a3 tempest-AttachVolumeMultiAttachTest-1648586011 tempest-AttachVolumeMultiAttachTest-1648586011-project-member] Determining version of request: GET /v2/schemas/image Accept: */* {{(pid=103152) process_request /opt/stack/glance/glance/api/middleware/version_negotiation.py:44}}
Aug 17 19:11:30.617928 np0000007577 devstack@g-api.service[103152]: DEBUG glance.api.middleware.version_negotiation [None req-2ea20c49-41e1-481d-9fc2-0093715d64a3 tempest-AttachVolumeMultiAttachTest-1648586011 tempest-AttachVolumeMultiAttachTest-1648586011-project-member] Using url versioning {{(pid=103152) process_request /opt/stack/glance/glance/api/middleware/version_negotiation.py:57}}
Aug 17 19:11:30.617975 np0000007577 devstack@g-api.service[103152]: DEBUG glance.api.middleware.version_negotiation [None req-2ea20c49-41e1-481d-9fc2-0093715d64a3 tempest-AttachVolumeMultiAttachTest-1648586011 tempest-AttachVolumeMultiAttachTest-1648586011-project-member] Matched version: v2 {{(pid=103152) process_request /opt/stack/glance/glance/api/middleware/version_negotiation.py:69}}
Aug 17 19:11:30.618125 np0000007577 devstack@g-api.service[103152]: DEBUG glance.api.middleware.version_negotiation [None req-2ea20c49-41e1-481d-9fc2-0093715d64a3 tempest-AttachVolumeMultiAttachTest-1648586011 tempest-AttachVolumeMultiAttachTest-1648586011-project-member] new path /v2/schemas/image {{(pid=103152) process_request /opt/stack/glance/glance/api/middleware/version_negotiation.py:70}}
Aug 17 19:11:30.626345 np0000007577 devstack@g-api.service[103152]: [pid: 103152|app: 0|req: 29/116] 127.0.0.1 () {44 vars in 1055 bytes} [Mon Aug 17 19:11:30 2026] GET /v2/schemas/image => generated 6083 bytes in 5 msecs (HTTP/1.1 200) 4 headers in 158 bytes (1 switches on core 0)
Aug 17 19:11:30.670536 np0000007577 devstack@g-api.service[103149]: DEBUG glance.api.middleware.version_negotiation [None req-2ea20c49-41e1-481d-9fc2-0093715d64a3 tempest-AttachVolumeMultiAttachTest-1648586011 tempest-AttachVolumeMultiAttachTest-1648586011-project-member] Determining version of request: POST /v2/images Accept: */* {{(pid=103149) process_request /opt/stack/glance/glance/api/middleware/version_negotiation.py:44}}
Aug 17 19:11:30.670984 np0000007577 devstack@g-api.service[103149]: DEBUG glance.api.middleware.version_negotiation [None req-2ea20c49-41e1-481d-9fc2-0093715d64a3 tempest-AttachVolumeMultiAttachTest-1648586011 tempest-AttachVolumeMultiAttachTest-1648586011-project-member] Using url versioning {{(pid=103149) process_request /opt/stack/glance/glance/api/middleware/version_negotiation.py:57}}
Aug 17 19:11:30.670984 np0000007577 devstack@g-api.service[103149]: DEBUG glance.api.middleware.version_negotiation [None req-2ea20c49-41e1-481d-9fc2-0093715d64a3 tempest-AttachVolumeMultiAttachTest-1648586011 tempest-AttachVolumeMultiAttachTest-1648586011-project-member] Matched version: v2 {{(pid=103149) process_request /opt/stack/glance/glance/api/middleware/version_negotiation.py:69}}
Aug 17 19:11:30.671099 np0000007577 devstack@g-api.service[103149]: DEBUG glance.api.middleware.version_negotiation [None req-2ea20c49-41e1-481d-9fc2-0093715d64a3 tempest-AttachVolumeMultiAttachTest-1648586011 tempest-AttachVolumeMultiAttachTest-1648586011-project-member] new path /v2/images {{(pid=103149) process_request /opt/stack/glance/glance/api/middleware/version_negotiation.py:70}}
Aug 17 19:11:31.932120 np0000007577 devstack@g-api.service[103149]: [pid: 103149|app: 0|req: 29/117] 127.0.0.1 () {46 vars in 1055 bytes} [Mon Aug 17 19:11:30 2026] POST /v2/images => generated 1358 bytes in 1260 msecs (HTTP/1.1 201) 6 headers in 316 bytes (1 switches on core 0)
Aug 17 19:11:32.035064 np0000007577 devstack@g-api.service[103151]: DEBUG glance.api.middleware.version_negotiation [None req-9871a120-ba25-488b-926a-e247e3f771e4 tempest-ServerBootFromVolumeStableRescueTest-1607741862 tempest-ServerBootFromVolumeStableRescueTest-1607741862-project-member] Determining version of request: GET /v2/images/9c81b192-9f7a-4cec-bbd4-508b219ba5d1 Accept: application/json {{(pid=103151) process_request /opt/stack/glance/glance/api/middleware/version_negotiation.py:44}}
Aug 17 19:11:32.035064 np0000007577 devstack@g-api.service[103151]: DEBUG glance.api.middleware.version_negotiation [None req-9871a120-ba25-488b-926a-e247e3f771e4 tempest-ServerBootFromVolumeStableRescueTest-1607741862 tempest-ServerBootFromVolumeStableRescueTest-1607741862-project-member] Using url versioning {{(pid=103151) process_request /opt/stack/glance/glance/api/middleware/version_negotiation.py:57}}
Aug 17 19:11:32.035064 np0000007577 devstack@g-api.service[103151]: DEBUG glance.api.middleware.version_negotiation [None req-9871a120-ba25-488b-926a-e247e3f771e4 tempest-ServerBootFromVolumeStableRescueTest-1607741862 tempest-ServerBootFromVolumeStableRescueTest-1607741862-project-member] Matched version: v2 {{(pid=103151) process_request /opt/stack/glance/glance/api/middleware/version_negotiation.py:69}}
Aug 17 19:11:32.035064 np0000007577 devstack@g-api.service[103151]: DEBUG glance.api.middleware.version_negotiation [None req-9871a120-ba25-488b-926a-e247e3f771e4 tempest-ServerBootFromVolumeStableRescueTest-1607741862 tempest-ServerBootFromVolumeStableRescueTest-1607741862-project-member] new path /v2/images/9c81b192-9f7a-4cec-bbd4-508b219ba5d1 {{(pid=103151) process_request /opt/stack/glance/glance/api/middleware/version_negotiation.py:70}}
Aug 17 19:11:32.057227 np0000007577 devstack@g-api.service[103151]: [pid: 103151|app: 0|req: 29/118] 127.0.0.1 () {40 vars in 838 bytes} [Mon Aug 17 19:11:32 2026] GET /v2/images/9c81b192-9f7a-4cec-bbd4-508b219ba5d1 => generated 1358 bytes in 23 msecs (HTTP/1.1 200) 4 headers in 158 bytes (1 switches on core 0)
Aug 17 19:11:32.241300 np0000007577 devstack@g-api.service[103150]: DEBUG glance.api.middleware.version_negotiation [None req-9871a120-ba25-488b-926a-e247e3f771e4 tempest-ServerBootFromVolumeStableRescueTest-1607741862 tempest-ServerBootFromVolumeStableRescueTest-1607741862-project-member] Determining version of request: GET /v2/images/9c81b192-9f7a-4cec-bbd4-508b219ba5d1 Accept: */* {{(pid=103150) process_request /opt/stack/glance/glance/api/middleware/version_negotiation.py:44}}
Aug 17 19:11:32.241300 np0000007577 devstack@g-api.service[103150]: DEBUG glance.api.middleware.version_negotiation [None req-9871a120-ba25-488b-926a-e247e3f771e4 tempest-ServerBootFromVolumeStableRescueTest-1607741862 tempest-ServerBootFromVolumeStableRescueTest-1607741862-project-member] Using url versioning {{(pid=103150) process_request /opt/stack/glance/glance/api/middleware/version_negotiation.py:57}}
Aug 17 19:11:32.241785 np0000007577 devstack@g-api.service[103150]: DEBUG glance.api.middleware.version_negotiation [None req-9871a120-ba25-488b-926a-e247e3f771e4 tempest-ServerBootFromVolumeStableRescueTest-1607741862 tempest-ServerBootFromVolumeStableRescueTest-1607741862-project-member] Matched version: v2 {{(pid=103150) process_request /opt/stack/glance/glance/api/middleware/version_negotiation.py:69}}
Aug 17 19:11:32.241785 np0000007577 devstack@g-api.service[103150]: DEBUG glance.api.middleware.version_negotiation [None req-9871a120-ba25-488b-926a-e247e3f771e4 tempest-ServerBootFromVolumeStableRescueTest-1607741862 tempest-ServerBootFromVolumeStableRescueTest-1607741862-project-member] new path /v2/images/9c81b192-9f7a-4cec-bbd4-508b219ba5d1 {{(pid=103150) process_request /opt/stack/glance/glance/api/middleware/version_negotiation.py:70}}
Aug 17 19:11:32.274513 np0000007577 devstack@g-api.service[103150]: [pid: 103150|app: 0|req: 32/119] 127.0.0.1 () {44 vars in 1115 bytes} [Mon Aug 17 19:11:32 2026] GET /v2/images/9c81b192-9f7a-4cec-bbd4-508b219ba5d1 => generated 1358 bytes in 33 msecs (HTTP/1.1 200) 4 headers in 158 bytes (1 switches on core 0)
Aug 17 19:11:32.317759 np0000007577 devstack@g-api.service[103152]: DEBUG glance.api.middleware.version_negotiation [None req-8a47cc90-8575-4da1-a869-b199558bd382 tempest-ServerBootFromVolumeStableRescueTest-1607741862 tempest-ServerBootFromVolumeStableRescueTest-1607741862-project-member] Determining version of request: GET /v2/schemas/image Accept: */* {{(pid=103152) process_request /opt/stack/glance/glance/api/middleware/version_negotiation.py:44}}
Aug 17 19:11:32.318151 np0000007577 devstack@g-api.service[103152]: DEBUG glance.api.middleware.version_negotiation [None req-8a47cc90-8575-4da1-a869-b199558bd382 tempest-ServerBootFromVolumeStableRescueTest-1607741862 tempest-ServerBootFromVolumeStableRescueTest-1607741862-project-member] Using url versioning {{(pid=103152) process_request /opt/stack/glance/glance/api/middleware/version_negotiation.py:57}}
Aug 17 19:11:32.318151 np0000007577 devstack@g-api.service[103152]: DEBUG glance.api.middleware.version_negotiation [None req-8a47cc90-8575-4da1-a869-b199558bd382 tempest-ServerBootFromVolumeStableRescueTest-1607741862 tempest-ServerBootFromVolumeStableRescueTest-1607741862-project-member] Matched version: v2 {{(pid=103152) process_request /opt/stack/glance/glance/api/middleware/version_negotiation.py:69}}
Aug 17 19:11:32.318261 np0000007577 devstack@g-api.service[103152]: DEBUG glance.api.middleware.version_negotiation [None req-8a47cc90-8575-4da1-a869-b199558bd382 tempest-ServerBootFromVolumeStableRescueTest-1607741862 tempest-ServerBootFromVolumeStableRescueTest-1607741862-project-member] new path /v2/schemas/image {{(pid=103152) process_request /opt/stack/glance/glance/api/middleware/version_negotiation.py:70}}
Aug 17 19:11:32.322715 np0000007577 devstack@g-api.service[103152]: [pid: 103152|app: 0|req: 30/120] 127.0.0.1 () {44 vars in 1055 bytes} [Mon Aug 17 19:11:32 2026] GET /v2/schemas/image => generated 6083 bytes in 5 msecs (HTTP/1.1 200) 4 headers in 158 bytes (1 switches on core 0)
Aug 17 19:11:33.071411 np0000007577 devstack@g-api.service[103149]: DEBUG glance.api.middleware.version_negotiation [None req-8a47cc90-8575-4da1-a869-b199558bd382 tempest-ServerBootFromVolumeStableRescueTest-1607741862 tempest-ServerBootFromVolumeStableRescueTest-1607741862-project-member] Determining version of request: GET /v2/images/9c81b192-9f7a-4cec-bbd4-508b219ba5d1 Accept: application/json {{(pid=103149) process_request /opt/stack/glance/glance/api/middleware/version_negotiation.py:44}}
Aug 17 19:11:33.071411 np0000007577 devstack@g-api.service[103149]: DEBUG glance.api.middleware.version_negotiation [None req-8a47cc90-8575-4da1-a869-b199558bd382 tempest-ServerBootFromVolumeStableRescueTest-1607741862 tempest-ServerBootFromVolumeStableRescueTest-1607741862-project-member] Using url versioning {{(pid=103149) process_request /opt/stack/glance/glance/api/middleware/version_negotiation.py:57}}
Aug 17 19:11:33.071411 np0000007577 devstack@g-api.service[103149]: DEBUG glance.api.middleware.version_negotiation [None req-8a47cc90-8575-4da1-a869-b199558bd382 tempest-ServerBootFromVolumeStableRescueTest-1607741862 tempest-ServerBootFromVolumeStableRescueTest-1607741862-project-member] Matched version: v2 {{(pid=103149) process_request /opt/stack/glance/glance/api/middleware/version_negotiation.py:69}}
Aug 17 19:11:33.072718 np0000007577 devstack@g-api.service[103149]: DEBUG glance.api.middleware.version_negotiation [None req-8a47cc90-8575-4da1-a869-b199558bd382 tempest-ServerBootFromVolumeStableRescueTest-1607741862 tempest-ServerBootFromVolumeStableRescueTest-1607741862-project-member] new path /v2/images/9c81b192-9f7a-4cec-bbd4-508b219ba5d1 {{(pid=103149) process_request /opt/stack/glance/glance/api/middleware/version_negotiation.py:70}}
Aug 17 19:11:33.084699 np0000007577 devstack@g-api.service[103149]: [pid: 103149|app: 0|req: 30/121] 127.0.0.1 () {40 vars in 838 bytes} [Mon Aug 17 19:11:33 2026] GET /v2/images/9c81b192-9f7a-4cec-bbd4-508b219ba5d1 => generated 1358 bytes in 13 msecs (HTTP/1.1 200) 4 headers in 158 bytes (1 switches on core 0)
Aug 17 19:11:33.606635 np0000007577 devstack@g-api.service[103151]: DEBUG glance.api.middleware.version_negotiation [None req-4aa0974f-f7cf-4b84-ab4b-0e3828eac4d6 tempest-ServerBootFromVolumeStableRescueTest-1607741862 tempest-ServerBootFromVolumeStableRescueTest-1607741862-project-member] Determining version of request: GET /v2/images/9c81b192-9f7a-4cec-bbd4-508b219ba5d1 Accept: */* {{(pid=103151) process_request /opt/stack/glance/glance/api/middleware/version_negotiation.py:44}}
Aug 17 19:11:33.606635 np0000007577 devstack@g-api.service[103151]: DEBUG glance.api.middleware.version_negotiation [None req-4aa0974f-f7cf-4b84-ab4b-0e3828eac4d6 tempest-ServerBootFromVolumeStableRescueTest-1607741862 tempest-ServerBootFromVolumeStableRescueTest-1607741862-project-member] Using url versioning {{(pid=103151) process_request /opt/stack/glance/glance/api/middleware/version_negotiation.py:57}}
Aug 17 19:11:33.607357 np0000007577 devstack@g-api.service[103151]: DEBUG glance.api.middleware.version_negotiation [None req-4aa0974f-f7cf-4b84-ab4b-0e3828eac4d6 tempest-ServerBootFromVolumeStableRescueTest-1607741862 tempest-ServerBootFromVolumeStableRescueTest-1607741862-project-member] Matched version: v2 {{(pid=103151) process_request /opt/stack/glance/glance/api/middleware/version_negotiation.py:69}}
Aug 17 19:11:33.607357 np0000007577 devstack@g-api.service[103151]: DEBUG glance.api.middleware.version_negotiation [None req-4aa0974f-f7cf-4b84-ab4b-0e3828eac4d6 tempest-ServerBootFromVolumeStableRescueTest-1607741862 tempest-ServerBootFromVolumeStableRescueTest-1607741862-project-member] new path /v2/images/9c81b192-9f7a-4cec-bbd4-508b219ba5d1 {{(pid=103151) process_request /opt/stack/glance/glance/api/middleware/version_negotiation.py:70}}
Aug 17 19:11:33.625842 np0000007577 devstack@g-api.service[103151]: [pid: 103151|app: 0|req: 30/122] 127.0.0.1 () {44 vars in 1115 bytes} [Mon Aug 17 19:11:33 2026] GET /v2/images/9c81b192-9f7a-4cec-bbd4-508b219ba5d1 => generated 1358 bytes in 17 msecs (HTTP/1.1 200) 4 headers in 158 bytes (1 switches on core 0)
Aug 17 19:11:33.695463 np0000007577 devstack@g-api.service[103150]: DEBUG glance.api.middleware.version_negotiation [None req-8a47cc90-8575-4da1-a869-b199558bd382 tempest-ServerBootFromVolumeStableRescueTest-1607741862 tempest-ServerBootFromVolumeStableRescueTest-1607741862-project-member] Determining version of request: GET /v2/schemas/image Accept: */* {{(pid=103150) process_request /opt/stack/glance/glance/api/middleware/version_negotiation.py:44}}
Aug 17 19:11:33.695463 np0000007577 devstack@g-api.service[103150]: DEBUG glance.api.middleware.version_negotiation [None req-8a47cc90-8575-4da1-a869-b199558bd382 tempest-ServerBootFromVolumeStableRescueTest-1607741862 tempest-ServerBootFromVolumeStableRescueTest-1607741862-project-member] Using url versioning {{(pid=103150) process_request /opt/stack/glance/glance/api/middleware/version_negotiation.py:57}}
Aug 17 19:11:33.695463 np0000007577 devstack@g-api.service[103150]: DEBUG glance.api.middleware.version_negotiation [None req-8a47cc90-8575-4da1-a869-b199558bd382 tempest-ServerBootFromVolumeStableRescueTest-1607741862 tempest-ServerBootFromVolumeStableRescueTest-1607741862-project-member] Matched version: v2 {{(pid=103150) process_request /opt/stack/glance/glance/api/middleware/version_negotiation.py:69}}
Aug 17 19:11:33.695463 np0000007577 devstack@g-api.service[103150]: DEBUG glance.api.middleware.version_negotiation [None req-8a47cc90-8575-4da1-a869-b199558bd382 tempest-ServerBootFromVolumeStableRescueTest-1607741862 tempest-ServerBootFromVolumeStableRescueTest-1607741862-project-member] new path /v2/schemas/image {{(pid=103150) process_request /opt/stack/glance/glance/api/middleware/version_negotiation.py:70}}
Aug 17 19:11:33.700426 np0000007577 devstack@g-api.service[103150]: [pid: 103150|app: 0|req: 33/123] 127.0.0.1 () {44 vars in 1055 bytes} [Mon Aug 17 19:11:33 2026] GET /v2/schemas/image => generated 6083 bytes in 6 msecs (HTTP/1.1 200) 4 headers in 158 bytes (1 switches on core 0)
Aug 17 19:11:33.766347 np0000007577 devstack@g-api.service[103152]: DEBUG glance.api.middleware.version_negotiation [None req-8a47cc90-8575-4da1-a869-b199558bd382 tempest-ServerBootFromVolumeStableRescueTest-1607741862 tempest-ServerBootFromVolumeStableRescueTest-1607741862-project-member] Determining version of request: GET /v2/schemas/image Accept: */* {{(pid=103152) process_request /opt/stack/glance/glance/api/middleware/version_negotiation.py:44}}
Aug 17 19:11:33.767255 np0000007577 devstack@g-api.service[103152]: DEBUG glance.api.middleware.version_negotiation [None req-8a47cc90-8575-4da1-a869-b199558bd382 tempest-ServerBootFromVolumeStableRescueTest-1607741862 tempest-ServerBootFromVolumeStableRescueTest-1607741862-project-member] Using url versioning {{(pid=103152) process_request /opt/stack/glance/glance/api/middleware/version_negotiation.py:57}}
Aug 17 19:11:33.767255 np0000007577 devstack@g-api.service[103152]: DEBUG glance.api.middleware.version_negotiation [None req-8a47cc90-8575-4da1-a869-b199558bd382 tempest-ServerBootFromVolumeStableRescueTest-1607741862 tempest-ServerBootFromVolumeStableRescueTest-1607741862-project-member] Matched version: v2 {{(pid=103152) process_request /opt/stack/glance/glance/api/middleware/version_negotiation.py:69}}
Aug 17 19:11:33.767255 np0000007577 devstack@g-api.service[103152]: DEBUG glance.api.middleware.version_negotiation [None req-8a47cc90-8575-4da1-a869-b199558bd382 tempest-ServerBootFromVolumeStableRescueTest-1607741862 tempest-ServerBootFromVolumeStableRescueTest-1607741862-project-member] new path /v2/schemas/image {{(pid=103152) process_request /opt/stack/glance/glance/api/middleware/version_negotiation.py:70}}
Aug 17 19:11:33.770515 np0000007577 devstack@g-api.service[103152]: [pid: 103152|app: 0|req: 31/124] 127.0.0.1 () {44 vars in 1055 bytes} [Mon Aug 17 19:11:33 2026] GET /v2/schemas/image => generated 6083 bytes in 4 msecs (HTTP/1.1 200) 4 headers in 158 bytes (1 switches on core 0)
Aug 17 19:11:33.870780 np0000007577 devstack@g-api.service[103149]: DEBUG glance.api.middleware.version_negotiation [None req-93357ab0-ca60-4b26-8d7c-c2dae2e97d3f tempest-ServerBootFromVolumeStableRescueTest-1607741862 tempest-ServerBootFromVolumeStableRescueTest-1607741862-project-member] Determining version of request: PATCH /v2/images/9c81b192-9f7a-4cec-bbd4-508b219ba5d1 Accept: */* {{(pid=103149) process_request /opt/stack/glance/glance/api/middleware/version_negotiation.py:44}}
Aug 17 19:11:33.870780 np0000007577 devstack@g-api.service[103149]: DEBUG glance.api.middleware.version_negotiation [None req-93357ab0-ca60-4b26-8d7c-c2dae2e97d3f tempest-ServerBootFromVolumeStableRescueTest-1607741862 tempest-ServerBootFromVolumeStableRescueTest-1607741862-project-member] Using url versioning {{(pid=103149) process_request /opt/stack/glance/glance/api/middleware/version_negotiation.py:57}}
Aug 17 19:11:33.870780 np0000007577 devstack@g-api.service[103149]: DEBUG glance.api.middleware.version_negotiation [None req-93357ab0-ca60-4b26-8d7c-c2dae2e97d3f tempest-ServerBootFromVolumeStableRescueTest-1607741862 tempest-ServerBootFromVolumeStableRescueTest-1607741862-project-member] Matched version: v2 {{(pid=103149) process_request /opt/stack/glance/glance/api/middleware/version_negotiation.py:69}}
Aug 17 19:11:33.870780 np0000007577 devstack@g-api.service[103149]: DEBUG glance.api.middleware.version_negotiation [None req-93357ab0-ca60-4b26-8d7c-c2dae2e97d3f tempest-ServerBootFromVolumeStableRescueTest-1607741862 tempest-ServerBootFromVolumeStableRescueTest-1607741862-project-member] new path /v2/images/9c81b192-9f7a-4cec-bbd4-508b219ba5d1 {{(pid=103149) process_request /opt/stack/glance/glance/api/middleware/version_negotiation.py:70}}
Aug 17 19:11:34.073045 np0000007577 devstack@g-api.service[103149]: [pid: 103149|app: 0|req: 31/125] 127.0.0.1 () {46 vars in 1158 bytes} [Mon Aug 17 19:11:33 2026] PATCH /v2/images/9c81b192-9f7a-4cec-bbd4-508b219ba5d1 => generated 1469 bytes in 203 msecs (HTTP/1.1 200) 4 headers in 158 bytes (1 switches on core 0)
Aug 17 19:11:34.094051 np0000007577 devstack@g-api.service[103151]: DEBUG glance.api.middleware.version_negotiation [None req-8a47cc90-8575-4da1-a869-b199558bd382 tempest-ServerBootFromVolumeStableRescueTest-1607741862 tempest-ServerBootFromVolumeStableRescueTest-1607741862-project-member] Determining version of request: GET /v2/images/9c81b192-9f7a-4cec-bbd4-508b219ba5d1 Accept: application/json {{(pid=103151) process_request /opt/stack/glance/glance/api/middleware/version_negotiation.py:44}}
Aug 17 19:11:34.094665 np0000007577 devstack@g-api.service[103151]: DEBUG glance.api.middleware.version_negotiation [None req-8a47cc90-8575-4da1-a869-b199558bd382 tempest-ServerBootFromVolumeStableRescueTest-1607741862 tempest-ServerBootFromVolumeStableRescueTest-1607741862-project-member] Using url versioning {{(pid=103151) process_request /opt/stack/glance/glance/api/middleware/version_negotiation.py:57}}
Aug 17 19:11:34.094665 np0000007577 devstack@g-api.service[103151]: DEBUG glance.api.middleware.version_negotiation [None req-8a47cc90-8575-4da1-a869-b199558bd382 tempest-ServerBootFromVolumeStableRescueTest-1607741862 tempest-ServerBootFromVolumeStableRescueTest-1607741862-project-member] Matched version: v2 {{(pid=103151) process_request /opt/stack/glance/glance/api/middleware/version_negotiation.py:69}}
Aug 17 19:11:34.094665 np0000007577 devstack@g-api.service[103151]: DEBUG glance.api.middleware.version_negotiation [None req-8a47cc90-8575-4da1-a869-b199558bd382 tempest-ServerBootFromVolumeStableRescueTest-1607741862 tempest-ServerBootFromVolumeStableRescueTest-1607741862-project-member] new path /v2/images/9c81b192-9f7a-4cec-bbd4-508b219ba5d1 {{(pid=103151) process_request /opt/stack/glance/glance/api/middleware/version_negotiation.py:70}}
Aug 17 19:11:34.120700 np0000007577 devstack@g-api.service[103151]: [pid: 103151|app: 0|req: 31/126] 127.0.0.1 () {40 vars in 838 bytes} [Mon Aug 17 19:11:34 2026] GET /v2/images/9c81b192-9f7a-4cec-bbd4-508b219ba5d1 => generated 1469 bytes in 27 msecs (HTTP/1.1 200) 4 headers in 158 bytes (1 switches on core 0)
Aug 17 19:11:34.122923 np0000007577 devstack@g-api.service[103150]: DEBUG glance.api.middleware.version_negotiation [None req-8a47cc90-8575-4da1-a869-b199558bd382 tempest-ServerBootFromVolumeStableRescueTest-1607741862 tempest-ServerBootFromVolumeStableRescueTest-1607741862-project-member] Determining version of request: GET /v2/images/9c81b192-9f7a-4cec-bbd4-508b219ba5d1 Accept: */* {{(pid=103150) process_request /opt/stack/glance/glance/api/middleware/version_negotiation.py:44}}
Aug 17 19:11:34.122923 np0000007577 devstack@g-api.service[103150]: DEBUG glance.api.middleware.version_negotiation [None req-8a47cc90-8575-4da1-a869-b199558bd382 tempest-ServerBootFromVolumeStableRescueTest-1607741862 tempest-ServerBootFromVolumeStableRescueTest-1607741862-project-member] Using url versioning {{(pid=103150) process_request /opt/stack/glance/glance/api/middleware/version_negotiation.py:57}}
Aug 17 19:11:34.122923 np0000007577 devstack@g-api.service[103150]: DEBUG glance.api.middleware.version_negotiation [None req-8a47cc90-8575-4da1-a869-b199558bd382 tempest-ServerBootFromVolumeStableRescueTest-1607741862 tempest-ServerBootFromVolumeStableRescueTest-1607741862-project-member] Matched version: v2 {{(pid=103150) process_request /opt/stack/glance/glance/api/middleware/version_negotiation.py:69}}
Aug 17 19:11:34.122923 np0000007577 devstack@g-api.service[103150]: DEBUG glance.api.middleware.version_negotiation [None req-8a47cc90-8575-4da1-a869-b199558bd382 tempest-ServerBootFromVolumeStableRescueTest-1607741862 tempest-ServerBootFromVolumeStableRescueTest-1607741862-project-member] new path /v2/images/9c81b192-9f7a-4cec-bbd4-508b219ba5d1 {{(pid=103150) process_request /opt/stack/glance/glance/api/middleware/version_negotiation.py:70}}
Aug 17 19:11:34.144223 np0000007577 devstack@g-api.service[103150]: [pid: 103150|app: 0|req: 34/127] 127.0.0.1 () {44 vars in 1115 bytes} [Mon Aug 17 19:11:34 2026] GET /v2/images/9c81b192-9f7a-4cec-bbd4-508b219ba5d1 => generated 1469 bytes in 23 msecs (HTTP/1.1 200) 4 headers in 158 bytes (1 switches on core 0)
Aug 17 19:11:34.215847 np0000007577 devstack@g-api.service[103152]: DEBUG glance.api.middleware.version_negotiation [None req-8a47cc90-8575-4da1-a869-b199558bd382 tempest-ServerBootFromVolumeStableRescueTest-1607741862 tempest-ServerBootFromVolumeStableRescueTest-1607741862-project-member] Determining version of request: PUT /v2/images/9c81b192-9f7a-4cec-bbd4-508b219ba5d1/file Accept: */* {{(pid=103152) process_request /opt/stack/glance/glance/api/middleware/version_negotiation.py:44}}
Aug 17 19:11:34.217617 np0000007577 devstack@g-api.service[103152]: DEBUG glance.api.middleware.version_negotiation [None req-8a47cc90-8575-4da1-a869-b199558bd382 tempest-ServerBootFromVolumeStableRescueTest-1607741862 tempest-ServerBootFromVolumeStableRescueTest-1607741862-project-member] Using url versioning {{(pid=103152) process_request /opt/stack/glance/glance/api/middleware/version_negotiation.py:57}}
Aug 17 19:11:34.217617 np0000007577 devstack@g-api.service[103152]: DEBUG glance.api.middleware.version_negotiation [None req-8a47cc90-8575-4da1-a869-b199558bd382 tempest-ServerBootFromVolumeStableRescueTest-1607741862 tempest-ServerBootFromVolumeStableRescueTest-1607741862-project-member] Matched version: v2 {{(pid=103152) process_request /opt/stack/glance/glance/api/middleware/version_negotiation.py:69}}
Aug 17 19:11:34.217617 np0000007577 devstack@g-api.service[103152]: DEBUG glance.api.middleware.version_negotiation [None req-8a47cc90-8575-4da1-a869-b199558bd382 tempest-ServerBootFromVolumeStableRescueTest-1607741862 tempest-ServerBootFromVolumeStableRescueTest-1607741862-project-member] new path /v2/images/9c81b192-9f7a-4cec-bbd4-508b219ba5d1/file {{(pid=103152) process_request /opt/stack/glance/glance/api/middleware/version_negotiation.py:70}}
Aug 17 19:11:35.138822 np0000007577 devstack@g-api.service[103149]: DEBUG glance.api.middleware.version_negotiation [None req-8a47cc90-8575-4da1-a869-b199558bd382 tempest-ServerBootFromVolumeStableRescueTest-1607741862 tempest-ServerBootFromVolumeStableRescueTest-1607741862-project-member] Determining version of request: GET /v2/images/9c81b192-9f7a-4cec-bbd4-508b219ba5d1 Accept: application/json {{(pid=103149) process_request /opt/stack/glance/glance/api/middleware/version_negotiation.py:44}}
Aug 17 19:11:35.139489 np0000007577 devstack@g-api.service[103149]: DEBUG glance.api.middleware.version_negotiation [None req-8a47cc90-8575-4da1-a869-b199558bd382 tempest-ServerBootFromVolumeStableRescueTest-1607741862 tempest-ServerBootFromVolumeStableRescueTest-1607741862-project-member] Using url versioning {{(pid=103149) process_request /opt/stack/glance/glance/api/middleware/version_negotiation.py:57}}
Aug 17 19:11:35.139489 np0000007577 devstack@g-api.service[103149]: DEBUG glance.api.middleware.version_negotiation [None req-8a47cc90-8575-4da1-a869-b199558bd382 tempest-ServerBootFromVolumeStableRescueTest-1607741862 tempest-ServerBootFromVolumeStableRescueTest-1607741862-project-member] Matched version: v2 {{(pid=103149) process_request /opt/stack/glance/glance/api/middleware/version_negotiation.py:69}}
Aug 17 19:11:35.139489 np0000007577 devstack@g-api.service[103149]: DEBUG glance.api.middleware.version_negotiation [None req-8a47cc90-8575-4da1-a869-b199558bd382 tempest-ServerBootFromVolumeStableRescueTest-1607741862 tempest-ServerBootFromVolumeStableRescueTest-1607741862-project-member] new path /v2/images/9c81b192-9f7a-4cec-bbd4-508b219ba5d1 {{(pid=103149) process_request /opt/stack/glance/glance/api/middleware/version_negotiation.py:70}}
Aug 17 19:11:35.158532 np0000007577 devstack@g-api.service[103149]: [pid: 103149|app: 0|req: 32/128] 127.0.0.1 () {40 vars in 838 bytes} [Mon Aug 17 19:11:35 2026] GET /v2/images/9c81b192-9f7a-4cec-bbd4-508b219ba5d1 => generated 1469 bytes in 20 msecs (HTTP/1.1 200) 4 headers in 158 bytes (1 switches on core 0)
Aug 17 19:11:35.323479 np0000007577 devstack@g-api.service[103152]: INFO glance.api.v2.image_data [None req-8a47cc90-8575-4da1-a869-b199558bd382 tempest-ServerBootFromVolumeStableRescueTest-1607741862 tempest-ServerBootFromVolumeStableRescueTest-1607741862-project-member] Unable to create trust: no such option collect_timing in group [keystone_authtoken] Use the existing user token.
Aug 17 19:11:36.169611 np0000007577 devstack@g-api.service[103151]: DEBUG glance.api.middleware.version_negotiation [None req-60e219ee-ca41-4c23-a3f7-ecd21bfcb7fc tempest-ServerBootFromVolumeStableRescueTest-1607741862 tempest-ServerBootFromVolumeStableRescueTest-1607741862-project-member] Determining version of request: GET /v2/images/9c81b192-9f7a-4cec-bbd4-508b219ba5d1 Accept: application/json {{(pid=103151) process_request /opt/stack/glance/glance/api/middleware/version_negotiation.py:44}}
Aug 17 19:11:36.169611 np0000007577 devstack@g-api.service[103151]: DEBUG glance.api.middleware.version_negotiation [None req-60e219ee-ca41-4c23-a3f7-ecd21bfcb7fc tempest-ServerBootFromVolumeStableRescueTest-1607741862 tempest-ServerBootFromVolumeStableRescueTest-1607741862-project-member] Using url versioning {{(pid=103151) process_request /opt/stack/glance/glance/api/middleware/version_negotiation.py:57}}
Aug 17 19:11:36.169611 np0000007577 devstack@g-api.service[103151]: DEBUG glance.api.middleware.version_negotiation [None req-60e219ee-ca41-4c23-a3f7-ecd21bfcb7fc tempest-ServerBootFromVolumeStableRescueTest-1607741862 tempest-ServerBootFromVolumeStableRescueTest-1607741862-project-member] Matched version: v2 {{(pid=103151) process_request /opt/stack/glance/glance/api/middleware/version_negotiation.py:69}}
Aug 17 19:11:36.169611 np0000007577 devstack@g-api.service[103151]: DEBUG glance.api.middleware.version_negotiation [None req-60e219ee-ca41-4c23-a3f7-ecd21bfcb7fc tempest-ServerBootFromVolumeStableRescueTest-1607741862 tempest-ServerBootFromVolumeStableRescueTest-1607741862-project-member] new path /v2/images/9c81b192-9f7a-4cec-bbd4-508b219ba5d1 {{(pid=103151) process_request /opt/stack/glance/glance/api/middleware/version_negotiation.py:70}}
Aug 17 19:11:36.195689 np0000007577 devstack@g-api.service[103151]: [pid: 103151|app: 0|req: 32/129] 127.0.0.1 () {40 vars in 838 bytes} [Mon Aug 17 19:11:36 2026] GET /v2/images/9c81b192-9f7a-4cec-bbd4-508b219ba5d1 => generated 1469 bytes in 28 msecs (HTTP/1.1 200) 4 headers in 158 bytes (1 switches on core 0)
Aug 17 19:11:36.495891 np0000007577 devstack@g-api.service[103152]: DEBUG glance.location [None req-8a47cc90-8575-4da1-a869-b199558bd382 tempest-ServerBootFromVolumeStableRescueTest-1607741862 tempest-ServerBootFromVolumeStableRescueTest-1607741862-project-member] Enabling in-flight format inspection for qcow2 {{(pid=103152) set_data /opt/stack/glance/glance/location.py:596}}
Aug 17 19:11:36.497403 np0000007577 devstack@g-api.service[103152]: DEBUG glance_store.backend [None req-8a47cc90-8575-4da1-a869-b199558bd382 tempest-ServerBootFromVolumeStableRescueTest-1607741862 tempest-ServerBootFromVolumeStableRescueTest-1607741862-project-member] Attempting to import store swift {{(pid=103152) _load_store /opt/stack/data/venv/lib/python3.12/site-packages/glance_store/backend.py:215}}
Aug 17 19:11:36.501355 np0000007577 devstack@g-api.service[103152]: DEBUG glance_store.capabilities [None req-8a47cc90-8575-4da1-a869-b199558bd382 tempest-ServerBootFromVolumeStableRescueTest-1607741862 tempest-ServerBootFromVolumeStableRescueTest-1607741862-project-member] Store glance_store._drivers.swift.store.SingleTenantStore doesn't support updating dynamic storage capabilities. Please overwrite 'update_capabilities' method of the store to implement updating logics if needed. {{(pid=103152) update_capabilities /opt/stack/data/venv/lib/python3.12/site-packages/glance_store/capabilities.py:91}}
Aug 17 19:11:36.502143 np0000007577 devstack@g-api.service[103152]: DEBUG glance_store.driver [None req-8a47cc90-8575-4da1-a869-b199558bd382 tempest-ServerBootFromVolumeStableRescueTest-1607741862 tempest-ServerBootFromVolumeStableRescueTest-1607741862-project-member] Late loading location class glance_store._drivers.swift.store.StoreLocation {{(pid=103152) get_store_location_class /opt/stack/data/venv/lib/python3.12/site-packages/glance_store/driver.py:134}}
Aug 17 19:11:36.502143 np0000007577 devstack@g-api.service[103152]: DEBUG glance_store.location [None req-8a47cc90-8575-4da1-a869-b199558bd382 tempest-ServerBootFromVolumeStableRescueTest-1607741862 tempest-ServerBootFromVolumeStableRescueTest-1607741862-project-member] Registering scheme swift+https with {'store': , 'location_class': , 'store_entry': 'swift'} {{(pid=103152) register_scheme_map /opt/stack/data/venv/lib/python3.12/site-packages/glance_store/location.py:146}}
Aug 17 19:11:36.502143 np0000007577 devstack@g-api.service[103152]: DEBUG glance_store.location [None req-8a47cc90-8575-4da1-a869-b199558bd382 tempest-ServerBootFromVolumeStableRescueTest-1607741862 tempest-ServerBootFromVolumeStableRescueTest-1607741862-project-member] Registering scheme swift+https with {'store': , 'location_class': , 'store_entry': 'swift'} {{(pid=103152) register_scheme_map /opt/stack/data/venv/lib/python3.12/site-packages/glance_store/location.py:146}}
Aug 17 19:11:36.502449 np0000007577 devstack@g-api.service[103152]: DEBUG glance_store.location [None req-8a47cc90-8575-4da1-a869-b199558bd382 tempest-ServerBootFromVolumeStableRescueTest-1607741862 tempest-ServerBootFromVolumeStableRescueTest-1607741862-project-member] Registering scheme swift with {'store': , 'location_class': , 'store_entry': 'swift'} {{(pid=103152) register_scheme_map /opt/stack/data/venv/lib/python3.12/site-packages/glance_store/location.py:146}}
Aug 17 19:11:36.502449 np0000007577 devstack@g-api.service[103152]: DEBUG glance_store.location [None req-8a47cc90-8575-4da1-a869-b199558bd382 tempest-ServerBootFromVolumeStableRescueTest-1607741862 tempest-ServerBootFromVolumeStableRescueTest-1607741862-project-member] Registering scheme swift+https with {'store': , 'location_class': , 'store_entry': 'swift'} {{(pid=103152) register_scheme_map /opt/stack/data/venv/lib/python3.12/site-packages/glance_store/location.py:146}}
Aug 17 19:11:36.502449 np0000007577 devstack@g-api.service[103152]: DEBUG glance_store.location [None req-8a47cc90-8575-4da1-a869-b199558bd382 tempest-ServerBootFromVolumeStableRescueTest-1607741862 tempest-ServerBootFromVolumeStableRescueTest-1607741862-project-member] Registering scheme swift with {'store': , 'location_class': , 'store_entry': 'swift'} {{(pid=103152) register_scheme_map /opt/stack/data/venv/lib/python3.12/site-packages/glance_store/location.py:146}}
Aug 17 19:11:36.504094 np0000007577 devstack@g-api.service[103152]: DEBUG glance_store.location [None req-8a47cc90-8575-4da1-a869-b199558bd382 tempest-ServerBootFromVolumeStableRescueTest-1607741862 tempest-ServerBootFromVolumeStableRescueTest-1607741862-project-member] Registering scheme swift+http with {'store': , 'location_class': , 'store_entry': 'swift'} {{(pid=103152) register_scheme_map /opt/stack/data/venv/lib/python3.12/site-packages/glance_store/location.py:146}}
Aug 17 19:11:36.504094 np0000007577 devstack@g-api.service[103152]: DEBUG glance_store.location [None req-8a47cc90-8575-4da1-a869-b199558bd382 tempest-ServerBootFromVolumeStableRescueTest-1607741862 tempest-ServerBootFromVolumeStableRescueTest-1607741862-project-member] Registering scheme swift+https with {'store': , 'location_class': , 'store_entry': 'swift'} {{(pid=103152) register_scheme_map /opt/stack/data/venv/lib/python3.12/site-packages/glance_store/location.py:146}}
Aug 17 19:11:36.504094 np0000007577 devstack@g-api.service[103152]: DEBUG glance_store.location [None req-8a47cc90-8575-4da1-a869-b199558bd382 tempest-ServerBootFromVolumeStableRescueTest-1607741862 tempest-ServerBootFromVolumeStableRescueTest-1607741862-project-member] Registering scheme swift with {'store': , 'location_class': , 'store_entry': 'swift'} {{(pid=103152) register_scheme_map /opt/stack/data/venv/lib/python3.12/site-packages/glance_store/location.py:146}}
Aug 17 19:11:36.504289 np0000007577 devstack@g-api.service[103152]: DEBUG glance_store.location [None req-8a47cc90-8575-4da1-a869-b199558bd382 tempest-ServerBootFromVolumeStableRescueTest-1607741862 tempest-ServerBootFromVolumeStableRescueTest-1607741862-project-member] Registering scheme swift+http with {'store': , 'location_class': , 'store_entry': 'swift'} {{(pid=103152) register_scheme_map /opt/stack/data/venv/lib/python3.12/site-packages/glance_store/location.py:146}}
Aug 17 19:11:36.504289 np0000007577 devstack@g-api.service[103152]: DEBUG glance_store.location [None req-8a47cc90-8575-4da1-a869-b199558bd382 tempest-ServerBootFromVolumeStableRescueTest-1607741862 tempest-ServerBootFromVolumeStableRescueTest-1607741862-project-member] Registering scheme swift+config with {'store': , 'location_class': , 'store_entry': 'swift'} {{(pid=103152) register_scheme_map /opt/stack/data/venv/lib/python3.12/site-packages/glance_store/location.py:146}}
Aug 17 19:11:37.192841 np0000007577 devstack@g-api.service[103152]: DEBUG swiftclient [None req-8a47cc90-8575-4da1-a869-b199558bd382 tempest-ServerBootFromVolumeStableRescueTest-1607741862 tempest-ServerBootFromVolumeStableRescueTest-1607741862-project-member] REQ: curl -i https://10.4.3.174:8080/v1/AUTH_037f38499a4746f2b26c8cebf7d65fa8/glance -I -H "X-Auth-Token: gAAAAABqg1zo1ayi..." {{(pid=103152) http_log /opt/stack/data/venv/lib/python3.12/site-packages/swiftclient/client.py:160}}
Aug 17 19:11:37.193177 np0000007577 devstack@g-api.service[103152]: DEBUG swiftclient [None req-8a47cc90-8575-4da1-a869-b199558bd382 tempest-ServerBootFromVolumeStableRescueTest-1607741862 tempest-ServerBootFromVolumeStableRescueTest-1607741862-project-member] RESP STATUS: 204 No Content {{(pid=103152) http_log /opt/stack/data/venv/lib/python3.12/site-packages/swiftclient/client.py:161}}
Aug 17 19:11:37.193431 np0000007577 devstack@g-api.service[103152]: DEBUG swiftclient [None req-8a47cc90-8575-4da1-a869-b199558bd382 tempest-ServerBootFromVolumeStableRescueTest-1607741862 tempest-ServerBootFromVolumeStableRescueTest-1607741862-project-member] RESP HEADERS: {'Date': 'Mon, 17 Aug 2026 19:11:37 GMT', 'Server': 'Apache/2.4.58 (Ubuntu)', 'Content-Type': 'text/plain; charset=utf-8', 'X-Container-Object-Count': '5', 'X-Container-Bytes-Used': '87883776', 'X-Timestamp': '1786993688.84346', 'Last-Modified': 'Mon, 17 Aug 2026 19:08:09 GMT', 'Accept-Ranges': 'bytes', 'X-Storage-Policy': 'Policy-0', 'X-Container-Sharding': 'False', 'Vary': 'Accept', 'X-Trans-Id': 'txcffa44a67f2b4f6db8728-006a835ce8', 'X-Openstack-Request-Id': 'txcffa44a67f2b4f6db8728-006a835ce8', 'Connection': 'close'} {{(pid=103152) http_log /opt/stack/data/venv/lib/python3.12/site-packages/swiftclient/client.py:162}}
Aug 17 19:11:37.194162 np0000007577 devstack@g-api.service[103152]: DEBUG glance_store._drivers.swift.store [None req-8a47cc90-8575-4da1-a869-b199558bd382 tempest-ServerBootFromVolumeStableRescueTest-1607741862 tempest-ServerBootFromVolumeStableRescueTest-1607741862-project-member] Adding image object '9c81b192-9f7a-4cec-bbd4-508b219ba5d1' to Swift {{(pid=103152) add /opt/stack/data/venv/lib/python3.12/site-packages/glance_store/_drivers/swift/store.py:970}}
Aug 17 19:11:37.194162 np0000007577 devstack@g-api.service[103152]: DEBUG glance_store._drivers.swift.store [None req-8a47cc90-8575-4da1-a869-b199558bd382 tempest-ServerBootFromVolumeStableRescueTest-1607741862 tempest-ServerBootFromVolumeStableRescueTest-1607741862-project-member] Cannot determine image size because it is either not provided in the request or chunked-transfer encoding is used. Adding image as a segmented object to Swift. {{(pid=103152) add /opt/stack/data/venv/lib/python3.12/site-packages/glance_store/_drivers/swift/store.py:994}}
Aug 17 19:11:37.201007 np0000007577 devstack@g-api.service[103152]: DEBUG oslo_utils.imageutils.format_inspector [None req-8a47cc90-8575-4da1-a869-b199558bd382 tempest-ServerBootFromVolumeStableRescueTest-1607741862 tempest-ServerBootFromVolumeStableRescueTest-1607741862-project-member] Format inspector for vmdk does not match, excluding from consideration (Signature KDMV not found: b'QFI\xfb') {{(pid=103152) _process_chunk /opt/stack/data/venv/lib/python3.12/site-packages/oslo_utils/imageutils/format_inspector.py:1758}}
Aug 17 19:11:37.203851 np0000007577 devstack@g-api.service[103152]: DEBUG oslo_utils.imageutils.format_inspector [None req-8a47cc90-8575-4da1-a869-b199558bd382 tempest-ServerBootFromVolumeStableRescueTest-1607741862 tempest-ServerBootFromVolumeStableRescueTest-1607741862-project-member] Format inspector for vhdx does not match, excluding from consideration (Region signature not found at 30000) {{(pid=103152) _process_chunk /opt/stack/data/venv/lib/python3.12/site-packages/oslo_utils/imageutils/format_inspector.py:1758}}
Aug 17 19:11:37.210015 np0000007577 devstack@g-api.service[103150]: DEBUG glance.api.middleware.version_negotiation [None req-8a47cc90-8575-4da1-a869-b199558bd382 tempest-ServerBootFromVolumeStableRescueTest-1607741862 tempest-ServerBootFromVolumeStableRescueTest-1607741862-project-member] Determining version of request: GET /v2/images/9c81b192-9f7a-4cec-bbd4-508b219ba5d1 Accept: application/json {{(pid=103150) process_request /opt/stack/glance/glance/api/middleware/version_negotiation.py:44}}
Aug 17 19:11:37.210015 np0000007577 devstack@g-api.service[103150]: DEBUG glance.api.middleware.version_negotiation [None req-8a47cc90-8575-4da1-a869-b199558bd382 tempest-ServerBootFromVolumeStableRescueTest-1607741862 tempest-ServerBootFromVolumeStableRescueTest-1607741862-project-member] Using url versioning {{(pid=103150) process_request /opt/stack/glance/glance/api/middleware/version_negotiation.py:57}}
Aug 17 19:11:37.210845 np0000007577 devstack@g-api.service[103150]: DEBUG glance.api.middleware.version_negotiation [None req-8a47cc90-8575-4da1-a869-b199558bd382 tempest-ServerBootFromVolumeStableRescueTest-1607741862 tempest-ServerBootFromVolumeStableRescueTest-1607741862-project-member] Matched version: v2 {{(pid=103150) process_request /opt/stack/glance/glance/api/middleware/version_negotiation.py:69}}
Aug 17 19:11:37.211391 np0000007577 devstack@g-api.service[103150]: DEBUG glance.api.middleware.version_negotiation [None req-8a47cc90-8575-4da1-a869-b199558bd382 tempest-ServerBootFromVolumeStableRescueTest-1607741862 tempest-ServerBootFromVolumeStableRescueTest-1607741862-project-member] new path /v2/images/9c81b192-9f7a-4cec-bbd4-508b219ba5d1 {{(pid=103150) process_request /opt/stack/glance/glance/api/middleware/version_negotiation.py:70}}
Aug 17 19:11:37.239814 np0000007577 devstack@g-api.service[103150]: [pid: 103150|app: 0|req: 35/130] 127.0.0.1 () {40 vars in 838 bytes} [Mon Aug 17 19:11:37 2026] GET /v2/images/9c81b192-9f7a-4cec-bbd4-508b219ba5d1 => generated 1469 bytes in 31 msecs (HTTP/1.1 200) 4 headers in 158 bytes (1 switches on core 0)
Aug 17 19:11:37.531152 np0000007577 devstack@g-api.service[103152]: DEBUG swiftclient [None req-8a47cc90-8575-4da1-a869-b199558bd382 tempest-ServerBootFromVolumeStableRescueTest-1607741862 tempest-ServerBootFromVolumeStableRescueTest-1607741862-project-member] REQ: curl -i https://10.4.3.174:8080/v1/AUTH_037f38499a4746f2b26c8cebf7d65fa8/glance/9c81b192-9f7a-4cec-bbd4-508b219ba5d1-00001 -X PUT -H "X-Auth-Token: gAAAAABqg1zo1ayi..." {{(pid=103152) http_log /opt/stack/data/venv/lib/python3.12/site-packages/swiftclient/client.py:160}}
Aug 17 19:11:37.531694 np0000007577 devstack@g-api.service[103152]: DEBUG swiftclient [None req-8a47cc90-8575-4da1-a869-b199558bd382 tempest-ServerBootFromVolumeStableRescueTest-1607741862 tempest-ServerBootFromVolumeStableRescueTest-1607741862-project-member] RESP STATUS: 201 Created {{(pid=103152) http_log /opt/stack/data/venv/lib/python3.12/site-packages/swiftclient/client.py:161}}
Aug 17 19:11:37.531694 np0000007577 devstack@g-api.service[103152]: DEBUG swiftclient [None req-8a47cc90-8575-4da1-a869-b199558bd382 tempest-ServerBootFromVolumeStableRescueTest-1607741862 tempest-ServerBootFromVolumeStableRescueTest-1607741862-project-member] RESP HEADERS: {'Date': 'Mon, 17 Aug 2026 19:11:37 GMT', 'Server': 'Apache/2.4.58 (Ubuntu)', 'Content-Type': 'text/html; charset=UTF-8', 'Content-Length': '0', 'Etag': '4fa343ee581d8d2e78533191fd1ac3e1', 'Last-Modified': 'Mon, 17 Aug 2026 19:11:38 GMT', 'X-Trans-Id': 'tx7717592cc1f34af499286-006a835ce9', 'X-Openstack-Request-Id': 'tx7717592cc1f34af499286-006a835ce9', 'Connection': 'close'} {{(pid=103152) http_log /opt/stack/data/venv/lib/python3.12/site-packages/swiftclient/client.py:162}}
Aug 17 19:11:37.531843 np0000007577 devstack@g-api.service[103152]: DEBUG glance_store._drivers.swift.store [None req-8a47cc90-8575-4da1-a869-b199558bd382 tempest-ServerBootFromVolumeStableRescueTest-1607741862 tempest-ServerBootFromVolumeStableRescueTest-1607741862-project-member] Wrote chunk 9c81b192-9f7a-4cec-bbd4-508b219ba5d1-00001 (1/?) of length 23527424 to Swift returning MD5 of content: 4fa343ee581d8d2e78533191fd1ac3e1 {{(pid=103152) add /opt/stack/data/venv/lib/python3.12/site-packages/glance_store/_drivers/swift/store.py:1059}}
Aug 17 19:11:37.532202 np0000007577 devstack@g-api.service[103152]: DEBUG glance_store._drivers.swift.store [None req-8a47cc90-8575-4da1-a869-b199558bd382 tempest-ServerBootFromVolumeStableRescueTest-1607741862 tempest-ServerBootFromVolumeStableRescueTest-1607741862-project-member] Not writing zero-length chunk. {{(pid=103152) add /opt/stack/data/venv/lib/python3.12/site-packages/glance_store/_drivers/swift/store.py:1028}}
Aug 17 19:11:37.563894 np0000007577 devstack@g-api.service[103152]: DEBUG swiftclient [None req-8a47cc90-8575-4da1-a869-b199558bd382 tempest-ServerBootFromVolumeStableRescueTest-1607741862 tempest-ServerBootFromVolumeStableRescueTest-1607741862-project-member] REQ: curl -i https://10.4.3.174:8080/v1/AUTH_037f38499a4746f2b26c8cebf7d65fa8/glance/9c81b192-9f7a-4cec-bbd4-508b219ba5d1 -X PUT -H "X-Object-Manifest: glance/9c81b192-9f7a-4cec-bbd4-508b219ba5d1-" -H "X-Auth-Token: gAAAAABqg1zo1ayi..." -H "Content-Length: 0" {{(pid=103152) http_log /opt/stack/data/venv/lib/python3.12/site-packages/swiftclient/client.py:160}}
