Aug 17 19:07:35.028492 np0000007577 nova-scheduler[96753]: DEBUG cotyledon.oslo_config_glue [-] workarounds.libvirt_disable_apic = False {{(pid=96753) log_opt_values /opt/stack/data/venv/lib/python3.12/site-packages/oslo_config/cfg.py:3560}}
Aug 17 19:07:35.028492 np0000007577 nova-scheduler[96753]: DEBUG cotyledon.oslo_config_glue [-] workarounds.never_download_image_if_on_rbd = False {{(pid=96753) log_opt_values /opt/stack/data/venv/lib/python3.12/site-packages/oslo_config/cfg.py:3560}}
Aug 17 19:07:35.028492 np0000007577 nova-scheduler[96753]: DEBUG cotyledon.oslo_config_glue [-] workarounds.qemu_monitor_announce_self_count = 3 {{(pid=96753) log_opt_values /opt/stack/data/venv/lib/python3.12/site-packages/oslo_config/cfg.py:3560}}
Aug 17 19:07:35.028492 np0000007577 nova-scheduler[96753]: DEBUG cotyledon.oslo_config_glue [-] workarounds.qemu_monitor_announce_self_interval = 1 {{(pid=96753) log_opt_values /opt/stack/data/venv/lib/python3.12/site-packages/oslo_config/cfg.py:3560}}
Aug 17 19:07:35.028492 np0000007577 nova-scheduler[96753]: DEBUG cotyledon.oslo_config_glue [-] workarounds.reserve_disk_resource_for_image_cache = False {{(pid=96753) log_opt_values /opt/stack/data/venv/lib/python3.12/site-packages/oslo_config/cfg.py:3560}}
Aug 17 19:07:35.028492 np0000007577 nova-scheduler[96753]: DEBUG cotyledon.oslo_config_glue [-] workarounds.skip_cpu_compare_at_startup = False {{(pid=96753) log_opt_values /opt/stack/data/venv/lib/python3.12/site-packages/oslo_config/cfg.py:3560}}
Aug 17 19:07:35.028492 np0000007577 nova-scheduler[96753]: DEBUG cotyledon.oslo_config_glue [-] workarounds.skip_cpu_compare_on_dest = False {{(pid=96753) log_opt_values /opt/stack/data/venv/lib/python3.12/site-packages/oslo_config/cfg.py:3560}}
Aug 17 19:07:35.028806 np0000007577 nova-scheduler[96753]: DEBUG cotyledon.oslo_config_glue [-] workarounds.skip_hypervisor_version_check_on_lm = False {{(pid=96753) log_opt_values /opt/stack/data/venv/lib/python3.12/site-packages/oslo_config/cfg.py:3560}}
Aug 17 19:07:35.028806 np0000007577 nova-scheduler[96753]: DEBUG cotyledon.oslo_config_glue [-] workarounds.skip_reserve_in_use_ironic_nodes = False {{(pid=96753) log_opt_values /opt/stack/data/venv/lib/python3.12/site-packages/oslo_config/cfg.py:3560}}
Aug 17 19:07:35.028806 np0000007577 nova-scheduler[96753]: DEBUG cotyledon.oslo_config_glue [-] workarounds.unified_limits_count_pcpu_as_vcpu = False {{(pid=96753) log_opt_values /opt/stack/data/venv/lib/python3.12/site-packages/oslo_config/cfg.py:3560}}
Aug 17 19:07:35.028806 np0000007577 nova-scheduler[96753]: DEBUG cotyledon.oslo_config_glue [-] workarounds.wait_for_vif_plugged_event_during_hard_reboot = [] {{(pid=96753) log_opt_values /opt/stack/data/venv/lib/python3.12/site-packages/oslo_config/cfg.py:3560}}
Aug 17 19:07:35.028806 np0000007577 nova-scheduler[96753]: DEBUG cotyledon.oslo_config_glue [-] wsgi.api_paste_config = /etc/nova/api-paste.ini {{(pid=96753) log_opt_values /opt/stack/data/venv/lib/python3.12/site-packages/oslo_config/cfg.py:3560}}
Aug 17 19:07:35.028806 np0000007577 nova-scheduler[96753]: DEBUG cotyledon.oslo_config_glue [-] wsgi.secure_proxy_ssl_header = None {{(pid=96753) log_opt_values /opt/stack/data/venv/lib/python3.12/site-packages/oslo_config/cfg.py:3560}}
Aug 17 19:07:35.028806 np0000007577 nova-scheduler[96753]: DEBUG cotyledon.oslo_config_glue [-] zvm.ca_file = None {{(pid=96753) log_opt_values /opt/stack/data/venv/lib/python3.12/site-packages/oslo_config/cfg.py:3560}}
Aug 17 19:07:35.028806 np0000007577 nova-scheduler[96753]: DEBUG cotyledon.oslo_config_glue [-] zvm.cloud_connector_url = None {{(pid=96753) log_opt_values /opt/stack/data/venv/lib/python3.12/site-packages/oslo_config/cfg.py:3560}}
Aug 17 19:07:35.028806 np0000007577 nova-scheduler[96753]: DEBUG cotyledon.oslo_config_glue [-] zvm.image_tmp_path = /opt/stack/data/nova/images {{(pid=96753) log_opt_values /opt/stack/data/venv/lib/python3.12/site-packages/oslo_config/cfg.py:3560}}
Aug 17 19:07:35.029138 np0000007577 nova-scheduler[96753]: DEBUG cotyledon.oslo_config_glue [-] zvm.reachable_timeout = 300 {{(pid=96753) log_opt_values /opt/stack/data/venv/lib/python3.12/site-packages/oslo_config/cfg.py:3560}}
Aug 17 19:07:35.029138 np0000007577 nova-scheduler[96753]: DEBUG cotyledon.oslo_config_glue [-] oslo_versionedobjects.fatal_exception_format_errors = False {{(pid=96753) log_opt_values /opt/stack/data/venv/lib/python3.12/site-packages/oslo_config/cfg.py:3560}}
Aug 17 19:07:35.029138 np0000007577 nova-scheduler[96753]: DEBUG cotyledon.oslo_config_glue [-] oslo_middleware.http_basic_auth_user_file = /etc/htpasswd {{(pid=96753) log_opt_values /opt/stack/data/venv/lib/python3.12/site-packages/oslo_config/cfg.py:3560}}
Aug 17 19:07:35.029138 np0000007577 nova-scheduler[96753]: DEBUG cotyledon.oslo_config_glue [-] oslo_messaging_metrics.metrics_buffer_size = 1000 {{(pid=96753) log_opt_values /opt/stack/data/venv/lib/python3.12/site-packages/oslo_config/cfg.py:3560}}
Aug 17 19:07:35.029138 np0000007577 nova-scheduler[96753]: DEBUG cotyledon.oslo_config_glue [-] oslo_messaging_metrics.metrics_enabled = False {{(pid=96753) log_opt_values /opt/stack/data/venv/lib/python3.12/site-packages/oslo_config/cfg.py:3560}}
Aug 17 19:07:35.029138 np0000007577 nova-scheduler[96753]: DEBUG cotyledon.oslo_config_glue [-] oslo_messaging_metrics.metrics_process_name = {{(pid=96753) log_opt_values /opt/stack/data/venv/lib/python3.12/site-packages/oslo_config/cfg.py:3560}}
Aug 17 19:07:35.029138 np0000007577 nova-scheduler[96753]: DEBUG cotyledon.oslo_config_glue [-] oslo_messaging_metrics.metrics_socket_file = /var/tmp/metrics_collector.sock {{(pid=96753) log_opt_values /opt/stack/data/venv/lib/python3.12/site-packages/oslo_config/cfg.py:3560}}
Aug 17 19:07:35.029138 np0000007577 nova-scheduler[96753]: DEBUG cotyledon.oslo_config_glue [-] oslo_messaging_metrics.metrics_thread_stop_timeout = 10 {{(pid=96753) log_opt_values /opt/stack/data/venv/lib/python3.12/site-packages/oslo_config/cfg.py:3560}}
Aug 17 19:07:35.029494 np0000007577 nova-scheduler[96753]: DEBUG cotyledon.oslo_config_glue [-] profiler.connection_string = messaging:// {{(pid=96753) log_opt_values /opt/stack/data/venv/lib/python3.12/site-packages/oslo_config/cfg.py:3560}}
Aug 17 19:07:35.029494 np0000007577 nova-scheduler[96753]: DEBUG cotyledon.oslo_config_glue [-] profiler.enabled = False {{(pid=96753) log_opt_values /opt/stack/data/venv/lib/python3.12/site-packages/oslo_config/cfg.py:3560}}
Aug 17 19:07:35.029494 np0000007577 nova-scheduler[96753]: DEBUG cotyledon.oslo_config_glue [-] profiler.es_doc_type = notification {{(pid=96753) log_opt_values /opt/stack/data/venv/lib/python3.12/site-packages/oslo_config/cfg.py:3560}}
Aug 17 19:07:35.029494 np0000007577 nova-scheduler[96753]: DEBUG cotyledon.oslo_config_glue [-] profiler.es_scroll_size = 10000 {{(pid=96753) log_opt_values /opt/stack/data/venv/lib/python3.12/site-packages/oslo_config/cfg.py:3560}}
Aug 17 19:07:35.029494 np0000007577 nova-scheduler[96753]: DEBUG cotyledon.oslo_config_glue [-] profiler.es_scroll_time = 2m {{(pid=96753) log_opt_values /opt/stack/data/venv/lib/python3.12/site-packages/oslo_config/cfg.py:3560}}
Aug 17 19:07:35.029494 np0000007577 nova-scheduler[96753]: DEBUG cotyledon.oslo_config_glue [-] profiler.filter_error_trace = False {{(pid=96753) log_opt_values /opt/stack/data/venv/lib/python3.12/site-packages/oslo_config/cfg.py:3560}}
Aug 17 19:07:35.029494 np0000007577 nova-scheduler[96753]: DEBUG cotyledon.oslo_config_glue [-] profiler.hmac_keys = **** {{(pid=96753) log_opt_values /opt/stack/data/venv/lib/python3.12/site-packages/oslo_config/cfg.py:3560}}
Aug 17 19:07:35.029494 np0000007577 nova-scheduler[96753]: DEBUG cotyledon.oslo_config_glue [-] profiler.sentinel_service_name = mymaster {{(pid=96753) log_opt_values /opt/stack/data/venv/lib/python3.12/site-packages/oslo_config/cfg.py:3560}}
Aug 17 19:07:35.029494 np0000007577 nova-scheduler[96753]: DEBUG cotyledon.oslo_config_glue [-] profiler.socket_timeout = 0.1 {{(pid=96753) log_opt_values /opt/stack/data/venv/lib/python3.12/site-packages/oslo_config/cfg.py:3560}}
Aug 17 19:07:35.029814 np0000007577 nova-scheduler[96753]: DEBUG cotyledon.oslo_config_glue [-] profiler.trace_requests = False {{(pid=96753) log_opt_values /opt/stack/data/venv/lib/python3.12/site-packages/oslo_config/cfg.py:3560}}
Aug 17 19:07:35.029814 np0000007577 nova-scheduler[96753]: DEBUG cotyledon.oslo_config_glue [-] profiler.trace_sqlalchemy = False {{(pid=96753) log_opt_values /opt/stack/data/venv/lib/python3.12/site-packages/oslo_config/cfg.py:3560}}
Aug 17 19:07:35.029814 np0000007577 nova-scheduler[96753]: DEBUG cotyledon.oslo_config_glue [-] profiler_jaeger.process_tags = {} {{(pid=96753) log_opt_values /opt/stack/data/venv/lib/python3.12/site-packages/oslo_config/cfg.py:3560}}
Aug 17 19:07:35.029814 np0000007577 nova-scheduler[96753]: DEBUG cotyledon.oslo_config_glue [-] profiler_jaeger.service_name_prefix = None {{(pid=96753) log_opt_values /opt/stack/data/venv/lib/python3.12/site-packages/oslo_config/cfg.py:3560}}
Aug 17 19:07:35.029814 np0000007577 nova-scheduler[96753]: DEBUG cotyledon.oslo_config_glue [-] profiler_otlp.service_name_prefix = None {{(pid=96753) log_opt_values /opt/stack/data/venv/lib/python3.12/site-packages/oslo_config/cfg.py:3560}}
Aug 17 19:07:35.029814 np0000007577 nova-scheduler[96753]: DEBUG cotyledon.oslo_config_glue [-] oslo_messaging_rabbit.amqp_auto_delete = False {{(pid=96753) log_opt_values /opt/stack/data/venv/lib/python3.12/site-packages/oslo_config/cfg.py:3560}}
Aug 17 19:07:35.029814 np0000007577 nova-scheduler[96753]: DEBUG cotyledon.oslo_config_glue [-] oslo_messaging_rabbit.amqp_durable_queues = False {{(pid=96753) log_opt_values /opt/stack/data/venv/lib/python3.12/site-packages/oslo_config/cfg.py:3560}}
Aug 17 19:07:35.029814 np0000007577 nova-scheduler[96753]: DEBUG cotyledon.oslo_config_glue [-] oslo_messaging_rabbit.conn_pool_min_size = 2 {{(pid=96753) log_opt_values /opt/stack/data/venv/lib/python3.12/site-packages/oslo_config/cfg.py:3560}}
Aug 17 19:07:35.029814 np0000007577 nova-scheduler[96753]: DEBUG cotyledon.oslo_config_glue [-] oslo_messaging_rabbit.conn_pool_ttl = 1200 {{(pid=96753) log_opt_values /opt/stack/data/venv/lib/python3.12/site-packages/oslo_config/cfg.py:3560}}
Aug 17 19:07:35.030098 np0000007577 nova-scheduler[96753]: DEBUG cotyledon.oslo_config_glue [-] oslo_messaging_rabbit.direct_mandatory_flag = True {{(pid=96753) log_opt_values /opt/stack/data/venv/lib/python3.12/site-packages/oslo_config/cfg.py:3560}}
Aug 17 19:07:35.030098 np0000007577 nova-scheduler[96753]: DEBUG cotyledon.oslo_config_glue [-] oslo_messaging_rabbit.enable_cancel_on_failover = False {{(pid=96753) log_opt_values /opt/stack/data/venv/lib/python3.12/site-packages/oslo_config/cfg.py:3560}}
Aug 17 19:07:35.030098 np0000007577 nova-scheduler[96753]: DEBUG cotyledon.oslo_config_glue [-] oslo_messaging_rabbit.heartbeat_rate = 3 {{(pid=96753) log_opt_values /opt/stack/data/venv/lib/python3.12/site-packages/oslo_config/cfg.py:3560}}
Aug 17 19:07:35.030098 np0000007577 nova-scheduler[96753]: DEBUG cotyledon.oslo_config_glue [-] oslo_messaging_rabbit.heartbeat_timeout_threshold = 60 {{(pid=96753) log_opt_values /opt/stack/data/venv/lib/python3.12/site-packages/oslo_config/cfg.py:3560}}
Aug 17 19:07:35.030098 np0000007577 nova-scheduler[96753]: DEBUG cotyledon.oslo_config_glue [-] oslo_messaging_rabbit.hostname = np0000007577 {{(pid=96753) log_opt_values /opt/stack/data/venv/lib/python3.12/site-packages/oslo_config/cfg.py:3560}}
Aug 17 19:07:35.030098 np0000007577 nova-scheduler[96753]: DEBUG cotyledon.oslo_config_glue [-] oslo_messaging_rabbit.kombu_compression = None {{(pid=96753) log_opt_values /opt/stack/data/venv/lib/python3.12/site-packages/oslo_config/cfg.py:3560}}
Aug 17 19:07:35.030098 np0000007577 nova-scheduler[96753]: DEBUG cotyledon.oslo_config_glue [-] oslo_messaging_rabbit.kombu_failover_strategy = round-robin {{(pid=96753) log_opt_values /opt/stack/data/venv/lib/python3.12/site-packages/oslo_config/cfg.py:3560}}
Aug 17 19:07:35.030098 np0000007577 nova-scheduler[96753]: DEBUG cotyledon.oslo_config_glue [-] oslo_messaging_rabbit.kombu_missing_consumer_retry_timeout = 60 {{(pid=96753) log_opt_values /opt/stack/data/venv/lib/python3.12/site-packages/oslo_config/cfg.py:3560}}
Aug 17 19:07:35.030098 np0000007577 nova-scheduler[96753]: DEBUG cotyledon.oslo_config_glue [-] oslo_messaging_rabbit.kombu_reconnect_delay = 1.0 {{(pid=96753) log_opt_values /opt/stack/data/venv/lib/python3.12/site-packages/oslo_config/cfg.py:3560}}
Aug 17 19:07:35.030412 np0000007577 nova-scheduler[96753]: DEBUG cotyledon.oslo_config_glue [-] oslo_messaging_rabbit.kombu_reconnect_splay = 0.0 {{(pid=96753) log_opt_values /opt/stack/data/venv/lib/python3.12/site-packages/oslo_config/cfg.py:3560}}
Aug 17 19:07:35.030412 np0000007577 nova-scheduler[96753]: DEBUG cotyledon.oslo_config_glue [-] oslo_messaging_rabbit.processname = nova-scheduler {{(pid=96753) log_opt_values /opt/stack/data/venv/lib/python3.12/site-packages/oslo_config/cfg.py:3560}}
Aug 17 19:07:35.030412 np0000007577 nova-scheduler[96753]: DEBUG cotyledon.oslo_config_glue [-] oslo_messaging_rabbit.rabbit_ha_queues = False {{(pid=96753) log_opt_values /opt/stack/data/venv/lib/python3.12/site-packages/oslo_config/cfg.py:3560}}
Aug 17 19:07:35.030412 np0000007577 nova-scheduler[96753]: DEBUG cotyledon.oslo_config_glue [-] oslo_messaging_rabbit.rabbit_interval_max = 30 {{(pid=96753) log_opt_values /opt/stack/data/venv/lib/python3.12/site-packages/oslo_config/cfg.py:3560}}
Aug 17 19:07:35.030412 np0000007577 nova-scheduler[96753]: DEBUG cotyledon.oslo_config_glue [-] oslo_messaging_rabbit.rabbit_login_method = AMQPLAIN {{(pid=96753) log_opt_values /opt/stack/data/venv/lib/python3.12/site-packages/oslo_config/cfg.py:3560}}
Aug 17 19:07:35.030412 np0000007577 nova-scheduler[96753]: DEBUG cotyledon.oslo_config_glue [-] oslo_messaging_rabbit.rabbit_qos_prefetch_count = 0 {{(pid=96753) log_opt_values /opt/stack/data/venv/lib/python3.12/site-packages/oslo_config/cfg.py:3560}}
Aug 17 19:07:35.030412 np0000007577 nova-scheduler[96753]: DEBUG cotyledon.oslo_config_glue [-] oslo_messaging_rabbit.rabbit_quorum_delivery_limit = 0 {{(pid=96753) log_opt_values /opt/stack/data/venv/lib/python3.12/site-packages/oslo_config/cfg.py:3560}}
Aug 17 19:07:35.030412 np0000007577 nova-scheduler[96753]: DEBUG cotyledon.oslo_config_glue [-] oslo_messaging_rabbit.rabbit_quorum_max_memory_bytes = 0 {{(pid=96753) log_opt_values /opt/stack/data/venv/lib/python3.12/site-packages/oslo_config/cfg.py:3560}}
Aug 17 19:07:35.030412 np0000007577 nova-scheduler[96753]: DEBUG cotyledon.oslo_config_glue [-] oslo_messaging_rabbit.rabbit_quorum_max_memory_length = 0 {{(pid=96753) log_opt_values /opt/stack/data/venv/lib/python3.12/site-packages/oslo_config/cfg.py:3560}}
Aug 17 19:07:35.030694 np0000007577 nova-scheduler[96753]: DEBUG cotyledon.oslo_config_glue [-] oslo_messaging_rabbit.rabbit_quorum_queue = False {{(pid=96753) log_opt_values /opt/stack/data/venv/lib/python3.12/site-packages/oslo_config/cfg.py:3560}}
Aug 17 19:07:35.030694 np0000007577 nova-scheduler[96753]: DEBUG cotyledon.oslo_config_glue [-] oslo_messaging_rabbit.rabbit_retry_backoff = 2 {{(pid=96753) log_opt_values /opt/stack/data/venv/lib/python3.12/site-packages/oslo_config/cfg.py:3560}}
Aug 17 19:07:35.030694 np0000007577 nova-scheduler[96753]: DEBUG cotyledon.oslo_config_glue [-] oslo_messaging_rabbit.rabbit_retry_interval = 1 {{(pid=96753) log_opt_values /opt/stack/data/venv/lib/python3.12/site-packages/oslo_config/cfg.py:3560}}
Aug 17 19:07:35.030694 np0000007577 nova-scheduler[96753]: DEBUG cotyledon.oslo_config_glue [-] oslo_messaging_rabbit.rabbit_stream_fanout = False {{(pid=96753) log_opt_values /opt/stack/data/venv/lib/python3.12/site-packages/oslo_config/cfg.py:3560}}
Aug 17 19:07:35.030694 np0000007577 nova-scheduler[96753]: DEBUG cotyledon.oslo_config_glue [-] oslo_messaging_rabbit.rabbit_transient_queues_ttl = 1800 {{(pid=96753) log_opt_values /opt/stack/data/venv/lib/python3.12/site-packages/oslo_config/cfg.py:3560}}
Aug 17 19:07:35.030694 np0000007577 nova-scheduler[96753]: DEBUG cotyledon.oslo_config_glue [-] oslo_messaging_rabbit.rabbit_transient_quorum_queue = False {{(pid=96753) log_opt_values /opt/stack/data/venv/lib/python3.12/site-packages/oslo_config/cfg.py:3560}}
Aug 17 19:07:35.030694 np0000007577 nova-scheduler[96753]: DEBUG cotyledon.oslo_config_glue [-] oslo_messaging_rabbit.rpc_conn_pool_size = 30 {{(pid=96753) log_opt_values /opt/stack/data/venv/lib/python3.12/site-packages/oslo_config/cfg.py:3560}}
Aug 17 19:07:35.030694 np0000007577 nova-scheduler[96753]: DEBUG cotyledon.oslo_config_glue [-] oslo_messaging_rabbit.ssl = False {{(pid=96753) log_opt_values /opt/stack/data/venv/lib/python3.12/site-packages/oslo_config/cfg.py:3560}}
Aug 17 19:07:35.030694 np0000007577 nova-scheduler[96753]: DEBUG cotyledon.oslo_config_glue [-] oslo_messaging_rabbit.ssl_ca_file = {{(pid=96753) log_opt_values /opt/stack/data/venv/lib/python3.12/site-packages/oslo_config/cfg.py:3560}}
Aug 17 19:07:35.031468 np0000007577 nova-scheduler[96753]: DEBUG cotyledon.oslo_config_glue [-] oslo_messaging_rabbit.ssl_cert_file = {{(pid=96753) log_opt_values /opt/stack/data/venv/lib/python3.12/site-packages/oslo_config/cfg.py:3560}}
Aug 17 19:07:35.031468 np0000007577 nova-scheduler[96753]: DEBUG cotyledon.oslo_config_glue [-] oslo_messaging_rabbit.ssl_enforce_fips_mode = False {{(pid=96753) log_opt_values /opt/stack/data/venv/lib/python3.12/site-packages/oslo_config/cfg.py:3560}}
Aug 17 19:07:35.031468 np0000007577 nova-scheduler[96753]: DEBUG cotyledon.oslo_config_glue [-] oslo_messaging_rabbit.ssl_enforce_hostname_verification = True {{(pid=96753) log_opt_values /opt/stack/data/venv/lib/python3.12/site-packages/oslo_config/cfg.py:3560}}
Aug 17 19:07:35.031468 np0000007577 nova-scheduler[96753]: DEBUG cotyledon.oslo_config_glue [-] oslo_messaging_rabbit.ssl_key_file = {{(pid=96753) log_opt_values /opt/stack/data/venv/lib/python3.12/site-packages/oslo_config/cfg.py:3560}}
Aug 17 19:07:35.031468 np0000007577 nova-scheduler[96753]: DEBUG cotyledon.oslo_config_glue [-] oslo_messaging_rabbit.ssl_version = {{(pid=96753) log_opt_values /opt/stack/data/venv/lib/python3.12/site-packages/oslo_config/cfg.py:3560}}
Aug 17 19:07:35.031468 np0000007577 nova-scheduler[96753]: DEBUG cotyledon.oslo_config_glue [-] oslo_messaging_rabbit.use_queue_manager = False {{(pid=96753) log_opt_values /opt/stack/data/venv/lib/python3.12/site-packages/oslo_config/cfg.py:3560}}
Aug 17 19:07:35.031468 np0000007577 nova-scheduler[96753]: DEBUG cotyledon.oslo_config_glue [-] oslo_messaging_notifications.driver = ['messagingv2'] {{(pid=96753) log_opt_values /opt/stack/data/venv/lib/python3.12/site-packages/oslo_config/cfg.py:3560}}
Aug 17 19:07:35.031468 np0000007577 nova-scheduler[96753]: DEBUG cotyledon.oslo_config_glue [-] oslo_messaging_notifications.retry = -1 {{(pid=96753) log_opt_values /opt/stack/data/venv/lib/python3.12/site-packages/oslo_config/cfg.py:3560}}
Aug 17 19:07:35.031468 np0000007577 nova-scheduler[96753]: DEBUG cotyledon.oslo_config_glue [-] oslo_messaging_notifications.topics = ['notifications'] {{(pid=96753) log_opt_values /opt/stack/data/venv/lib/python3.12/site-packages/oslo_config/cfg.py:3560}}
Aug 17 19:07:35.031754 np0000007577 nova-scheduler[96753]: DEBUG cotyledon.oslo_config_glue [-] oslo_messaging_notifications.transport_url = **** {{(pid=96753) log_opt_values /opt/stack/data/venv/lib/python3.12/site-packages/oslo_config/cfg.py:3560}}
Aug 17 19:07:35.031754 np0000007577 nova-scheduler[96753]: DEBUG cotyledon.oslo_config_glue [-] oslo_limit.auth_section = None {{(pid=96753) log_opt_values /opt/stack/data/venv/lib/python3.12/site-packages/oslo_config/cfg.py:3560}}
Aug 17 19:07:35.031754 np0000007577 nova-scheduler[96753]: DEBUG cotyledon.oslo_config_glue [-] oslo_limit.auth_type = None {{(pid=96753) log_opt_values /opt/stack/data/venv/lib/python3.12/site-packages/oslo_config/cfg.py:3560}}
Aug 17 19:07:35.031754 np0000007577 nova-scheduler[96753]: DEBUG cotyledon.oslo_config_glue [-] oslo_limit.cafile = None {{(pid=96753) log_opt_values /opt/stack/data/venv/lib/python3.12/site-packages/oslo_config/cfg.py:3560}}
Aug 17 19:07:35.031754 np0000007577 nova-scheduler[96753]: DEBUG cotyledon.oslo_config_glue [-] oslo_limit.certfile = None {{(pid=96753) log_opt_values /opt/stack/data/venv/lib/python3.12/site-packages/oslo_config/cfg.py:3560}}
Aug 17 19:07:35.031754 np0000007577 nova-scheduler[96753]: DEBUG cotyledon.oslo_config_glue [-] oslo_limit.collect_timing = False {{(pid=96753) log_opt_values /opt/stack/data/venv/lib/python3.12/site-packages/oslo_config/cfg.py:3560}}
Aug 17 19:07:35.031754 np0000007577 nova-scheduler[96753]: DEBUG cotyledon.oslo_config_glue [-] oslo_limit.connect_retries = None {{(pid=96753) log_opt_values /opt/stack/data/venv/lib/python3.12/site-packages/oslo_config/cfg.py:3560}}
Aug 17 19:07:35.031754 np0000007577 nova-scheduler[96753]: DEBUG cotyledon.oslo_config_glue [-] oslo_limit.connect_retry_delay = None {{(pid=96753) log_opt_values /opt/stack/data/venv/lib/python3.12/site-packages/oslo_config/cfg.py:3560}}
Aug 17 19:07:35.031754 np0000007577 nova-scheduler[96753]: DEBUG cotyledon.oslo_config_glue [-] oslo_limit.endpoint_id = None {{(pid=96753) log_opt_values /opt/stack/data/venv/lib/python3.12/site-packages/oslo_config/cfg.py:3560}}
Aug 17 19:07:35.032747 np0000007577 nova-scheduler[96753]: DEBUG cotyledon.oslo_config_glue [-] oslo_limit.endpoint_interface = public {{(pid=96753) log_opt_values /opt/stack/data/venv/lib/python3.12/site-packages/oslo_config/cfg.py:3560}}
Aug 17 19:07:35.032747 np0000007577 nova-scheduler[96753]: DEBUG cotyledon.oslo_config_glue [-] oslo_limit.endpoint_override = None {{(pid=96753) log_opt_values /opt/stack/data/venv/lib/python3.12/site-packages/oslo_config/cfg.py:3560}}
Aug 17 19:07:35.032747 np0000007577 nova-scheduler[96753]: DEBUG cotyledon.oslo_config_glue [-] oslo_limit.endpoint_region_name = None {{(pid=96753) log_opt_values /opt/stack/data/venv/lib/python3.12/site-packages/oslo_config/cfg.py:3560}}
Aug 17 19:07:35.032747 np0000007577 nova-scheduler[96753]: DEBUG cotyledon.oslo_config_glue [-] oslo_limit.endpoint_service_name = None {{(pid=96753) log_opt_values /opt/stack/data/venv/lib/python3.12/site-packages/oslo_config/cfg.py:3560}}
Aug 17 19:07:35.032747 np0000007577 nova-scheduler[96753]: DEBUG cotyledon.oslo_config_glue [-] oslo_limit.endpoint_service_type = None {{(pid=96753) log_opt_values /opt/stack/data/venv/lib/python3.12/site-packages/oslo_config/cfg.py:3560}}
Aug 17 19:07:35.032747 np0000007577 nova-scheduler[96753]: DEBUG cotyledon.oslo_config_glue [-] oslo_limit.insecure = False {{(pid=96753) log_opt_values /opt/stack/data/venv/lib/python3.12/site-packages/oslo_config/cfg.py:3560}}
Aug 17 19:07:35.032747 np0000007577 nova-scheduler[96753]: DEBUG cotyledon.oslo_config_glue [-] oslo_limit.keyfile = None {{(pid=96753) log_opt_values /opt/stack/data/venv/lib/python3.12/site-packages/oslo_config/cfg.py:3560}}
Aug 17 19:07:35.032747 np0000007577 nova-scheduler[96753]: DEBUG cotyledon.oslo_config_glue [-] oslo_limit.max_version = None {{(pid=96753) log_opt_values /opt/stack/data/venv/lib/python3.12/site-packages/oslo_config/cfg.py:3560}}
Aug 17 19:07:35.032747 np0000007577 nova-scheduler[96753]: DEBUG cotyledon.oslo_config_glue [-] oslo_limit.min_version = None {{(pid=96753) log_opt_values /opt/stack/data/venv/lib/python3.12/site-packages/oslo_config/cfg.py:3560}}
Aug 17 19:07:35.033064 np0000007577 nova-scheduler[96753]: DEBUG cotyledon.oslo_config_glue [-] oslo_limit.region_name = None {{(pid=96753) log_opt_values /opt/stack/data/venv/lib/python3.12/site-packages/oslo_config/cfg.py:3560}}
Aug 17 19:07:35.033064 np0000007577 nova-scheduler[96753]: DEBUG cotyledon.oslo_config_glue [-] oslo_limit.retriable_status_codes = None {{(pid=96753) log_opt_values /opt/stack/data/venv/lib/python3.12/site-packages/oslo_config/cfg.py:3560}}
Aug 17 19:07:35.033064 np0000007577 nova-scheduler[96753]: DEBUG cotyledon.oslo_config_glue [-] oslo_limit.service_name = None {{(pid=96753) log_opt_values /opt/stack/data/venv/lib/python3.12/site-packages/oslo_config/cfg.py:3560}}
Aug 17 19:07:35.033064 np0000007577 nova-scheduler[96753]: DEBUG cotyledon.oslo_config_glue [-] oslo_limit.service_type = None {{(pid=96753) log_opt_values /opt/stack/data/venv/lib/python3.12/site-packages/oslo_config/cfg.py:3560}}
Aug 17 19:07:35.033064 np0000007577 nova-scheduler[96753]: DEBUG cotyledon.oslo_config_glue [-] oslo_limit.split_loggers = False {{(pid=96753) log_opt_values /opt/stack/data/venv/lib/python3.12/site-packages/oslo_config/cfg.py:3560}}
Aug 17 19:07:35.033064 np0000007577 nova-scheduler[96753]: DEBUG cotyledon.oslo_config_glue [-] oslo_limit.status_code_retries = None {{(pid=96753) log_opt_values /opt/stack/data/venv/lib/python3.12/site-packages/oslo_config/cfg.py:3560}}
Aug 17 19:07:35.033064 np0000007577 nova-scheduler[96753]: DEBUG cotyledon.oslo_config_glue [-] oslo_limit.status_code_retry_delay = None {{(pid=96753) log_opt_values /opt/stack/data/venv/lib/python3.12/site-packages/oslo_config/cfg.py:3560}}
Aug 17 19:07:35.033064 np0000007577 nova-scheduler[96753]: DEBUG cotyledon.oslo_config_glue [-] oslo_limit.timeout = None {{(pid=96753) log_opt_values /opt/stack/data/venv/lib/python3.12/site-packages/oslo_config/cfg.py:3560}}
Aug 17 19:07:35.033064 np0000007577 nova-scheduler[96753]: DEBUG cotyledon.oslo_config_glue [-] oslo_limit.valid_interfaces = None {{(pid=96753) log_opt_values /opt/stack/data/venv/lib/python3.12/site-packages/oslo_config/cfg.py:3560}}
Aug 17 19:07:35.033360 np0000007577 nova-scheduler[96753]: DEBUG cotyledon.oslo_config_glue [-] oslo_limit.version = None {{(pid=96753) log_opt_values /opt/stack/data/venv/lib/python3.12/site-packages/oslo_config/cfg.py:3560}}
Aug 17 19:07:35.033360 np0000007577 nova-scheduler[96753]: DEBUG cotyledon.oslo_config_glue [-] oslo_reports.file_event_handler = None {{(pid=96753) log_opt_values /opt/stack/data/venv/lib/python3.12/site-packages/oslo_config/cfg.py:3560}}
Aug 17 19:07:35.033360 np0000007577 nova-scheduler[96753]: DEBUG cotyledon.oslo_config_glue [-] oslo_reports.file_event_handler_interval = 1 {{(pid=96753) log_opt_values /opt/stack/data/venv/lib/python3.12/site-packages/oslo_config/cfg.py:3560}}
Aug 17 19:07:35.033360 np0000007577 nova-scheduler[96753]: DEBUG cotyledon.oslo_config_glue [-] oslo_reports.log_dir = None {{(pid=96753) log_opt_values /opt/stack/data/venv/lib/python3.12/site-packages/oslo_config/cfg.py:3560}}
Aug 17 19:07:35.033360 np0000007577 nova-scheduler[96753]: DEBUG cotyledon.oslo_config_glue [-] ******************************************************************************** {{(pid=96753) log_opt_values /opt/stack/data/venv/lib/python3.12/site-packages/oslo_config/cfg.py:3567}}
Aug 17 19:07:35.033360 np0000007577 nova-scheduler[96753]: DEBUG cotyledon._service_worker [-] Run service ServiceWrapper(3) [96753] {{(pid=96753) wait_forever /opt/stack/data/venv/lib/python3.12/site-packages/cotyledon/_service_worker.py:218}}
Aug 17 19:07:35.033360 np0000007577 nova-scheduler[96753]: INFO nova.service [-] Starting scheduler node (version 33.1.0)
Aug 17 19:07:35.033360 np0000007577 nova-scheduler[96753]: INFO dbcounter [None req-300c0c6a-cd63-4489-baaa-f562f6540677 None None] Registered counter for database nova_cell0
Aug 17 19:07:35.033616 np0000007577 nova-scheduler[96747]: DEBUG oslo_db.sqlalchemy.engines [None req-9d8080a4-9c99-4f1f-8e38-a822ba568743 None None] MySQL server mode set to STRICT_TRANS_TABLES,STRICT_ALL_TABLES,NO_ZERO_IN_DATE,NO_ZERO_DATE,ERROR_FOR_DIVISION_BY_ZERO,TRADITIONAL,NO_ENGINE_SUBSTITUTION {{(pid=96747) _check_effective_sql_mode /opt/stack/data/venv/lib/python3.12/site-packages/oslo_db/sqlalchemy/engines.py:325}}
Aug 17 19:07:35.033667 np0000007577 nova-scheduler[96749]: DEBUG oslo_db.sqlalchemy.engines [None req-42316930-119a-458d-9ee3-52b1b0c7a716 None None] MySQL server mode set to STRICT_TRANS_TABLES,STRICT_ALL_TABLES,NO_ZERO_IN_DATE,NO_ZERO_DATE,ERROR_FOR_DIVISION_BY_ZERO,TRADITIONAL,NO_ENGINE_SUBSTITUTION {{(pid=96749) _check_effective_sql_mode /opt/stack/data/venv/lib/python3.12/site-packages/oslo_db/sqlalchemy/engines.py:325}}
Aug 17 19:07:35.033716 np0000007577 nova-scheduler[96747]: DEBUG dbcounter [-] [96747] Writer thread running {{(pid=96747) stat_writer /opt/stack/data/venv/lib/python3.12/site-packages/dbcounter.py:102}}
Aug 17 19:07:35.033756 np0000007577 nova-scheduler[96749]: DEBUG dbcounter [-] [96749] Writer thread running {{(pid=96749) stat_writer /opt/stack/data/venv/lib/python3.12/site-packages/dbcounter.py:102}}
Aug 17 19:07:35.034427 np0000007577 nova-scheduler[96751]: DEBUG oslo_db.sqlalchemy.engines [None req-3c00dc89-4495-4626-a40a-b0fb93bbb028 None None] MySQL server mode set to STRICT_TRANS_TABLES,STRICT_ALL_TABLES,NO_ZERO_IN_DATE,NO_ZERO_DATE,ERROR_FOR_DIVISION_BY_ZERO,TRADITIONAL,NO_ENGINE_SUBSTITUTION {{(pid=96751) _check_effective_sql_mode /opt/stack/data/venv/lib/python3.12/site-packages/oslo_db/sqlalchemy/engines.py:325}}
Aug 17 19:07:35.038929 np0000007577 nova-scheduler[96749]: DEBUG nova.service [None req-42316930-119a-458d-9ee3-52b1b0c7a716 None None] Creating RPC server for service: nova-scheduler on topic: scheduler {{(pid=96749) start /opt/stack/nova/nova/service.py:262}}
Aug 17 19:07:35.039657 np0000007577 nova-scheduler[96753]: DEBUG oslo_db.sqlalchemy.engines [None req-300c0c6a-cd63-4489-baaa-f562f6540677 None None] MySQL server mode set to STRICT_TRANS_TABLES,STRICT_ALL_TABLES,NO_ZERO_IN_DATE,NO_ZERO_DATE,ERROR_FOR_DIVISION_BY_ZERO,TRADITIONAL,NO_ENGINE_SUBSTITUTION {{(pid=96753) _check_effective_sql_mode /opt/stack/data/venv/lib/python3.12/site-packages/oslo_db/sqlalchemy/engines.py:325}}
Aug 17 19:07:35.042790 np0000007577 nova-scheduler[96751]: DEBUG dbcounter [-] [96751] Writer thread running {{(pid=96751) stat_writer /opt/stack/data/venv/lib/python3.12/site-packages/dbcounter.py:102}}
Aug 17 19:07:35.046150 np0000007577 nova-scheduler[96747]: DEBUG nova.service [None req-9d8080a4-9c99-4f1f-8e38-a822ba568743 None None] Creating RPC server for service: nova-scheduler on topic: scheduler {{(pid=96747) start /opt/stack/nova/nova/service.py:262}}
Aug 17 19:07:35.047575 np0000007577 nova-scheduler[96751]: DEBUG nova.service [None req-3c00dc89-4495-4626-a40a-b0fb93bbb028 None None] Creating RPC server for service: nova-scheduler on topic: scheduler {{(pid=96751) start /opt/stack/nova/nova/service.py:262}}
Aug 17 19:07:35.056750 np0000007577 nova-scheduler[96753]: DEBUG dbcounter [-] [96753] Writer thread running {{(pid=96753) stat_writer /opt/stack/data/venv/lib/python3.12/site-packages/dbcounter.py:102}}
Aug 17 19:07:35.063634 np0000007577 nova-scheduler[96753]: DEBUG nova.service [None req-300c0c6a-cd63-4489-baaa-f562f6540677 None None] Creating RPC server for service: nova-scheduler on topic: scheduler {{(pid=96753) start /opt/stack/nova/nova/service.py:262}}
Aug 17 19:07:35.081238 np0000007577 nova-scheduler[96747]: DEBUG nova.service [None req-9d8080a4-9c99-4f1f-8e38-a822ba568743 None None] Join ServiceGroup membership for this service scheduler {{(pid=96747) start /opt/stack/nova/nova/service.py:288}}
Aug 17 19:07:35.082161 np0000007577 nova-scheduler[96747]: DEBUG nova.servicegroup.drivers.db [None req-9d8080a4-9c99-4f1f-8e38-a822ba568743 None None] DB_Driver: join new ServiceGroup member np0000007577 to the scheduler group, service = {{(pid=96747) join /opt/stack/nova/nova/servicegroup/drivers/db.py:44}}
Aug 17 19:07:35.088307 np0000007577 nova-scheduler[96751]: DEBUG nova.service [None req-3c00dc89-4495-4626-a40a-b0fb93bbb028 None None] Join ServiceGroup membership for this service scheduler {{(pid=96751) start /opt/stack/nova/nova/service.py:288}}
Aug 17 19:07:35.088763 np0000007577 nova-scheduler[96751]: DEBUG nova.servicegroup.drivers.db [None req-3c00dc89-4495-4626-a40a-b0fb93bbb028 None None] DB_Driver: join new ServiceGroup member np0000007577 to the scheduler group, service = {{(pid=96751) join /opt/stack/nova/nova/servicegroup/drivers/db.py:44}}
Aug 17 19:07:35.094915 np0000007577 nova-scheduler[96749]: DEBUG nova.service [None req-42316930-119a-458d-9ee3-52b1b0c7a716 None None] Join ServiceGroup membership for this service scheduler {{(pid=96749) start /opt/stack/nova/nova/service.py:288}}
Aug 17 19:07:35.095648 np0000007577 nova-scheduler[96749]: DEBUG nova.servicegroup.drivers.db [None req-42316930-119a-458d-9ee3-52b1b0c7a716 None None] DB_Driver: join new ServiceGroup member np0000007577 to the scheduler group, service = {{(pid=96749) join /opt/stack/nova/nova/servicegroup/drivers/db.py:44}}
Aug 17 19:07:35.099865 np0000007577 nova-scheduler[96753]: DEBUG nova.service [None req-300c0c6a-cd63-4489-baaa-f562f6540677 None None] Join ServiceGroup membership for this service scheduler {{(pid=96753) start /opt/stack/nova/nova/service.py:288}}
Aug 17 19:07:35.100155 np0000007577 nova-scheduler[96753]: DEBUG nova.servicegroup.drivers.db [None req-300c0c6a-cd63-4489-baaa-f562f6540677 None None] DB_Driver: join new ServiceGroup member np0000007577 to the scheduler group, service = {{(pid=96753) join /opt/stack/nova/nova/servicegroup/drivers/db.py:44}}
Aug 17 19:07:40.102926 np0000007577 nova-scheduler[96747]: DEBUG oslo.service.backend._threading.loopingcall [-] Fixed interval looping call 'nova.servicegroup.drivers.db.DbDriver._report_state' sleeping for 119.98 seconds {{(pid=96747) _run_loop /opt/stack/data/venv/lib/python3.12/site-packages/oslo_service/backend/_threading/loopingcall.py:125}}
Aug 17 19:07:40.106174 np0000007577 nova-scheduler[96751]: DEBUG oslo.service.backend._threading.loopingcall [-] Fixed interval looping call 'nova.servicegroup.drivers.db.DbDriver._report_state' sleeping for 119.98 seconds {{(pid=96751) _run_loop /opt/stack/data/venv/lib/python3.12/site-packages/oslo_service/backend/_threading/loopingcall.py:125}}
Aug 17 19:07:40.106876 np0000007577 nova-scheduler[96749]: DEBUG oslo.service.backend._threading.loopingcall [-] Fixed interval looping call 'nova.servicegroup.drivers.db.DbDriver._report_state' sleeping for 119.99 seconds {{(pid=96749) _run_loop /opt/stack/data/venv/lib/python3.12/site-packages/oslo_service/backend/_threading/loopingcall.py:125}}
Aug 17 19:07:40.114995 np0000007577 nova-scheduler[96753]: DEBUG oslo.service.backend._threading.loopingcall [-] Fixed interval looping call 'nova.servicegroup.drivers.db.DbDriver._report_state' sleeping for 119.99 seconds {{(pid=96753) _run_loop /opt/stack/data/venv/lib/python3.12/site-packages/oslo_service/backend/_threading/loopingcall.py:125}}
Aug 17 19:07:41.086150 np0000007577 nova-scheduler[96747]: DEBUG oslo.service.backend._threading.loopingcall [None req-1035c6b1-9d4e-46c6-a8c3-811240eb8a4c None None] Dynamic interval looping call 'nova.service.Service.periodic_tasks' sleeping for 60.00 seconds {{(pid=96747) _run_loop /opt/stack/data/venv/lib/python3.12/site-packages/oslo_service/backend/_threading/loopingcall.py:125}}
Aug 17 19:07:43.529185 np0000007577 nova-scheduler[95513]: DEBUG dbcounter [-] [95513] Writing DB stats nova_api:SELECT=3 {{(pid=95513) stat_writer /opt/stack/data/venv/lib/python3.12/site-packages/dbcounter.py:115}}
Aug 17 19:07:43.719879 np0000007577 nova-scheduler[95513]: DEBUG dbcounter [-] [95513] Writing DB stats nova_cell0:SELECT=1 {{(pid=95513) stat_writer /opt/stack/data/venv/lib/python3.12/site-packages/dbcounter.py:115}}
Aug 17 19:07:43.724185 np0000007577 nova-scheduler[95513]: DEBUG dbcounter [-] [95513] Writing DB stats nova_cell1:SELECT=1 {{(pid=95513) stat_writer /opt/stack/data/venv/lib/python3.12/site-packages/dbcounter.py:115}}
Aug 17 19:07:50.095703 np0000007577 nova-scheduler[96747]: DEBUG dbcounter [-] [96747] Writing DB stats nova_cell0:SELECT=5,nova_cell0:INSERT=1,nova_cell0:UPDATE=1 {{(pid=96747) stat_writer /opt/stack/data/venv/lib/python3.12/site-packages/dbcounter.py:115}}
Aug 17 19:07:50.103750 np0000007577 nova-scheduler[96751]: DEBUG dbcounter [-] [96751] Writing DB stats nova_cell0:SELECT=3,nova_cell0:UPDATE=1 {{(pid=96751) stat_writer /opt/stack/data/venv/lib/python3.12/site-packages/dbcounter.py:115}}
Aug 17 19:07:50.104621 np0000007577 nova-scheduler[96749]: DEBUG dbcounter [-] [96749] Writing DB stats nova_cell0:SELECT=4,nova_cell0:INSERT=1 {{(pid=96749) stat_writer /opt/stack/data/venv/lib/python3.12/site-packages/dbcounter.py:115}}
Aug 17 19:07:50.111761 np0000007577 nova-scheduler[96753]: DEBUG dbcounter [-] [96753] Writing DB stats nova_cell0:SELECT=3 {{(pid=96753) stat_writer /opt/stack/data/venv/lib/python3.12/site-packages/dbcounter.py:115}}
Aug 17 19:08:01.102469 np0000007577 nova-scheduler[96753]: DEBUG oslo.service.backend._threading.loopingcall [None req-4822c491-2bb3-4f6e-92a7-0430bdac96f0 None None] Dynamic interval looping call 'nova.service.Service.periodic_tasks' sleeping for 60.00 seconds {{(pid=96753) _run_loop /opt/stack/data/venv/lib/python3.12/site-packages/oslo_service/backend/_threading/loopingcall.py:125}}
Aug 17 19:08:08.091913 np0000007577 nova-scheduler[96751]: DEBUG oslo.service.backend._threading.loopingcall [None req-1c1f80f0-ae4e-4dc2-8982-a36f9db97266 None None] Dynamic interval looping call 'nova.service.Service.periodic_tasks' sleeping for 60.00 seconds {{(pid=96751) _run_loop /opt/stack/data/venv/lib/python3.12/site-packages/oslo_service/backend/_threading/loopingcall.py:125}}
Aug 17 19:08:32.098508 np0000007577 nova-scheduler[96749]: DEBUG oslo.service.backend._threading.loopingcall [None req-11c1b5c0-d71d-4cc8-9a91-47c520c88eab None None] Dynamic interval looping call 'nova.service.Service.periodic_tasks' sleeping for 60.00 seconds {{(pid=96749) _run_loop /opt/stack/data/venv/lib/python3.12/site-packages/oslo_service/backend/_threading/loopingcall.py:125}}
Aug 17 19:08:41.086710 np0000007577 nova-scheduler[96747]: DEBUG oslo.service.backend._threading.loopingcall [None req-1035c6b1-9d4e-46c6-a8c3-811240eb8a4c None None] Dynamic interval looping call 'nova.service.Service.periodic_tasks' sleeping for 60.00 seconds {{(pid=96747) _run_loop /opt/stack/data/venv/lib/python3.12/site-packages/oslo_service/backend/_threading/loopingcall.py:125}}
Aug 17 19:09:01.103041 np0000007577 nova-scheduler[96753]: DEBUG oslo.service.backend._threading.loopingcall [None req-4822c491-2bb3-4f6e-92a7-0430bdac96f0 None None] Dynamic interval looping call 'nova.service.Service.periodic_tasks' sleeping for 60.00 seconds {{(pid=96753) _run_loop /opt/stack/data/venv/lib/python3.12/site-packages/oslo_service/backend/_threading/loopingcall.py:125}}
Aug 17 19:09:08.092477 np0000007577 nova-scheduler[96751]: DEBUG oslo.service.backend._threading.loopingcall [None req-1c1f80f0-ae4e-4dc2-8982-a36f9db97266 None None] Dynamic interval looping call 'nova.service.Service.periodic_tasks' sleeping for 60.00 seconds {{(pid=96751) _run_loop /opt/stack/data/venv/lib/python3.12/site-packages/oslo_service/backend/_threading/loopingcall.py:125}}
Aug 17 19:09:32.099290 np0000007577 nova-scheduler[96749]: DEBUG oslo.service.backend._threading.loopingcall [None req-11c1b5c0-d71d-4cc8-9a91-47c520c88eab None None] Dynamic interval looping call 'nova.service.Service.periodic_tasks' sleeping for 60.00 seconds {{(pid=96749) _run_loop /opt/stack/data/venv/lib/python3.12/site-packages/oslo_service/backend/_threading/loopingcall.py:125}}
Aug 17 19:09:40.093095 np0000007577 nova-scheduler[96747]: DEBUG oslo.service.backend._threading.loopingcall [-] Fixed interval looping call 'nova.servicegroup.drivers.db.DbDriver._report_state' sleeping for 119.99 seconds {{(pid=96747) _run_loop /opt/stack/data/venv/lib/python3.12/site-packages/oslo_service/backend/_threading/loopingcall.py:125}}
Aug 17 19:09:40.093623 np0000007577 nova-scheduler[96751]: DEBUG oslo.service.backend._threading.loopingcall [-] Fixed interval looping call 'nova.servicegroup.drivers.db.DbDriver._report_state' sleeping for 119.99 seconds {{(pid=96751) _run_loop /opt/stack/data/venv/lib/python3.12/site-packages/oslo_service/backend/_threading/loopingcall.py:125}}
Aug 17 19:09:40.101535 np0000007577 nova-scheduler[96749]: DEBUG oslo.service.backend._threading.loopingcall [-] Fixed interval looping call 'nova.servicegroup.drivers.db.DbDriver._report_state' sleeping for 120.00 seconds {{(pid=96749) _run_loop /opt/stack/data/venv/lib/python3.12/site-packages/oslo_service/backend/_threading/loopingcall.py:125}}
Aug 17 19:09:40.109062 np0000007577 nova-scheduler[96753]: DEBUG oslo.service.backend._threading.loopingcall [-] Fixed interval looping call 'nova.servicegroup.drivers.db.DbDriver._report_state' sleeping for 120.00 seconds {{(pid=96753) _run_loop /opt/stack/data/venv/lib/python3.12/site-packages/oslo_service/backend/_threading/loopingcall.py:125}}
Aug 17 19:09:41.087214 np0000007577 nova-scheduler[96747]: DEBUG oslo.service.backend._threading.loopingcall [None req-1035c6b1-9d4e-46c6-a8c3-811240eb8a4c None None] Dynamic interval looping call 'nova.service.Service.periodic_tasks' sleeping for 60.00 seconds {{(pid=96747) _run_loop /opt/stack/data/venv/lib/python3.12/site-packages/oslo_service/backend/_threading/loopingcall.py:125}}
Aug 17 19:09:50.086870 np0000007577 nova-scheduler[96747]: DEBUG dbcounter [-] [96747] Writing DB stats nova_cell0:SELECT=1,nova_cell0:UPDATE=1 {{(pid=96747) stat_writer /opt/stack/data/venv/lib/python3.12/site-packages/dbcounter.py:115}}
Aug 17 19:09:50.090115 np0000007577 nova-scheduler[96751]: DEBUG dbcounter [-] [96751] Writing DB stats nova_cell0:SELECT=1,nova_cell0:UPDATE=1 {{(pid=96751) stat_writer /opt/stack/data/venv/lib/python3.12/site-packages/dbcounter.py:115}}
Aug 17 19:09:50.099283 np0000007577 nova-scheduler[96749]: DEBUG dbcounter [-] [96749] Writing DB stats nova_cell0:SELECT=1 {{(pid=96749) stat_writer /opt/stack/data/venv/lib/python3.12/site-packages/dbcounter.py:115}}
Aug 17 19:09:50.106910 np0000007577 nova-scheduler[96753]: DEBUG dbcounter [-] [96753] Writing DB stats nova_cell0:SELECT=1 {{(pid=96753) stat_writer /opt/stack/data/venv/lib/python3.12/site-packages/dbcounter.py:115}}
Aug 17 19:10:01.103580 np0000007577 nova-scheduler[96753]: DEBUG oslo.service.backend._threading.loopingcall [None req-4822c491-2bb3-4f6e-92a7-0430bdac96f0 None None] Dynamic interval looping call 'nova.service.Service.periodic_tasks' sleeping for 60.00 seconds {{(pid=96753) _run_loop /opt/stack/data/venv/lib/python3.12/site-packages/oslo_service/backend/_threading/loopingcall.py:125}}
Aug 17 19:10:08.093798 np0000007577 nova-scheduler[96751]: DEBUG oslo.service.backend._threading.loopingcall [None req-1c1f80f0-ae4e-4dc2-8982-a36f9db97266 None None] Dynamic interval looping call 'nova.service.Service.periodic_tasks' sleeping for 60.00 seconds {{(pid=96751) _run_loop /opt/stack/data/venv/lib/python3.12/site-packages/oslo_service/backend/_threading/loopingcall.py:125}}
Aug 17 19:10:20.751797 np0000007577 nova-scheduler[96747]: DEBUG nova.scheduler.manager [None req-64d03df0-85a1-4b6d-8f49-6a9f300d6c69 tempest-ServerBootFromVolumeStableRescueTest-1607741862 tempest-ServerBootFromVolumeStableRescueTest-1607741862-project-member] Starting to schedule for instances: ['d20fea8e-b0fc-4970-91cd-a1f06430b385'] {{(pid=96747) select_destinations /opt/stack/nova/nova/scheduler/manager.py:197}}
Aug 17 19:10:20.757600 np0000007577 nova-scheduler[96747]: DEBUG nova.scheduler.request_filter [None req-64d03df0-85a1-4b6d-8f49-6a9f300d6c69 tempest-ServerBootFromVolumeStableRescueTest-1607741862 tempest-ServerBootFromVolumeStableRescueTest-1607741862-project-member] compute_status_filter request filter added forbidden trait COMPUTE_STATUS_DISABLED {{(pid=96747) compute_status_filter /opt/stack/nova/nova/scheduler/request_filter.py:253}}
Aug 17 19:10:20.757600 np0000007577 nova-scheduler[96747]: DEBUG nova.scheduler.request_filter [None req-64d03df0-85a1-4b6d-8f49-6a9f300d6c69 tempest-ServerBootFromVolumeStableRescueTest-1607741862 tempest-ServerBootFromVolumeStableRescueTest-1607741862-project-member] Request filter 'compute_status_filter' took 0.0 seconds {{(pid=96747) wrapper /opt/stack/nova/nova/scheduler/request_filter.py:46}}
Aug 17 19:10:20.758986 np0000007577 nova-scheduler[96747]: DEBUG nova.scheduler.request_filter [None req-64d03df0-85a1-4b6d-8f49-6a9f300d6c69 tempest-ServerBootFromVolumeStableRescueTest-1607741862 tempest-ServerBootFromVolumeStableRescueTest-1607741862-project-member] Request filter 'accelerators_filter' took 0.0 seconds {{(pid=96747) wrapper /opt/stack/nova/nova/scheduler/request_filter.py:46}}
Aug 17 19:10:20.760198 np0000007577 nova-scheduler[96747]: DEBUG nova.scheduler.request_filter [None req-64d03df0-85a1-4b6d-8f49-6a9f300d6c69 tempest-ServerBootFromVolumeStableRescueTest-1607741862 tempest-ServerBootFromVolumeStableRescueTest-1607741862-project-member] Request filter 'packed_virtqueue_filter' took 0.0 seconds {{(pid=96747) wrapper /opt/stack/nova/nova/scheduler/request_filter.py:46}}
Aug 17 19:10:20.760664 np0000007577 nova-scheduler[96747]: DEBUG nova.scheduler.request_filter [None req-64d03df0-85a1-4b6d-8f49-6a9f300d6c69 tempest-ServerBootFromVolumeStableRescueTest-1607741862 tempest-ServerBootFromVolumeStableRescueTest-1607741862-project-member] Request filter 'remote_managed_ports_filter' took 0.0 seconds {{(pid=96747) wrapper /opt/stack/nova/nova/scheduler/request_filter.py:46}}
Aug 17 19:10:20.761034 np0000007577 nova-scheduler[96747]: DEBUG nova.scheduler.request_filter [None req-64d03df0-85a1-4b6d-8f49-6a9f300d6c69 tempest-ServerBootFromVolumeStableRescueTest-1607741862 tempest-ServerBootFromVolumeStableRescueTest-1607741862-project-member] ephemeral_encryption_filter skipped {{(pid=96747) ephemeral_encryption_filter /opt/stack/nova/nova/scheduler/request_filter.py:426}}
Aug 17 19:10:20.761297 np0000007577 nova-scheduler[96747]: DEBUG nova.scheduler.request_filter [None req-64d03df0-85a1-4b6d-8f49-6a9f300d6c69 tempest-ServerBootFromVolumeStableRescueTest-1607741862 tempest-ServerBootFromVolumeStableRescueTest-1607741862-project-member] virtio_sound_filter skipped {{(pid=96747) virtio_sound_filter /opt/stack/nova/nova/scheduler/request_filter.py:460}}
Aug 17 19:10:20.761666 np0000007577 nova-scheduler[96747]: DEBUG nova.scheduler.request_filter [None req-64d03df0-85a1-4b6d-8f49-6a9f300d6c69 tempest-ServerBootFromVolumeStableRescueTest-1607741862 tempest-ServerBootFromVolumeStableRescueTest-1607741862-project-member] tpm_secret_security_filter skipped {{(pid=96747) tpm_secret_security_filter /opt/stack/nova/nova/scheduler/request_filter.py:477}}
Aug 17 19:10:21.392492 np0000007577 nova-scheduler[96747]: INFO nova.utils [None req-64d03df0-85a1-4b6d-8f49-6a9f300d6c69 tempest-ServerBootFromVolumeStableRescueTest-1607741862 tempest-ServerBootFromVolumeStableRescueTest-1607741862-project-member] The cell worker thread pool ForkProcess-1.cell_worker is initialized
Aug 17 19:10:21.393762 np0000007577 nova-scheduler[96747]: DEBUG oslo_concurrency.lockutils [None req-64d03df0-85a1-4b6d-8f49-6a9f300d6c69 tempest-ServerBootFromVolumeStableRescueTest-1607741862 tempest-ServerBootFromVolumeStableRescueTest-1607741862-project-member] Acquiring lock "579900bd-755c-4340-9812-ce7831f5bd9b" by "nova.context.set_target_cell..get_or_set_cached_cell_and_set_connections" {{(pid=96747) inner /opt/stack/data/venv/lib/python3.12/site-packages/oslo_concurrency/lockutils.py:512}}
Aug 17 19:10:21.393762 np0000007577 nova-scheduler[96747]: DEBUG oslo_concurrency.lockutils [None req-64d03df0-85a1-4b6d-8f49-6a9f300d6c69 tempest-ServerBootFromVolumeStableRescueTest-1607741862 tempest-ServerBootFromVolumeStableRescueTest-1607741862-project-member] Lock "579900bd-755c-4340-9812-ce7831f5bd9b" acquired by "nova.context.set_target_cell..get_or_set_cached_cell_and_set_connections" :: waited 0.000s {{(pid=96747) inner /opt/stack/data/venv/lib/python3.12/site-packages/oslo_concurrency/lockutils.py:525}}
Aug 17 19:10:21.394710 np0000007577 nova-scheduler[96747]: DEBUG oslo_concurrency.lockutils [None req-64d03df0-85a1-4b6d-8f49-6a9f300d6c69 tempest-ServerBootFromVolumeStableRescueTest-1607741862 tempest-ServerBootFromVolumeStableRescueTest-1607741862-project-member] Lock "579900bd-755c-4340-9812-ce7831f5bd9b" "released" by "nova.context.set_target_cell..get_or_set_cached_cell_and_set_connections" :: held 0.001s {{(pid=96747) inner /opt/stack/data/venv/lib/python3.12/site-packages/oslo_concurrency/lockutils.py:544}}
Aug 17 19:10:21.397696 np0000007577 nova-scheduler[96747]: INFO dbcounter [None req-64d03df0-85a1-4b6d-8f49-6a9f300d6c69 tempest-ServerBootFromVolumeStableRescueTest-1607741862 tempest-ServerBootFromVolumeStableRescueTest-1607741862-project-member] Registered counter for database nova_cell1
Aug 17 19:10:21.454013 np0000007577 nova-scheduler[96747]: DEBUG oslo_db.sqlalchemy.engines [None req-64d03df0-85a1-4b6d-8f49-6a9f300d6c69 tempest-ServerBootFromVolumeStableRescueTest-1607741862 tempest-ServerBootFromVolumeStableRescueTest-1607741862-project-member] MySQL server mode set to STRICT_TRANS_TABLES,STRICT_ALL_TABLES,NO_ZERO_IN_DATE,NO_ZERO_DATE,ERROR_FOR_DIVISION_BY_ZERO,TRADITIONAL,NO_ENGINE_SUBSTITUTION {{(pid=96747) _check_effective_sql_mode /opt/stack/data/venv/lib/python3.12/site-packages/oslo_db/sqlalchemy/engines.py:325}}
Aug 17 19:10:21.463288 np0000007577 nova-scheduler[96747]: DEBUG dbcounter [-] [96747] Writer thread running {{(pid=96747) stat_writer /opt/stack/data/venv/lib/python3.12/site-packages/dbcounter.py:102}}
Aug 17 19:10:21.476051 np0000007577 nova-scheduler[96747]: DEBUG oslo_db.sqlalchemy.engines [None req-64d03df0-85a1-4b6d-8f49-6a9f300d6c69 tempest-ServerBootFromVolumeStableRescueTest-1607741862 tempest-ServerBootFromVolumeStableRescueTest-1607741862-project-member] Parent process 95513 forked (96747) with an open database connection, which is being discarded and recreated. {{(pid=96747) checkout /opt/stack/data/venv/lib/python3.12/site-packages/oslo_db/sqlalchemy/engines.py:402}}
