Aug 17 19:08:38.221308 np0000007577 devstack@neutron-api.service[90839]: DEBUG neutron.plugins.ml2.drivers.ovn.mech_driver.ovsdb.ovsdb_monitor [None req-41e98f97-796e-4e1b-9fa6-c8a37847ee43 None None] Hash Ring: Node 47e7631993855113928e4dd61c2bed8b (host: np0000007577) handling event "update" for row 65165c79-ec12-4f13-841a-1df9f8bcdf36 (table: Logical_Switch) {{(pid=90839) notify /opt/stack/neutron/neutron/plugins/ml2/drivers/ovn/mech_driver/ovsdb/ovsdb_monitor.py:1099}}
Aug 17 19:08:38.222116 np0000007577 devstack@neutron-api.service[90840]: DEBUG neutron.plugins.ml2.drivers.ovn.mech_driver.ovsdb.ovsdb_monitor [None req-983c8222-b777-4e92-9b12-610e20d73c65 None None] Hash Ring: Node f44a3742b28d5ab89b4bd9a976f3a89e (host: np0000007577) handling event "create" for row 6857cf28-4ba6-4bea-a5a3-0a0464e9d3c6 (table: Logical_Switch_Port) {{(pid=90840) notify /opt/stack/neutron/neutron/plugins/ml2/drivers/ovn/mech_driver/ovsdb/ovsdb_monitor.py:1099}}
Aug 17 19:08:38.223926 np0000007577 devstack@neutron-api.service[90840]: DEBUG ovsdbapp.backend.ovs_idl.event [None req-983c8222-b777-4e92-9b12-610e20d73c65 None None] Matched CREATE: LogicalSwitchPortCreateEvent(events=('create',), table='Logical_Switch_Port', conditions=[], old_conditions=None), priority=20 to row=Logical_Switch_Port(uuid=6857cf28-4ba6-4bea-a5a3-0a0464e9d3c6, addresses=['fa:16:3e:e1:5e:d3'], dhcpv4_options=[], dhcpv6_options=[], dynamic_addresses=[], enabled=True, external_ids={'neutron:cidrs': '', 'neutron:device_id': 'ovnmeta-65165c79-ec12-4f13-841a-1df9f8bcdf36', 'neutron:device_owner': 'network:distributed', 'neutron:mtu': '1372', 'neutron:network_name': 'neutron-65165c79-ec12-4f13-841a-1df9f8bcdf36', 'neutron:port_capabilities': '', 'neutron:port_name': '', 'neutron:project_id': 'a7e5a0995fb84e34a343393fafa97647', 'neutron:revision_number': '1', 'neutron:security_group_ids': '', 'neutron:subnet_pool_addr_scope4': '', 'neutron:subnet_pool_addr_scope6': '', 'neutron:vnic_type': 'normal'}, ha_chassis_group=[], mirror_rules=[], name='83bc8e2b-c968-4ed0-b62a-bf8d99b6fdd8', options={}, parent_name=[], port_security=[], tag=[], tag_request=[], type='localport', up=[]) old= {{(pid=90840) matches /opt/stack/data/venv/lib/python3.12/site-packages/ovsdbapp/backend/ovs_idl/event.py:55}}
Aug 17 19:08:38.224605 np0000007577 devstack@neutron-api.service[90840]: INFO neutron.plugins.ml2.drivers.ovn.mech_driver.mech_driver [-] OVN reports status down for port: 83bc8e2b-c968-4ed0-b62a-bf8d99b6fdd8
Aug 17 19:08:38.226751 np0000007577 devstack@neutron-api.service[90840]: DEBUG neutron.plugins.ml2.drivers.ovn.mech_driver.ovsdb.ovsdb_monitor [None req-b3fd1d03-2b94-4584-9f2c-1825379ba0dc None None] Hash Ring: Node f44a3742b28d5ab89b4bd9a976f3a89e (host: np0000007577) handling event "create" for row 08745376-bd08-496a-92f6-0e1e5416751d (table: Port_Binding) {{(pid=90840) notify /opt/stack/neutron/neutron/plugins/ml2/drivers/ovn/mech_driver/ovsdb/ovsdb_monitor.py:1099}}
Aug 17 19:08:38.227781 np0000007577 devstack@neutron-api.service[90840]: DEBUG neutron.plugins.ml2.drivers.ovn.mech_driver.ovsdb.ovsdb_monitor [None req-983c8222-b777-4e92-9b12-610e20d73c65 None None] Hash Ring: Node f44a3742b28d5ab89b4bd9a976f3a89e (host: np0000007577) handling event "update" for row 6857cf28-4ba6-4bea-a5a3-0a0464e9d3c6 (table: Logical_Switch_Port) {{(pid=90840) notify /opt/stack/neutron/neutron/plugins/ml2/drivers/ovn/mech_driver/ovsdb/ovsdb_monitor.py:1099}}
Aug 17 19:08:38.263558 np0000007577 devstack@neutron-api.service[90842]: INFO neutron.db.ovn_revision_numbers_db [None req-e59134e4-0e96-4d4c-b2a8-108a2c4b29d7 admin admin] Successfully bumped revision number for resource 83bc8e2b-c968-4ed0-b62a-bf8d99b6fdd8 (type: ports) to 1
Aug 17 19:08:38.270664 np0000007577 devstack@neutron-api.service[90842]: DEBUG neutron.pecan_wsgi.hooks.policy_enforcement [None req-e59134e4-0e96-4d4c-b2a8-108a2c4b29d7 admin admin] Attributes excluded by policy engine: ['standard_attr_id'] {{(pid=90842) _exclude_attributes_by_policy /opt/stack/neutron/neutron/pecan_wsgi/hooks/policy_enforcement.py:259}}
Aug 17 19:08:38.270902 np0000007577 devstack@neutron-api.service[90842]: DEBUG neutron_lib.callbacks.manager [None req-e59134e4-0e96-4d4c-b2a8-108a2c4b29d7 admin admin] Publish callbacks [] for network (None), before_response {{(pid=90842) _notify_loop /opt/stack/data/venv/lib/python3.12/site-packages/neutron_lib/callbacks/manager.py:184}}
Aug 17 19:08:38.271524 np0000007577 devstack@neutron-api.service[90840]: DEBUG neutron.db.provisioning_blocks [None req-db0e61b1-b005-48b8-bfc1-3feabd7d0e1f None None] Transition to ACTIVE for port object 83bc8e2b-c968-4ed0-b62a-bf8d99b6fdd8 will not be triggered until provisioned by entity L2. {{(pid=90840) add_provisioning_component /opt/stack/neutron/neutron/db/provisioning_blocks.py:74}}
Aug 17 19:08:38.286197 np0000007577 devstack@neutron-api.service[90842]: [pid: 90842|app: 0|req: 9/37] 10.4.3.174 () {68 vars in 1326 bytes} [Mon Aug 17 19:08:37 2026] POST /networking/v2.0/networks => generated 679 bytes in 467 msecs (HTTP/1.1 201) 4 headers in 162 bytes (1 switches on core 0)
Aug 17 19:08:38.303085 np0000007577 devstack@neutron-api.service[90840]: DEBUG neutron.plugins.ml2.plugin [None req-db0e61b1-b005-48b8-bfc1-3feabd7d0e1f None None] Current status of the port 83bc8e2b-c968-4ed0-b62a-bf8d99b6fdd8 is: DOWN; New status is: DOWN {{(pid=90840) _update_individual_port_db_status /opt/stack/neutron/neutron/plugins/ml2/plugin.py:2473}}
Aug 17 19:08:38.304906 np0000007577 devstack@neutron-api.service[90840]: DEBUG ovsdbapp.backend.ovs_idl.transaction [None req-983c8222-b777-4e92-9b12-610e20d73c65 None None] Running txn n=1 command(idx=0): DbRemoveCommand(_result=None, table=Logical_Switch_Port, record=83bc8e2b-c968-4ed0-b62a-bf8d99b6fdd8, column=external_ids, values=('neutron:host_id',), keyvalues={}, if_exists=True) {{(pid=90840) do_commit /opt/stack/data/venv/lib/python3.12/site-packages/ovsdbapp/backend/ovs_idl/transaction.py:89}}
Aug 17 19:08:38.510028 np0000007577 devstack@neutron-api.service[90839]: INFO neutron.pecan_wsgi.hooks.translation [None req-65a18c30-5ccb-4066-8f31-e1a02643f74e admin admin] GET failed (client error): The resource could not be found.
Aug 17 19:08:38.510028 np0000007577 devstack@neutron-api.service[90839]: [pid: 90839|app: 0|req: 11/38] 10.4.3.174 () {64 vars in 1294 bytes} [Mon Aug 17 19:08:38 2026] GET /networking/v2.0/networks/shared => generated 108 bytes in 8 msecs (HTTP/1.1 404) 4 headers in 164 bytes (1 switches on core 0)
Aug 17 19:08:38.557750 np0000007577 devstack@neutron-api.service[90841]: DEBUG neutron.pecan_wsgi.hooks.policy_enforcement [None req-2d3e7661-29af-4962-b5df-56a5a09882a2 admin admin] Attributes excluded by policy engine: ['standard_attr_id'] {{(pid=90841) _exclude_attributes_by_policy /opt/stack/neutron/neutron/pecan_wsgi/hooks/policy_enforcement.py:259}}
Aug 17 19:08:38.559413 np0000007577 devstack@neutron-api.service[90841]: [pid: 90841|app: 0|req: 10/39] 10.4.3.174 () {64 vars in 1309 bytes} [Mon Aug 17 19:08:38 2026] GET /networking/v2.0/networks?name=shared => generated 663 bytes in 42 msecs (HTTP/1.1 200) 4 headers in 157 bytes (1 switches on core 0)
Aug 17 19:08:38.573769 np0000007577 devstack@neutron-api.service[90840]: DEBUG neutron.api.v2.base [None req-93148b63-89b0-4159-842c-a356b2e4fa34 admin admin] Request body: {'subnet': {'ip_version': 4, 'network_id': '65165c79-ec12-4f13-841a-1df9f8bcdf36', 'cidr': '192.168.233.0/24', 'name': 'shared-subnet', 'description': 'shared-subnet'}} {{(pid=90840) prepare_request_body /opt/stack/neutron/neutron/api/v2/base.py:727}}
Aug 17 19:08:38.588907 np0000007577 devstack@neutron-api.service[90840]: DEBUG neutron.pecan_wsgi.hooks.quota_enforcement [None req-93148b63-89b0-4159-842c-a356b2e4fa34 admin admin] Made reservation on behalf of a7e5a0995fb84e34a343393fafa97647 for: {'subnet': 1} {{(pid=90840) before /opt/stack/neutron/neutron/pecan_wsgi/hooks/quota_enforcement.py:66}}
Aug 17 19:08:38.591184 np0000007577 devstack@neutron-api.service[90840]: DEBUG neutron_lib.callbacks.manager [None req-93148b63-89b0-4159-842c-a356b2e4fa34 admin admin] Publish callbacks [] for subnet (None), before_create {{(pid=90840) _notify_loop /opt/stack/data/venv/lib/python3.12/site-packages/neutron_lib/callbacks/manager.py:184}}
Aug 17 19:08:38.647223 np0000007577 devstack@neutron-api.service[90840]: DEBUG neutron.db.ovn_revision_numbers_db [None req-93148b63-89b0-4159-842c-a356b2e4fa34 admin admin] create_initial_revision uuid=af35e9f6-0f7d-4e06-acb5-9c5b8040555a, type=subnets, rev=-1 {{(pid=90840) create_initial_revision /opt/stack/neutron/neutron/db/ovn_revision_numbers_db.py:98}}
Aug 17 19:08:38.652603 np0000007577 devstack@neutron-api.service[90840]: DEBUG neutron_lib.callbacks.manager [None req-93148b63-89b0-4159-842c-a356b2e4fa34 admin admin] Publish callbacks ['neutron.plugins.ml2.ovo_rpc._ObjectChangeHandler.handle_event-6890156'] for subnet (af35e9f6-0f7d-4e06-acb5-9c5b8040555a), after_create {{(pid=90840) _notify_loop /opt/stack/data/venv/lib/python3.12/site-packages/neutron_lib/callbacks/manager.py:184}}
Aug 17 19:08:38.666689 np0000007577 devstack@neutron-api.service[90840]: DEBUG neutron.api.rpc.handlers.resources_rpc [None req-93148b63-89b0-4159-842c-a356b2e4fa34 admin admin] Pushing event updated for resources: {'Subnet': ['ID=af35e9f6-0f7d-4e06-acb5-9c5b8040555a,revision_number=0']} {{(pid=90840) push /opt/stack/neutron/neutron/api/rpc/handlers/resources_rpc.py:237}}
Aug 17 19:08:38.672029 np0000007577 devstack@neutron-api.service[90840]: DEBUG neutron.api.rpc.callbacks.version_manager [None req-93148b63-89b0-4159-842c-a356b2e4fa34 admin admin] Tracked resource versions report:
Aug 17 19:08:38.672029 np0000007577 devstack@neutron-api.service[90840]: pushed versions:
Aug 17 19:08:38.672029 np0000007577 devstack@neutron-api.service[90840]: { 'AddressGroup': {'1.2'},
Aug 17 19:08:38.672029 np0000007577 devstack@neutron-api.service[90840]: 'Agent': {'1.1'},
Aug 17 19:08:38.672029 np0000007577 devstack@neutron-api.service[90840]: 'ConntrackHelper': {'1.0'},
Aug 17 19:08:38.672029 np0000007577 devstack@neutron-api.service[90840]: 'LocalIPAssociation': {'1.0'},
Aug 17 19:08:38.672029 np0000007577 devstack@neutron-api.service[90840]: 'Log': {'1.0'},
Aug 17 19:08:38.672029 np0000007577 devstack@neutron-api.service[90840]: 'NDPProxy': {'1.0'},
Aug 17 19:08:38.672029 np0000007577 devstack@neutron-api.service[90840]: 'Network': {'1.3'},
Aug 17 19:08:38.672029 np0000007577 devstack@neutron-api.service[90840]: 'Port': {'1.11'},
Aug 17 19:08:38.672029 np0000007577 devstack@neutron-api.service[90840]: 'PortForwarding': {'1.3'},
Aug 17 19:08:38.672029 np0000007577 devstack@neutron-api.service[90840]: 'QosPolicy': {'1.10'},
Aug 17 19:08:38.672029 np0000007577 devstack@neutron-api.service[90840]: 'SecurityGroup': {'1.6'},
Aug 17 19:08:38.672029 np0000007577 devstack@neutron-api.service[90840]: 'SecurityGroupRule': {'1.3'},
Aug 17 19:08:38.672029 np0000007577 devstack@neutron-api.service[90840]: 'SubPort': {'1.0'},
Aug 17 19:08:38.672029 np0000007577 devstack@neutron-api.service[90840]: 'Subnet': {'1.2'},
Aug 17 19:08:38.672029 np0000007577 devstack@neutron-api.service[90840]: 'Trunk': {'1.1'}}
Aug 17 19:08:38.672029 np0000007577 devstack@neutron-api.service[90840]: consumer versions:
Aug 17 19:08:38.672029 np0000007577 devstack@neutron-api.service[90840]: { OVN Controller Gateway agent@np0000007577: {},
Aug 17 19:08:38.672029 np0000007577 devstack@neutron-api.service[90840]: OVN Neutron agent@np0000007577: {}}
Aug 17 19:08:38.672029 np0000007577 devstack@neutron-api.service[90840]: {{(pid=90840) report /opt/stack/neutron/neutron/api/rpc/callbacks/version_manager.py:183}}
Aug 17 19:08:38.722335 np0000007577 devstack@neutron-api.service[90840]: DEBUG neutron_lib.callbacks.manager [None req-93148b63-89b0-4159-842c-a356b2e4fa34 admin admin] Publish callbacks ['neutron.plugins.ml2.plugin.SecurityGroupDbMixin._ensure_default_security_group_handler-44784', 'neutron.services.ovn_l3.plugin.OVNL3RouterPlugin._port_update-8336695384898', 'neutron.db.l3_db.L3_NAT_dbonly_mixin._prevent_internal_ip_change_for_fip-8336696506962'] for port (83bc8e2b-c968-4ed0-b62a-bf8d99b6fdd8), before_update {{(pid=90840) _notify_loop /opt/stack/data/venv/lib/python3.12/site-packages/neutron_lib/callbacks/manager.py:184}}
Aug 17 19:08:38.819530 np0000007577 devstack@neutron-api.service[90840]: DEBUG neutron.db.db_base_plugin_common [None req-93148b63-89b0-4159-842c-a356b2e4fa34 admin admin] Allocated IP 192.168.233.2 (65165c79-ec12-4f13-841a-1df9f8bcdf36/af35e9f6-0f7d-4e06-acb5-9c5b8040555a/83bc8e2b-c968-4ed0-b62a-bf8d99b6fdd8) {{(pid=90840) _store_ip_allocation /opt/stack/neutron/neutron/db/db_base_plugin_common.py:131}}
Aug 17 19:08:38.896799 np0000007577 devstack@neutron-api.service[90840]: DEBUG neutron_lib.callbacks.manager [None req-93148b63-89b0-4159-842c-a356b2e4fa34 admin admin] Publish callbacks [] for port (83bc8e2b-c968-4ed0-b62a-bf8d99b6fdd8), precommit_update {{(pid=90840) _notify_loop /opt/stack/data/venv/lib/python3.12/site-packages/neutron_lib/callbacks/manager.py:184}}
Aug 17 19:08:38.897016 np0000007577 devstack@neutron-api.service[90840]: DEBUG neutron.plugins.ml2.drivers.ovn.mech_driver.mech_driver [None req-93148b63-89b0-4159-842c-a356b2e4fa34 admin admin] No provisioning block for port 83bc8e2b-c968-4ed0-b62a-bf8d99b6fdd8 since it does not have a host {{(pid=90840) _is_port_provisioning_required /opt/stack/neutron/neutron/plugins/ml2/drivers/ovn/mech_driver/mech_driver.py:877}}
Aug 17 19:08:38.906354 np0000007577 devstack@neutron-api.service[90840]: DEBUG neutron_lib.callbacks.manager [None req-93148b63-89b0-4159-842c-a356b2e4fa34 admin admin] Publish callbacks ['neutron.plugins.ml2.ovo_rpc._ObjectChangeHandler.handle_event-6890206', 'neutron.services.ovn_l3.plugin.OVNL3RouterPlugin._port_update-8336695384898'] for port (83bc8e2b-c968-4ed0-b62a-bf8d99b6fdd8), after_update {{(pid=90840) _notify_loop /opt/stack/data/venv/lib/python3.12/site-packages/neutron_lib/callbacks/manager.py:184}}
Aug 17 19:08:38.935547 np0000007577 devstack@neutron-api.service[90840]: DEBUG neutron.api.rpc.handlers.resources_rpc [None req-93148b63-89b0-4159-842c-a356b2e4fa34 admin admin] Pushing event updated for resources: {'Port': ['ID=83bc8e2b-c968-4ed0-b62a-bf8d99b6fdd8,revision_number=2']} {{(pid=90840) push /opt/stack/neutron/neutron/api/rpc/handlers/resources_rpc.py:237}}
Aug 17 19:08:39.039055 np0000007577 devstack@neutron-api.service[90840]: DEBUG neutron.plugins.ml2.drivers.ovn.mech_driver.ovsdb.commands [None req-93148b63-89b0-4159-842c-a356b2e4fa34 admin admin] Converting tag [] to a tag_request {{(pid=90840) _tag_column_to_tag_request /opt/stack/neutron/neutron/plugins/ml2/drivers/ovn/mech_driver/ovsdb/commands.py:227}}
Aug 17 19:08:39.039840 np0000007577 devstack@neutron-api.service[90840]: DEBUG ovsdbapp.backend.ovs_idl.transaction [None req-983c8222-b777-4e92-9b12-610e20d73c65 None None] Running txn n=1 command(idx=0): CheckRevisionNumberCommand(_result=None, name=83bc8e2b-c968-4ed0-b62a-bf8d99b6fdd8, resource={'id': '83bc8e2b-c968-4ed0-b62a-bf8d99b6fdd8', 'name': '', 'network_id': '65165c79-ec12-4f13-841a-1df9f8bcdf36', 'project_id': 'a7e5a0995fb84e34a343393fafa97647', 'mac_address': 'fa:16:3e:e1:5e:d3', 'admin_state_up': True, 'status': 'DOWN', 'device_id': 'ovnmeta-65165c79-ec12-4f13-841a-1df9f8bcdf36', 'device_owner': 'network:distributed', 'standard_attr_id': 28, 'fixed_ips': [{'subnet_id': 'af35e9f6-0f7d-4e06-acb5-9c5b8040555a', 'ip_address': '192.168.233.2'}], 'allowed_address_pairs': [], 'extra_dhcp_opts': [], 'security_groups': [], 'description': '', 'binding:vnic_type': 'normal', 'binding:profile': {}, 'binding:host_id': '', 'binding:vif_type': 'unbound', 'binding:vif_details': {}, 'port_security_enabled': False, 'tags': [], 'created_at': '2026-08-17T19:08:38Z', 'updated_at': '2026-08-17T19:08:38Z', 'revision_number': 2, 'tenant_id': 'a7e5a0995fb84e34a343393fafa97647', 'network': {'id': '65165c79-ec12-4f13-841a-1df9f8bcdf36', 'name': 'shared', 'tenant_id': 'a7e5a0995fb84e34a343393fafa97647', 'project_id': 'a7e5a0995fb84e34a343393fafa97647', 'admin_state_up': True, 'mtu': 1372, 'status': 'ACTIVE', 'subnets': ['af35e9f6-0f7d-4e06-acb5-9c5b8040555a'], 'standard_attr_id': 26, 'shared': True, 'availability_zone_hints': [], 'availability_zones': [], 'ipv4_address_scope': None, 'ipv6_address_scope': None, 'router:external': False, 'qinq': False, 'vlan_transparent': False, 'description': '', 'port_security_enabled': True, 'tags': [], 'created_at': '2026-08-17T19:08:37Z', 'updated_at': '2026-08-17T19:08:38Z', 'revision_number': 2, 'provider:network_type': 'geneve', 'provider:physical_network': None, 'provider:segmentation_id': 57119}}, resource_type=ports, if_exists=True) {{(pid=90840) do_commit /opt/stack/data/venv/lib/python3.12/site-packages/ovsdbapp/backend/ovs_idl/transaction.py:89}}
Aug 17 19:08:39.040212 np0000007577 devstack@neutron-api.service[90840]: DEBUG ovsdbapp.backend.ovs_idl.transaction [None req-983c8222-b777-4e92-9b12-610e20d73c65 None None] Running txn n=1 command(idx=1): AddDHCPOptionsCommand(_result=None, columns={'cidr': '192.168.233.0/24', 'options': {'server_id': '192.168.233.1', 'lease_time': '43200', 'mtu': '1372', 'router': '192.168.233.1', 'server_mac': 'fa:16:3e:e2:00:36', 'dns_server': '{127.0.0.53}', 'classless_static_route': '{169.254.169.254/32,192.168.233.2, 0.0.0.0/0,192.168.233.1}'}, 'external_ids': {'subnet_id': 'af35e9f6-0f7d-4e06-acb5-9c5b8040555a', 'neutron:network_id': '65165c79-ec12-4f13-841a-1df9f8bcdf36', 'neutron:revision_number': '0'}}, may_exist=True, subnet_id=af35e9f6-0f7d-4e06-acb5-9c5b8040555a, port_id=None, new_insert=False) {{(pid=90840) do_commit /opt/stack/data/venv/lib/python3.12/site-packages/ovsdbapp/backend/ovs_idl/transaction.py:89}}
Aug 17 19:08:39.040588 np0000007577 devstack@neutron-api.service[90840]: DEBUG ovsdbapp.backend.ovs_idl.transaction [None req-983c8222-b777-4e92-9b12-610e20d73c65 None None] Running txn n=1 command(idx=2): SetLSwitchPortCommand(_result=None, lport=83bc8e2b-c968-4ed0-b62a-bf8d99b6fdd8, external_ids_update=None, columns={'external_ids': {'neutron:port_name': '', 'neutron:device_id': 'ovnmeta-65165c79-ec12-4f13-841a-1df9f8bcdf36', 'neutron:project_id': 'a7e5a0995fb84e34a343393fafa97647', 'neutron:cidrs': '192.168.233.2/24', 'neutron:device_owner': 'network:distributed', 'neutron:subnet_pool_addr_scope4': '', 'neutron:subnet_pool_addr_scope6': '', 'neutron:network_name': 'neutron-65165c79-ec12-4f13-841a-1df9f8bcdf36', 'neutron:security_group_ids': '', 'neutron:revision_number': '2', 'neutron:vnic_type': 'normal', 'neutron:port_capabilities': '', 'neutron:mtu': '1372'}, 'parent_name': [], 'options': {}, 'enabled': True, 'port_security': [], 'dhcpv4_options': [], 'dhcpv6_options': [], 'type': 'localport', 'addresses': ['fa:16:3e:e1:5e:d3 192.168.233.2'], 'ha_chassis_group': [], 'tag_request': []}, if_exists=False) {{(pid=90840) do_commit /opt/stack/data/venv/lib/python3.12/site-packages/ovsdbapp/backend/ovs_idl/transaction.py:89}}
Aug 17 19:08:39.041142 np0000007577 devstack@neutron-api.service[90840]: DEBUG ovsdbapp.backend.ovs_idl.transaction [None req-983c8222-b777-4e92-9b12-610e20d73c65 None None] Running txn n=1 command(idx=3): PgDelPortCommand(_result=None, port_group=neutron_pg_drop, lsp=['83bc8e2b-c968-4ed0-b62a-bf8d99b6fdd8'], if_exists=False) {{(pid=90840) do_commit /opt/stack/data/venv/lib/python3.12/site-packages/ovsdbapp/backend/ovs_idl/transaction.py:89}}
Aug 17 19:08:39.044069 np0000007577 devstack@neutron-api.service[90840]: DEBUG neutron.plugins.ml2.drivers.ovn.mech_driver.ovsdb.ovsdb_monitor [None req-983c8222-b777-4e92-9b12-610e20d73c65 None None] Hash Ring: Node f44a3742b28d5ab89b4bd9a976f3a89e (host: np0000007577) handling event "update" for row 6857cf28-4ba6-4bea-a5a3-0a0464e9d3c6 (table: Logical_Switch_Port) {{(pid=90840) notify /opt/stack/neutron/neutron/plugins/ml2/drivers/ovn/mech_driver/ovsdb/ovsdb_monitor.py:1099}}
Aug 17 19:08:39.045887 np0000007577 devstack@neutron-api.service[90839]: DEBUG neutron.plugins.ml2.drivers.ovn.mech_driver.ovsdb.ovsdb_monitor [None req-41e98f97-796e-4e1b-9fa6-c8a37847ee43 None None] Hash Ring: Node 47e7631993855113928e4dd61c2bed8b (host: np0000007577) handling event "create" for row ef6e8a9b-7f9f-46a2-b78f-5542083b342b (table: DHCP_Options) {{(pid=90839) notify /opt/stack/neutron/neutron/plugins/ml2/drivers/ovn/mech_driver/ovsdb/ovsdb_monitor.py:1099}}
Aug 17 19:08:39.049444 np0000007577 devstack@neutron-api.service[90840]: DEBUG neutron.plugins.ml2.drivers.ovn.mech_driver.ovsdb.ovsdb_monitor [None req-b3fd1d03-2b94-4584-9f2c-1825379ba0dc None None] Hash Ring: Node f44a3742b28d5ab89b4bd9a976f3a89e (host: np0000007577) handling event "update" for row 08745376-bd08-496a-92f6-0e1e5416751d (table: Port_Binding) {{(pid=90840) notify /opt/stack/neutron/neutron/plugins/ml2/drivers/ovn/mech_driver/ovsdb/ovsdb_monitor.py:1099}}
Aug 17 19:08:39.069694 np0000007577 devstack@neutron-api.service[90840]: INFO neutron.db.ovn_revision_numbers_db [None req-93148b63-89b0-4159-842c-a356b2e4fa34 admin admin] Successfully bumped revision number for resource 83bc8e2b-c968-4ed0-b62a-bf8d99b6fdd8 (type: ports) to 2
Aug 17 19:08:39.079025 np0000007577 devstack@neutron-api.service[90840]: DEBUG neutron.plugins.ml2.plugin [None req-93148b63-89b0-4159-842c-a356b2e4fa34 admin admin] In _notify_port_updated(), no bound segment for port 83bc8e2b-c968-4ed0-b62a-bf8d99b6fdd8 on network 65165c79-ec12-4f13-841a-1df9f8bcdf36 {{(pid=90840) _notify_port_updated /opt/stack/neutron/neutron/plugins/ml2/plugin.py:1041}}
Aug 17 19:08:39.093277 np0000007577 devstack@neutron-api.service[90840]: INFO neutron.db.ovn_revision_numbers_db [None req-93148b63-89b0-4159-842c-a356b2e4fa34 admin admin] Successfully bumped revision number for resource af35e9f6-0f7d-4e06-acb5-9c5b8040555a (type: subnets) to 0
Aug 17 19:08:39.094451 np0000007577 devstack@neutron-api.service[90840]: DEBUG neutron.pecan_wsgi.hooks.policy_enforcement [None req-93148b63-89b0-4159-842c-a356b2e4fa34 admin admin] Attributes excluded by policy engine: ['standard_attr_id', 'shared', 'network'] {{(pid=90840) _exclude_attributes_by_policy /opt/stack/neutron/neutron/pecan_wsgi/hooks/policy_enforcement.py:259}}
Aug 17 19:08:39.094720 np0000007577 devstack@neutron-api.service[90840]: DEBUG neutron_lib.callbacks.manager [None req-93148b63-89b0-4159-842c-a356b2e4fa34 admin admin] Publish callbacks [] for subnet (None), before_response {{(pid=90840) _notify_loop /opt/stack/data/venv/lib/python3.12/site-packages/neutron_lib/callbacks/manager.py:184}}
Aug 17 19:08:39.104882 np0000007577 devstack@neutron-api.service[90840]: [pid: 90840|app: 0|req: 10/40] 10.4.3.174 () {68 vars in 1324 bytes} [Mon Aug 17 19:08:38 2026] POST /networking/v2.0/subnets => generated 665 bytes in 533 msecs (HTTP/1.1 201) 4 headers in 162 bytes (1 switches on core 0)
Aug 17 19:08:43.995995 np0000007577 devstack@neutron-api.service[90839]: DEBUG ovsdbapp.backend.ovs_idl.event [None req-a2ef75f3-6a1f-4cfd-b057-a72ecefef7e6 None None] Matched UPDATE: ChassisOVNAgentWriteEvent(events=('create', 'update'), table='Chassis_Private', conditions=None, old_conditions=None), priority=20 to row=Chassis_Private(uuid=954ecba2-520e-4c1c-b2ed-2c210695f79c, chassis=999df11c-b69e-4f0f-aa3b-6bfe6fd1a99f, external_ids={'neutron:ovn-bridge': 'br-int', 'neutron:ovn-neutron-agent-id': '8da5d6e9-398d-57d4-8ce9-63607d2a0480', 'neutron:ovn-neutron-agent-sb-cfg': '2'}, name='f7246bad-395b-4459-8a53-d88d7501c4cb', nb_cfg=2, nb_cfg_timestamp=1786993717981) old=Chassis_Private(uuid=954ecba2-520e-4c1c-b2ed-2c210695f79c, external_ids={'neutron:ovn-bridge': 'br-int', 'neutron:ovn-neutron-agent-id': '8da5d6e9-398d-57d4-8ce9-63607d2a0480', 'neutron:ovn-neutron-agent-sb-cfg': '1'}) {{(pid=90839) matches /opt/stack/data/venv/lib/python3.12/site-packages/ovsdbapp/backend/ovs_idl/event.py:55}}
Aug 17 19:08:43.996737 np0000007577 devstack@neutron-api.service[90840]: DEBUG ovsdbapp.backend.ovs_idl.event [None req-b3fd1d03-2b94-4584-9f2c-1825379ba0dc None None] Matched UPDATE: ChassisOVNAgentWriteEvent(events=('create', 'update'), table='Chassis_Private', conditions=None, old_conditions=None), priority=20 to row=Chassis_Private(uuid=954ecba2-520e-4c1c-b2ed-2c210695f79c, chassis=999df11c-b69e-4f0f-aa3b-6bfe6fd1a99f, external_ids={'neutron:ovn-bridge': 'br-int', 'neutron:ovn-neutron-agent-id': '8da5d6e9-398d-57d4-8ce9-63607d2a0480', 'neutron:ovn-neutron-agent-sb-cfg': '2'}, name='f7246bad-395b-4459-8a53-d88d7501c4cb', nb_cfg=2, nb_cfg_timestamp=1786993717981) old=Chassis_Private(uuid=954ecba2-520e-4c1c-b2ed-2c210695f79c, external_ids={'neutron:ovn-bridge': 'br-int', 'neutron:ovn-neutron-agent-id': '8da5d6e9-398d-57d4-8ce9-63607d2a0480', 'neutron:ovn-neutron-agent-sb-cfg': '1'}) {{(pid=90840) matches /opt/stack/data/venv/lib/python3.12/site-packages/ovsdbapp/backend/ovs_idl/event.py:55}}
Aug 17 19:08:43.997113 np0000007577 devstack@neutron-api.service[90841]: DEBUG ovsdbapp.backend.ovs_idl.event [-] Matched UPDATE: ChassisOVNAgentWriteEvent(events=('create', 'update'), table='Chassis_Private', conditions=None, old_conditions=None), priority=20 to row=Chassis_Private(uuid=954ecba2-520e-4c1c-b2ed-2c210695f79c, chassis=999df11c-b69e-4f0f-aa3b-6bfe6fd1a99f, external_ids={'neutron:ovn-bridge': 'br-int', 'neutron:ovn-neutron-agent-id': '8da5d6e9-398d-57d4-8ce9-63607d2a0480', 'neutron:ovn-neutron-agent-sb-cfg': '2'}, name='f7246bad-395b-4459-8a53-d88d7501c4cb', nb_cfg=2, nb_cfg_timestamp=1786993717981) old=Chassis_Private(uuid=954ecba2-520e-4c1c-b2ed-2c210695f79c, external_ids={'neutron:ovn-bridge': 'br-int', 'neutron:ovn-neutron-agent-id': '8da5d6e9-398d-57d4-8ce9-63607d2a0480', 'neutron:ovn-neutron-agent-sb-cfg': '1'}) {{(pid=90841) matches /opt/stack/data/venv/lib/python3.12/site-packages/ovsdbapp/backend/ovs_idl/event.py:55}}
Aug 17 19:08:43.997790 np0000007577 devstack@neutron-api.service[90842]: DEBUG ovsdbapp.backend.ovs_idl.event [None req-bf0c69b1-04df-41b1-8c91-fcd99a347a37 None None] Matched UPDATE: ChassisOVNAgentWriteEvent(events=('create', 'update'), table='Chassis_Private', conditions=None, old_conditions=None), priority=20 to row=Chassis_Private(uuid=954ecba2-520e-4c1c-b2ed-2c210695f79c, chassis=999df11c-b69e-4f0f-aa3b-6bfe6fd1a99f, external_ids={'neutron:ovn-bridge': 'br-int', 'neutron:ovn-neutron-agent-id': '8da5d6e9-398d-57d4-8ce9-63607d2a0480', 'neutron:ovn-neutron-agent-sb-cfg': '2'}, name='f7246bad-395b-4459-8a53-d88d7501c4cb', nb_cfg=2, nb_cfg_timestamp=1786993717981) old=Chassis_Private(uuid=954ecba2-520e-4c1c-b2ed-2c210695f79c, external_ids={'neutron:ovn-bridge': 'br-int', 'neutron:ovn-neutron-agent-id': '8da5d6e9-398d-57d4-8ce9-63607d2a0480', 'neutron:ovn-neutron-agent-sb-cfg': '1'}) {{(pid=90842) matches /opt/stack/data/venv/lib/python3.12/site-packages/ovsdbapp/backend/ovs_idl/event.py:55}}
Aug 17 19:08:43.998089 np0000007577 devstack@neutron-api.service[90842]: DEBUG neutron.plugins.ml2.drivers.ovn.mech_driver.ovsdb.ovsdb_monitor [None req-bf0c69b1-04df-41b1-8c91-fcd99a347a37 None None] Hash Ring: Node ed754fe726e659c8bb9a9f3bbfd7511e (host: np0000007577) handling event "update" for row 954ecba2-520e-4c1c-b2ed-2c210695f79c (table: Chassis_Private) {{(pid=90842) notify /opt/stack/neutron/neutron/plugins/ml2/drivers/ovn/mech_driver/ovsdb/ovsdb_monitor.py:1099}}
Aug 17 19:08:48.277810 np0000007577 devstack@neutron-api.service[90842]: DEBUG dbcounter [-] [90842] Writing DB stats neutron:UPDATE=10,neutron:SELECT=135,neutron:INSERT=14,neutron:DELETE=2 {{(pid=90842) stat_writer /opt/stack/data/venv/lib/python3.12/site-packages/dbcounter.py:115}}
Aug 17 19:08:48.506693 np0000007577 devstack@neutron-api.service[90839]: DEBUG dbcounter [-] [90839] Writing DB stats neutron:UPDATE=1,neutron:SELECT=6 {{(pid=90839) stat_writer /opt/stack/data/venv/lib/python3.12/site-packages/dbcounter.py:115}}
Aug 17 19:08:48.553968 np0000007577 devstack@neutron-api.service[90841]: DEBUG dbcounter [-] [90841] Writing DB stats neutron:UPDATE=1,neutron:SELECT=16 {{(pid=90841) stat_writer /opt/stack/data/venv/lib/python3.12/site-packages/dbcounter.py:115}}
Aug 17 19:08:48.825336 np0000007577 devstack@neutron-api.service[90839]: DEBUG futurist.periodics [-] Submitting periodic callback 'neutron.plugins.ml2.drivers.ovn.mech_driver.ovsdb.maintenance.HashRingHealthCheckPeriodics.touch_hash_ring_node' {{(pid=90839) _process_scheduled /opt/stack/data/venv/lib/python3.12/site-packages/futurist/periodics.py:784}}
Aug 17 19:08:48.825738 np0000007577 devstack@neutron-api.service[90839]: DEBUG neutron.plugins.ml2.drivers.ovn.mech_driver.ovsdb.maintenance [-] Touching Hash Ring node "47e7631993855113928e4dd61c2bed8b" from periodic health check thread {{(pid=90839) touch_hash_ring_node /opt/stack/neutron/neutron/plugins/ml2/drivers/ovn/mech_driver/ovsdb/maintenance.py:1453}}
Aug 17 19:08:49.100985 np0000007577 devstack@neutron-api.service[90840]: DEBUG dbcounter [-] [90840] Writing DB stats neutron:UPDATE=6,neutron:SELECT=278,neutron:INSERT=12,neutron:DELETE=2 {{(pid=90840) stat_writer /opt/stack/data/venv/lib/python3.12/site-packages/dbcounter.py:115}}
Aug 17 19:08:49.839695 np0000007577 devstack@neutron-api.service[90841]: DEBUG futurist.periodics [-] Submitting periodic callback 'neutron.plugins.ml2.drivers.ovn.mech_driver.ovsdb.maintenance.HashRingHealthCheckPeriodics.touch_hash_ring_node' {{(pid=90841) _process_scheduled /opt/stack/data/venv/lib/python3.12/site-packages/futurist/periodics.py:784}}
Aug 17 19:08:49.840084 np0000007577 devstack@neutron-api.service[90841]: DEBUG neutron.plugins.ml2.drivers.ovn.mech_driver.ovsdb.maintenance [-] Touching Hash Ring node "e58d914b6a4f517fbc403f86a57ebbd8" from periodic health check thread {{(pid=90841) touch_hash_ring_node /opt/stack/neutron/neutron/plugins/ml2/drivers/ovn/mech_driver/ovsdb/maintenance.py:1453}}
Aug 17 19:08:49.861167 np0000007577 devstack@neutron-api.service[90840]: DEBUG futurist.periodics [-] Submitting periodic callback 'neutron.plugins.ml2.drivers.ovn.mech_driver.ovsdb.maintenance.HashRingHealthCheckPeriodics.touch_hash_ring_node' {{(pid=90840) _process_scheduled /opt/stack/data/venv/lib/python3.12/site-packages/futurist/periodics.py:784}}
Aug 17 19:08:49.861562 np0000007577 devstack@neutron-api.service[90840]: DEBUG neutron.plugins.ml2.drivers.ovn.mech_driver.ovsdb.maintenance [-] Touching Hash Ring node "f44a3742b28d5ab89b4bd9a976f3a89e" from periodic health check thread {{(pid=90840) touch_hash_ring_node /opt/stack/neutron/neutron/plugins/ml2/drivers/ovn/mech_driver/ovsdb/maintenance.py:1453}}
Aug 17 19:08:49.903750 np0000007577 devstack@neutron-api.service[90842]: DEBUG futurist.periodics [-] Submitting periodic callback 'neutron.plugins.ml2.drivers.ovn.mech_driver.ovsdb.maintenance.HashRingHealthCheckPeriodics.touch_hash_ring_node' {{(pid=90842) _process_scheduled /opt/stack/data/venv/lib/python3.12/site-packages/futurist/periodics.py:784}}
Aug 17 19:08:49.904158 np0000007577 devstack@neutron-api.service[90842]: DEBUG neutron.plugins.ml2.drivers.ovn.mech_driver.ovsdb.maintenance [-] Touching Hash Ring node "ed754fe726e659c8bb9a9f3bbfd7511e" from periodic health check thread {{(pid=90842) touch_hash_ring_node /opt/stack/neutron/neutron/plugins/ml2/drivers/ovn/mech_driver/ovsdb/maintenance.py:1453}}
Aug 17 19:08:58.833856 np0000007577 devstack@neutron-api.service[90839]: DEBUG dbcounter [-] [90839] Writing DB stats neutron:UPDATE=1,neutron:SELECT=1 {{(pid=90839) stat_writer /opt/stack/data/venv/lib/python3.12/site-packages/dbcounter.py:115}}
Aug 17 19:08:59.847351 np0000007577 devstack@neutron-api.service[90841]: DEBUG dbcounter [-] [90841] Writing DB stats neutron:UPDATE=1,neutron:SELECT=1 {{(pid=90841) stat_writer /opt/stack/data/venv/lib/python3.12/site-packages/dbcounter.py:115}}
Aug 17 19:08:59.868677 np0000007577 devstack@neutron-api.service[90840]: DEBUG dbcounter [-] [90840] Writing DB stats neutron:UPDATE=1,neutron:SELECT=1 {{(pid=90840) stat_writer /opt/stack/data/venv/lib/python3.12/site-packages/dbcounter.py:115}}
Aug 17 19:08:59.910585 np0000007577 devstack@neutron-api.service[90842]: DEBUG dbcounter [-] [90842] Writing DB stats neutron:UPDATE=1,neutron:SELECT=1 {{(pid=90842) stat_writer /opt/stack/data/venv/lib/python3.12/site-packages/dbcounter.py:115}}
Aug 17 19:09:03.825950 np0000007577 devstack@neutron-api.service[90839]: DEBUG futurist.periodics [-] Submitting periodic callback 'neutron.plugins.ml2.drivers.ovn.mech_driver.ovsdb.maintenance.HashRingHealthCheckPeriodics.touch_hash_ring_node' {{(pid=90839) _process_scheduled /opt/stack/data/venv/lib/python3.12/site-packages/futurist/periodics.py:784}}
Aug 17 19:09:03.826571 np0000007577 devstack@neutron-api.service[90839]: DEBUG neutron.plugins.ml2.drivers.ovn.mech_driver.ovsdb.maintenance [-] Touching Hash Ring node "47e7631993855113928e4dd61c2bed8b" from periodic health check thread {{(pid=90839) touch_hash_ring_node /opt/stack/neutron/neutron/plugins/ml2/drivers/ovn/mech_driver/ovsdb/maintenance.py:1453}}
Aug 17 19:09:04.840331 np0000007577 devstack@neutron-api.service[90841]: DEBUG futurist.periodics [-] Submitting periodic callback 'neutron.plugins.ml2.drivers.ovn.mech_driver.ovsdb.maintenance.HashRingHealthCheckPeriodics.touch_hash_ring_node' {{(pid=90841) _process_scheduled /opt/stack/data/venv/lib/python3.12/site-packages/futurist/periodics.py:784}}
Aug 17 19:09:04.840716 np0000007577 devstack@neutron-api.service[90841]: DEBUG neutron.plugins.ml2.drivers.ovn.mech_driver.ovsdb.maintenance [-] Touching Hash Ring node "e58d914b6a4f517fbc403f86a57ebbd8" from periodic health check thread {{(pid=90841) touch_hash_ring_node /opt/stack/neutron/neutron/plugins/ml2/drivers/ovn/mech_driver/ovsdb/maintenance.py:1453}}
Aug 17 19:09:04.861619 np0000007577 devstack@neutron-api.service[90840]: DEBUG futurist.periodics [-] Submitting periodic callback 'neutron.plugins.ml2.drivers.ovn.mech_driver.ovsdb.maintenance.HashRingHealthCheckPeriodics.touch_hash_ring_node' {{(pid=90840) _process_scheduled /opt/stack/data/venv/lib/python3.12/site-packages/futurist/periodics.py:784}}
Aug 17 19:09:04.862001 np0000007577 devstack@neutron-api.service[90840]: DEBUG neutron.plugins.ml2.drivers.ovn.mech_driver.ovsdb.maintenance [-] Touching Hash Ring node "f44a3742b28d5ab89b4bd9a976f3a89e" from periodic health check thread {{(pid=90840) touch_hash_ring_node /opt/stack/neutron/neutron/plugins/ml2/drivers/ovn/mech_driver/ovsdb/maintenance.py:1453}}
Aug 17 19:09:04.904411 np0000007577 devstack@neutron-api.service[90842]: DEBUG futurist.periodics [-] Submitting periodic callback 'neutron.plugins.ml2.drivers.ovn.mech_driver.ovsdb.maintenance.HashRingHealthCheckPeriodics.touch_hash_ring_node' {{(pid=90842) _process_scheduled /opt/stack/data/venv/lib/python3.12/site-packages/futurist/periodics.py:784}}
Aug 17 19:09:04.904852 np0000007577 devstack@neutron-api.service[90842]: DEBUG neutron.plugins.ml2.drivers.ovn.mech_driver.ovsdb.maintenance [-] Touching Hash Ring node "ed754fe726e659c8bb9a9f3bbfd7511e" from periodic health check thread {{(pid=90842) touch_hash_ring_node /opt/stack/neutron/neutron/plugins/ml2/drivers/ovn/mech_driver/ovsdb/maintenance.py:1453}}
Aug 17 19:09:11.044419 np0000007577 devstack@neutron-api.service[90842]: DEBUG neutron.api.wsgi [None req-1f36a3b1-3ac0-463c-997d-a6981319cff8 tempest-verify_tempest_config-2062752799 tempest-verify_tempest_config-2062752799-project-member] https://10.4.3.174/networking/v2.0/extensions returned with HTTP 200 {{(pid=90842) __call__ /opt/stack/neutron/neutron/api/wsgi.py:540}}
Aug 17 19:09:11.045074 np0000007577 devstack@neutron-api.service[90842]: [pid: 90842|app: 0|req: 10/41] 10.4.3.174 () {66 vars in 1261 bytes} [Mon Aug 17 19:09:11 2026] GET /networking/v2.0/extensions => generated 16171 bytes in 4 msecs (HTTP/1.1 200) 4 headers in 159 bytes (1 switches on core 0)
Aug 17 19:09:11.731242 np0000007577 devstack@neutron-api.service[90839]: DEBUG neutron_lib.callbacks.manager [None req-348da1ff-d39d-4122-b3f6-3c8dc7c9bf6c admin admin] Publish callbacks [] for security_group (None), before_create {{(pid=90839) _notify_loop /opt/stack/data/venv/lib/python3.12/site-packages/neutron_lib/callbacks/manager.py:184}}
Aug 17 19:09:11.837564 np0000007577 devstack@neutron-api.service[90839]: DEBUG neutron_lib.callbacks.manager [None req-348da1ff-d39d-4122-b3f6-3c8dc7c9bf6c admin admin] Publish callbacks ['neutron.plugins.ml2.drivers.ovn.mech_driver.mech_driver.OVNMechanismDriver._create_security_group_precommit-480428'] for security_group (7357429f-64e7-47cc-880f-0289f9d98ca9), precommit_create {{(pid=90839) _notify_loop /opt/stack/data/venv/lib/python3.12/site-packages/neutron_lib/callbacks/manager.py:184}}
Aug 17 19:09:11.837758 np0000007577 devstack@neutron-api.service[90839]: DEBUG neutron.db.ovn_revision_numbers_db [None req-348da1ff-d39d-4122-b3f6-3c8dc7c9bf6c admin admin] create_initial_revision uuid=7357429f-64e7-47cc-880f-0289f9d98ca9, type=security_groups, rev=-1 {{(pid=90839) create_initial_revision /opt/stack/neutron/neutron/db/ovn_revision_numbers_db.py:98}}
Aug 17 19:09:11.839307 np0000007577 devstack@neutron-api.service[90839]: DEBUG neutron.db.ovn_revision_numbers_db [None req-348da1ff-d39d-4122-b3f6-3c8dc7c9bf6c admin admin] create_initial_revision uuid=0e600174-18dd-426a-a9f5-ef89cb00b619, type=security_group_rules, rev=-1 {{(pid=90839) create_initial_revision /opt/stack/neutron/neutron/db/ovn_revision_numbers_db.py:98}}
Aug 17 19:09:11.840724 np0000007577 devstack@neutron-api.service[90839]: DEBUG neutron.db.ovn_revision_numbers_db [None req-348da1ff-d39d-4122-b3f6-3c8dc7c9bf6c admin admin] create_initial_revision uuid=30e79815-cb8a-40fe-bebc-03137b859cb6, type=security_group_rules, rev=-1 {{(pid=90839) create_initial_revision /opt/stack/neutron/neutron/db/ovn_revision_numbers_db.py:98}}
Aug 17 19:09:11.841786 np0000007577 devstack@neutron-api.service[90839]: DEBUG neutron.db.ovn_revision_numbers_db [None req-348da1ff-d39d-4122-b3f6-3c8dc7c9bf6c admin admin] create_initial_revision uuid=af6b92de-d987-494b-96d0-7e9aabd148af, type=security_group_rules, rev=-1 {{(pid=90839) create_initial_revision /opt/stack/neutron/neutron/db/ovn_revision_numbers_db.py:98}}
Aug 17 19:09:11.842835 np0000007577 devstack@neutron-api.service[90839]: DEBUG neutron.db.ovn_revision_numbers_db [None req-348da1ff-d39d-4122-b3f6-3c8dc7c9bf6c admin admin] create_initial_revision uuid=c3b9ce11-ce6f-4024-95f3-02778b916b23, type=security_group_rules, rev=-1 {{(pid=90839) create_initial_revision /opt/stack/neutron/neutron/db/ovn_revision_numbers_db.py:98}}
Aug 17 19:09:11.847137 np0000007577 devstack@neutron-api.service[90839]: DEBUG neutron_lib.callbacks.manager [None req-348da1ff-d39d-4122-b3f6-3c8dc7c9bf6c admin admin] Publish callbacks ['neutron.plugins.ml2.drivers.ovn.mech_driver.mech_driver.OVNMechanismDriver._create_security_group-480418', 'neutron.plugins.ml2.ovo_rpc._ObjectChangeHandler.handle_event-1115073'] for security_group (7357429f-64e7-47cc-880f-0289f9d98ca9), after_create {{(pid=90839) _notify_loop /opt/stack/data/venv/lib/python3.12/site-packages/neutron_lib/callbacks/manager.py:184}}
Aug 17 19:09:11.847786 np0000007577 devstack@neutron-api.service[90839]: DEBUG ovsdbapp.backend.ovs_idl.transaction [None req-41e98f97-796e-4e1b-9fa6-c8a37847ee43 None None] Running txn n=1 command(idx=0): PgAddCommand(_result=None, name=pg_7357429f_64e7_47cc_880f_0289f9d98ca9, may_exist=False, columns={'acls': [], 'external_ids': {'neutron:security_group_id': '7357429f-64e7-47cc-880f-0289f9d98ca9'}}) {{(pid=90839) do_commit /opt/stack/data/venv/lib/python3.12/site-packages/ovsdbapp/backend/ovs_idl/transaction.py:89}}
Aug 17 19:09:11.848155 np0000007577 devstack@neutron-api.service[90839]: DEBUG ovsdbapp.backend.ovs_idl.transaction [None req-41e98f97-796e-4e1b-9fa6-c8a37847ee43 None None] Running txn n=1 command(idx=1): PgAclAddCommand(_result=None, entity=pg_7357429f_64e7_47cc_880f_0289f9d98ca9, direction=from-lport, priority=1002, match=inport == @pg_7357429f_64e7_47cc_880f_0289f9d98ca9 && ip6, action=allow-related, log=False, may_exist=True, severity=[], name=[], meter=[], external_ids={'neutron:security_group_rule_id': '0e600174-18dd-426a-a9f5-ef89cb00b619'}) {{(pid=90839) do_commit /opt/stack/data/venv/lib/python3.12/site-packages/ovsdbapp/backend/ovs_idl/transaction.py:89}}
Aug 17 19:09:11.848561 np0000007577 devstack@neutron-api.service[90839]: DEBUG ovsdbapp.backend.ovs_idl.transaction [None req-41e98f97-796e-4e1b-9fa6-c8a37847ee43 None None] Running txn n=1 command(idx=2): PgAclAddCommand(_result=None, entity=pg_7357429f_64e7_47cc_880f_0289f9d98ca9, direction=to-lport, priority=1002, match=outport == @pg_7357429f_64e7_47cc_880f_0289f9d98ca9 && ip4 && ip4.src == $pg_7357429f_64e7_47cc_880f_0289f9d98ca9_ip4, action=allow-related, log=False, may_exist=True, severity=[], name=[], meter=[], external_ids={'neutron:security_group_rule_id': '30e79815-cb8a-40fe-bebc-03137b859cb6'}) {{(pid=90839) do_commit /opt/stack/data/venv/lib/python3.12/site-packages/ovsdbapp/backend/ovs_idl/transaction.py:89}}
Aug 17 19:09:11.848876 np0000007577 devstack@neutron-api.service[90839]: DEBUG ovsdbapp.backend.ovs_idl.transaction [None req-41e98f97-796e-4e1b-9fa6-c8a37847ee43 None None] Running txn n=1 command(idx=3): PgAclAddCommand(_result=None, entity=pg_7357429f_64e7_47cc_880f_0289f9d98ca9, direction=from-lport, priority=1002, match=inport == @pg_7357429f_64e7_47cc_880f_0289f9d98ca9 && ip4, action=allow-related, log=False, may_exist=True, severity=[], name=[], meter=[], external_ids={'neutron:security_group_rule_id': 'af6b92de-d987-494b-96d0-7e9aabd148af'}) {{(pid=90839) do_commit /opt/stack/data/venv/lib/python3.12/site-packages/ovsdbapp/backend/ovs_idl/transaction.py:89}}
Aug 17 19:09:11.849179 np0000007577 devstack@neutron-api.service[90839]: DEBUG ovsdbapp.backend.ovs_idl.transaction [None req-41e98f97-796e-4e1b-9fa6-c8a37847ee43 None None] Running txn n=1 command(idx=4): PgAclAddCommand(_result=None, entity=pg_7357429f_64e7_47cc_880f_0289f9d98ca9, direction=to-lport, priority=1002, match=outport == @pg_7357429f_64e7_47cc_880f_0289f9d98ca9 && ip6 && ip6.src == $pg_7357429f_64e7_47cc_880f_0289f9d98ca9_ip6, action=allow-related, log=False, may_exist=True, severity=[], name=[], meter=[], external_ids={'neutron:security_group_rule_id': 'c3b9ce11-ce6f-4024-95f3-02778b916b23'}) {{(pid=90839) do_commit /opt/stack/data/venv/lib/python3.12/site-packages/ovsdbapp/backend/ovs_idl/transaction.py:89}}
Aug 17 19:09:11.869975 np0000007577 devstack@neutron-api.service[90841]: DEBUG neutron.plugins.ml2.drivers.ovn.mech_driver.ovsdb.ovsdb_monitor [None req-cefff87d-0cf1-499b-9da8-6409799f6b0e None None] Touching Hash Ring node "e58d914b6a4f517fbc403f86a57ebbd8" from IDL notify handler {{(pid=90841) notify /opt/stack/neutron/neutron/plugins/ml2/drivers/ovn/mech_driver/ovsdb/ovsdb_monitor.py:1091}}
Aug 17 19:09:11.870542 np0000007577 devstack@neutron-api.service[90842]: DEBUG neutron.plugins.ml2.drivers.ovn.mech_driver.ovsdb.ovsdb_monitor [None req-91c6270b-4c36-48dd-a307-309f0ac40c37 None None] Touching Hash Ring node "ed754fe726e659c8bb9a9f3bbfd7511e" from IDL notify handler {{(pid=90842) notify /opt/stack/neutron/neutron/plugins/ml2/drivers/ovn/mech_driver/ovsdb/ovsdb_monitor.py:1091}}
Aug 17 19:09:11.870616 np0000007577 devstack@neutron-api.service[90839]: DEBUG neutron.plugins.ml2.drivers.ovn.mech_driver.ovsdb.ovsdb_monitor [None req-41e98f97-796e-4e1b-9fa6-c8a37847ee43 None None] Touching Hash Ring node "47e7631993855113928e4dd61c2bed8b" from IDL notify handler {{(pid=90839) notify /opt/stack/neutron/neutron/plugins/ml2/drivers/ovn/mech_driver/ovsdb/ovsdb_monitor.py:1091}}
Aug 17 19:09:11.877852 np0000007577 devstack@neutron-api.service[90841]: DEBUG neutron.plugins.ml2.drivers.ovn.mech_driver.ovsdb.ovsdb_monitor [None req-cefff87d-0cf1-499b-9da8-6409799f6b0e None None] Hash Ring: Node e58d914b6a4f517fbc403f86a57ebbd8 (host: np0000007577) handling event "create" for row f902cc36-f46c-4e43-8c85-98e908daca3d (table: ACL) {{(pid=90841) notify /opt/stack/neutron/neutron/plugins/ml2/drivers/ovn/mech_driver/ovsdb/ovsdb_monitor.py:1099}}
Aug 17 19:09:11.878816 np0000007577 devstack@neutron-api.service[90842]: DEBUG neutron.plugins.ml2.drivers.ovn.mech_driver.ovsdb.ovsdb_monitor [None req-91c6270b-4c36-48dd-a307-309f0ac40c37 None None] Hash Ring: Node ed754fe726e659c8bb9a9f3bbfd7511e (host: np0000007577) handling event "create" for row 077d90d3-127a-4935-be1f-aff02c914956 (table: ACL) {{(pid=90842) notify /opt/stack/neutron/neutron/plugins/ml2/drivers/ovn/mech_driver/ovsdb/ovsdb_monitor.py:1099}}
Aug 17 19:09:11.879085 np0000007577 devstack@neutron-api.service[90839]: DEBUG neutron.plugins.ml2.drivers.ovn.mech_driver.ovsdb.ovsdb_monitor [None req-41e98f97-796e-4e1b-9fa6-c8a37847ee43 None None] Hash Ring: Node 47e7631993855113928e4dd61c2bed8b (host: np0000007577) handling event "create" for row 5bd1cc5a-fb40-40c7-9c7f-655f3f552545 (table: Port_Group) {{(pid=90839) notify /opt/stack/neutron/neutron/plugins/ml2/drivers/ovn/mech_driver/ovsdb/ovsdb_monitor.py:1099}}
Aug 17 19:09:11.879731 np0000007577 devstack@neutron-api.service[90842]: DEBUG neutron.plugins.ml2.drivers.ovn.mech_driver.ovsdb.ovsdb_monitor [None req-91c6270b-4c36-48dd-a307-309f0ac40c37 None None] Touching Hash Ring node "ed754fe726e659c8bb9a9f3bbfd7511e" from IDL notify handler {{(pid=90842) notify /opt/stack/neutron/neutron/plugins/ml2/drivers/ovn/mech_driver/ovsdb/ovsdb_monitor.py:1091}}
Aug 17 19:09:11.883068 np0000007577 devstack@neutron-api.service[90842]: DEBUG neutron.plugins.ml2.drivers.ovn.mech_driver.ovsdb.ovsdb_monitor [None req-91c6270b-4c36-48dd-a307-309f0ac40c37 None None] Hash Ring: Node ed754fe726e659c8bb9a9f3bbfd7511e (host: np0000007577) handling event "create" for row 95a762cf-17a8-48fb-85e8-b61b9383ff46 (table: ACL) {{(pid=90842) notify /opt/stack/neutron/neutron/plugins/ml2/drivers/ovn/mech_driver/ovsdb/ovsdb_monitor.py:1099}}
Aug 17 19:09:11.883410 np0000007577 devstack@neutron-api.service[90842]: DEBUG neutron.plugins.ml2.drivers.ovn.mech_driver.ovsdb.ovsdb_monitor [None req-91c6270b-4c36-48dd-a307-309f0ac40c37 None None] Touching Hash Ring node "ed754fe726e659c8bb9a9f3bbfd7511e" from IDL notify handler {{(pid=90842) notify /opt/stack/neutron/neutron/plugins/ml2/drivers/ovn/mech_driver/ovsdb/ovsdb_monitor.py:1091}}
Aug 17 19:09:11.886744 np0000007577 devstack@neutron-api.service[90842]: DEBUG neutron.plugins.ml2.drivers.ovn.mech_driver.ovsdb.ovsdb_monitor [None req-91c6270b-4c36-48dd-a307-309f0ac40c37 None None] Hash Ring: Node ed754fe726e659c8bb9a9f3bbfd7511e (host: np0000007577) handling event "create" for row 9df38764-c9f5-4493-80fb-6191dcdb3699 (table: ACL) {{(pid=90842) notify /opt/stack/neutron/neutron/plugins/ml2/drivers/ovn/mech_driver/ovsdb/ovsdb_monitor.py:1099}}
Aug 17 19:09:11.909145 np0000007577 devstack@neutron-api.service[90839]: INFO neutron.db.ovn_revision_numbers_db [None req-348da1ff-d39d-4122-b3f6-3c8dc7c9bf6c admin admin] Successfully bumped revision number for resource 7357429f-64e7-47cc-880f-0289f9d98ca9 (type: security_groups) to 1
Aug 17 19:09:11.933707 np0000007577 devstack@neutron-api.service[90839]: INFO neutron.db.ovn_revision_numbers_db [None req-348da1ff-d39d-4122-b3f6-3c8dc7c9bf6c admin admin] Successfully bumped revision number for resource 0e600174-18dd-426a-a9f5-ef89cb00b619 (type: security_group_rules) to 0
Aug 17 19:09:11.947871 np0000007577 devstack@neutron-api.service[90839]: INFO neutron.db.ovn_revision_numbers_db [None req-348da1ff-d39d-4122-b3f6-3c8dc7c9bf6c admin admin] Successfully bumped revision number for resource 30e79815-cb8a-40fe-bebc-03137b859cb6 (type: security_group_rules) to 0
Aug 17 19:09:11.961172 np0000007577 devstack@neutron-api.service[90839]: INFO neutron.db.ovn_revision_numbers_db [None req-348da1ff-d39d-4122-b3f6-3c8dc7c9bf6c admin admin] Successfully bumped revision number for resource af6b92de-d987-494b-96d0-7e9aabd148af (type: security_group_rules) to 0
Aug 17 19:09:11.973760 np0000007577 devstack@neutron-api.service[90839]: INFO neutron.db.ovn_revision_numbers_db [None req-348da1ff-d39d-4122-b3f6-3c8dc7c9bf6c admin admin] Successfully bumped revision number for resource c3b9ce11-ce6f-4024-95f3-02778b916b23 (type: security_group_rules) to 0
Aug 17 19:09:11.996375 np0000007577 devstack@neutron-api.service[90839]: DEBUG neutron.api.rpc.handlers.resources_rpc [None req-348da1ff-d39d-4122-b3f6-3c8dc7c9bf6c admin admin] Pushing event updated for resources: {'SecurityGroup': ['ID=7357429f-64e7-47cc-880f-0289f9d98ca9,revision_number=1']} {{(pid=90839) push /opt/stack/neutron/neutron/api/rpc/handlers/resources_rpc.py:237}}
Aug 17 19:09:12.020738 np0000007577 devstack@neutron-api.service[90839]: [pid: 90839|app: 0|req: 12/42] 10.4.3.174 () {66 vars in 1389 bytes} [Mon Aug 17 19:09:11 2026] GET /networking/v2.0/security-groups?project_id=eb4b8a0c2cf14a958df556839d46be78&name=default => generated 2921 bytes in 513 msecs (HTTP/1.1 200) 4 headers in 158 bytes (1 switches on core 0)
Aug 17 19:09:12.093188 np0000007577 devstack@neutron-api.service[90841]: DEBUG neutron_lib.callbacks.manager [None req-9012c0db-e864-4ad1-a4c0-02e4c8fc19bd admin admin] Publish callbacks [] for security_group (7357429f-64e7-47cc-880f-0289f9d98ca9), before_delete {{(pid=90841) _notify_loop /opt/stack/data/venv/lib/python3.12/site-packages/neutron_lib/callbacks/manager.py:184}}
Aug 17 19:09:12.113885 np0000007577 devstack@neutron-api.service[90841]: DEBUG neutron_lib.callbacks.manager [None req-9012c0db-e864-4ad1-a4c0-02e4c8fc19bd admin admin] Publish callbacks ['neutron.plugins.ml2.drivers.ovn.mech_driver.mech_driver.OVNMechanismDriver._delete_security_group_precommit-337099'] for security_group (7357429f-64e7-47cc-880f-0289f9d98ca9), precommit_delete {{(pid=90841) _notify_loop /opt/stack/data/venv/lib/python3.12/site-packages/neutron_lib/callbacks/manager.py:184}}
