Aug 24 16:48:00.639773 np0000007985 nova-scheduler[93584]: DEBUG cotyledon.oslo_config_glue [-] oslo_messaging_rabbit.rabbit_login_method = AMQPLAIN {{(pid=93584) log_opt_values /opt/stack/data/venv/lib/python3.12/site-packages/oslo_config/cfg.py:3560}}
Aug 24 16:48:00.639842 np0000007985 nova-scheduler[93584]: DEBUG cotyledon.oslo_config_glue [-] oslo_messaging_rabbit.rabbit_qos_prefetch_count = 0 {{(pid=93584) log_opt_values /opt/stack/data/venv/lib/python3.12/site-packages/oslo_config/cfg.py:3560}}
Aug 24 16:48:00.639911 np0000007985 nova-scheduler[93584]: DEBUG cotyledon.oslo_config_glue [-] oslo_messaging_rabbit.rabbit_quorum_delivery_limit = 0 {{(pid=93584) log_opt_values /opt/stack/data/venv/lib/python3.12/site-packages/oslo_config/cfg.py:3560}}
Aug 24 16:48:00.639976 np0000007985 nova-scheduler[93584]: DEBUG cotyledon.oslo_config_glue [-] oslo_messaging_rabbit.rabbit_quorum_max_memory_bytes = 0 {{(pid=93584) log_opt_values /opt/stack/data/venv/lib/python3.12/site-packages/oslo_config/cfg.py:3560}}
Aug 24 16:48:00.640041 np0000007985 nova-scheduler[93584]: DEBUG cotyledon.oslo_config_glue [-] oslo_messaging_rabbit.rabbit_quorum_max_memory_length = 0 {{(pid=93584) log_opt_values /opt/stack/data/venv/lib/python3.12/site-packages/oslo_config/cfg.py:3560}}
Aug 24 16:48:00.640108 np0000007985 nova-scheduler[93584]: DEBUG cotyledon.oslo_config_glue [-] oslo_messaging_rabbit.rabbit_quorum_queue = False {{(pid=93584) log_opt_values /opt/stack/data/venv/lib/python3.12/site-packages/oslo_config/cfg.py:3560}}
Aug 24 16:48:00.640189 np0000007985 nova-scheduler[93584]: DEBUG cotyledon.oslo_config_glue [-] oslo_messaging_rabbit.rabbit_retry_backoff = 2 {{(pid=93584) log_opt_values /opt/stack/data/venv/lib/python3.12/site-packages/oslo_config/cfg.py:3560}}
Aug 24 16:48:00.640255 np0000007985 nova-scheduler[93584]: DEBUG cotyledon.oslo_config_glue [-] oslo_messaging_rabbit.rabbit_retry_interval = 1 {{(pid=93584) log_opt_values /opt/stack/data/venv/lib/python3.12/site-packages/oslo_config/cfg.py:3560}}
Aug 24 16:48:00.640319 np0000007985 nova-scheduler[93584]: DEBUG cotyledon.oslo_config_glue [-] oslo_messaging_rabbit.rabbit_stream_fanout = False {{(pid=93584) log_opt_values /opt/stack/data/venv/lib/python3.12/site-packages/oslo_config/cfg.py:3560}}
Aug 24 16:48:00.640402 np0000007985 nova-scheduler[93584]: DEBUG cotyledon.oslo_config_glue [-] oslo_messaging_rabbit.rabbit_transient_queues_ttl = 1800 {{(pid=93584) log_opt_values /opt/stack/data/venv/lib/python3.12/site-packages/oslo_config/cfg.py:3560}}
Aug 24 16:48:00.640473 np0000007985 nova-scheduler[93584]: DEBUG cotyledon.oslo_config_glue [-] oslo_messaging_rabbit.rabbit_transient_quorum_queue = False {{(pid=93584) log_opt_values /opt/stack/data/venv/lib/python3.12/site-packages/oslo_config/cfg.py:3560}}
Aug 24 16:48:00.640531 np0000007985 nova-scheduler[93584]: DEBUG cotyledon.oslo_config_glue [-] oslo_messaging_rabbit.rpc_conn_pool_size = 30 {{(pid=93584) log_opt_values /opt/stack/data/venv/lib/python3.12/site-packages/oslo_config/cfg.py:3560}}
Aug 24 16:48:00.640608 np0000007985 nova-scheduler[93584]: DEBUG cotyledon.oslo_config_glue [-] oslo_messaging_rabbit.ssl = False {{(pid=93584) log_opt_values /opt/stack/data/venv/lib/python3.12/site-packages/oslo_config/cfg.py:3560}}
Aug 24 16:48:00.640675 np0000007985 nova-scheduler[93584]: DEBUG cotyledon.oslo_config_glue [-] oslo_messaging_rabbit.ssl_ca_file = {{(pid=93584) log_opt_values /opt/stack/data/venv/lib/python3.12/site-packages/oslo_config/cfg.py:3560}}
Aug 24 16:48:00.640741 np0000007985 nova-scheduler[93584]: DEBUG cotyledon.oslo_config_glue [-] oslo_messaging_rabbit.ssl_cert_file = {{(pid=93584) log_opt_values /opt/stack/data/venv/lib/python3.12/site-packages/oslo_config/cfg.py:3560}}
Aug 24 16:48:00.640805 np0000007985 nova-scheduler[93584]: DEBUG cotyledon.oslo_config_glue [-] oslo_messaging_rabbit.ssl_enforce_fips_mode = False {{(pid=93584) log_opt_values /opt/stack/data/venv/lib/python3.12/site-packages/oslo_config/cfg.py:3560}}
Aug 24 16:48:00.640871 np0000007985 nova-scheduler[93584]: DEBUG cotyledon.oslo_config_glue [-] oslo_messaging_rabbit.ssl_enforce_hostname_verification = True {{(pid=93584) log_opt_values /opt/stack/data/venv/lib/python3.12/site-packages/oslo_config/cfg.py:3560}}
Aug 24 16:48:00.640939 np0000007985 nova-scheduler[93584]: DEBUG cotyledon.oslo_config_glue [-] oslo_messaging_rabbit.ssl_key_file = {{(pid=93584) log_opt_values /opt/stack/data/venv/lib/python3.12/site-packages/oslo_config/cfg.py:3560}}
Aug 24 16:48:00.641020 np0000007985 nova-scheduler[93584]: DEBUG cotyledon.oslo_config_glue [-] oslo_messaging_rabbit.ssl_version = {{(pid=93584) log_opt_values /opt/stack/data/venv/lib/python3.12/site-packages/oslo_config/cfg.py:3560}}
Aug 24 16:48:00.641090 np0000007985 nova-scheduler[93584]: DEBUG cotyledon.oslo_config_glue [-] oslo_messaging_rabbit.use_queue_manager = False {{(pid=93584) log_opt_values /opt/stack/data/venv/lib/python3.12/site-packages/oslo_config/cfg.py:3560}}
Aug 24 16:48:00.641178 np0000007985 nova-scheduler[93584]: DEBUG cotyledon.oslo_config_glue [-] oslo_messaging_notifications.driver = ['messagingv2'] {{(pid=93584) log_opt_values /opt/stack/data/venv/lib/python3.12/site-packages/oslo_config/cfg.py:3560}}
Aug 24 16:48:00.641250 np0000007985 nova-scheduler[93584]: DEBUG cotyledon.oslo_config_glue [-] oslo_messaging_notifications.retry = -1 {{(pid=93584) log_opt_values /opt/stack/data/venv/lib/python3.12/site-packages/oslo_config/cfg.py:3560}}
Aug 24 16:48:00.641329 np0000007985 nova-scheduler[93584]: DEBUG cotyledon.oslo_config_glue [-] oslo_messaging_notifications.topics = ['notifications'] {{(pid=93584) log_opt_values /opt/stack/data/venv/lib/python3.12/site-packages/oslo_config/cfg.py:3560}}
Aug 24 16:48:00.641436 np0000007985 nova-scheduler[93584]: DEBUG cotyledon.oslo_config_glue [-] oslo_messaging_notifications.transport_url = **** {{(pid=93584) log_opt_values /opt/stack/data/venv/lib/python3.12/site-packages/oslo_config/cfg.py:3560}}
Aug 24 16:48:00.641533 np0000007985 nova-scheduler[93584]: DEBUG cotyledon.oslo_config_glue [-] oslo_limit.auth_section = None {{(pid=93584) log_opt_values /opt/stack/data/venv/lib/python3.12/site-packages/oslo_config/cfg.py:3560}}
Aug 24 16:48:00.641671 np0000007985 nova-scheduler[93584]: DEBUG cotyledon.oslo_config_glue [-] oslo_limit.auth_type = None {{(pid=93584) log_opt_values /opt/stack/data/venv/lib/python3.12/site-packages/oslo_config/cfg.py:3560}}
Aug 24 16:48:00.641749 np0000007985 nova-scheduler[93584]: DEBUG cotyledon.oslo_config_glue [-] oslo_limit.cafile = None {{(pid=93584) log_opt_values /opt/stack/data/venv/lib/python3.12/site-packages/oslo_config/cfg.py:3560}}
Aug 24 16:48:00.641815 np0000007985 nova-scheduler[93584]: DEBUG cotyledon.oslo_config_glue [-] oslo_limit.certfile = None {{(pid=93584) log_opt_values /opt/stack/data/venv/lib/python3.12/site-packages/oslo_config/cfg.py:3560}}
Aug 24 16:48:00.641885 np0000007985 nova-scheduler[93584]: DEBUG cotyledon.oslo_config_glue [-] oslo_limit.collect_timing = False {{(pid=93584) log_opt_values /opt/stack/data/venv/lib/python3.12/site-packages/oslo_config/cfg.py:3560}}
Aug 24 16:48:00.641951 np0000007985 nova-scheduler[93584]: DEBUG cotyledon.oslo_config_glue [-] oslo_limit.connect_retries = None {{(pid=93584) log_opt_values /opt/stack/data/venv/lib/python3.12/site-packages/oslo_config/cfg.py:3560}}
Aug 24 16:48:00.642017 np0000007985 nova-scheduler[93584]: DEBUG cotyledon.oslo_config_glue [-] oslo_limit.connect_retry_delay = None {{(pid=93584) log_opt_values /opt/stack/data/venv/lib/python3.12/site-packages/oslo_config/cfg.py:3560}}
Aug 24 16:48:00.642098 np0000007985 nova-scheduler[93584]: DEBUG cotyledon.oslo_config_glue [-] oslo_limit.endpoint_id = None {{(pid=93584) log_opt_values /opt/stack/data/venv/lib/python3.12/site-packages/oslo_config/cfg.py:3560}}
Aug 24 16:48:00.642172 np0000007985 nova-scheduler[93584]: DEBUG cotyledon.oslo_config_glue [-] oslo_limit.endpoint_interface = public {{(pid=93584) log_opt_values /opt/stack/data/venv/lib/python3.12/site-packages/oslo_config/cfg.py:3560}}
Aug 24 16:48:00.642242 np0000007985 nova-scheduler[93584]: DEBUG cotyledon.oslo_config_glue [-] oslo_limit.endpoint_override = None {{(pid=93584) log_opt_values /opt/stack/data/venv/lib/python3.12/site-packages/oslo_config/cfg.py:3560}}
Aug 24 16:48:00.642310 np0000007985 nova-scheduler[93584]: DEBUG cotyledon.oslo_config_glue [-] oslo_limit.endpoint_region_name = None {{(pid=93584) log_opt_values /opt/stack/data/venv/lib/python3.12/site-packages/oslo_config/cfg.py:3560}}
Aug 24 16:48:00.642406 np0000007985 nova-scheduler[93584]: DEBUG cotyledon.oslo_config_glue [-] oslo_limit.endpoint_service_name = None {{(pid=93584) log_opt_values /opt/stack/data/venv/lib/python3.12/site-packages/oslo_config/cfg.py:3560}}
Aug 24 16:48:00.642485 np0000007985 nova-scheduler[93584]: DEBUG cotyledon.oslo_config_glue [-] oslo_limit.endpoint_service_type = None {{(pid=93584) log_opt_values /opt/stack/data/venv/lib/python3.12/site-packages/oslo_config/cfg.py:3560}}
Aug 24 16:48:00.642550 np0000007985 nova-scheduler[93584]: DEBUG cotyledon.oslo_config_glue [-] oslo_limit.insecure = False {{(pid=93584) log_opt_values /opt/stack/data/venv/lib/python3.12/site-packages/oslo_config/cfg.py:3560}}
Aug 24 16:48:00.642874 np0000007985 nova-scheduler[93584]: DEBUG cotyledon.oslo_config_glue [-] oslo_limit.keyfile = None {{(pid=93584) log_opt_values /opt/stack/data/venv/lib/python3.12/site-packages/oslo_config/cfg.py:3560}}
Aug 24 16:48:00.643031 np0000007985 nova-scheduler[93584]: DEBUG cotyledon.oslo_config_glue [-] oslo_limit.max_version = None {{(pid=93584) log_opt_values /opt/stack/data/venv/lib/python3.12/site-packages/oslo_config/cfg.py:3560}}
Aug 24 16:48:00.643106 np0000007985 nova-scheduler[93584]: DEBUG cotyledon.oslo_config_glue [-] oslo_limit.min_version = None {{(pid=93584) log_opt_values /opt/stack/data/venv/lib/python3.12/site-packages/oslo_config/cfg.py:3560}}
Aug 24 16:48:00.643179 np0000007985 nova-scheduler[93584]: DEBUG cotyledon.oslo_config_glue [-] oslo_limit.region_name = None {{(pid=93584) log_opt_values /opt/stack/data/venv/lib/python3.12/site-packages/oslo_config/cfg.py:3560}}
Aug 24 16:48:00.643245 np0000007985 nova-scheduler[93584]: DEBUG cotyledon.oslo_config_glue [-] oslo_limit.retriable_status_codes = None {{(pid=93584) log_opt_values /opt/stack/data/venv/lib/python3.12/site-packages/oslo_config/cfg.py:3560}}
Aug 24 16:48:00.643325 np0000007985 nova-scheduler[93584]: DEBUG cotyledon.oslo_config_glue [-] oslo_limit.service_name = None {{(pid=93584) log_opt_values /opt/stack/data/venv/lib/python3.12/site-packages/oslo_config/cfg.py:3560}}
Aug 24 16:48:00.643798 np0000007985 nova-scheduler[93582]: DEBUG oslo_db.sqlalchemy.engines [None req-47a798ba-38e0-4073-8555-40ae4f9312f0 None None] MySQL server mode set to STRICT_TRANS_TABLES,STRICT_ALL_TABLES,NO_ZERO_IN_DATE,NO_ZERO_DATE,ERROR_FOR_DIVISION_BY_ZERO,TRADITIONAL,NO_ENGINE_SUBSTITUTION {{(pid=93582) _check_effective_sql_mode /opt/stack/data/venv/lib/python3.12/site-packages/oslo_db/sqlalchemy/engines.py:325}}
Aug 24 16:48:00.643920 np0000007985 nova-scheduler[93584]: DEBUG cotyledon.oslo_config_glue [-] oslo_limit.service_type = None {{(pid=93584) log_opt_values /opt/stack/data/venv/lib/python3.12/site-packages/oslo_config/cfg.py:3560}}
Aug 24 16:48:00.644140 np0000007985 nova-scheduler[93584]: DEBUG cotyledon.oslo_config_glue [-] oslo_limit.split_loggers = False {{(pid=93584) log_opt_values /opt/stack/data/venv/lib/python3.12/site-packages/oslo_config/cfg.py:3560}}
Aug 24 16:48:00.644304 np0000007985 nova-scheduler[93584]: DEBUG cotyledon.oslo_config_glue [-] oslo_limit.status_code_retries = None {{(pid=93584) log_opt_values /opt/stack/data/venv/lib/python3.12/site-packages/oslo_config/cfg.py:3560}}
Aug 24 16:48:00.644406 np0000007985 nova-scheduler[93584]: DEBUG cotyledon.oslo_config_glue [-] oslo_limit.status_code_retry_delay = None {{(pid=93584) log_opt_values /opt/stack/data/venv/lib/python3.12/site-packages/oslo_config/cfg.py:3560}}
Aug 24 16:48:00.644502 np0000007985 nova-scheduler[93584]: DEBUG cotyledon.oslo_config_glue [-] oslo_limit.timeout = None {{(pid=93584) log_opt_values /opt/stack/data/venv/lib/python3.12/site-packages/oslo_config/cfg.py:3560}}
Aug 24 16:48:00.644576 np0000007985 nova-scheduler[93584]: DEBUG cotyledon.oslo_config_glue [-] oslo_limit.valid_interfaces = None {{(pid=93584) log_opt_values /opt/stack/data/venv/lib/python3.12/site-packages/oslo_config/cfg.py:3560}}
Aug 24 16:48:00.644827 np0000007985 nova-scheduler[93584]: DEBUG cotyledon.oslo_config_glue [-] oslo_limit.version = None {{(pid=93584) log_opt_values /opt/stack/data/venv/lib/python3.12/site-packages/oslo_config/cfg.py:3560}}
Aug 24 16:48:00.644938 np0000007985 nova-scheduler[93584]: DEBUG cotyledon.oslo_config_glue [-] oslo_reports.file_event_handler = None {{(pid=93584) log_opt_values /opt/stack/data/venv/lib/python3.12/site-packages/oslo_config/cfg.py:3560}}
Aug 24 16:48:00.645165 np0000007985 nova-scheduler[93584]: DEBUG cotyledon.oslo_config_glue [-] oslo_reports.file_event_handler_interval = 1 {{(pid=93584) log_opt_values /opt/stack/data/venv/lib/python3.12/site-packages/oslo_config/cfg.py:3560}}
Aug 24 16:48:00.645331 np0000007985 nova-scheduler[93584]: DEBUG cotyledon.oslo_config_glue [-] oslo_reports.log_dir = None {{(pid=93584) log_opt_values /opt/stack/data/venv/lib/python3.12/site-packages/oslo_config/cfg.py:3560}}
Aug 24 16:48:00.645526 np0000007985 nova-scheduler[93584]: DEBUG cotyledon.oslo_config_glue [-] ******************************************************************************** {{(pid=93584) log_opt_values /opt/stack/data/venv/lib/python3.12/site-packages/oslo_config/cfg.py:3567}}
Aug 24 16:48:00.645840 np0000007985 nova-scheduler[93584]: DEBUG cotyledon._service_worker [-] Run service ServiceWrapper(2) [93584] {{(pid=93584) wait_forever /opt/stack/data/venv/lib/python3.12/site-packages/cotyledon/_service_worker.py:218}}
Aug 24 16:48:00.647273 np0000007985 nova-scheduler[93584]: INFO nova.service [-] Starting scheduler node (version 33.1.0)
Aug 24 16:48:00.648517 np0000007985 nova-scheduler[93580]: DEBUG oslo_db.sqlalchemy.engines [None req-4872eb1b-bee4-461a-a30c-ed8e77164f2e None None] MySQL server mode set to STRICT_TRANS_TABLES,STRICT_ALL_TABLES,NO_ZERO_IN_DATE,NO_ZERO_DATE,ERROR_FOR_DIVISION_BY_ZERO,TRADITIONAL,NO_ENGINE_SUBSTITUTION {{(pid=93580) _check_effective_sql_mode /opt/stack/data/venv/lib/python3.12/site-packages/oslo_db/sqlalchemy/engines.py:325}}
Aug 24 16:48:00.651387 np0000007985 nova-scheduler[93584]: INFO dbcounter [None req-cc62f69a-a256-4bcc-ac80-787f4c57dd24 None None] Registered counter for database nova_cell0
Aug 24 16:48:00.653669 np0000007985 nova-scheduler[93582]: DEBUG dbcounter [-] [93582] Writer thread running {{(pid=93582) stat_writer /opt/stack/data/venv/lib/python3.12/site-packages/dbcounter.py:102}}
Aug 24 16:48:00.658862 np0000007985 nova-scheduler[93580]: DEBUG dbcounter [-] [93580] Writer thread running {{(pid=93580) stat_writer /opt/stack/data/venv/lib/python3.12/site-packages/dbcounter.py:102}}
Aug 24 16:48:00.670878 np0000007985 nova-scheduler[93582]: DEBUG nova.service [None req-47a798ba-38e0-4073-8555-40ae4f9312f0 None None] Creating RPC server for service: nova-scheduler on topic: scheduler {{(pid=93582) start /opt/stack/nova/nova/service.py:262}}
Aug 24 16:48:00.677111 np0000007985 nova-scheduler[93580]: DEBUG nova.service [None req-4872eb1b-bee4-461a-a30c-ed8e77164f2e None None] Creating RPC server for service: nova-scheduler on topic: scheduler {{(pid=93580) start /opt/stack/nova/nova/service.py:262}}
Aug 24 16:48:00.689188 np0000007985 nova-scheduler[93584]: DEBUG oslo_db.sqlalchemy.engines [None req-cc62f69a-a256-4bcc-ac80-787f4c57dd24 None None] MySQL server mode set to STRICT_TRANS_TABLES,STRICT_ALL_TABLES,NO_ZERO_IN_DATE,NO_ZERO_DATE,ERROR_FOR_DIVISION_BY_ZERO,TRADITIONAL,NO_ENGINE_SUBSTITUTION {{(pid=93584) _check_effective_sql_mode /opt/stack/data/venv/lib/python3.12/site-packages/oslo_db/sqlalchemy/engines.py:325}}
Aug 24 16:48:00.700682 np0000007985 nova-scheduler[93584]: DEBUG dbcounter [-] [93584] Writer thread running {{(pid=93584) stat_writer /opt/stack/data/venv/lib/python3.12/site-packages/dbcounter.py:102}}
Aug 24 16:48:00.703831 np0000007985 nova-scheduler[93580]: DEBUG nova.service [None req-4872eb1b-bee4-461a-a30c-ed8e77164f2e None None] Join ServiceGroup membership for this service scheduler {{(pid=93580) start /opt/stack/nova/nova/service.py:288}}
Aug 24 16:48:00.703973 np0000007985 nova-scheduler[93584]: DEBUG nova.service [None req-cc62f69a-a256-4bcc-ac80-787f4c57dd24 None None] Creating RPC server for service: nova-scheduler on topic: scheduler {{(pid=93584) start /opt/stack/nova/nova/service.py:262}}
Aug 24 16:48:00.704760 np0000007985 nova-scheduler[93580]: DEBUG nova.servicegroup.drivers.db [None req-4872eb1b-bee4-461a-a30c-ed8e77164f2e None None] DB_Driver: join new ServiceGroup member np0000007985 to the scheduler group, service = {{(pid=93580) join /opt/stack/nova/nova/servicegroup/drivers/db.py:44}}
Aug 24 16:48:00.707488 np0000007985 nova-scheduler[93582]: DEBUG nova.service [None req-47a798ba-38e0-4073-8555-40ae4f9312f0 None None] Join ServiceGroup membership for this service scheduler {{(pid=93582) start /opt/stack/nova/nova/service.py:288}}
Aug 24 16:48:00.707824 np0000007985 nova-scheduler[93582]: DEBUG nova.servicegroup.drivers.db [None req-47a798ba-38e0-4073-8555-40ae4f9312f0 None None] DB_Driver: join new ServiceGroup member np0000007985 to the scheduler group, service = {{(pid=93582) join /opt/stack/nova/nova/servicegroup/drivers/db.py:44}}
Aug 24 16:48:00.718950 np0000007985 nova-scheduler[93584]: DEBUG nova.service [None req-cc62f69a-a256-4bcc-ac80-787f4c57dd24 None None] Join ServiceGroup membership for this service scheduler {{(pid=93584) start /opt/stack/nova/nova/service.py:288}}
Aug 24 16:48:00.719096 np0000007985 nova-scheduler[93584]: DEBUG nova.servicegroup.drivers.db [None req-cc62f69a-a256-4bcc-ac80-787f4c57dd24 None None] DB_Driver: join new ServiceGroup member np0000007985 to the scheduler group, service = {{(pid=93584) join /opt/stack/nova/nova/servicegroup/drivers/db.py:44}}
Aug 24 16:48:02.706841 np0000007985 nova-scheduler[93580]: DEBUG oslo.service.backend._threading.loopingcall [None req-b1fd0042-a7d7-41d9-afae-7918926889cc None None] Dynamic interval looping call 'nova.service.Service.periodic_tasks' sleeping for 60.00 seconds {{(pid=93580) _run_loop /opt/stack/data/venv/lib/python3.12/site-packages/oslo_service/backend/_threading/loopingcall.py:125}}
Aug 24 16:48:05.743065 np0000007985 nova-scheduler[93580]: DEBUG oslo.service.backend._threading.loopingcall [-] Fixed interval looping call 'nova.servicegroup.drivers.db.DbDriver._report_state' sleeping for 119.96 seconds {{(pid=93580) _run_loop /opt/stack/data/venv/lib/python3.12/site-packages/oslo_service/backend/_threading/loopingcall.py:125}}
Aug 24 16:48:05.745543 np0000007985 nova-scheduler[93582]: DEBUG oslo.service.backend._threading.loopingcall [-] Fixed interval looping call 'nova.servicegroup.drivers.db.DbDriver._report_state' sleeping for 119.97 seconds {{(pid=93582) _run_loop /opt/stack/data/venv/lib/python3.12/site-packages/oslo_service/backend/_threading/loopingcall.py:125}}
Aug 24 16:48:05.746534 np0000007985 nova-scheduler[93584]: DEBUG oslo.service.backend._threading.loopingcall [-] Fixed interval looping call 'nova.servicegroup.drivers.db.DbDriver._report_state' sleeping for 119.97 seconds {{(pid=93584) _run_loop /opt/stack/data/venv/lib/python3.12/site-packages/oslo_service/backend/_threading/loopingcall.py:125}}
Aug 24 16:48:09.269059 np0000007985 nova-scheduler[92375]: DEBUG dbcounter [-] [92375] Writing DB stats nova_api:SELECT=3 {{(pid=92375) stat_writer /opt/stack/data/venv/lib/python3.12/site-packages/dbcounter.py:115}}
Aug 24 16:48:09.392332 np0000007985 nova-scheduler[92375]: DEBUG dbcounter [-] [92375] Writing DB stats nova_cell0:SELECT=1 {{(pid=92375) stat_writer /opt/stack/data/venv/lib/python3.12/site-packages/dbcounter.py:115}}
Aug 24 16:48:09.395941 np0000007985 nova-scheduler[92375]: DEBUG dbcounter [-] [92375] Writing DB stats nova_cell1:SELECT=1 {{(pid=92375) stat_writer /opt/stack/data/venv/lib/python3.12/site-packages/dbcounter.py:115}}
Aug 24 16:48:13.709779 np0000007985 nova-scheduler[93582]: DEBUG oslo.service.backend._threading.loopingcall [None req-b0e5f04b-f472-490f-b44f-378313ad6d1e None None] Dynamic interval looping call 'nova.service.Service.periodic_tasks' sleeping for 60.00 seconds {{(pid=93582) _run_loop /opt/stack/data/venv/lib/python3.12/site-packages/oslo_service/backend/_threading/loopingcall.py:125}}
Aug 24 16:48:15.717777 np0000007985 nova-scheduler[93580]: DEBUG dbcounter [-] [93580] Writing DB stats nova_cell0:SELECT=5,nova_cell0:INSERT=1,nova_cell0:UPDATE=1 {{(pid=93580) stat_writer /opt/stack/data/venv/lib/python3.12/site-packages/dbcounter.py:115}}
Aug 24 16:48:15.726951 np0000007985 nova-scheduler[93582]: DEBUG dbcounter [-] [93582] Writing DB stats nova_cell0:SELECT=4,nova_cell0:INSERT=1,nova_cell0:UPDATE=1 {{(pid=93582) stat_writer /opt/stack/data/venv/lib/python3.12/site-packages/dbcounter.py:115}}
Aug 24 16:48:15.739307 np0000007985 nova-scheduler[93584]: DEBUG dbcounter [-] [93584] Writing DB stats nova_cell0:SELECT=3,nova_cell0:UPDATE=1 {{(pid=93584) stat_writer /opt/stack/data/venv/lib/python3.12/site-packages/dbcounter.py:115}}
Aug 24 16:48:49.721716 np0000007985 nova-scheduler[93584]: DEBUG oslo.service.backend._threading.loopingcall [None req-9c83dc35-a326-4713-bb73-3eeee67d51b4 None None] Dynamic interval looping call 'nova.service.Service.periodic_tasks' sleeping for 60.00 seconds {{(pid=93584) _run_loop /opt/stack/data/venv/lib/python3.12/site-packages/oslo_service/backend/_threading/loopingcall.py:125}}
Aug 24 16:49:02.707417 np0000007985 nova-scheduler[93580]: DEBUG oslo.service.backend._threading.loopingcall [None req-b1fd0042-a7d7-41d9-afae-7918926889cc None None] Dynamic interval looping call 'nova.service.Service.periodic_tasks' sleeping for 60.00 seconds {{(pid=93580) _run_loop /opt/stack/data/venv/lib/python3.12/site-packages/oslo_service/backend/_threading/loopingcall.py:125}}
Aug 24 16:49:13.710303 np0000007985 nova-scheduler[93582]: DEBUG oslo.service.backend._threading.loopingcall [None req-b0e5f04b-f472-490f-b44f-378313ad6d1e None None] Dynamic interval looping call 'nova.service.Service.periodic_tasks' sleeping for 60.00 seconds {{(pid=93582) _run_loop /opt/stack/data/venv/lib/python3.12/site-packages/oslo_service/backend/_threading/loopingcall.py:125}}
Aug 24 16:49:49.722152 np0000007985 nova-scheduler[93584]: DEBUG oslo.service.backend._threading.loopingcall [None req-9c83dc35-a326-4713-bb73-3eeee67d51b4 None None] Dynamic interval looping call 'nova.service.Service.periodic_tasks' sleeping for 60.00 seconds {{(pid=93584) _run_loop /opt/stack/data/venv/lib/python3.12/site-packages/oslo_service/backend/_threading/loopingcall.py:125}}
Aug 24 16:50:02.707891 np0000007985 nova-scheduler[93580]: DEBUG oslo.service.backend._threading.loopingcall [None req-b1fd0042-a7d7-41d9-afae-7918926889cc None None] Dynamic interval looping call 'nova.service.Service.periodic_tasks' sleeping for 60.00 seconds {{(pid=93580) _run_loop /opt/stack/data/venv/lib/python3.12/site-packages/oslo_service/backend/_threading/loopingcall.py:125}}
Aug 24 16:50:05.710224 np0000007985 nova-scheduler[93580]: DEBUG oslo.service.backend._threading.loopingcall [-] Fixed interval looping call 'nova.servicegroup.drivers.db.DbDriver._report_state' sleeping for 119.99 seconds {{(pid=93580) _run_loop /opt/stack/data/venv/lib/python3.12/site-packages/oslo_service/backend/_threading/loopingcall.py:125}}
Aug 24 16:50:05.717232 np0000007985 nova-scheduler[93582]: DEBUG oslo.service.backend._threading.loopingcall [-] Fixed interval looping call 'nova.servicegroup.drivers.db.DbDriver._report_state' sleeping for 120.00 seconds {{(pid=93582) _run_loop /opt/stack/data/venv/lib/python3.12/site-packages/oslo_service/backend/_threading/loopingcall.py:125}}
Aug 24 16:50:05.721107 np0000007985 nova-scheduler[93584]: DEBUG oslo.service.backend._threading.loopingcall [-] Fixed interval looping call 'nova.servicegroup.drivers.db.DbDriver._report_state' sleeping for 120.00 seconds {{(pid=93584) _run_loop /opt/stack/data/venv/lib/python3.12/site-packages/oslo_service/backend/_threading/loopingcall.py:125}}
Aug 24 16:50:13.710758 np0000007985 nova-scheduler[93582]: DEBUG oslo.service.backend._threading.loopingcall [None req-b0e5f04b-f472-490f-b44f-378313ad6d1e None None] Dynamic interval looping call 'nova.service.Service.periodic_tasks' sleeping for 60.00 seconds {{(pid=93582) _run_loop /opt/stack/data/venv/lib/python3.12/site-packages/oslo_service/backend/_threading/loopingcall.py:125}}
Aug 24 16:50:15.706706 np0000007985 nova-scheduler[93580]: DEBUG dbcounter [-] [93580] Writing DB stats nova_cell0:SELECT=1,nova_cell0:UPDATE=1 {{(pid=93580) stat_writer /opt/stack/data/venv/lib/python3.12/site-packages/dbcounter.py:115}}
Aug 24 16:50:15.715704 np0000007985 nova-scheduler[93582]: DEBUG dbcounter [-] [93582] Writing DB stats nova_cell0:SELECT=1 {{(pid=93582) stat_writer /opt/stack/data/venv/lib/python3.12/site-packages/dbcounter.py:115}}
Aug 24 16:50:15.718902 np0000007985 nova-scheduler[93584]: DEBUG dbcounter [-] [93584] Writing DB stats nova_cell0:SELECT=1 {{(pid=93584) stat_writer /opt/stack/data/venv/lib/python3.12/site-packages/dbcounter.py:115}}
Aug 24 16:50:31.411786 np0000007985 nova-scheduler[93580]: DEBUG nova.scheduler.manager [None req-bb90e797-7574-4050-8739-7abe40d01e5f tempest-ServerBootFromVolumeStableRescueTest-2136756919 tempest-ServerBootFromVolumeStableRescueTest-2136756919-project-member] Starting to schedule for instances: ['974fdd50-e265-478e-b0dc-a749e98e69be'] {{(pid=93580) select_destinations /opt/stack/nova/nova/scheduler/manager.py:197}}
Aug 24 16:50:31.413745 np0000007985 nova-scheduler[93580]: DEBUG nova.scheduler.request_filter [None req-bb90e797-7574-4050-8739-7abe40d01e5f tempest-ServerBootFromVolumeStableRescueTest-2136756919 tempest-ServerBootFromVolumeStableRescueTest-2136756919-project-member] compute_status_filter request filter added forbidden trait COMPUTE_STATUS_DISABLED {{(pid=93580) compute_status_filter /opt/stack/nova/nova/scheduler/request_filter.py:258}}
Aug 24 16:50:31.413745 np0000007985 nova-scheduler[93580]: DEBUG nova.scheduler.request_filter [None req-bb90e797-7574-4050-8739-7abe40d01e5f tempest-ServerBootFromVolumeStableRescueTest-2136756919 tempest-ServerBootFromVolumeStableRescueTest-2136756919-project-member] Request filter 'compute_status_filter' took 0.0 seconds {{(pid=93580) wrapper /opt/stack/nova/nova/scheduler/request_filter.py:51}}
Aug 24 16:50:31.413745 np0000007985 nova-scheduler[93580]: DEBUG nova.scheduler.request_filter [None req-bb90e797-7574-4050-8739-7abe40d01e5f tempest-ServerBootFromVolumeStableRescueTest-2136756919 tempest-ServerBootFromVolumeStableRescueTest-2136756919-project-member] Request filter 'accelerators_filter' took 0.0 seconds {{(pid=93580) wrapper /opt/stack/nova/nova/scheduler/request_filter.py:51}}
Aug 24 16:50:31.413745 np0000007985 nova-scheduler[93580]: DEBUG nova.scheduler.request_filter [None req-bb90e797-7574-4050-8739-7abe40d01e5f tempest-ServerBootFromVolumeStableRescueTest-2136756919 tempest-ServerBootFromVolumeStableRescueTest-2136756919-project-member] Request filter 'packed_virtqueue_filter' took 0.0 seconds {{(pid=93580) wrapper /opt/stack/nova/nova/scheduler/request_filter.py:51}}
Aug 24 16:50:31.414535 np0000007985 nova-scheduler[93580]: DEBUG nova.scheduler.request_filter [None req-bb90e797-7574-4050-8739-7abe40d01e5f tempest-ServerBootFromVolumeStableRescueTest-2136756919 tempest-ServerBootFromVolumeStableRescueTest-2136756919-project-member] Request filter 'remote_managed_ports_filter' took 0.0 seconds {{(pid=93580) wrapper /opt/stack/nova/nova/scheduler/request_filter.py:51}}
Aug 24 16:50:31.414717 np0000007985 nova-scheduler[93580]: DEBUG nova.scheduler.request_filter [None req-bb90e797-7574-4050-8739-7abe40d01e5f tempest-ServerBootFromVolumeStableRescueTest-2136756919 tempest-ServerBootFromVolumeStableRescueTest-2136756919-project-member] ephemeral_encryption_filter skipped {{(pid=93580) ephemeral_encryption_filter /opt/stack/nova/nova/scheduler/request_filter.py:431}}
Aug 24 16:50:31.414891 np0000007985 nova-scheduler[93580]: DEBUG nova.scheduler.request_filter [None req-bb90e797-7574-4050-8739-7abe40d01e5f tempest-ServerBootFromVolumeStableRescueTest-2136756919 tempest-ServerBootFromVolumeStableRescueTest-2136756919-project-member] virtio_sound_filter skipped {{(pid=93580) virtio_sound_filter /opt/stack/nova/nova/scheduler/request_filter.py:465}}
Aug 24 16:50:31.415077 np0000007985 nova-scheduler[93580]: DEBUG nova.scheduler.request_filter [None req-bb90e797-7574-4050-8739-7abe40d01e5f tempest-ServerBootFromVolumeStableRescueTest-2136756919 tempest-ServerBootFromVolumeStableRescueTest-2136756919-project-member] tpm_secret_security_filter skipped {{(pid=93580) tpm_secret_security_filter /opt/stack/nova/nova/scheduler/request_filter.py:482}}
Aug 24 16:50:31.415635 np0000007985 nova-scheduler[93580]: DEBUG oslo_concurrency.lockutils [None req-bb90e797-7574-4050-8739-7abe40d01e5f tempest-ServerBootFromVolumeStableRescueTest-2136756919 tempest-ServerBootFromVolumeStableRescueTest-2136756919-project-member] Acquiring lock "00000000-0000-0000-0000-000000000000" by "nova.context.set_target_cell..get_or_set_cached_cell_and_set_connections" {{(pid=93580) inner /opt/stack/data/venv/lib/python3.12/site-packages/oslo_concurrency/lockutils.py:512}}
Aug 24 16:50:31.415875 np0000007985 nova-scheduler[93580]: DEBUG oslo_concurrency.lockutils [None req-bb90e797-7574-4050-8739-7abe40d01e5f tempest-ServerBootFromVolumeStableRescueTest-2136756919 tempest-ServerBootFromVolumeStableRescueTest-2136756919-project-member] Lock "00000000-0000-0000-0000-000000000000" acquired by "nova.context.set_target_cell..get_or_set_cached_cell_and_set_connections" :: waited 0.000s {{(pid=93580) inner /opt/stack/data/venv/lib/python3.12/site-packages/oslo_concurrency/lockutils.py:525}}
Aug 24 16:50:31.416667 np0000007985 nova-scheduler[93580]: DEBUG oslo_concurrency.lockutils [None req-bb90e797-7574-4050-8739-7abe40d01e5f tempest-ServerBootFromVolumeStableRescueTest-2136756919 tempest-ServerBootFromVolumeStableRescueTest-2136756919-project-member] Lock "00000000-0000-0000-0000-000000000000" "released" by "nova.context.set_target_cell..get_or_set_cached_cell_and_set_connections" :: held 0.001s {{(pid=93580) inner /opt/stack/data/venv/lib/python3.12/site-packages/oslo_concurrency/lockutils.py:544}}
Aug 24 16:50:31.417041 np0000007985 nova-scheduler[93580]: INFO nova.thread_pool_factory [None req-bb90e797-7574-4050-8739-7abe40d01e5f tempest-ServerBootFromVolumeStableRescueTest-2136756919 tempest-ServerBootFromVolumeStableRescueTest-2136756919-project-member] The cell_worker thread pool ForkProcess-1.cell_worker is initialized
Aug 24 16:50:31.417993 np0000007985 nova-scheduler[93580]: DEBUG oslo_concurrency.lockutils [None req-bb90e797-7574-4050-8739-7abe40d01e5f tempest-ServerBootFromVolumeStableRescueTest-2136756919 tempest-ServerBootFromVolumeStableRescueTest-2136756919-project-member] Acquiring lock "83cb7898-7dfb-4281-8f1c-a057d1951933" by "nova.context.set_target_cell..get_or_set_cached_cell_and_set_connections" {{(pid=93580) inner /opt/stack/data/venv/lib/python3.12/site-packages/oslo_concurrency/lockutils.py:512}}
Aug 24 16:50:31.418147 np0000007985 nova-scheduler[93580]: DEBUG oslo_concurrency.lockutils [None req-bb90e797-7574-4050-8739-7abe40d01e5f tempest-ServerBootFromVolumeStableRescueTest-2136756919 tempest-ServerBootFromVolumeStableRescueTest-2136756919-project-member] Lock "83cb7898-7dfb-4281-8f1c-a057d1951933" acquired by "nova.context.set_target_cell..get_or_set_cached_cell_and_set_connections" :: waited 0.000s {{(pid=93580) inner /opt/stack/data/venv/lib/python3.12/site-packages/oslo_concurrency/lockutils.py:525}}
Aug 24 16:50:31.420400 np0000007985 nova-scheduler[93580]: DEBUG oslo_concurrency.lockutils [None req-bb90e797-7574-4050-8739-7abe40d01e5f tempest-ServerBootFromVolumeStableRescueTest-2136756919 tempest-ServerBootFromVolumeStableRescueTest-2136756919-project-member] Lock "83cb7898-7dfb-4281-8f1c-a057d1951933" "released" by "nova.context.set_target_cell..get_or_set_cached_cell_and_set_connections" :: held 0.001s {{(pid=93580) inner /opt/stack/data/venv/lib/python3.12/site-packages/oslo_concurrency/lockutils.py:544}}
Aug 24 16:50:31.420825 np0000007985 nova-scheduler[93580]: INFO dbcounter [None req-bb90e797-7574-4050-8739-7abe40d01e5f tempest-ServerBootFromVolumeStableRescueTest-2136756919 tempest-ServerBootFromVolumeStableRescueTest-2136756919-project-member] Registered counter for database nova_cell0
Aug 24 16:50:31.424048 np0000007985 nova-scheduler[93580]: INFO dbcounter [None req-bb90e797-7574-4050-8739-7abe40d01e5f tempest-ServerBootFromVolumeStableRescueTest-2136756919 tempest-ServerBootFromVolumeStableRescueTest-2136756919-project-member] Registered counter for database nova_cell1
Aug 24 16:50:31.460360 np0000007985 nova-scheduler[93580]: DEBUG oslo_db.sqlalchemy.engines [None req-bb90e797-7574-4050-8739-7abe40d01e5f tempest-ServerBootFromVolumeStableRescueTest-2136756919 tempest-ServerBootFromVolumeStableRescueTest-2136756919-project-member] MySQL server mode set to STRICT_TRANS_TABLES,STRICT_ALL_TABLES,NO_ZERO_IN_DATE,NO_ZERO_DATE,ERROR_FOR_DIVISION_BY_ZERO,TRADITIONAL,NO_ENGINE_SUBSTITUTION {{(pid=93580) _check_effective_sql_mode /opt/stack/data/venv/lib/python3.12/site-packages/oslo_db/sqlalchemy/engines.py:325}}
Aug 24 16:50:31.461483 np0000007985 nova-scheduler[93580]: DEBUG oslo_db.sqlalchemy.engines [None req-bb90e797-7574-4050-8739-7abe40d01e5f tempest-ServerBootFromVolumeStableRescueTest-2136756919 tempest-ServerBootFromVolumeStableRescueTest-2136756919-project-member] MySQL server mode set to STRICT_TRANS_TABLES,STRICT_ALL_TABLES,NO_ZERO_IN_DATE,NO_ZERO_DATE,ERROR_FOR_DIVISION_BY_ZERO,TRADITIONAL,NO_ENGINE_SUBSTITUTION {{(pid=93580) _check_effective_sql_mode /opt/stack/data/venv/lib/python3.12/site-packages/oslo_db/sqlalchemy/engines.py:325}}
Aug 24 16:50:31.467227 np0000007985 nova-scheduler[93580]: DEBUG dbcounter [-] [93580] Writer thread running {{(pid=93580) stat_writer /opt/stack/data/venv/lib/python3.12/site-packages/dbcounter.py:102}}
Aug 24 16:50:31.470011 np0000007985 nova-scheduler[93580]: DEBUG dbcounter [-] [93580] Writer thread running {{(pid=93580) stat_writer /opt/stack/data/venv/lib/python3.12/site-packages/dbcounter.py:102}}
Aug 24 16:50:31.472019 np0000007985 nova-scheduler[93580]: DEBUG nova.scheduler.request_filter [None req-bb90e797-7574-4050-8739-7abe40d01e5f tempest-ServerBootFromVolumeStableRescueTest-2136756919 tempest-ServerBootFromVolumeStableRescueTest-2136756919-project-member] Added required trait OWNER_NOVA to root provider in request spec {{(pid=93580) owner_nova_filter /opt/stack/nova/nova/scheduler/request_filter.py:580}}
Aug 24 16:50:31.472252 np0000007985 nova-scheduler[93580]: DEBUG nova.scheduler.request_filter [None req-bb90e797-7574-4050-8739-7abe40d01e5f tempest-ServerBootFromVolumeStableRescueTest-2136756919 tempest-ServerBootFromVolumeStableRescueTest-2136756919-project-member] Request filter 'owner_nova_filter' took 0.1 seconds {{(pid=93580) wrapper /opt/stack/nova/nova/scheduler/request_filter.py:51}}
Aug 24 16:50:31.639402 np0000007985 nova-scheduler[93582]: DEBUG nova.scheduler.manager [None req-6e52f6e0-c026-44c8-9082-8277d137f383 tempest-DeleteServersTestJSON-398597004 tempest-DeleteServersTestJSON-398597004-project-member] Starting to schedule for instances: ['14e0d85d-f2c7-4f7f-9388-c1c190cbe9fc'] {{(pid=93582) select_destinations /opt/stack/nova/nova/scheduler/manager.py:197}}
Aug 24 16:50:31.639402 np0000007985 nova-scheduler[93582]: DEBUG nova.scheduler.request_filter [None req-6e52f6e0-c026-44c8-9082-8277d137f383 tempest-DeleteServersTestJSON-398597004 tempest-DeleteServersTestJSON-398597004-project-member] compute_status_filter request filter added forbidden trait COMPUTE_STATUS_DISABLED {{(pid=93582) compute_status_filter /opt/stack/nova/nova/scheduler/request_filter.py:258}}
Aug 24 16:50:31.639402 np0000007985 nova-scheduler[93582]: DEBUG nova.scheduler.request_filter [None req-6e52f6e0-c026-44c8-9082-8277d137f383 tempest-DeleteServersTestJSON-398597004 tempest-DeleteServersTestJSON-398597004-project-member] Request filter 'compute_status_filter' took 0.0 seconds {{(pid=93582) wrapper /opt/stack/nova/nova/scheduler/request_filter.py:51}}
Aug 24 16:50:31.639402 np0000007985 nova-scheduler[93582]: DEBUG nova.scheduler.request_filter [None req-6e52f6e0-c026-44c8-9082-8277d137f383 tempest-DeleteServersTestJSON-398597004 tempest-DeleteServersTestJSON-398597004-project-member] Request filter 'accelerators_filter' took 0.0 seconds {{(pid=93582) wrapper /opt/stack/nova/nova/scheduler/request_filter.py:51}}
Aug 24 16:50:31.640003 np0000007985 nova-scheduler[93582]: DEBUG nova.scheduler.request_filter [None req-6e52f6e0-c026-44c8-9082-8277d137f383 tempest-DeleteServersTestJSON-398597004 tempest-DeleteServersTestJSON-398597004-project-member] Request filter 'packed_virtqueue_filter' took 0.0 seconds {{(pid=93582) wrapper /opt/stack/nova/nova/scheduler/request_filter.py:51}}
Aug 24 16:50:31.640177 np0000007985 nova-scheduler[93582]: DEBUG nova.scheduler.request_filter [None req-6e52f6e0-c026-44c8-9082-8277d137f383 tempest-DeleteServersTestJSON-398597004 tempest-DeleteServersTestJSON-398597004-project-member] Request filter 'remote_managed_ports_filter' took 0.0 seconds {{(pid=93582) wrapper /opt/stack/nova/nova/scheduler/request_filter.py:51}}
Aug 24 16:50:31.640338 np0000007985 nova-scheduler[93582]: DEBUG nova.scheduler.request_filter [None req-6e52f6e0-c026-44c8-9082-8277d137f383 tempest-DeleteServersTestJSON-398597004 tempest-DeleteServersTestJSON-398597004-project-member] ephemeral_encryption_filter skipped {{(pid=93582) ephemeral_encryption_filter /opt/stack/nova/nova/scheduler/request_filter.py:431}}
Aug 24 16:50:31.640570 np0000007985 nova-scheduler[93582]: DEBUG nova.scheduler.request_filter [None req-6e52f6e0-c026-44c8-9082-8277d137f383 tempest-DeleteServersTestJSON-398597004 tempest-DeleteServersTestJSON-398597004-project-member] virtio_sound_filter skipped {{(pid=93582) virtio_sound_filter /opt/stack/nova/nova/scheduler/request_filter.py:465}}
Aug 24 16:50:31.640751 np0000007985 nova-scheduler[93582]: DEBUG nova.scheduler.request_filter [None req-6e52f6e0-c026-44c8-9082-8277d137f383 tempest-DeleteServersTestJSON-398597004 tempest-DeleteServersTestJSON-398597004-project-member] tpm_secret_security_filter skipped {{(pid=93582) tpm_secret_security_filter /opt/stack/nova/nova/scheduler/request_filter.py:482}}
Aug 24 16:50:31.641243 np0000007985 nova-scheduler[93582]: DEBUG oslo_concurrency.lockutils [None req-6e52f6e0-c026-44c8-9082-8277d137f383 tempest-DeleteServersTestJSON-398597004 tempest-DeleteServersTestJSON-398597004-project-member] Acquiring lock "00000000-0000-0000-0000-000000000000" by "nova.context.set_target_cell..get_or_set_cached_cell_and_set_connections" {{(pid=93582) inner /opt/stack/data/venv/lib/python3.12/site-packages/oslo_concurrency/lockutils.py:512}}
Aug 24 16:50:31.641497 np0000007985 nova-scheduler[93582]: DEBUG oslo_concurrency.lockutils [None req-6e52f6e0-c026-44c8-9082-8277d137f383 tempest-DeleteServersTestJSON-398597004 tempest-DeleteServersTestJSON-398597004-project-member] Lock "00000000-0000-0000-0000-000000000000" acquired by "nova.context.set_target_cell..get_or_set_cached_cell_and_set_connections" :: waited 0.000s {{(pid=93582) inner /opt/stack/data/venv/lib/python3.12/site-packages/oslo_concurrency/lockutils.py:525}}
Aug 24 16:50:31.642189 np0000007985 nova-scheduler[93582]: DEBUG oslo_concurrency.lockutils [None req-6e52f6e0-c026-44c8-9082-8277d137f383 tempest-DeleteServersTestJSON-398597004 tempest-DeleteServersTestJSON-398597004-project-member] Lock "00000000-0000-0000-0000-000000000000" "released" by "nova.context.set_target_cell..get_or_set_cached_cell_and_set_connections" :: held 0.001s {{(pid=93582) inner /opt/stack/data/venv/lib/python3.12/site-packages/oslo_concurrency/lockutils.py:544}}
Aug 24 16:50:31.642510 np0000007985 nova-scheduler[93582]: INFO nova.thread_pool_factory [None req-6e52f6e0-c026-44c8-9082-8277d137f383 tempest-DeleteServersTestJSON-398597004 tempest-DeleteServersTestJSON-398597004-project-member] The cell_worker thread pool ForkProcess-2.cell_worker is initialized
Aug 24 16:50:31.643278 np0000007985 nova-scheduler[93582]: DEBUG oslo_concurrency.lockutils [None req-6e52f6e0-c026-44c8-9082-8277d137f383 tempest-DeleteServersTestJSON-398597004 tempest-DeleteServersTestJSON-398597004-project-member] Acquiring lock "83cb7898-7dfb-4281-8f1c-a057d1951933" by "nova.context.set_target_cell..get_or_set_cached_cell_and_set_connections" {{(pid=93582) inner /opt/stack/data/venv/lib/python3.12/site-packages/oslo_concurrency/lockutils.py:512}}
Aug 24 16:50:31.643477 np0000007985 nova-scheduler[93582]: DEBUG oslo_concurrency.lockutils [None req-6e52f6e0-c026-44c8-9082-8277d137f383 tempest-DeleteServersTestJSON-398597004 tempest-DeleteServersTestJSON-398597004-project-member] Lock "83cb7898-7dfb-4281-8f1c-a057d1951933" acquired by "nova.context.set_target_cell..get_or_set_cached_cell_and_set_connections" :: waited 0.000s {{(pid=93582) inner /opt/stack/data/venv/lib/python3.12/site-packages/oslo_concurrency/lockutils.py:525}}
Aug 24 16:50:31.644477 np0000007985 nova-scheduler[93582]: DEBUG oslo_concurrency.lockutils [None req-6e52f6e0-c026-44c8-9082-8277d137f383 tempest-DeleteServersTestJSON-398597004 tempest-DeleteServersTestJSON-398597004-project-member] Lock "83cb7898-7dfb-4281-8f1c-a057d1951933" "released" by "nova.context.set_target_cell..get_or_set_cached_cell_and_set_connections" :: held 0.001s {{(pid=93582) inner /opt/stack/data/venv/lib/python3.12/site-packages/oslo_concurrency/lockutils.py:544}}
Aug 24 16:50:31.646517 np0000007985 nova-scheduler[93582]: INFO dbcounter [None req-6e52f6e0-c026-44c8-9082-8277d137f383 tempest-DeleteServersTestJSON-398597004 tempest-DeleteServersTestJSON-398597004-project-member] Registered counter for database nova_cell0
Aug 24 16:50:31.649507 np0000007985 nova-scheduler[93582]: INFO dbcounter [None req-6e52f6e0-c026-44c8-9082-8277d137f383 tempest-DeleteServersTestJSON-398597004 tempest-DeleteServersTestJSON-398597004-project-member] Registered counter for database nova_cell1
Aug 24 16:50:31.687504 np0000007985 nova-scheduler[93582]: DEBUG oslo_db.sqlalchemy.engines [None req-6e52f6e0-c026-44c8-9082-8277d137f383 tempest-DeleteServersTestJSON-398597004 tempest-DeleteServersTestJSON-398597004-project-member] MySQL server mode set to STRICT_TRANS_TABLES,STRICT_ALL_TABLES,NO_ZERO_IN_DATE,NO_ZERO_DATE,ERROR_FOR_DIVISION_BY_ZERO,TRADITIONAL,NO_ENGINE_SUBSTITUTION {{(pid=93582) _check_effective_sql_mode /opt/stack/data/venv/lib/python3.12/site-packages/oslo_db/sqlalchemy/engines.py:325}}
Aug 24 16:50:31.688322 np0000007985 nova-scheduler[93582]: DEBUG oslo_db.sqlalchemy.engines [None req-6e52f6e0-c026-44c8-9082-8277d137f383 tempest-DeleteServersTestJSON-398597004 tempest-DeleteServersTestJSON-398597004-project-member] MySQL server mode set to STRICT_TRANS_TABLES,STRICT_ALL_TABLES,NO_ZERO_IN_DATE,NO_ZERO_DATE,ERROR_FOR_DIVISION_BY_ZERO,TRADITIONAL,NO_ENGINE_SUBSTITUTION {{(pid=93582) _check_effective_sql_mode /opt/stack/data/venv/lib/python3.12/site-packages/oslo_db/sqlalchemy/engines.py:325}}
Aug 24 16:50:31.694143 np0000007985 nova-scheduler[93582]: DEBUG dbcounter [-] [93582] Writer thread running {{(pid=93582) stat_writer /opt/stack/data/venv/lib/python3.12/site-packages/dbcounter.py:102}}
Aug 24 16:50:31.701649 np0000007985 nova-scheduler[93582]: DEBUG dbcounter [-] [93582] Writer thread running {{(pid=93582) stat_writer /opt/stack/data/venv/lib/python3.12/site-packages/dbcounter.py:102}}
Aug 24 16:50:31.704436 np0000007985 nova-scheduler[93582]: DEBUG nova.scheduler.request_filter [None req-6e52f6e0-c026-44c8-9082-8277d137f383 tempest-DeleteServersTestJSON-398597004 tempest-DeleteServersTestJSON-398597004-project-member] Added required trait OWNER_NOVA to root provider in request spec {{(pid=93582) owner_nova_filter /opt/stack/nova/nova/scheduler/request_filter.py:580}}
Aug 24 16:50:31.704585 np0000007985 nova-scheduler[93582]: DEBUG nova.scheduler.request_filter [None req-6e52f6e0-c026-44c8-9082-8277d137f383 tempest-DeleteServersTestJSON-398597004 tempest-DeleteServersTestJSON-398597004-project-member] Request filter 'owner_nova_filter' took 0.1 seconds {{(pid=93582) wrapper /opt/stack/nova/nova/scheduler/request_filter.py:51}}
Aug 24 16:50:31.991701 np0000007985 nova-scheduler[93580]: DEBUG oslo_concurrency.lockutils [None req-bb90e797-7574-4050-8739-7abe40d01e5f tempest-ServerBootFromVolumeStableRescueTest-2136756919 tempest-ServerBootFromVolumeStableRescueTest-2136756919-project-member] Acquiring lock "83cb7898-7dfb-4281-8f1c-a057d1951933" by "nova.context.set_target_cell..get_or_set_cached_cell_and_set_connections" {{(pid=93580) inner /opt/stack/data/venv/lib/python3.12/site-packages/oslo_concurrency/lockutils.py:512}}
Aug 24 16:50:31.991701 np0000007985 nova-scheduler[93580]: DEBUG oslo_concurrency.lockutils [None req-bb90e797-7574-4050-8739-7abe40d01e5f tempest-ServerBootFromVolumeStableRescueTest-2136756919 tempest-ServerBootFromVolumeStableRescueTest-2136756919-project-member] Lock "83cb7898-7dfb-4281-8f1c-a057d1951933" acquired by "nova.context.set_target_cell..get_or_set_cached_cell_and_set_connections" :: waited 0.000s {{(pid=93580) inner /opt/stack/data/venv/lib/python3.12/site-packages/oslo_concurrency/lockutils.py:525}}
Aug 24 16:50:31.991701 np0000007985 nova-scheduler[93580]: DEBUG oslo_concurrency.lockutils [None req-bb90e797-7574-4050-8739-7abe40d01e5f tempest-ServerBootFromVolumeStableRescueTest-2136756919 tempest-ServerBootFromVolumeStableRescueTest-2136756919-project-member] Lock "83cb7898-7dfb-4281-8f1c-a057d1951933" "released" by "nova.context.set_target_cell..get_or_set_cached_cell_and_set_connections" :: held 0.000s {{(pid=93580) inner /opt/stack/data/venv/lib/python3.12/site-packages/oslo_concurrency/lockutils.py:544}}
Aug 24 16:50:32.004156 np0000007985 nova-scheduler[93582]: DEBUG oslo_concurrency.lockutils [None req-6e52f6e0-c026-44c8-9082-8277d137f383 tempest-DeleteServersTestJSON-398597004 tempest-DeleteServersTestJSON-398597004-project-member] Acquiring lock "83cb7898-7dfb-4281-8f1c-a057d1951933" by "nova.context.set_target_cell..get_or_set_cached_cell_and_set_connections" {{(pid=93582) inner /opt/stack/data/venv/lib/python3.12/site-packages/oslo_concurrency/lockutils.py:512}}
Aug 24 16:50:32.004347 np0000007985 nova-scheduler[93582]: DEBUG oslo_concurrency.lockutils [None req-6e52f6e0-c026-44c8-9082-8277d137f383 tempest-DeleteServersTestJSON-398597004 tempest-DeleteServersTestJSON-398597004-project-member] Lock "83cb7898-7dfb-4281-8f1c-a057d1951933" acquired by "nova.context.set_target_cell..get_or_set_cached_cell_and_set_connections" :: waited 0.000s {{(pid=93582) inner /opt/stack/data/venv/lib/python3.12/site-packages/oslo_concurrency/lockutils.py:525}}
Aug 24 16:50:32.004539 np0000007985 nova-scheduler[93582]: DEBUG oslo_concurrency.lockutils [None req-6e52f6e0-c026-44c8-9082-8277d137f383 tempest-DeleteServersTestJSON-398597004 tempest-DeleteServersTestJSON-398597004-project-member] Lock "83cb7898-7dfb-4281-8f1c-a057d1951933" "released" by "nova.context.set_target_cell..get_or_set_cached_cell_and_set_connections" :: held 0.000s {{(pid=93582) inner /opt/stack/data/venv/lib/python3.12/site-packages/oslo_concurrency/lockutils.py:544}}
Aug 24 16:50:32.011058 np0000007985 nova-scheduler[93580]: DEBUG oslo_db.sqlalchemy.engines [None req-bb90e797-7574-4050-8739-7abe40d01e5f tempest-ServerBootFromVolumeStableRescueTest-2136756919 tempest-ServerBootFromVolumeStableRescueTest-2136756919-project-member] Parent process 92375 forked (93580) with an open database connection, which is being discarded and recreated. {{(pid=93580) checkout /opt/stack/data/venv/lib/python3.12/site-packages/oslo_db/sqlalchemy/engines.py:402}}
Aug 24 16:50:32.055435 np0000007985 nova-scheduler[93580]: DEBUG dbcounter [-] [93580] Writer thread running {{(pid=93580) stat_writer /opt/stack/data/venv/lib/python3.12/site-packages/dbcounter.py:102}}
Aug 24 16:50:32.057680 np0000007985 nova-scheduler[93580]: DEBUG oslo_concurrency.lockutils [None req-bb90e797-7574-4050-8739-7abe40d01e5f tempest-ServerBootFromVolumeStableRescueTest-2136756919 tempest-ServerBootFromVolumeStableRescueTest-2136756919-project-member] Acquiring lock "83cb7898-7dfb-4281-8f1c-a057d1951933" by "nova.context.set_target_cell..get_or_set_cached_cell_and_set_connections" {{(pid=93580) inner /opt/stack/data/venv/lib/python3.12/site-packages/oslo_concurrency/lockutils.py:512}}
Aug 24 16:50:32.057956 np0000007985 nova-scheduler[93580]: DEBUG oslo_concurrency.lockutils [None req-bb90e797-7574-4050-8739-7abe40d01e5f tempest-ServerBootFromVolumeStableRescueTest-2136756919 tempest-ServerBootFromVolumeStableRescueTest-2136756919-project-member] Lock "83cb7898-7dfb-4281-8f1c-a057d1951933" acquired by "nova.context.set_target_cell..get_or_set_cached_cell_and_set_connections" :: waited 0.000s {{(pid=93580) inner /opt/stack/data/venv/lib/python3.12/site-packages/oslo_concurrency/lockutils.py:525}}
