Aug 24 16:48:05.804853 np0000007985 nova-conductor[95974]: DEBUG cotyledon.oslo_config_glue [-] oslo_messaging_rabbit.processname = nova-conductor {{(pid=95974) log_opt_values /opt/stack/data/venv/lib/python3.12/site-packages/oslo_config/cfg.py:3560}}
Aug 24 16:48:05.804853 np0000007985 nova-conductor[95974]: DEBUG cotyledon.oslo_config_glue [-] oslo_messaging_rabbit.rabbit_ha_queues = False {{(pid=95974) log_opt_values /opt/stack/data/venv/lib/python3.12/site-packages/oslo_config/cfg.py:3560}}
Aug 24 16:48:05.804853 np0000007985 nova-conductor[95974]: DEBUG cotyledon.oslo_config_glue [-] oslo_messaging_rabbit.rabbit_interval_max = 30 {{(pid=95974) log_opt_values /opt/stack/data/venv/lib/python3.12/site-packages/oslo_config/cfg.py:3560}}
Aug 24 16:48:05.804853 np0000007985 nova-conductor[95974]: DEBUG cotyledon.oslo_config_glue [-] oslo_messaging_rabbit.rabbit_login_method = AMQPLAIN {{(pid=95974) log_opt_values /opt/stack/data/venv/lib/python3.12/site-packages/oslo_config/cfg.py:3560}}
Aug 24 16:48:05.804853 np0000007985 nova-conductor[95974]: DEBUG cotyledon.oslo_config_glue [-] oslo_messaging_rabbit.rabbit_qos_prefetch_count = 0 {{(pid=95974) log_opt_values /opt/stack/data/venv/lib/python3.12/site-packages/oslo_config/cfg.py:3560}}
Aug 24 16:48:05.804853 np0000007985 nova-conductor[95974]: DEBUG cotyledon.oslo_config_glue [-] oslo_messaging_rabbit.rabbit_quorum_delivery_limit = 0 {{(pid=95974) log_opt_values /opt/stack/data/venv/lib/python3.12/site-packages/oslo_config/cfg.py:3560}}
Aug 24 16:48:05.804853 np0000007985 nova-conductor[95974]: DEBUG cotyledon.oslo_config_glue [-] oslo_messaging_rabbit.rabbit_quorum_max_memory_bytes = 0 {{(pid=95974) log_opt_values /opt/stack/data/venv/lib/python3.12/site-packages/oslo_config/cfg.py:3560}}
Aug 24 16:48:05.804853 np0000007985 nova-conductor[95974]: DEBUG cotyledon.oslo_config_glue [-] oslo_messaging_rabbit.rabbit_quorum_max_memory_length = 0 {{(pid=95974) log_opt_values /opt/stack/data/venv/lib/python3.12/site-packages/oslo_config/cfg.py:3560}}
Aug 24 16:48:05.804853 np0000007985 nova-conductor[95974]: DEBUG cotyledon.oslo_config_glue [-] oslo_messaging_rabbit.rabbit_quorum_queue = False {{(pid=95974) log_opt_values /opt/stack/data/venv/lib/python3.12/site-packages/oslo_config/cfg.py:3560}}
Aug 24 16:48:05.805076 np0000007985 nova-conductor[95974]: DEBUG cotyledon.oslo_config_glue [-] oslo_messaging_rabbit.rabbit_retry_backoff = 2 {{(pid=95974) log_opt_values /opt/stack/data/venv/lib/python3.12/site-packages/oslo_config/cfg.py:3560}}
Aug 24 16:48:05.805076 np0000007985 nova-conductor[95974]: DEBUG cotyledon.oslo_config_glue [-] oslo_messaging_rabbit.rabbit_retry_interval = 1 {{(pid=95974) log_opt_values /opt/stack/data/venv/lib/python3.12/site-packages/oslo_config/cfg.py:3560}}
Aug 24 16:48:05.805076 np0000007985 nova-conductor[95974]: DEBUG cotyledon.oslo_config_glue [-] oslo_messaging_rabbit.rabbit_stream_fanout = False {{(pid=95974) log_opt_values /opt/stack/data/venv/lib/python3.12/site-packages/oslo_config/cfg.py:3560}}
Aug 24 16:48:05.805076 np0000007985 nova-conductor[95974]: DEBUG cotyledon.oslo_config_glue [-] oslo_messaging_rabbit.rabbit_transient_queues_ttl = 1800 {{(pid=95974) log_opt_values /opt/stack/data/venv/lib/python3.12/site-packages/oslo_config/cfg.py:3560}}
Aug 24 16:48:05.805076 np0000007985 nova-conductor[95974]: DEBUG cotyledon.oslo_config_glue [-] oslo_messaging_rabbit.rabbit_transient_quorum_queue = False {{(pid=95974) log_opt_values /opt/stack/data/venv/lib/python3.12/site-packages/oslo_config/cfg.py:3560}}
Aug 24 16:48:05.805076 np0000007985 nova-conductor[95974]: DEBUG cotyledon.oslo_config_glue [-] oslo_messaging_rabbit.rpc_conn_pool_size = 30 {{(pid=95974) log_opt_values /opt/stack/data/venv/lib/python3.12/site-packages/oslo_config/cfg.py:3560}}
Aug 24 16:48:05.805076 np0000007985 nova-conductor[95974]: DEBUG cotyledon.oslo_config_glue [-] oslo_messaging_rabbit.ssl = False {{(pid=95974) log_opt_values /opt/stack/data/venv/lib/python3.12/site-packages/oslo_config/cfg.py:3560}}
Aug 24 16:48:05.805076 np0000007985 nova-conductor[95974]: DEBUG cotyledon.oslo_config_glue [-] oslo_messaging_rabbit.ssl_ca_file = {{(pid=95974) log_opt_values /opt/stack/data/venv/lib/python3.12/site-packages/oslo_config/cfg.py:3560}}
Aug 24 16:48:05.805076 np0000007985 nova-conductor[95974]: DEBUG cotyledon.oslo_config_glue [-] oslo_messaging_rabbit.ssl_cert_file = {{(pid=95974) log_opt_values /opt/stack/data/venv/lib/python3.12/site-packages/oslo_config/cfg.py:3560}}
Aug 24 16:48:05.805311 np0000007985 nova-conductor[95974]: DEBUG cotyledon.oslo_config_glue [-] oslo_messaging_rabbit.ssl_enforce_fips_mode = False {{(pid=95974) log_opt_values /opt/stack/data/venv/lib/python3.12/site-packages/oslo_config/cfg.py:3560}}
Aug 24 16:48:05.805311 np0000007985 nova-conductor[95974]: DEBUG cotyledon.oslo_config_glue [-] oslo_messaging_rabbit.ssl_enforce_hostname_verification = True {{(pid=95974) log_opt_values /opt/stack/data/venv/lib/python3.12/site-packages/oslo_config/cfg.py:3560}}
Aug 24 16:48:05.805311 np0000007985 nova-conductor[95974]: DEBUG cotyledon.oslo_config_glue [-] oslo_messaging_rabbit.ssl_key_file = {{(pid=95974) log_opt_values /opt/stack/data/venv/lib/python3.12/site-packages/oslo_config/cfg.py:3560}}
Aug 24 16:48:05.805311 np0000007985 nova-conductor[95974]: DEBUG cotyledon.oslo_config_glue [-] oslo_messaging_rabbit.ssl_version = {{(pid=95974) log_opt_values /opt/stack/data/venv/lib/python3.12/site-packages/oslo_config/cfg.py:3560}}
Aug 24 16:48:05.805311 np0000007985 nova-conductor[95974]: DEBUG cotyledon.oslo_config_glue [-] oslo_messaging_rabbit.use_queue_manager = False {{(pid=95974) log_opt_values /opt/stack/data/venv/lib/python3.12/site-packages/oslo_config/cfg.py:3560}}
Aug 24 16:48:05.805311 np0000007985 nova-conductor[95974]: DEBUG cotyledon.oslo_config_glue [-] oslo_messaging_notifications.driver = ['messagingv2'] {{(pid=95974) log_opt_values /opt/stack/data/venv/lib/python3.12/site-packages/oslo_config/cfg.py:3560}}
Aug 24 16:48:05.805311 np0000007985 nova-conductor[95974]: DEBUG cotyledon.oslo_config_glue [-] oslo_messaging_notifications.retry = -1 {{(pid=95974) log_opt_values /opt/stack/data/venv/lib/python3.12/site-packages/oslo_config/cfg.py:3560}}
Aug 24 16:48:05.805311 np0000007985 nova-conductor[95974]: DEBUG cotyledon.oslo_config_glue [-] oslo_messaging_notifications.topics = ['notifications'] {{(pid=95974) log_opt_values /opt/stack/data/venv/lib/python3.12/site-packages/oslo_config/cfg.py:3560}}
Aug 24 16:48:05.805311 np0000007985 nova-conductor[95974]: DEBUG cotyledon.oslo_config_glue [-] oslo_messaging_notifications.transport_url = **** {{(pid=95974) log_opt_values /opt/stack/data/venv/lib/python3.12/site-packages/oslo_config/cfg.py:3560}}
Aug 24 16:48:05.805550 np0000007985 nova-conductor[95974]: DEBUG cotyledon.oslo_config_glue [-] oslo_limit.auth_section = None {{(pid=95974) log_opt_values /opt/stack/data/venv/lib/python3.12/site-packages/oslo_config/cfg.py:3560}}
Aug 24 16:48:05.805550 np0000007985 nova-conductor[95974]: DEBUG cotyledon.oslo_config_glue [-] oslo_limit.auth_type = None {{(pid=95974) log_opt_values /opt/stack/data/venv/lib/python3.12/site-packages/oslo_config/cfg.py:3560}}
Aug 24 16:48:05.805550 np0000007985 nova-conductor[95974]: DEBUG cotyledon.oslo_config_glue [-] oslo_limit.cafile = None {{(pid=95974) log_opt_values /opt/stack/data/venv/lib/python3.12/site-packages/oslo_config/cfg.py:3560}}
Aug 24 16:48:05.805550 np0000007985 nova-conductor[95974]: DEBUG cotyledon.oslo_config_glue [-] oslo_limit.certfile = None {{(pid=95974) log_opt_values /opt/stack/data/venv/lib/python3.12/site-packages/oslo_config/cfg.py:3560}}
Aug 24 16:48:05.805550 np0000007985 nova-conductor[95974]: DEBUG cotyledon.oslo_config_glue [-] oslo_limit.collect_timing = False {{(pid=95974) log_opt_values /opt/stack/data/venv/lib/python3.12/site-packages/oslo_config/cfg.py:3560}}
Aug 24 16:48:05.805550 np0000007985 nova-conductor[95974]: DEBUG cotyledon.oslo_config_glue [-] oslo_limit.connect_retries = None {{(pid=95974) log_opt_values /opt/stack/data/venv/lib/python3.12/site-packages/oslo_config/cfg.py:3560}}
Aug 24 16:48:05.805550 np0000007985 nova-conductor[95974]: DEBUG cotyledon.oslo_config_glue [-] oslo_limit.connect_retry_delay = None {{(pid=95974) log_opt_values /opt/stack/data/venv/lib/python3.12/site-packages/oslo_config/cfg.py:3560}}
Aug 24 16:48:05.805550 np0000007985 nova-conductor[95974]: DEBUG cotyledon.oslo_config_glue [-] oslo_limit.endpoint_id = None {{(pid=95974) log_opt_values /opt/stack/data/venv/lib/python3.12/site-packages/oslo_config/cfg.py:3560}}
Aug 24 16:48:05.805550 np0000007985 nova-conductor[95974]: DEBUG cotyledon.oslo_config_glue [-] oslo_limit.endpoint_interface = public {{(pid=95974) log_opt_values /opt/stack/data/venv/lib/python3.12/site-packages/oslo_config/cfg.py:3560}}
Aug 24 16:48:05.805720 np0000007985 nova-conductor[95974]: DEBUG cotyledon.oslo_config_glue [-] oslo_limit.endpoint_override = None {{(pid=95974) log_opt_values /opt/stack/data/venv/lib/python3.12/site-packages/oslo_config/cfg.py:3560}}
Aug 24 16:48:05.805720 np0000007985 nova-conductor[95974]: DEBUG cotyledon.oslo_config_glue [-] oslo_limit.endpoint_region_name = None {{(pid=95974) log_opt_values /opt/stack/data/venv/lib/python3.12/site-packages/oslo_config/cfg.py:3560}}
Aug 24 16:48:05.805720 np0000007985 nova-conductor[95974]: DEBUG cotyledon.oslo_config_glue [-] oslo_limit.endpoint_service_name = None {{(pid=95974) log_opt_values /opt/stack/data/venv/lib/python3.12/site-packages/oslo_config/cfg.py:3560}}
Aug 24 16:48:05.805720 np0000007985 nova-conductor[95974]: DEBUG cotyledon.oslo_config_glue [-] oslo_limit.endpoint_service_type = None {{(pid=95974) log_opt_values /opt/stack/data/venv/lib/python3.12/site-packages/oslo_config/cfg.py:3560}}
Aug 24 16:48:05.805720 np0000007985 nova-conductor[95974]: DEBUG cotyledon.oslo_config_glue [-] oslo_limit.insecure = False {{(pid=95974) log_opt_values /opt/stack/data/venv/lib/python3.12/site-packages/oslo_config/cfg.py:3560}}
Aug 24 16:48:05.805720 np0000007985 nova-conductor[95974]: DEBUG cotyledon.oslo_config_glue [-] oslo_limit.keyfile = None {{(pid=95974) log_opt_values /opt/stack/data/venv/lib/python3.12/site-packages/oslo_config/cfg.py:3560}}
Aug 24 16:48:05.805720 np0000007985 nova-conductor[95974]: DEBUG cotyledon.oslo_config_glue [-] oslo_limit.max_version = None {{(pid=95974) log_opt_values /opt/stack/data/venv/lib/python3.12/site-packages/oslo_config/cfg.py:3560}}
Aug 24 16:48:05.805720 np0000007985 nova-conductor[95974]: DEBUG cotyledon.oslo_config_glue [-] oslo_limit.min_version = None {{(pid=95974) log_opt_values /opt/stack/data/venv/lib/python3.12/site-packages/oslo_config/cfg.py:3560}}
Aug 24 16:48:05.805720 np0000007985 nova-conductor[95974]: DEBUG cotyledon.oslo_config_glue [-] oslo_limit.region_name = None {{(pid=95974) log_opt_values /opt/stack/data/venv/lib/python3.12/site-packages/oslo_config/cfg.py:3560}}
Aug 24 16:48:05.805892 np0000007985 nova-conductor[95974]: DEBUG cotyledon.oslo_config_glue [-] oslo_limit.retriable_status_codes = None {{(pid=95974) log_opt_values /opt/stack/data/venv/lib/python3.12/site-packages/oslo_config/cfg.py:3560}}
Aug 24 16:48:05.805892 np0000007985 nova-conductor[95974]: DEBUG cotyledon.oslo_config_glue [-] oslo_limit.service_name = None {{(pid=95974) log_opt_values /opt/stack/data/venv/lib/python3.12/site-packages/oslo_config/cfg.py:3560}}
Aug 24 16:48:05.805892 np0000007985 nova-conductor[95974]: DEBUG cotyledon.oslo_config_glue [-] oslo_limit.service_type = None {{(pid=95974) log_opt_values /opt/stack/data/venv/lib/python3.12/site-packages/oslo_config/cfg.py:3560}}
Aug 24 16:48:05.805892 np0000007985 nova-conductor[95974]: DEBUG cotyledon.oslo_config_glue [-] oslo_limit.split_loggers = False {{(pid=95974) log_opt_values /opt/stack/data/venv/lib/python3.12/site-packages/oslo_config/cfg.py:3560}}
Aug 24 16:48:05.805892 np0000007985 nova-conductor[95974]: DEBUG cotyledon.oslo_config_glue [-] oslo_limit.status_code_retries = None {{(pid=95974) log_opt_values /opt/stack/data/venv/lib/python3.12/site-packages/oslo_config/cfg.py:3560}}
Aug 24 16:48:05.805892 np0000007985 nova-conductor[95974]: DEBUG cotyledon.oslo_config_glue [-] oslo_limit.status_code_retry_delay = None {{(pid=95974) log_opt_values /opt/stack/data/venv/lib/python3.12/site-packages/oslo_config/cfg.py:3560}}
Aug 24 16:48:05.805892 np0000007985 nova-conductor[95974]: DEBUG cotyledon.oslo_config_glue [-] oslo_limit.timeout = None {{(pid=95974) log_opt_values /opt/stack/data/venv/lib/python3.12/site-packages/oslo_config/cfg.py:3560}}
Aug 24 16:48:05.805892 np0000007985 nova-conductor[95974]: DEBUG cotyledon.oslo_config_glue [-] oslo_limit.valid_interfaces = None {{(pid=95974) log_opt_values /opt/stack/data/venv/lib/python3.12/site-packages/oslo_config/cfg.py:3560}}
Aug 24 16:48:05.805892 np0000007985 nova-conductor[95974]: DEBUG cotyledon.oslo_config_glue [-] oslo_limit.version = None {{(pid=95974) log_opt_values /opt/stack/data/venv/lib/python3.12/site-packages/oslo_config/cfg.py:3560}}
Aug 24 16:48:05.806071 np0000007985 nova-conductor[95974]: DEBUG cotyledon.oslo_config_glue [-] oslo_reports.file_event_handler = None {{(pid=95974) log_opt_values /opt/stack/data/venv/lib/python3.12/site-packages/oslo_config/cfg.py:3560}}
Aug 24 16:48:05.806071 np0000007985 nova-conductor[95974]: DEBUG cotyledon.oslo_config_glue [-] oslo_reports.file_event_handler_interval = 1 {{(pid=95974) log_opt_values /opt/stack/data/venv/lib/python3.12/site-packages/oslo_config/cfg.py:3560}}
Aug 24 16:48:05.806071 np0000007985 nova-conductor[95974]: DEBUG cotyledon.oslo_config_glue [-] oslo_reports.log_dir = None {{(pid=95974) log_opt_values /opt/stack/data/venv/lib/python3.12/site-packages/oslo_config/cfg.py:3560}}
Aug 24 16:48:05.806071 np0000007985 nova-conductor[95974]: DEBUG cotyledon.oslo_config_glue [-] ******************************************************************************** {{(pid=95974) log_opt_values /opt/stack/data/venv/lib/python3.12/site-packages/oslo_config/cfg.py:3567}}
Aug 24 16:48:05.806071 np0000007985 nova-conductor[95974]: DEBUG cotyledon._service_worker [-] Run service ServiceWrapper(2) [95974] {{(pid=95974) wait_forever /opt/stack/data/venv/lib/python3.12/site-packages/cotyledon/_service_worker.py:218}}
Aug 24 16:48:05.806071 np0000007985 nova-conductor[95974]: INFO nova.service [-] Starting conductor node (version 33.1.0)
Aug 24 16:48:05.806071 np0000007985 nova-conductor[95974]: INFO dbcounter [None req-e97cf14c-2672-4300-a2a7-63592afb8aae None None] Registered counter for database nova_cell0
Aug 24 16:48:05.806205 np0000007985 nova-conductor[95949]: DEBUG oslo_db.sqlalchemy.engines [None req-384be8c9-f223-40d3-be9c-b366ee64155e None None] MySQL server mode set to STRICT_TRANS_TABLES,STRICT_ALL_TABLES,NO_ZERO_IN_DATE,NO_ZERO_DATE,ERROR_FOR_DIVISION_BY_ZERO,TRADITIONAL,NO_ENGINE_SUBSTITUTION {{(pid=95949) _check_effective_sql_mode /opt/stack/data/venv/lib/python3.12/site-packages/oslo_db/sqlalchemy/engines.py:325}}
Aug 24 16:48:05.806240 np0000007985 nova-conductor[95959]: DEBUG oslo_db.sqlalchemy.engines [None req-50eb4616-96a9-4763-843c-9f233f433a8a None None] MySQL server mode set to STRICT_TRANS_TABLES,STRICT_ALL_TABLES,NO_ZERO_IN_DATE,NO_ZERO_DATE,ERROR_FOR_DIVISION_BY_ZERO,TRADITIONAL,NO_ENGINE_SUBSTITUTION {{(pid=95959) _check_effective_sql_mode /opt/stack/data/venv/lib/python3.12/site-packages/oslo_db/sqlalchemy/engines.py:325}}
Aug 24 16:48:05.806270 np0000007985 nova-conductor[95949]: DEBUG dbcounter [-] [95949] Writer thread running {{(pid=95949) stat_writer /opt/stack/data/venv/lib/python3.12/site-packages/dbcounter.py:102}}
Aug 24 16:48:05.806296 np0000007985 nova-conductor[95959]: DEBUG dbcounter [-] [95959] Writer thread running {{(pid=95959) stat_writer /opt/stack/data/venv/lib/python3.12/site-packages/dbcounter.py:102}}
Aug 24 16:48:05.806320 np0000007985 nova-conductor[95974]: DEBUG oslo_db.sqlalchemy.engines [None req-e97cf14c-2672-4300-a2a7-63592afb8aae None None] MySQL server mode set to STRICT_TRANS_TABLES,STRICT_ALL_TABLES,NO_ZERO_IN_DATE,NO_ZERO_DATE,ERROR_FOR_DIVISION_BY_ZERO,TRADITIONAL,NO_ENGINE_SUBSTITUTION {{(pid=95974) _check_effective_sql_mode /opt/stack/data/venv/lib/python3.12/site-packages/oslo_db/sqlalchemy/engines.py:325}}
Aug 24 16:48:05.806320 np0000007985 nova-conductor[95974]: DEBUG dbcounter [-] [95974] Writer thread running {{(pid=95974) stat_writer /opt/stack/data/venv/lib/python3.12/site-packages/dbcounter.py:102}}
Aug 24 16:48:05.824263 np0000007985 nova-conductor[95949]: DEBUG nova.service [None req-384be8c9-f223-40d3-be9c-b366ee64155e None None] Creating RPC server for service: nova-conductor on topic: conductor {{(pid=95949) start /opt/stack/nova/nova/service.py:262}}
Aug 24 16:48:05.848380 np0000007985 nova-conductor[95949]: DEBUG nova.service [None req-384be8c9-f223-40d3-be9c-b366ee64155e None None] Join ServiceGroup membership for this service conductor {{(pid=95949) start /opt/stack/nova/nova/service.py:288}}
Aug 24 16:48:05.848380 np0000007985 nova-conductor[95949]: DEBUG nova.servicegroup.drivers.db [None req-384be8c9-f223-40d3-be9c-b366ee64155e None None] DB_Driver: join new ServiceGroup member np0000007985 to the conductor group, service = {{(pid=95949) join /opt/stack/nova/nova/servicegroup/drivers/db.py:44}}
Aug 24 16:48:05.906475 np0000007985 nova-conductor[95959]: DEBUG nova.service [None req-50eb4616-96a9-4763-843c-9f233f433a8a None None] Creating RPC server for service: nova-conductor on topic: conductor {{(pid=95959) start /opt/stack/nova/nova/service.py:262}}
Aug 24 16:48:05.908230 np0000007985 nova-conductor[95974]: DEBUG nova.service [None req-e97cf14c-2672-4300-a2a7-63592afb8aae None None] Creating RPC server for service: nova-conductor on topic: conductor {{(pid=95974) start /opt/stack/nova/nova/service.py:262}}
Aug 24 16:48:05.922515 np0000007985 nova-conductor[95959]: DEBUG nova.service [None req-50eb4616-96a9-4763-843c-9f233f433a8a None None] Join ServiceGroup membership for this service conductor {{(pid=95959) start /opt/stack/nova/nova/service.py:288}}
Aug 24 16:48:05.923022 np0000007985 nova-conductor[95959]: DEBUG nova.servicegroup.drivers.db [None req-50eb4616-96a9-4763-843c-9f233f433a8a None None] DB_Driver: join new ServiceGroup member np0000007985 to the conductor group, service = {{(pid=95959) join /opt/stack/nova/nova/servicegroup/drivers/db.py:44}}
Aug 24 16:48:05.926534 np0000007985 nova-conductor[95974]: DEBUG nova.service [None req-e97cf14c-2672-4300-a2a7-63592afb8aae None None] Join ServiceGroup membership for this service conductor {{(pid=95974) start /opt/stack/nova/nova/service.py:288}}
Aug 24 16:48:05.927135 np0000007985 nova-conductor[95974]: DEBUG nova.servicegroup.drivers.db [None req-e97cf14c-2672-4300-a2a7-63592afb8aae None None] DB_Driver: join new ServiceGroup member np0000007985 to the conductor group, service = {{(pid=95974) join /opt/stack/nova/nova/servicegroup/drivers/db.py:44}}
Aug 24 16:48:10.853571 np0000007985 nova-conductor[95949]: DEBUG oslo.service.backend._threading.loopingcall [-] Fixed interval looping call 'nova.servicegroup.drivers.db.DbDriver._report_state' sleeping for 119.99 seconds {{(pid=95949) _run_loop /opt/stack/data/venv/lib/python3.12/site-packages/oslo_service/backend/_threading/loopingcall.py:125}}
Aug 24 16:48:10.933298 np0000007985 nova-conductor[95959]: DEBUG oslo.service.backend._threading.loopingcall [-] Fixed interval looping call 'nova.servicegroup.drivers.db.DbDriver._report_state' sleeping for 119.99 seconds {{(pid=95959) _run_loop /opt/stack/data/venv/lib/python3.12/site-packages/oslo_service/backend/_threading/loopingcall.py:125}}
Aug 24 16:48:10.938138 np0000007985 nova-conductor[95974]: DEBUG oslo.service.backend._threading.loopingcall [-] Fixed interval looping call 'nova.servicegroup.drivers.db.DbDriver._report_state' sleeping for 119.99 seconds {{(pid=95974) _run_loop /opt/stack/data/venv/lib/python3.12/site-packages/oslo_service/backend/_threading/loopingcall.py:125}}
Aug 24 16:48:14.411000 np0000007985 nova-conductor[94506]: DEBUG dbcounter [-] [94506] Writing DB stats nova_api:SELECT=1 {{(pid=94506) stat_writer /opt/stack/data/venv/lib/python3.12/site-packages/dbcounter.py:115}}
Aug 24 16:48:14.530388 np0000007985 nova-conductor[94506]: DEBUG dbcounter [-] [94506] Writing DB stats nova_cell0:SELECT=1 {{(pid=94506) stat_writer /opt/stack/data/venv/lib/python3.12/site-packages/dbcounter.py:115}}
Aug 24 16:48:14.532598 np0000007985 nova-conductor[94506]: DEBUG dbcounter [-] [94506] Writing DB stats nova_cell1:SELECT=1 {{(pid=94506) stat_writer /opt/stack/data/venv/lib/python3.12/site-packages/dbcounter.py:115}}
Aug 24 16:48:14.925403 np0000007985 nova-conductor[95959]: DEBUG oslo.service.backend._threading.loopingcall [None req-eaafecdd-0084-41ef-877b-ea34fb3f3325 None None] Dynamic interval looping call 'nova.service.Service.periodic_tasks' sleeping for 60.00 seconds {{(pid=95959) _run_loop /opt/stack/data/venv/lib/python3.12/site-packages/oslo_service/backend/_threading/loopingcall.py:125}}
Aug 24 16:48:20.849165 np0000007985 nova-conductor[95949]: DEBUG dbcounter [-] [95949] Writing DB stats nova_cell0:SELECT=4,nova_cell0:INSERT=1,nova_cell0:UPDATE=1 {{(pid=95949) stat_writer /opt/stack/data/venv/lib/python3.12/site-packages/dbcounter.py:115}}
Aug 24 16:48:20.931499 np0000007985 nova-conductor[95959]: DEBUG dbcounter [-] [95959] Writing DB stats nova_cell0:SELECT=5,nova_cell0:INSERT=1 {{(pid=95959) stat_writer /opt/stack/data/venv/lib/python3.12/site-packages/dbcounter.py:115}}
Aug 24 16:48:20.935753 np0000007985 nova-conductor[95974]: DEBUG dbcounter [-] [95974] Writing DB stats nova_cell0:SELECT=5,nova_cell0:INSERT=1 {{(pid=95974) stat_writer /opt/stack/data/venv/lib/python3.12/site-packages/dbcounter.py:115}}
Aug 24 16:48:41.929049 np0000007985 nova-conductor[95974]: DEBUG oslo.service.backend._threading.loopingcall [None req-d2014a82-ab42-42c1-8007-39ebd4862f8c None None] Dynamic interval looping call 'nova.service.Service.periodic_tasks' sleeping for 60.00 seconds {{(pid=95974) _run_loop /opt/stack/data/venv/lib/python3.12/site-packages/oslo_service/backend/_threading/loopingcall.py:125}}
Aug 24 16:49:04.843132 np0000007985 nova-conductor[95949]: DEBUG oslo.service.backend._threading.loopingcall [None req-2a38cf10-599e-44ef-946e-c7b2b39524bb None None] Dynamic interval looping call 'nova.service.Service.periodic_tasks' sleeping for 60.00 seconds {{(pid=95949) _run_loop /opt/stack/data/venv/lib/python3.12/site-packages/oslo_service/backend/_threading/loopingcall.py:125}}
Aug 24 16:49:14.925742 np0000007985 nova-conductor[95959]: DEBUG oslo.service.backend._threading.loopingcall [None req-eaafecdd-0084-41ef-877b-ea34fb3f3325 None None] Dynamic interval looping call 'nova.service.Service.periodic_tasks' sleeping for 60.00 seconds {{(pid=95959) _run_loop /opt/stack/data/venv/lib/python3.12/site-packages/oslo_service/backend/_threading/loopingcall.py:125}}
Aug 24 16:49:41.929605 np0000007985 nova-conductor[95974]: DEBUG oslo.service.backend._threading.loopingcall [None req-d2014a82-ab42-42c1-8007-39ebd4862f8c None None] Dynamic interval looping call 'nova.service.Service.periodic_tasks' sleeping for 60.00 seconds {{(pid=95974) _run_loop /opt/stack/data/venv/lib/python3.12/site-packages/oslo_service/backend/_threading/loopingcall.py:125}}
Aug 24 16:50:04.843671 np0000007985 nova-conductor[95949]: DEBUG oslo.service.backend._threading.loopingcall [None req-2a38cf10-599e-44ef-946e-c7b2b39524bb None None] Dynamic interval looping call 'nova.service.Service.periodic_tasks' sleeping for 60.00 seconds {{(pid=95949) _run_loop /opt/stack/data/venv/lib/python3.12/site-packages/oslo_service/backend/_threading/loopingcall.py:125}}
Aug 24 16:50:10.850747 np0000007985 nova-conductor[95949]: DEBUG oslo.service.backend._threading.loopingcall [-] Fixed interval looping call 'nova.servicegroup.drivers.db.DbDriver._report_state' sleeping for 119.99 seconds {{(pid=95949) _run_loop /opt/stack/data/venv/lib/python3.12/site-packages/oslo_service/backend/_threading/loopingcall.py:125}}
Aug 24 16:50:10.927144 np0000007985 nova-conductor[95959]: DEBUG oslo.service.backend._threading.loopingcall [-] Fixed interval looping call 'nova.servicegroup.drivers.db.DbDriver._report_state' sleeping for 120.00 seconds {{(pid=95959) _run_loop /opt/stack/data/venv/lib/python3.12/site-packages/oslo_service/backend/_threading/loopingcall.py:125}}
Aug 24 16:50:10.931463 np0000007985 nova-conductor[95974]: DEBUG oslo.service.backend._threading.loopingcall [-] Fixed interval looping call 'nova.servicegroup.drivers.db.DbDriver._report_state' sleeping for 120.00 seconds {{(pid=95974) _run_loop /opt/stack/data/venv/lib/python3.12/site-packages/oslo_service/backend/_threading/loopingcall.py:125}}
Aug 24 16:50:14.927250 np0000007985 nova-conductor[95959]: DEBUG oslo.service.backend._threading.loopingcall [None req-eaafecdd-0084-41ef-877b-ea34fb3f3325 None None] Dynamic interval looping call 'nova.service.Service.periodic_tasks' sleeping for 60.00 seconds {{(pid=95959) _run_loop /opt/stack/data/venv/lib/python3.12/site-packages/oslo_service/backend/_threading/loopingcall.py:125}}
Aug 24 16:50:20.846785 np0000007985 nova-conductor[95949]: DEBUG dbcounter [-] [95949] Writing DB stats nova_cell0:SELECT=1,nova_cell0:UPDATE=1 {{(pid=95949) stat_writer /opt/stack/data/venv/lib/python3.12/site-packages/dbcounter.py:115}}
Aug 24 16:50:20.925508 np0000007985 nova-conductor[95959]: DEBUG dbcounter [-] [95959] Writing DB stats nova_cell0:SELECT=1 {{(pid=95959) stat_writer /opt/stack/data/venv/lib/python3.12/site-packages/dbcounter.py:115}}
Aug 24 16:50:20.930101 np0000007985 nova-conductor[95974]: DEBUG dbcounter [-] [95974] Writing DB stats nova_cell0:SELECT=1 {{(pid=95974) stat_writer /opt/stack/data/venv/lib/python3.12/site-packages/dbcounter.py:115}}
Aug 24 16:50:31.338388 np0000007985 nova-conductor[95949]: DEBUG oslo_db.sqlalchemy.engines [None req-bb90e797-7574-4050-8739-7abe40d01e5f tempest-ServerBootFromVolumeStableRescueTest-2136756919 tempest-ServerBootFromVolumeStableRescueTest-2136756919-project-member] Parent process 94506 forked (95949) with an open database connection, which is being discarded and recreated. {{(pid=95949) checkout /opt/stack/data/venv/lib/python3.12/site-packages/oslo_db/sqlalchemy/engines.py:402}}
Aug 24 16:50:31.381288 np0000007985 nova-conductor[95949]: DEBUG dbcounter [-] [95949] Writer thread running {{(pid=95949) stat_writer /opt/stack/data/venv/lib/python3.12/site-packages/dbcounter.py:102}}
Aug 24 16:50:31.598486 np0000007985 nova-conductor[95959]: DEBUG dbcounter [-] [95959] Writer thread running {{(pid=95959) stat_writer /opt/stack/data/venv/lib/python3.12/site-packages/dbcounter.py:102}}
Aug 24 16:50:32.228001 np0000007985 nova-conductor[95949]: DEBUG nova.conductor.manager [None req-bb90e797-7574-4050-8739-7abe40d01e5f tempest-ServerBootFromVolumeStableRescueTest-2136756919 tempest-ServerBootFromVolumeStableRescueTest-2136756919-project-member] Took 0.84 seconds to select destinations for 1 instance(s). {{(pid=95949) _schedule_instances /opt/stack/nova/nova/conductor/manager.py:957}}
Aug 24 16:50:32.292533 np0000007985 nova-conductor[95949]: DEBUG oslo_concurrency.lockutils [None req-bb90e797-7574-4050-8739-7abe40d01e5f tempest-ServerBootFromVolumeStableRescueTest-2136756919 tempest-ServerBootFromVolumeStableRescueTest-2136756919-project-member] Acquiring lock "83cb7898-7dfb-4281-8f1c-a057d1951933" by "nova.context.set_target_cell..get_or_set_cached_cell_and_set_connections" {{(pid=95949) inner /opt/stack/data/venv/lib/python3.12/site-packages/oslo_concurrency/lockutils.py:512}}
Aug 24 16:50:32.292734 np0000007985 nova-conductor[95949]: DEBUG oslo_concurrency.lockutils [None req-bb90e797-7574-4050-8739-7abe40d01e5f tempest-ServerBootFromVolumeStableRescueTest-2136756919 tempest-ServerBootFromVolumeStableRescueTest-2136756919-project-member] Lock "83cb7898-7dfb-4281-8f1c-a057d1951933" acquired by "nova.context.set_target_cell..get_or_set_cached_cell_and_set_connections" :: waited 0.000s {{(pid=95949) inner /opt/stack/data/venv/lib/python3.12/site-packages/oslo_concurrency/lockutils.py:525}}
Aug 24 16:50:32.294093 np0000007985 nova-conductor[95949]: DEBUG oslo_concurrency.lockutils [None req-bb90e797-7574-4050-8739-7abe40d01e5f tempest-ServerBootFromVolumeStableRescueTest-2136756919 tempest-ServerBootFromVolumeStableRescueTest-2136756919-project-member] Lock "83cb7898-7dfb-4281-8f1c-a057d1951933" "released" by "nova.context.set_target_cell..get_or_set_cached_cell_and_set_connections" :: held 0.001s {{(pid=95949) inner /opt/stack/data/venv/lib/python3.12/site-packages/oslo_concurrency/lockutils.py:544}}
Aug 24 16:50:32.295655 np0000007985 nova-conductor[95949]: INFO dbcounter [None req-bb90e797-7574-4050-8739-7abe40d01e5f tempest-ServerBootFromVolumeStableRescueTest-2136756919 tempest-ServerBootFromVolumeStableRescueTest-2136756919-project-member] Registered counter for database nova_cell1
Aug 24 16:50:32.301461 np0000007985 nova-conductor[95959]: DEBUG nova.conductor.manager [None req-6e52f6e0-c026-44c8-9082-8277d137f383 tempest-DeleteServersTestJSON-398597004 tempest-DeleteServersTestJSON-398597004-project-member] Took 0.70 seconds to select destinations for 1 instance(s). {{(pid=95959) _schedule_instances /opt/stack/nova/nova/conductor/manager.py:957}}
Aug 24 16:50:32.325203 np0000007985 nova-conductor[95949]: DEBUG oslo_db.sqlalchemy.engines [None req-bb90e797-7574-4050-8739-7abe40d01e5f tempest-ServerBootFromVolumeStableRescueTest-2136756919 tempest-ServerBootFromVolumeStableRescueTest-2136756919-project-member] MySQL server mode set to STRICT_TRANS_TABLES,STRICT_ALL_TABLES,NO_ZERO_IN_DATE,NO_ZERO_DATE,ERROR_FOR_DIVISION_BY_ZERO,TRADITIONAL,NO_ENGINE_SUBSTITUTION {{(pid=95949) _check_effective_sql_mode /opt/stack/data/venv/lib/python3.12/site-packages/oslo_db/sqlalchemy/engines.py:325}}
Aug 24 16:50:32.332008 np0000007985 nova-conductor[95949]: DEBUG dbcounter [-] [95949] Writer thread running {{(pid=95949) stat_writer /opt/stack/data/venv/lib/python3.12/site-packages/dbcounter.py:102}}
Aug 24 16:50:32.338205 np0000007985 nova-conductor[95959]: DEBUG oslo_concurrency.lockutils [None req-6e52f6e0-c026-44c8-9082-8277d137f383 tempest-DeleteServersTestJSON-398597004 tempest-DeleteServersTestJSON-398597004-project-member] Acquiring lock "83cb7898-7dfb-4281-8f1c-a057d1951933" by "nova.context.set_target_cell..get_or_set_cached_cell_and_set_connections" {{(pid=95959) inner /opt/stack/data/venv/lib/python3.12/site-packages/oslo_concurrency/lockutils.py:512}}
Aug 24 16:50:32.338292 np0000007985 nova-conductor[95959]: DEBUG oslo_concurrency.lockutils [None req-6e52f6e0-c026-44c8-9082-8277d137f383 tempest-DeleteServersTestJSON-398597004 tempest-DeleteServersTestJSON-398597004-project-member] Lock "83cb7898-7dfb-4281-8f1c-a057d1951933" acquired by "nova.context.set_target_cell..get_or_set_cached_cell_and_set_connections" :: waited 0.000s {{(pid=95959) inner /opt/stack/data/venv/lib/python3.12/site-packages/oslo_concurrency/lockutils.py:525}}
Aug 24 16:50:32.340677 np0000007985 nova-conductor[95959]: DEBUG oslo_concurrency.lockutils [None req-6e52f6e0-c026-44c8-9082-8277d137f383 tempest-DeleteServersTestJSON-398597004 tempest-DeleteServersTestJSON-398597004-project-member] Lock "83cb7898-7dfb-4281-8f1c-a057d1951933" "released" by "nova.context.set_target_cell..get_or_set_cached_cell_and_set_connections" :: held 0.002s {{(pid=95959) inner /opt/stack/data/venv/lib/python3.12/site-packages/oslo_concurrency/lockutils.py:544}}
Aug 24 16:50:32.343264 np0000007985 nova-conductor[95959]: INFO dbcounter [None req-6e52f6e0-c026-44c8-9082-8277d137f383 tempest-DeleteServersTestJSON-398597004 tempest-DeleteServersTestJSON-398597004-project-member] Registered counter for database nova_cell1
Aug 24 16:50:32.380319 np0000007985 nova-conductor[95959]: DEBUG oslo_db.sqlalchemy.engines [None req-6e52f6e0-c026-44c8-9082-8277d137f383 tempest-DeleteServersTestJSON-398597004 tempest-DeleteServersTestJSON-398597004-project-member] MySQL server mode set to STRICT_TRANS_TABLES,STRICT_ALL_TABLES,NO_ZERO_IN_DATE,NO_ZERO_DATE,ERROR_FOR_DIVISION_BY_ZERO,TRADITIONAL,NO_ENGINE_SUBSTITUTION {{(pid=95959) _check_effective_sql_mode /opt/stack/data/venv/lib/python3.12/site-packages/oslo_db/sqlalchemy/engines.py:325}}
Aug 24 16:50:32.387035 np0000007985 nova-conductor[95959]: DEBUG dbcounter [-] [95959] Writer thread running {{(pid=95959) stat_writer /opt/stack/data/venv/lib/python3.12/site-packages/dbcounter.py:102}}
Aug 24 16:50:32.476272 np0000007985 nova-conductor[95949]: DEBUG oslo_concurrency.lockutils [None req-bb90e797-7574-4050-8739-7abe40d01e5f tempest-ServerBootFromVolumeStableRescueTest-2136756919 tempest-ServerBootFromVolumeStableRescueTest-2136756919-project-member] Acquiring lock "00000000-0000-0000-0000-000000000000" by "nova.context.set_target_cell..get_or_set_cached_cell_and_set_connections" {{(pid=95949) inner /opt/stack/data/venv/lib/python3.12/site-packages/oslo_concurrency/lockutils.py:512}}
Aug 24 16:50:32.482713 np0000007985 nova-conductor[95949]: DEBUG oslo_concurrency.lockutils [None req-bb90e797-7574-4050-8739-7abe40d01e5f tempest-ServerBootFromVolumeStableRescueTest-2136756919 tempest-ServerBootFromVolumeStableRescueTest-2136756919-project-member] Lock "00000000-0000-0000-0000-000000000000" acquired by "nova.context.set_target_cell..get_or_set_cached_cell_and_set_connections" :: waited 0.000s {{(pid=95949) inner /opt/stack/data/venv/lib/python3.12/site-packages/oslo_concurrency/lockutils.py:525}}
Aug 24 16:50:32.482713 np0000007985 nova-conductor[95949]: DEBUG oslo_concurrency.lockutils [None req-bb90e797-7574-4050-8739-7abe40d01e5f tempest-ServerBootFromVolumeStableRescueTest-2136756919 tempest-ServerBootFromVolumeStableRescueTest-2136756919-project-member] Lock "00000000-0000-0000-0000-000000000000" "released" by "nova.context.set_target_cell..get_or_set_cached_cell_and_set_connections" :: held 0.000s {{(pid=95949) inner /opt/stack/data/venv/lib/python3.12/site-packages/oslo_concurrency/lockutils.py:544}}
Aug 24 16:50:32.482713 np0000007985 nova-conductor[95949]: INFO nova.thread_pool_factory [None req-bb90e797-7574-4050-8739-7abe40d01e5f tempest-ServerBootFromVolumeStableRescueTest-2136756919 tempest-ServerBootFromVolumeStableRescueTest-2136756919-project-member] The cell_worker thread pool ForkProcess-1.cell_worker is initialized
Aug 24 16:50:32.482713 np0000007985 nova-conductor[95949]: DEBUG oslo_concurrency.lockutils [None req-bb90e797-7574-4050-8739-7abe40d01e5f tempest-ServerBootFromVolumeStableRescueTest-2136756919 tempest-ServerBootFromVolumeStableRescueTest-2136756919-project-member] Acquiring lock "83cb7898-7dfb-4281-8f1c-a057d1951933" by "nova.context.set_target_cell..get_or_set_cached_cell_and_set_connections" {{(pid=95949) inner /opt/stack/data/venv/lib/python3.12/site-packages/oslo_concurrency/lockutils.py:512}}
Aug 24 16:50:32.482991 np0000007985 nova-conductor[95949]: DEBUG oslo_concurrency.lockutils [None req-bb90e797-7574-4050-8739-7abe40d01e5f tempest-ServerBootFromVolumeStableRescueTest-2136756919 tempest-ServerBootFromVolumeStableRescueTest-2136756919-project-member] Lock "83cb7898-7dfb-4281-8f1c-a057d1951933" acquired by "nova.context.set_target_cell..get_or_set_cached_cell_and_set_connections" :: waited 0.000s {{(pid=95949) inner /opt/stack/data/venv/lib/python3.12/site-packages/oslo_concurrency/lockutils.py:525}}
Aug 24 16:50:32.482991 np0000007985 nova-conductor[95949]: DEBUG oslo_concurrency.lockutils [None req-bb90e797-7574-4050-8739-7abe40d01e5f tempest-ServerBootFromVolumeStableRescueTest-2136756919 tempest-ServerBootFromVolumeStableRescueTest-2136756919-project-member] Lock "83cb7898-7dfb-4281-8f1c-a057d1951933" "released" by "nova.context.set_target_cell..get_or_set_cached_cell_and_set_connections" :: held 0.000s {{(pid=95949) inner /opt/stack/data/venv/lib/python3.12/site-packages/oslo_concurrency/lockutils.py:544}}
Aug 24 16:50:32.482991 np0000007985 nova-conductor[95949]: INFO dbcounter [None req-bb90e797-7574-4050-8739-7abe40d01e5f tempest-ServerBootFromVolumeStableRescueTest-2136756919 tempest-ServerBootFromVolumeStableRescueTest-2136756919-project-member] Registered counter for database nova_cell0
Aug 24 16:50:32.491888 np0000007985 nova-conductor[95959]: DEBUG oslo_concurrency.lockutils [None req-6e52f6e0-c026-44c8-9082-8277d137f383 tempest-DeleteServersTestJSON-398597004 tempest-DeleteServersTestJSON-398597004-project-member] Acquiring lock "00000000-0000-0000-0000-000000000000" by "nova.context.set_target_cell..get_or_set_cached_cell_and_set_connections" {{(pid=95959) inner /opt/stack/data/venv/lib/python3.12/site-packages/oslo_concurrency/lockutils.py:512}}
Aug 24 16:50:32.492110 np0000007985 nova-conductor[95959]: DEBUG oslo_concurrency.lockutils [None req-6e52f6e0-c026-44c8-9082-8277d137f383 tempest-DeleteServersTestJSON-398597004 tempest-DeleteServersTestJSON-398597004-project-member] Lock "00000000-0000-0000-0000-000000000000" acquired by "nova.context.set_target_cell..get_or_set_cached_cell_and_set_connections" :: waited 0.000s {{(pid=95959) inner /opt/stack/data/venv/lib/python3.12/site-packages/oslo_concurrency/lockutils.py:525}}
Aug 24 16:50:32.492487 np0000007985 nova-conductor[95959]: DEBUG oslo_concurrency.lockutils [None req-6e52f6e0-c026-44c8-9082-8277d137f383 tempest-DeleteServersTestJSON-398597004 tempest-DeleteServersTestJSON-398597004-project-member] Lock "00000000-0000-0000-0000-000000000000" "released" by "nova.context.set_target_cell..get_or_set_cached_cell_and_set_connections" :: held 0.000s {{(pid=95959) inner /opt/stack/data/venv/lib/python3.12/site-packages/oslo_concurrency/lockutils.py:544}}
Aug 24 16:50:32.492758 np0000007985 nova-conductor[95959]: INFO nova.thread_pool_factory [None req-6e52f6e0-c026-44c8-9082-8277d137f383 tempest-DeleteServersTestJSON-398597004 tempest-DeleteServersTestJSON-398597004-project-member] The cell_worker thread pool ForkProcess-2.cell_worker is initialized
Aug 24 16:50:32.493457 np0000007985 nova-conductor[95959]: DEBUG oslo_concurrency.lockutils [None req-6e52f6e0-c026-44c8-9082-8277d137f383 tempest-DeleteServersTestJSON-398597004 tempest-DeleteServersTestJSON-398597004-project-member] Acquiring lock "83cb7898-7dfb-4281-8f1c-a057d1951933" by "nova.context.set_target_cell..get_or_set_cached_cell_and_set_connections" {{(pid=95959) inner /opt/stack/data/venv/lib/python3.12/site-packages/oslo_concurrency/lockutils.py:512}}
Aug 24 16:50:32.493615 np0000007985 nova-conductor[95959]: DEBUG oslo_concurrency.lockutils [None req-6e52f6e0-c026-44c8-9082-8277d137f383 tempest-DeleteServersTestJSON-398597004 tempest-DeleteServersTestJSON-398597004-project-member] Lock "83cb7898-7dfb-4281-8f1c-a057d1951933" acquired by "nova.context.set_target_cell..get_or_set_cached_cell_and_set_connections" :: waited 0.000s {{(pid=95959) inner /opt/stack/data/venv/lib/python3.12/site-packages/oslo_concurrency/lockutils.py:525}}
Aug 24 16:50:32.495297 np0000007985 nova-conductor[95959]: INFO dbcounter [None req-6e52f6e0-c026-44c8-9082-8277d137f383 tempest-DeleteServersTestJSON-398597004 tempest-DeleteServersTestJSON-398597004-project-member] Registered counter for database nova_cell0
Aug 24 16:50:32.496418 np0000007985 nova-conductor[95959]: DEBUG oslo_concurrency.lockutils [None req-6e52f6e0-c026-44c8-9082-8277d137f383 tempest-DeleteServersTestJSON-398597004 tempest-DeleteServersTestJSON-398597004-project-member] Lock "83cb7898-7dfb-4281-8f1c-a057d1951933" "released" by "nova.context.set_target_cell..get_or_set_cached_cell_and_set_connections" :: held 0.002s {{(pid=95959) inner /opt/stack/data/venv/lib/python3.12/site-packages/oslo_concurrency/lockutils.py:544}}
Aug 24 16:50:32.517770 np0000007985 nova-conductor[95949]: DEBUG oslo_db.sqlalchemy.engines [None req-bb90e797-7574-4050-8739-7abe40d01e5f tempest-ServerBootFromVolumeStableRescueTest-2136756919 tempest-ServerBootFromVolumeStableRescueTest-2136756919-project-member] MySQL server mode set to STRICT_TRANS_TABLES,STRICT_ALL_TABLES,NO_ZERO_IN_DATE,NO_ZERO_DATE,ERROR_FOR_DIVISION_BY_ZERO,TRADITIONAL,NO_ENGINE_SUBSTITUTION {{(pid=95949) _check_effective_sql_mode /opt/stack/data/venv/lib/python3.12/site-packages/oslo_db/sqlalchemy/engines.py:325}}
Aug 24 16:50:32.522440 np0000007985 nova-conductor[95949]: DEBUG dbcounter [-] [95949] Writer thread running {{(pid=95949) stat_writer /opt/stack/data/venv/lib/python3.12/site-packages/dbcounter.py:102}}
Aug 24 16:50:32.527494 np0000007985 nova-conductor[95959]: DEBUG oslo_db.sqlalchemy.engines [None req-6e52f6e0-c026-44c8-9082-8277d137f383 tempest-DeleteServersTestJSON-398597004 tempest-DeleteServersTestJSON-398597004-project-member] MySQL server mode set to STRICT_TRANS_TABLES,STRICT_ALL_TABLES,NO_ZERO_IN_DATE,NO_ZERO_DATE,ERROR_FOR_DIVISION_BY_ZERO,TRADITIONAL,NO_ENGINE_SUBSTITUTION {{(pid=95959) _check_effective_sql_mode /opt/stack/data/venv/lib/python3.12/site-packages/oslo_db/sqlalchemy/engines.py:325}}
Aug 24 16:50:32.532409 np0000007985 nova-conductor[95959]: DEBUG dbcounter [-] [95959] Writer thread running {{(pid=95959) stat_writer /opt/stack/data/venv/lib/python3.12/site-packages/dbcounter.py:102}}
Aug 24 16:50:32.546800 np0000007985 nova-conductor[95949]: DEBUG nova.quota [None req-bb90e797-7574-4050-8739-7abe40d01e5f tempest-ServerBootFromVolumeStableRescueTest-2136756919 tempest-ServerBootFromVolumeStableRescueTest-2136756919-project-member] Getting quotas for project ab943e8ec37a431e9c20f726c10da256. Resources: {'cores', 'ram', 'instances'} {{(pid=95949) _get_quotas /opt/stack/nova/nova/quota.py:389}}
Aug 24 16:50:32.552964 np0000007985 nova-conductor[95949]: DEBUG nova.quota [None req-bb90e797-7574-4050-8739-7abe40d01e5f tempest-ServerBootFromVolumeStableRescueTest-2136756919 tempest-ServerBootFromVolumeStableRescueTest-2136756919-project-member] Getting quotas for user 880bf46804e14b2ca42482d12e13266c and project ab943e8ec37a431e9c20f726c10da256. Resources: {'cores', 'ram', 'instances'} {{(pid=95949) _get_quotas /opt/stack/nova/nova/quota.py:379}}
Aug 24 16:50:32.553091 np0000007985 nova-conductor[95959]: DEBUG nova.quota [None req-6e52f6e0-c026-44c8-9082-8277d137f383 tempest-DeleteServersTestJSON-398597004 tempest-DeleteServersTestJSON-398597004-project-member] Getting quotas for project 7fc9f6f324774e2fb7587650a46c8f8d. Resources: {'cores', 'ram', 'instances'} {{(pid=95959) _get_quotas /opt/stack/nova/nova/quota.py:389}}
Aug 24 16:50:32.557178 np0000007985 nova-conductor[95959]: DEBUG nova.quota [None req-6e52f6e0-c026-44c8-9082-8277d137f383 tempest-DeleteServersTestJSON-398597004 tempest-DeleteServersTestJSON-398597004-project-member] Getting quotas for user 341b56c3e7a04c9f9511fd69da0bf909 and project 7fc9f6f324774e2fb7587650a46c8f8d. Resources: {'cores', 'ram', 'instances'} {{(pid=95959) _get_quotas /opt/stack/nova/nova/quota.py:379}}
Aug 24 16:50:32.559212 np0000007985 nova-conductor[95949]: DEBUG nova.conductor.manager [None req-bb90e797-7574-4050-8739-7abe40d01e5f tempest-ServerBootFromVolumeStableRescueTest-2136756919 tempest-ServerBootFromVolumeStableRescueTest-2136756919-project-member] [instance: 974fdd50-e265-478e-b0dc-a749e98e69be] Selected host: np0000007985; Selected node: np0000007985; Alternates: [] {{(pid=95949) schedule_and_build_instances /opt/stack/nova/nova/conductor/manager.py:1773}}
Aug 24 16:50:32.559959 np0000007985 nova-conductor[95949]: DEBUG oslo_concurrency.lockutils [None req-bb90e797-7574-4050-8739-7abe40d01e5f tempest-ServerBootFromVolumeStableRescueTest-2136756919 tempest-ServerBootFromVolumeStableRescueTest-2136756919-project-member] Acquiring lock "83cb7898-7dfb-4281-8f1c-a057d1951933" by "nova.context.set_target_cell..get_or_set_cached_cell_and_set_connections" {{(pid=95949) inner /opt/stack/data/venv/lib/python3.12/site-packages/oslo_concurrency/lockutils.py:512}}
Aug 24 16:50:32.559959 np0000007985 nova-conductor[95949]: DEBUG oslo_concurrency.lockutils [None req-bb90e797-7574-4050-8739-7abe40d01e5f tempest-ServerBootFromVolumeStableRescueTest-2136756919 tempest-ServerBootFromVolumeStableRescueTest-2136756919-project-member] Lock "83cb7898-7dfb-4281-8f1c-a057d1951933" acquired by "nova.context.set_target_cell..get_or_set_cached_cell_and_set_connections" :: waited 0.000s {{(pid=95949) inner /opt/stack/data/venv/lib/python3.12/site-packages/oslo_concurrency/lockutils.py:525}}
Aug 24 16:50:32.559959 np0000007985 nova-conductor[95949]: DEBUG oslo_concurrency.lockutils [None req-bb90e797-7574-4050-8739-7abe40d01e5f tempest-ServerBootFromVolumeStableRescueTest-2136756919 tempest-ServerBootFromVolumeStableRescueTest-2136756919-project-member] Lock "83cb7898-7dfb-4281-8f1c-a057d1951933" "released" by "nova.context.set_target_cell..get_or_set_cached_cell_and_set_connections" :: held 0.000s {{(pid=95949) inner /opt/stack/data/venv/lib/python3.12/site-packages/oslo_concurrency/lockutils.py:544}}
Aug 24 16:50:32.564946 np0000007985 nova-conductor[95959]: DEBUG nova.conductor.manager [None req-6e52f6e0-c026-44c8-9082-8277d137f383 tempest-DeleteServersTestJSON-398597004 tempest-DeleteServersTestJSON-398597004-project-member] [instance: 14e0d85d-f2c7-4f7f-9388-c1c190cbe9fc] Selected host: np0000007985; Selected node: np0000007985; Alternates: [] {{(pid=95959) schedule_and_build_instances /opt/stack/nova/nova/conductor/manager.py:1773}}
Aug 24 16:50:32.565833 np0000007985 nova-conductor[95959]: DEBUG oslo_concurrency.lockutils [None req-6e52f6e0-c026-44c8-9082-8277d137f383 tempest-DeleteServersTestJSON-398597004 tempest-DeleteServersTestJSON-398597004-project-member] Acquiring lock "83cb7898-7dfb-4281-8f1c-a057d1951933" by "nova.context.set_target_cell..get_or_set_cached_cell_and_set_connections" {{(pid=95959) inner /opt/stack/data/venv/lib/python3.12/site-packages/oslo_concurrency/lockutils.py:512}}
Aug 24 16:50:32.566105 np0000007985 nova-conductor[95959]: DEBUG oslo_concurrency.lockutils [None req-6e52f6e0-c026-44c8-9082-8277d137f383 tempest-DeleteServersTestJSON-398597004 tempest-DeleteServersTestJSON-398597004-project-member] Lock "83cb7898-7dfb-4281-8f1c-a057d1951933" acquired by "nova.context.set_target_cell..get_or_set_cached_cell_and_set_connections" :: waited 0.001s {{(pid=95959) inner /opt/stack/data/venv/lib/python3.12/site-packages/oslo_concurrency/lockutils.py:525}}
Aug 24 16:50:32.566303 np0000007985 nova-conductor[95959]: DEBUG oslo_concurrency.lockutils [None req-6e52f6e0-c026-44c8-9082-8277d137f383 tempest-DeleteServersTestJSON-398597004 tempest-DeleteServersTestJSON-398597004-project-member] Lock "83cb7898-7dfb-4281-8f1c-a057d1951933" "released" by "nova.context.set_target_cell..get_or_set_cached_cell_and_set_connections" :: held 0.000s {{(pid=95959) inner /opt/stack/data/venv/lib/python3.12/site-packages/oslo_concurrency/lockutils.py:544}}
Aug 24 16:50:32.575540 np0000007985 nova-conductor[95949]: DEBUG nova.conductor.manager [None req-bb90e797-7574-4050-8739-7abe40d01e5f tempest-ServerBootFromVolumeStableRescueTest-2136756919 tempest-ServerBootFromVolumeStableRescueTest-2136756919-project-member] [instance: 974fdd50-e265-478e-b0dc-a749e98e69be] block_device_mapping [BlockDeviceMapping(attachment_id=,boot_index=0,connection_info=None,created_at=,delete_on_termination=True,deleted=,deleted_at=,destination_type='local',device_name=None,device_type='disk',disk_bus=None,encrypted=False,encryption_format=None,encryption_options=None,encryption_secret_uuid=None,guest_format=None,id=,image_id='3985dfe0-e91f-429e-b1d9-d6df59aa94f6',instance=,instance_uuid=,no_device=False,snapshot_id=None,source_type='image',tag=None,updated_at=,uuid=,volume_id=None,volume_size=None,volume_type=None)] {{(pid=95949) _create_block_device_mapping /opt/stack/nova/nova/conductor/manager.py:1518}}
Aug 24 16:50:32.577432 np0000007985 nova-conductor[95949]: DEBUG oslo_concurrency.lockutils [None req-bb90e797-7574-4050-8739-7abe40d01e5f tempest-ServerBootFromVolumeStableRescueTest-2136756919 tempest-ServerBootFromVolumeStableRescueTest-2136756919-project-member] Acquiring lock "83cb7898-7dfb-4281-8f1c-a057d1951933" by "nova.context.set_target_cell..get_or_set_cached_cell_and_set_connections" {{(pid=95949) inner /opt/stack/data/venv/lib/python3.12/site-packages/oslo_concurrency/lockutils.py:512}}
Aug 24 16:50:32.577640 np0000007985 nova-conductor[95949]: DEBUG oslo_concurrency.lockutils [None req-bb90e797-7574-4050-8739-7abe40d01e5f tempest-ServerBootFromVolumeStableRescueTest-2136756919 tempest-ServerBootFromVolumeStableRescueTest-2136756919-project-member] Lock "83cb7898-7dfb-4281-8f1c-a057d1951933" acquired by "nova.context.set_target_cell..get_or_set_cached_cell_and_set_connections" :: waited 0.000s {{(pid=95949) inner /opt/stack/data/venv/lib/python3.12/site-packages/oslo_concurrency/lockutils.py:525}}
Aug 24 16:50:32.577798 np0000007985 nova-conductor[95949]: DEBUG oslo_concurrency.lockutils [None req-bb90e797-7574-4050-8739-7abe40d01e5f tempest-ServerBootFromVolumeStableRescueTest-2136756919 tempest-ServerBootFromVolumeStableRescueTest-2136756919-project-member] Lock "83cb7898-7dfb-4281-8f1c-a057d1951933" "released" by "nova.context.set_target_cell..get_or_set_cached_cell_and_set_connections" :: held 0.000s {{(pid=95949) inner /opt/stack/data/venv/lib/python3.12/site-packages/oslo_concurrency/lockutils.py:544}}
