Jun 02 22:52:10.566066 np0000001988 nova-scheduler[95600]: DEBUG cotyledon.oslo_config_glue [-] oslo_limit.endpoint_id = None {{(pid=95600) log_opt_values /opt/stack/data/venv/lib/python3.12/site-packages/oslo_config/cfg.py:3256}}
Jun 02 22:52:10.566066 np0000001988 nova-scheduler[95600]: DEBUG cotyledon.oslo_config_glue [-] oslo_limit.endpoint_interface = public {{(pid=95600) log_opt_values /opt/stack/data/venv/lib/python3.12/site-packages/oslo_config/cfg.py:3256}}
Jun 02 22:52:10.566066 np0000001988 nova-scheduler[95600]: DEBUG cotyledon.oslo_config_glue [-] oslo_limit.endpoint_override = None {{(pid=95600) log_opt_values /opt/stack/data/venv/lib/python3.12/site-packages/oslo_config/cfg.py:3256}}
Jun 02 22:52:10.566066 np0000001988 nova-scheduler[95600]: DEBUG cotyledon.oslo_config_glue [-] oslo_limit.endpoint_region_name = None {{(pid=95600) log_opt_values /opt/stack/data/venv/lib/python3.12/site-packages/oslo_config/cfg.py:3256}}
Jun 02 22:52:10.566249 np0000001988 nova-scheduler[95600]: DEBUG cotyledon.oslo_config_glue [-] oslo_limit.endpoint_service_name = None {{(pid=95600) log_opt_values /opt/stack/data/venv/lib/python3.12/site-packages/oslo_config/cfg.py:3256}}
Jun 02 22:52:10.566249 np0000001988 nova-scheduler[95600]: DEBUG cotyledon.oslo_config_glue [-] oslo_limit.endpoint_service_type = None {{(pid=95600) log_opt_values /opt/stack/data/venv/lib/python3.12/site-packages/oslo_config/cfg.py:3256}}
Jun 02 22:52:10.566249 np0000001988 nova-scheduler[95600]: DEBUG cotyledon.oslo_config_glue [-] oslo_limit.insecure = False {{(pid=95600) log_opt_values /opt/stack/data/venv/lib/python3.12/site-packages/oslo_config/cfg.py:3256}}
Jun 02 22:52:10.566249 np0000001988 nova-scheduler[95600]: DEBUG cotyledon.oslo_config_glue [-] oslo_limit.keyfile = None {{(pid=95600) log_opt_values /opt/stack/data/venv/lib/python3.12/site-packages/oslo_config/cfg.py:3256}}
Jun 02 22:52:10.566249 np0000001988 nova-scheduler[95600]: DEBUG cotyledon.oslo_config_glue [-] oslo_limit.max_version = None {{(pid=95600) log_opt_values /opt/stack/data/venv/lib/python3.12/site-packages/oslo_config/cfg.py:3256}}
Jun 02 22:52:10.566249 np0000001988 nova-scheduler[95600]: DEBUG cotyledon.oslo_config_glue [-] oslo_limit.min_version = None {{(pid=95600) log_opt_values /opt/stack/data/venv/lib/python3.12/site-packages/oslo_config/cfg.py:3256}}
Jun 02 22:52:10.566249 np0000001988 nova-scheduler[95600]: DEBUG cotyledon.oslo_config_glue [-] oslo_limit.region_name = None {{(pid=95600) log_opt_values /opt/stack/data/venv/lib/python3.12/site-packages/oslo_config/cfg.py:3256}}
Jun 02 22:52:10.566249 np0000001988 nova-scheduler[95600]: DEBUG cotyledon.oslo_config_glue [-] oslo_limit.retriable_status_codes = None {{(pid=95600) log_opt_values /opt/stack/data/venv/lib/python3.12/site-packages/oslo_config/cfg.py:3256}}
Jun 02 22:52:10.566249 np0000001988 nova-scheduler[95600]: DEBUG cotyledon.oslo_config_glue [-] oslo_limit.service_name = None {{(pid=95600) log_opt_values /opt/stack/data/venv/lib/python3.12/site-packages/oslo_config/cfg.py:3256}}
Jun 02 22:52:10.566415 np0000001988 nova-scheduler[95600]: DEBUG cotyledon.oslo_config_glue [-] oslo_limit.service_type = None {{(pid=95600) log_opt_values /opt/stack/data/venv/lib/python3.12/site-packages/oslo_config/cfg.py:3256}}
Jun 02 22:52:10.566415 np0000001988 nova-scheduler[95600]: DEBUG cotyledon.oslo_config_glue [-] oslo_limit.split_loggers = False {{(pid=95600) log_opt_values /opt/stack/data/venv/lib/python3.12/site-packages/oslo_config/cfg.py:3256}}
Jun 02 22:52:10.566415 np0000001988 nova-scheduler[95600]: DEBUG cotyledon.oslo_config_glue [-] oslo_limit.status_code_retries = None {{(pid=95600) log_opt_values /opt/stack/data/venv/lib/python3.12/site-packages/oslo_config/cfg.py:3256}}
Jun 02 22:52:10.566415 np0000001988 nova-scheduler[95600]: DEBUG cotyledon.oslo_config_glue [-] oslo_limit.status_code_retry_delay = None {{(pid=95600) log_opt_values /opt/stack/data/venv/lib/python3.12/site-packages/oslo_config/cfg.py:3256}}
Jun 02 22:52:10.566415 np0000001988 nova-scheduler[95600]: DEBUG cotyledon.oslo_config_glue [-] oslo_limit.timeout = None {{(pid=95600) log_opt_values /opt/stack/data/venv/lib/python3.12/site-packages/oslo_config/cfg.py:3256}}
Jun 02 22:52:10.566415 np0000001988 nova-scheduler[95600]: DEBUG cotyledon.oslo_config_glue [-] oslo_limit.valid_interfaces = None {{(pid=95600) log_opt_values /opt/stack/data/venv/lib/python3.12/site-packages/oslo_config/cfg.py:3256}}
Jun 02 22:52:10.566415 np0000001988 nova-scheduler[95600]: DEBUG cotyledon.oslo_config_glue [-] oslo_limit.version = None {{(pid=95600) log_opt_values /opt/stack/data/venv/lib/python3.12/site-packages/oslo_config/cfg.py:3256}}
Jun 02 22:52:10.566415 np0000001988 nova-scheduler[95600]: DEBUG cotyledon.oslo_config_glue [-] oslo_reports.file_event_handler = None {{(pid=95600) log_opt_values /opt/stack/data/venv/lib/python3.12/site-packages/oslo_config/cfg.py:3256}}
Jun 02 22:52:10.566415 np0000001988 nova-scheduler[95600]: DEBUG cotyledon.oslo_config_glue [-] oslo_reports.file_event_handler_interval = 1 {{(pid=95600) log_opt_values /opt/stack/data/venv/lib/python3.12/site-packages/oslo_config/cfg.py:3256}}
Jun 02 22:52:10.566594 np0000001988 nova-scheduler[95600]: DEBUG cotyledon.oslo_config_glue [-] oslo_reports.log_dir = None {{(pid=95600) log_opt_values /opt/stack/data/venv/lib/python3.12/site-packages/oslo_config/cfg.py:3256}}
Jun 02 22:52:10.566594 np0000001988 nova-scheduler[95600]: DEBUG cotyledon.oslo_config_glue [-] ******************************************************************************** {{(pid=95600) log_opt_values /opt/stack/data/venv/lib/python3.12/site-packages/oslo_config/cfg.py:3263}}
Jun 02 22:52:10.566594 np0000001988 nova-scheduler[95600]: DEBUG cotyledon._service_worker [-] Run service ServiceWrapper(2) [95600] {{(pid=95600) wait_forever /opt/stack/data/venv/lib/python3.12/site-packages/cotyledon/_service_worker.py:218}}
Jun 02 22:52:10.566594 np0000001988 nova-scheduler[95600]: INFO nova.service [-] Starting scheduler node (version 33.1.0)
Jun 02 22:52:10.567415 np0000001988 nova-scheduler[95600]: INFO dbcounter [None req-df3acb01-6bf0-4d40-9e3a-c5ddfdbe758c None None] Registered counter for database nova_cell0
Jun 02 22:52:10.582227 np0000001988 nova-scheduler[95598]: DEBUG oslo_db.sqlalchemy.engines [None req-d9bb9fc0-0540-4fe5-9bd9-cced3bcc33c0 None None] MySQL server mode set to STRICT_TRANS_TABLES,STRICT_ALL_TABLES,NO_ZERO_IN_DATE,NO_ZERO_DATE,ERROR_FOR_DIVISION_BY_ZERO,TRADITIONAL,NO_ENGINE_SUBSTITUTION {{(pid=95598) _check_effective_sql_mode /opt/stack/data/venv/lib/python3.12/site-packages/oslo_db/sqlalchemy/engines.py:325}}
Jun 02 22:52:10.586730 np0000001988 nova-scheduler[95595]: DEBUG oslo_db.sqlalchemy.engines [None req-90b56b94-05d3-4f6f-b6a7-e01e0506a9a6 None None] MySQL server mode set to STRICT_TRANS_TABLES,STRICT_ALL_TABLES,NO_ZERO_IN_DATE,NO_ZERO_DATE,ERROR_FOR_DIVISION_BY_ZERO,TRADITIONAL,NO_ENGINE_SUBSTITUTION {{(pid=95595) _check_effective_sql_mode /opt/stack/data/venv/lib/python3.12/site-packages/oslo_db/sqlalchemy/engines.py:325}}
Jun 02 22:52:10.595032 np0000001988 nova-scheduler[95598]: DEBUG dbcounter [-] [95598] Writer thread running {{(pid=95598) stat_writer /opt/stack/data/venv/lib/python3.12/site-packages/dbcounter.py:102}}
Jun 02 22:52:10.598024 np0000001988 nova-scheduler[95595]: DEBUG dbcounter [-] [95595] Writer thread running {{(pid=95595) stat_writer /opt/stack/data/venv/lib/python3.12/site-packages/dbcounter.py:102}}
Jun 02 22:52:10.614087 np0000001988 nova-scheduler[95598]: DEBUG nova.service [None req-d9bb9fc0-0540-4fe5-9bd9-cced3bcc33c0 None None] Creating RPC server for service: nova-scheduler on topic: scheduler {{(pid=95598) start /opt/stack/nova/nova/service.py:195}}
Jun 02 22:52:10.615156 np0000001988 nova-scheduler[95600]: DEBUG oslo_db.sqlalchemy.engines [None req-df3acb01-6bf0-4d40-9e3a-c5ddfdbe758c None None] MySQL server mode set to STRICT_TRANS_TABLES,STRICT_ALL_TABLES,NO_ZERO_IN_DATE,NO_ZERO_DATE,ERROR_FOR_DIVISION_BY_ZERO,TRADITIONAL,NO_ENGINE_SUBSTITUTION {{(pid=95600) _check_effective_sql_mode /opt/stack/data/venv/lib/python3.12/site-packages/oslo_db/sqlalchemy/engines.py:325}}
Jun 02 22:52:10.619737 np0000001988 nova-scheduler[95595]: DEBUG nova.service [None req-90b56b94-05d3-4f6f-b6a7-e01e0506a9a6 None None] Creating RPC server for service: nova-scheduler on topic: scheduler {{(pid=95595) start /opt/stack/nova/nova/service.py:195}}
Jun 02 22:52:10.625525 np0000001988 nova-scheduler[95600]: DEBUG dbcounter [-] [95600] Writer thread running {{(pid=95600) stat_writer /opt/stack/data/venv/lib/python3.12/site-packages/dbcounter.py:102}}
Jun 02 22:52:10.628469 np0000001988 nova-scheduler[95600]: DEBUG nova.service [None req-df3acb01-6bf0-4d40-9e3a-c5ddfdbe758c None None] Creating RPC server for service: nova-scheduler on topic: scheduler {{(pid=95600) start /opt/stack/nova/nova/service.py:195}}
Jun 02 22:52:10.650896 np0000001988 nova-scheduler[95595]: DEBUG nova.service [None req-90b56b94-05d3-4f6f-b6a7-e01e0506a9a6 None None] Join ServiceGroup membership for this service scheduler {{(pid=95595) start /opt/stack/nova/nova/service.py:221}}
Jun 02 22:52:10.651021 np0000001988 nova-scheduler[95600]: DEBUG nova.service [None req-df3acb01-6bf0-4d40-9e3a-c5ddfdbe758c None None] Join ServiceGroup membership for this service scheduler {{(pid=95600) start /opt/stack/nova/nova/service.py:221}}
Jun 02 22:52:10.651075 np0000001988 nova-scheduler[95595]: DEBUG nova.servicegroup.drivers.db [None req-90b56b94-05d3-4f6f-b6a7-e01e0506a9a6 None None] DB_Driver: join new ServiceGroup member np0000001988 to the scheduler group, service = {{(pid=95595) join /opt/stack/nova/nova/servicegroup/drivers/db.py:44}}
Jun 02 22:52:10.651204 np0000001988 nova-scheduler[95600]: DEBUG nova.servicegroup.drivers.db [None req-df3acb01-6bf0-4d40-9e3a-c5ddfdbe758c None None] DB_Driver: join new ServiceGroup member np0000001988 to the scheduler group, service = {{(pid=95600) join /opt/stack/nova/nova/servicegroup/drivers/db.py:44}}
Jun 02 22:52:10.657832 np0000001988 nova-scheduler[95598]: DEBUG nova.service [None req-d9bb9fc0-0540-4fe5-9bd9-cced3bcc33c0 None None] Join ServiceGroup membership for this service scheduler {{(pid=95598) start /opt/stack/nova/nova/service.py:221}}
Jun 02 22:52:10.658208 np0000001988 nova-scheduler[95598]: DEBUG nova.servicegroup.drivers.db [None req-d9bb9fc0-0540-4fe5-9bd9-cced3bcc33c0 None None] DB_Driver: join new ServiceGroup member np0000001988 to the scheduler group, service = {{(pid=95598) join /opt/stack/nova/nova/servicegroup/drivers/db.py:44}}
Jun 02 22:52:15.674478 np0000001988 nova-scheduler[95595]: DEBUG oslo.service.backend._threading.loopingcall [-] Fixed interval looping call 'nova.servicegroup.drivers.db.DbDriver._report_state' sleeping for 119.98 seconds {{(pid=95595) _run_loop /opt/stack/data/venv/lib/python3.12/site-packages/oslo_service/backend/_threading/loopingcall.py:125}}
Jun 02 22:52:15.675386 np0000001988 nova-scheduler[95600]: DEBUG oslo.service.backend._threading.loopingcall [-] Fixed interval looping call 'nova.servicegroup.drivers.db.DbDriver._report_state' sleeping for 119.98 seconds {{(pid=95600) _run_loop /opt/stack/data/venv/lib/python3.12/site-packages/oslo_service/backend/_threading/loopingcall.py:125}}
Jun 02 22:52:15.676230 np0000001988 nova-scheduler[95598]: DEBUG oslo.service.backend._threading.loopingcall [-] Fixed interval looping call 'nova.servicegroup.drivers.db.DbDriver._report_state' sleeping for 119.98 seconds {{(pid=95598) _run_loop /opt/stack/data/venv/lib/python3.12/site-packages/oslo_service/backend/_threading/loopingcall.py:125}}
Jun 02 22:52:19.165283 np0000001988 nova-scheduler[94391]: DEBUG dbcounter [-] [94391] Writing DB stats nova_api:SELECT=3 {{(pid=94391) stat_writer /opt/stack/data/venv/lib/python3.12/site-packages/dbcounter.py:115}}
Jun 02 22:52:19.298933 np0000001988 nova-scheduler[94391]: DEBUG dbcounter [-] [94391] Writing DB stats nova_cell0:SELECT=1 {{(pid=94391) stat_writer /opt/stack/data/venv/lib/python3.12/site-packages/dbcounter.py:115}}
Jun 02 22:52:19.303520 np0000001988 nova-scheduler[94391]: DEBUG dbcounter [-] [94391] Writing DB stats nova_cell1:SELECT=1 {{(pid=94391) stat_writer /opt/stack/data/venv/lib/python3.12/site-packages/dbcounter.py:115}}
Jun 02 22:52:25.665382 np0000001988 nova-scheduler[95600]: DEBUG dbcounter [-] [95600] Writing DB stats nova_cell0:SELECT=3,nova_cell0:UPDATE=1 {{(pid=95600) stat_writer /opt/stack/data/venv/lib/python3.12/site-packages/dbcounter.py:115}}
Jun 02 22:52:25.665913 np0000001988 nova-scheduler[95595]: DEBUG dbcounter [-] [95595] Writing DB stats nova_cell0:SELECT=5,nova_cell0:INSERT=1,nova_cell0:UPDATE=1 {{(pid=95595) stat_writer /opt/stack/data/venv/lib/python3.12/site-packages/dbcounter.py:115}}
Jun 02 22:52:25.674589 np0000001988 nova-scheduler[95598]: DEBUG dbcounter [-] [95598] Writing DB stats nova_cell0:SELECT=4,nova_cell0:INSERT=1,nova_cell0:UPDATE=1 {{(pid=95598) stat_writer /opt/stack/data/venv/lib/python3.12/site-packages/dbcounter.py:115}}
Jun 02 22:52:34.653104 np0000001988 nova-scheduler[95600]: DEBUG oslo.service.backend._threading.loopingcall [None req-61af3c7e-ab63-47f7-b128-366d6efe4f0c None None] Dynamic interval looping call 'nova.service.Service.periodic_tasks' sleeping for 60.00 seconds {{(pid=95600) _run_loop /opt/stack/data/venv/lib/python3.12/site-packages/oslo_service/backend/_threading/loopingcall.py:125}}
Jun 02 22:52:57.653282 np0000001988 nova-scheduler[95595]: DEBUG oslo.service.backend._threading.loopingcall [None req-f26fa66b-7508-4088-a19f-934a1277fd82 None None] Dynamic interval looping call 'nova.service.Service.periodic_tasks' sleeping for 60.00 seconds {{(pid=95595) _run_loop /opt/stack/data/venv/lib/python3.12/site-packages/oslo_service/backend/_threading/loopingcall.py:125}}
Jun 02 22:53:07.660029 np0000001988 nova-scheduler[95598]: DEBUG oslo.service.backend._threading.loopingcall [None req-2bf68967-f0c7-4a05-aa7a-28f2a06def1d None None] Dynamic interval looping call 'nova.service.Service.periodic_tasks' sleeping for 60.00 seconds {{(pid=95598) _run_loop /opt/stack/data/venv/lib/python3.12/site-packages/oslo_service/backend/_threading/loopingcall.py:125}}
Jun 02 22:53:34.653626 np0000001988 nova-scheduler[95600]: DEBUG oslo.service.backend._threading.loopingcall [None req-61af3c7e-ab63-47f7-b128-366d6efe4f0c None None] Dynamic interval looping call 'nova.service.Service.periodic_tasks' sleeping for 60.00 seconds {{(pid=95600) _run_loop /opt/stack/data/venv/lib/python3.12/site-packages/oslo_service/backend/_threading/loopingcall.py:125}}
Jun 02 22:53:57.653729 np0000001988 nova-scheduler[95595]: DEBUG oslo.service.backend._threading.loopingcall [None req-f26fa66b-7508-4088-a19f-934a1277fd82 None None] Dynamic interval looping call 'nova.service.Service.periodic_tasks' sleeping for 60.00 seconds {{(pid=95595) _run_loop /opt/stack/data/venv/lib/python3.12/site-packages/oslo_service/backend/_threading/loopingcall.py:125}}
Jun 02 22:54:07.660554 np0000001988 nova-scheduler[95598]: DEBUG oslo.service.backend._threading.loopingcall [None req-2bf68967-f0c7-4a05-aa7a-28f2a06def1d None None] Dynamic interval looping call 'nova.service.Service.periodic_tasks' sleeping for 60.00 seconds {{(pid=95598) _run_loop /opt/stack/data/venv/lib/python3.12/site-packages/oslo_service/backend/_threading/loopingcall.py:125}}
Jun 02 22:54:15.666564 np0000001988 nova-scheduler[95600]: DEBUG oslo.service.backend._threading.loopingcall [-] Fixed interval looping call 'nova.servicegroup.drivers.db.DbDriver._report_state' sleeping for 119.99 seconds {{(pid=95600) _run_loop /opt/stack/data/venv/lib/python3.12/site-packages/oslo_service/backend/_threading/loopingcall.py:125}}
Jun 02 22:54:15.667512 np0000001988 nova-scheduler[95595]: DEBUG oslo.service.backend._threading.loopingcall [-] Fixed interval looping call 'nova.servicegroup.drivers.db.DbDriver._report_state' sleeping for 119.99 seconds {{(pid=95595) _run_loop /opt/stack/data/venv/lib/python3.12/site-packages/oslo_service/backend/_threading/loopingcall.py:125}}
Jun 02 22:54:15.668183 np0000001988 nova-scheduler[95598]: DEBUG oslo.service.backend._threading.loopingcall [-] Fixed interval looping call 'nova.servicegroup.drivers.db.DbDriver._report_state' sleeping for 119.99 seconds {{(pid=95598) _run_loop /opt/stack/data/venv/lib/python3.12/site-packages/oslo_service/backend/_threading/loopingcall.py:125}}
Jun 02 22:54:25.658080 np0000001988 nova-scheduler[95600]: DEBUG dbcounter [-] [95600] Writing DB stats nova_cell0:SELECT=1,nova_cell0:UPDATE=1 {{(pid=95600) stat_writer /opt/stack/data/venv/lib/python3.12/site-packages/dbcounter.py:115}}
Jun 02 22:54:25.659738 np0000001988 nova-scheduler[95595]: DEBUG dbcounter [-] [95595] Writing DB stats nova_cell0:SELECT=1,nova_cell0:UPDATE=1 {{(pid=95595) stat_writer /opt/stack/data/venv/lib/python3.12/site-packages/dbcounter.py:115}}
Jun 02 22:54:25.661393 np0000001988 nova-scheduler[95598]: DEBUG dbcounter [-] [95598] Writing DB stats nova_cell0:SELECT=1,nova_cell0:UPDATE=1 {{(pid=95598) stat_writer /opt/stack/data/venv/lib/python3.12/site-packages/dbcounter.py:115}}
Jun 02 22:54:34.654104 np0000001988 nova-scheduler[95600]: DEBUG oslo.service.backend._threading.loopingcall [None req-61af3c7e-ab63-47f7-b128-366d6efe4f0c None None] Dynamic interval looping call 'nova.service.Service.periodic_tasks' sleeping for 60.00 seconds {{(pid=95600) _run_loop /opt/stack/data/venv/lib/python3.12/site-packages/oslo_service/backend/_threading/loopingcall.py:125}}
Jun 02 22:54:54.751729 np0000001988 nova-scheduler[95595]: DEBUG nova.scheduler.manager [None req-8d3d931a-071b-4462-8874-a57597f9e94a tempest-DeleteServersTestJSON-367258119 tempest-DeleteServersTestJSON-367258119-project-member] Starting to schedule for instances: ['dd760eb6-e9b1-4890-9b32-5a41359f388d'] {{(pid=95595) select_destinations /opt/stack/nova/nova/scheduler/manager.py:210}}
Jun 02 22:54:54.752701 np0000001988 nova-scheduler[95595]: DEBUG nova.scheduler.request_filter [None req-8d3d931a-071b-4462-8874-a57597f9e94a tempest-DeleteServersTestJSON-367258119 tempest-DeleteServersTestJSON-367258119-project-member] compute_status_filter request filter added forbidden trait COMPUTE_STATUS_DISABLED {{(pid=95595) compute_status_filter /opt/stack/nova/nova/scheduler/request_filter.py:253}}
Jun 02 22:54:54.752831 np0000001988 nova-scheduler[95595]: DEBUG nova.scheduler.request_filter [None req-8d3d931a-071b-4462-8874-a57597f9e94a tempest-DeleteServersTestJSON-367258119 tempest-DeleteServersTestJSON-367258119-project-member] Request filter 'compute_status_filter' took 0.0 seconds {{(pid=95595) wrapper /opt/stack/nova/nova/scheduler/request_filter.py:46}}
Jun 02 22:54:54.753156 np0000001988 nova-scheduler[95595]: DEBUG nova.scheduler.request_filter [None req-8d3d931a-071b-4462-8874-a57597f9e94a tempest-DeleteServersTestJSON-367258119 tempest-DeleteServersTestJSON-367258119-project-member] Request filter 'accelerators_filter' took 0.0 seconds {{(pid=95595) wrapper /opt/stack/nova/nova/scheduler/request_filter.py:46}}
Jun 02 22:54:54.753707 np0000001988 nova-scheduler[95595]: DEBUG nova.scheduler.request_filter [None req-8d3d931a-071b-4462-8874-a57597f9e94a tempest-DeleteServersTestJSON-367258119 tempest-DeleteServersTestJSON-367258119-project-member] Request filter 'packed_virtqueue_filter' took 0.0 seconds {{(pid=95595) wrapper /opt/stack/nova/nova/scheduler/request_filter.py:46}}
Jun 02 22:54:54.754790 np0000001988 nova-scheduler[95595]: DEBUG nova.scheduler.request_filter [None req-8d3d931a-071b-4462-8874-a57597f9e94a tempest-DeleteServersTestJSON-367258119 tempest-DeleteServersTestJSON-367258119-project-member] Request filter 'remote_managed_ports_filter' took 0.0 seconds {{(pid=95595) wrapper /opt/stack/nova/nova/scheduler/request_filter.py:46}}
Jun 02 22:54:54.755027 np0000001988 nova-scheduler[95595]: DEBUG nova.scheduler.request_filter [None req-8d3d931a-071b-4462-8874-a57597f9e94a tempest-DeleteServersTestJSON-367258119 tempest-DeleteServersTestJSON-367258119-project-member] ephemeral_encryption_filter skipped {{(pid=95595) ephemeral_encryption_filter /opt/stack/nova/nova/scheduler/request_filter.py:426}}
Jun 02 22:54:54.755178 np0000001988 nova-scheduler[95595]: DEBUG nova.scheduler.request_filter [None req-8d3d931a-071b-4462-8874-a57597f9e94a tempest-DeleteServersTestJSON-367258119 tempest-DeleteServersTestJSON-367258119-project-member] virtio_sound_filter skipped {{(pid=95595) virtio_sound_filter /opt/stack/nova/nova/scheduler/request_filter.py:460}}
Jun 02 22:54:54.755500 np0000001988 nova-scheduler[95595]: DEBUG nova.scheduler.request_filter [None req-8d3d931a-071b-4462-8874-a57597f9e94a tempest-DeleteServersTestJSON-367258119 tempest-DeleteServersTestJSON-367258119-project-member] tpm_secret_security_filter skipped {{(pid=95595) tpm_secret_security_filter /opt/stack/nova/nova/scheduler/request_filter.py:477}}
Jun 02 22:54:55.374195 np0000001988 nova-scheduler[95595]: INFO nova.utils [None req-8d3d931a-071b-4462-8874-a57597f9e94a tempest-DeleteServersTestJSON-367258119 tempest-DeleteServersTestJSON-367258119-project-member] The cell worker thread pool ForkProcess-1.cell_worker is initialized
Jun 02 22:54:55.374195 np0000001988 nova-scheduler[95595]: DEBUG oslo_concurrency.lockutils [None req-8d3d931a-071b-4462-8874-a57597f9e94a tempest-DeleteServersTestJSON-367258119 tempest-DeleteServersTestJSON-367258119-project-member] Acquiring lock "f4d600ec-0094-4c16-aa2b-b69dfe9ffb08" by "nova.context.set_target_cell..get_or_set_cached_cell_and_set_connections" {{(pid=95595) inner /opt/stack/data/venv/lib/python3.12/site-packages/oslo_concurrency/lockutils.py:511}}
Jun 02 22:54:55.374195 np0000001988 nova-scheduler[95595]: DEBUG oslo_concurrency.lockutils [None req-8d3d931a-071b-4462-8874-a57597f9e94a tempest-DeleteServersTestJSON-367258119 tempest-DeleteServersTestJSON-367258119-project-member] Lock "f4d600ec-0094-4c16-aa2b-b69dfe9ffb08" acquired by "nova.context.set_target_cell..get_or_set_cached_cell_and_set_connections" :: waited 0.000s {{(pid=95595) inner /opt/stack/data/venv/lib/python3.12/site-packages/oslo_concurrency/lockutils.py:524}}
Jun 02 22:54:55.375594 np0000001988 nova-scheduler[95595]: DEBUG oslo_concurrency.lockutils [None req-8d3d931a-071b-4462-8874-a57597f9e94a tempest-DeleteServersTestJSON-367258119 tempest-DeleteServersTestJSON-367258119-project-member] Lock "f4d600ec-0094-4c16-aa2b-b69dfe9ffb08" "released" by "nova.context.set_target_cell..get_or_set_cached_cell_and_set_connections" :: held 0.002s {{(pid=95595) inner /opt/stack/data/venv/lib/python3.12/site-packages/oslo_concurrency/lockutils.py:543}}
Jun 02 22:54:55.379166 np0000001988 nova-scheduler[95595]: INFO dbcounter [None req-8d3d931a-071b-4462-8874-a57597f9e94a tempest-DeleteServersTestJSON-367258119 tempest-DeleteServersTestJSON-367258119-project-member] Registered counter for database nova_cell1
Jun 02 22:54:55.421266 np0000001988 nova-scheduler[95595]: DEBUG oslo_db.sqlalchemy.engines [None req-8d3d931a-071b-4462-8874-a57597f9e94a tempest-DeleteServersTestJSON-367258119 tempest-DeleteServersTestJSON-367258119-project-member] MySQL server mode set to STRICT_TRANS_TABLES,STRICT_ALL_TABLES,NO_ZERO_IN_DATE,NO_ZERO_DATE,ERROR_FOR_DIVISION_BY_ZERO,TRADITIONAL,NO_ENGINE_SUBSTITUTION {{(pid=95595) _check_effective_sql_mode /opt/stack/data/venv/lib/python3.12/site-packages/oslo_db/sqlalchemy/engines.py:325}}
Jun 02 22:54:55.427819 np0000001988 nova-scheduler[95595]: DEBUG dbcounter [-] [95595] Writer thread running {{(pid=95595) stat_writer /opt/stack/data/venv/lib/python3.12/site-packages/dbcounter.py:102}}
Jun 02 22:54:55.442291 np0000001988 nova-scheduler[95595]: DEBUG oslo_db.sqlalchemy.engines [None req-8d3d931a-071b-4462-8874-a57597f9e94a tempest-DeleteServersTestJSON-367258119 tempest-DeleteServersTestJSON-367258119-project-member] Parent process 94391 forked (95595) with an open database connection, which is being discarded and recreated. {{(pid=95595) checkout /opt/stack/data/venv/lib/python3.12/site-packages/oslo_db/sqlalchemy/engines.py:402}}
Jun 02 22:54:55.490826 np0000001988 nova-scheduler[95595]: DEBUG dbcounter [-] [95595] Writer thread running {{(pid=95595) stat_writer /opt/stack/data/venv/lib/python3.12/site-packages/dbcounter.py:102}}
Jun 02 22:54:55.493438 np0000001988 nova-scheduler[95595]: DEBUG oslo_concurrency.lockutils [None req-8d3d931a-071b-4462-8874-a57597f9e94a tempest-DeleteServersTestJSON-367258119 tempest-DeleteServersTestJSON-367258119-project-member] Acquiring lock "f4d600ec-0094-4c16-aa2b-b69dfe9ffb08" by "nova.context.set_target_cell..get_or_set_cached_cell_and_set_connections" {{(pid=95595) inner /opt/stack/data/venv/lib/python3.12/site-packages/oslo_concurrency/lockutils.py:511}}
Jun 02 22:54:55.493596 np0000001988 nova-scheduler[95595]: DEBUG oslo_concurrency.lockutils [None req-8d3d931a-071b-4462-8874-a57597f9e94a tempest-DeleteServersTestJSON-367258119 tempest-DeleteServersTestJSON-367258119-project-member] Lock "f4d600ec-0094-4c16-aa2b-b69dfe9ffb08" acquired by "nova.context.set_target_cell..get_or_set_cached_cell_and_set_connections" :: waited 0.000s {{(pid=95595) inner /opt/stack/data/venv/lib/python3.12/site-packages/oslo_concurrency/lockutils.py:524}}
Jun 02 22:54:55.493724 np0000001988 nova-scheduler[95595]: DEBUG oslo_concurrency.lockutils [None req-8d3d931a-071b-4462-8874-a57597f9e94a tempest-DeleteServersTestJSON-367258119 tempest-DeleteServersTestJSON-367258119-project-member] Lock "f4d600ec-0094-4c16-aa2b-b69dfe9ffb08" "released" by "nova.context.set_target_cell..get_or_set_cached_cell_and_set_connections" :: held 0.000s {{(pid=95595) inner /opt/stack/data/venv/lib/python3.12/site-packages/oslo_concurrency/lockutils.py:543}}
Jun 02 22:54:55.496564 np0000001988 nova-scheduler[95595]: DEBUG oslo_concurrency.lockutils [None req-8d3d931a-071b-4462-8874-a57597f9e94a tempest-DeleteServersTestJSON-367258119 tempest-DeleteServersTestJSON-367258119-project-member] Acquiring lock "('np0000001988', 'np0000001988')" by "nova.scheduler.host_manager.HostState.update.._locked_update" {{(pid=95595) inner /opt/stack/data/venv/lib/python3.12/site-packages/oslo_concurrency/lockutils.py:511}}
Jun 02 22:54:55.496846 np0000001988 nova-scheduler[95595]: DEBUG oslo_concurrency.lockutils [None req-8d3d931a-071b-4462-8874-a57597f9e94a tempest-DeleteServersTestJSON-367258119 tempest-DeleteServersTestJSON-367258119-project-member] Lock "('np0000001988', 'np0000001988')" acquired by "nova.scheduler.host_manager.HostState.update.._locked_update" :: waited 0.000s {{(pid=95595) inner /opt/stack/data/venv/lib/python3.12/site-packages/oslo_concurrency/lockutils.py:524}}
Jun 02 22:54:55.497869 np0000001988 nova-scheduler[95595]: DEBUG nova.scheduler.host_manager [None req-8d3d931a-071b-4462-8874-a57597f9e94a tempest-DeleteServersTestJSON-367258119 tempest-DeleteServersTestJSON-367258119-project-member] Update host state from compute node: ComputeNode(cpu_allocation_ratio=4.0,cpu_info='{"arch": "x86_64", "model": "EPYC-Milan", "vendor": "AMD", "topology": {"cells": 1, "sockets": 12, "cores": 1, "threads": 1}, "maxphysaddr": {"mode": "emulate", "bits": 40}, "features": ["bmi2", "amd-psfd", "f16c", "skip-l1dfl-vmentry", "tsc_adjust", "ibpb", "amd-stibp", "nx", "vme", "fsgsbase", "sha-ni", "mca", "popcnt", "apic", "nrip-save", "cr8legacy", "topoext", "invpcid", "virt-ssbd", "abm", "vmcb-clean", "fsrm", "cmp_legacy", "lm", "pge", "no-nested-data-bp", "x2apic", "cx8", "avx", "clflush", "clflushopt", "rdctl-no", "msr", "xgetbv1", "sse4.2", "fpu", "v-vmsave-vmload", "amd-ssbd", "mce", "spec-ctrl", "npt", "cx16", "pku", "lbrv", "pse36", "arat", "mmxext", "pcid", "rdpid", "cmov", "tsc-scale", "syscall", "ibrs", "xsaveopt", "arch-capabilities", "lfence-always-serializing", "svm", "ssbd", "pae", "null-sel-clr-base", "rdseed", "pfthreshold", "rdtscp", "movbe", "hypervisor", "bmi1", "svme-addr-chk", "pause-filter", "sse4.1", "pdpe1gb", "umip", "de", "gds-no", "wbnoinvd", "rdrand", "aes", "mmx", "vaes", "sse2", "misalignsse", "ssse3", "flushbyasid", "pschange-mc-no", "tsc", "3dnowprefetch", "smep", "mds-no", "perfctr_core", "xsaveerptr", "pat", "clzero", "mtrr", "avx2", "adx", "pni", "osvw", "pclmuldq", "sse", "pse", "vpclmulqdq", "stibp", "stibp-always-on", "clwb", "lahf_lm", "tsc-deadline", "xsave", "xsavec", "vgif", "erms", "fma", "sse4a", "xsaves", "sep", "smap", "fxsr", "fxsr_opt"]}',created_at=2026-06-02T22:52:35Z,current_workload=0,deleted=False,deleted_at=None,disk_allocation_ratio=1.0,disk_available_least=74,free_disk_gb=95,free_ram_mb=23518,host='np0000001988',host_ip=10.4.3.248,hypervisor_hostname='np0000001988',hypervisor_type='QEMU',hypervisor_version=8002002,id=1,local_gb=95,local_gb_used=0,mapped=1,memory_mb=24030,memory_mb_used=512,metrics='[]',numa_topology='{"nova_object.name": "NUMATopology", "nova_object.namespace": "nova", "nova_object.version": "1.2", "nova_object.data": {"cells": [{"nova_object.name": "NUMACell", "nova_object.namespace": "nova", "nova_object.version": "1.5", "nova_object.data": {"id": 0, "cpuset": [0, 1, 2, 3, 4, 5, 6, 7, 8, 9, 10, 11], "pcpuset": [0, 1, 2, 3, 4, 5, 6, 7, 8, 9, 10, 11], "memory": 24030, "cpu_usage": 0, "memory_usage": 0, "pinned_cpus": [], "siblings": [[6], [2], [5], [11], [8], [4], [1], [7], [10], [0], [3], [9]], "mempages": [{"nova_object.name": "NUMAPagesTopology", "nova_object.namespace": "nova", "nova_object.version": "1.1", "nova_object.data": {"size_kb": 4, "total": 6151798, "used": 0, "reserved": 0}, "nova_object.changes": ["reserved", "total", "used", "size_kb"]}, {"nova_object.name": "NUMAPagesTopology", "nova_object.namespace": "nova", "nova_object.version": "1.1", "nova_object.data": {"size_kb": 2048, "total": 0, "used": 0, "reserved": 0}, "nova_object.changes": ["reserved", "total", "used", "size_kb"]}, {"nova_object.name": "NUMAPagesTopology", "nova_object.namespace": "nova", "nova_object.version": "1.1", "nova_object.data": {"size_kb": 1048576, "total": 0, "used": 0, "reserved": 0}, "nova_object.changes": ["reserved", "total", "used", "size_kb"]}], "network_metadata": {"nova_object.name": "NetworkMetadata", "nova_object.namespace": "nova", "nova_object.version": "1.0", "nova_object.data": {"physnets": [], "tunneled": false}, "nova_object.changes": ["physnets", "tunneled"]}, "socket": null}, "nova_object.changes": ["pcpuset", "socket", "cpuset", "id", "memory_usage", "cpu_usage", "siblings", "pinned_cpus", "memory", "network_metadata", "mempages"]}]}, "nova_object.changes": ["cells"]}',pci_device_pools=PciDevicePoolList,ram_allocation_ratio=1.0,running_vms=0,service_id=2,stats={failed_builds='0',uptime=' 22:54:21 up 28 min, 2 users, load average: 1.19, 1.46, 0.87
Jun 02 22:54:55.497869 np0000001988 nova-scheduler[95595]: '},supported_hv_specs=[HVSpec,HVSpec,HVSpec,HVSpec,HVSpec,HVSpec,HVSpec,HVSpec,HVSpec,HVSpec,HVSpec,HVSpec,HVSpec,HVSpec,HVSpec,HVSpec,HVSpec,HVSpec,HVSpec,HVSpec,HVSpec,HVSpec,HVSpec,HVSpec,HVSpec],updated_at=2026-06-02T22:54:23Z,uuid=7c3abcfb-91a1-4300-bd38-b6985e133a99,vcpus=12,vcpus_used=0) {{(pid=95595) _locked_update /opt/stack/nova/nova/scheduler/host_manager.py:168}}
Jun 02 22:54:55.498773 np0000001988 nova-scheduler[95595]: DEBUG nova.scheduler.host_manager [None req-8d3d931a-071b-4462-8874-a57597f9e94a tempest-DeleteServersTestJSON-367258119 tempest-DeleteServersTestJSON-367258119-project-member] Update host state with aggregates: [] {{(pid=95595) _locked_update /opt/stack/nova/nova/scheduler/host_manager.py:171}}
Jun 02 22:54:55.498907 np0000001988 nova-scheduler[95595]: DEBUG nova.scheduler.host_manager [None req-8d3d931a-071b-4462-8874-a57597f9e94a tempest-DeleteServersTestJSON-367258119 tempest-DeleteServersTestJSON-367258119-project-member] Update host state with service dict: {'id': 2, 'uuid': 'fdcb3335-6b09-4ec8-b6c9-8fa5b050bd53', 'host': 'np0000001988', 'binary': 'nova-compute', 'topic': 'compute', 'report_count': 2, 'disabled': False, 'disabled_reason': None, 'last_seen_up': datetime.datetime(2026, 6, 2, 22, 54, 44, tzinfo=datetime.timezone.utc), 'forced_down': False, 'version': 72, 'created_at': datetime.datetime(2026, 6, 2, 22, 52, 33, tzinfo=datetime.timezone.utc), 'updated_at': datetime.datetime(2026, 6, 2, 22, 54, 44, tzinfo=datetime.timezone.utc), 'deleted_at': None, 'deleted': False} {{(pid=95595) _locked_update /opt/stack/nova/nova/scheduler/host_manager.py:174}}
Jun 02 22:54:55.499032 np0000001988 nova-scheduler[95595]: DEBUG nova.scheduler.host_manager [None req-8d3d931a-071b-4462-8874-a57597f9e94a tempest-DeleteServersTestJSON-367258119 tempest-DeleteServersTestJSON-367258119-project-member] Update host state with instances: [] {{(pid=95595) _locked_update /opt/stack/nova/nova/scheduler/host_manager.py:177}}
Jun 02 22:54:55.499163 np0000001988 nova-scheduler[95595]: DEBUG oslo_concurrency.lockutils [None req-8d3d931a-071b-4462-8874-a57597f9e94a tempest-DeleteServersTestJSON-367258119 tempest-DeleteServersTestJSON-367258119-project-member] Lock "('np0000001988', 'np0000001988')" "released" by "nova.scheduler.host_manager.HostState.update.._locked_update" :: held 0.002s {{(pid=95595) inner /opt/stack/data/venv/lib/python3.12/site-packages/oslo_concurrency/lockutils.py:543}}
Jun 02 22:54:55.499544 np0000001988 nova-scheduler[95595]: DEBUG nova.filters [None req-8d3d931a-071b-4462-8874-a57597f9e94a tempest-DeleteServersTestJSON-367258119 tempest-DeleteServersTestJSON-367258119-project-member] Starting with 1 host(s) {{(pid=95595) get_filtered_objects /opt/stack/nova/nova/filters.py:70}}
Jun 02 22:54:55.499755 np0000001988 nova-scheduler[95595]: DEBUG nova.filters [None req-8d3d931a-071b-4462-8874-a57597f9e94a tempest-DeleteServersTestJSON-367258119 tempest-DeleteServersTestJSON-367258119-project-member] Filter ComputeFilter returned 1 host(s) {{(pid=95595) get_filtered_objects /opt/stack/nova/nova/filters.py:102}}
Jun 02 22:54:55.499890 np0000001988 nova-scheduler[95595]: DEBUG nova.filters [None req-8d3d931a-071b-4462-8874-a57597f9e94a tempest-DeleteServersTestJSON-367258119 tempest-DeleteServersTestJSON-367258119-project-member] Filter ComputeCapabilitiesFilter returned 1 host(s) {{(pid=95595) get_filtered_objects /opt/stack/nova/nova/filters.py:102}}
Jun 02 22:54:55.500306 np0000001988 nova-scheduler[95595]: DEBUG nova.filters [None req-8d3d931a-071b-4462-8874-a57597f9e94a tempest-DeleteServersTestJSON-367258119 tempest-DeleteServersTestJSON-367258119-project-member] Filter ImagePropertiesFilter returned 1 host(s) {{(pid=95595) get_filtered_objects /opt/stack/nova/nova/filters.py:102}}
Jun 02 22:54:55.500306 np0000001988 nova-scheduler[95595]: DEBUG nova.filters [None req-8d3d931a-071b-4462-8874-a57597f9e94a tempest-DeleteServersTestJSON-367258119 tempest-DeleteServersTestJSON-367258119-project-member] Filter ServerGroupAntiAffinityFilter returned 1 host(s) {{(pid=95595) get_filtered_objects /opt/stack/nova/nova/filters.py:102}}
Jun 02 22:54:55.500511 np0000001988 nova-scheduler[95595]: DEBUG nova.filters [None req-8d3d931a-071b-4462-8874-a57597f9e94a tempest-DeleteServersTestJSON-367258119 tempest-DeleteServersTestJSON-367258119-project-member] Filter ServerGroupAffinityFilter returned 1 host(s) {{(pid=95595) get_filtered_objects /opt/stack/nova/nova/filters.py:102}}
Jun 02 22:54:55.500511 np0000001988 nova-scheduler[95595]: DEBUG nova.filters [None req-8d3d931a-071b-4462-8874-a57597f9e94a tempest-DeleteServersTestJSON-367258119 tempest-DeleteServersTestJSON-367258119-project-member] Filter SameHostFilter returned 1 host(s) {{(pid=95595) get_filtered_objects /opt/stack/nova/nova/filters.py:102}}
Jun 02 22:54:55.500579 np0000001988 nova-scheduler[95595]: DEBUG nova.filters [None req-8d3d931a-071b-4462-8874-a57597f9e94a tempest-DeleteServersTestJSON-367258119 tempest-DeleteServersTestJSON-367258119-project-member] Filter DifferentHostFilter returned 1 host(s) {{(pid=95595) get_filtered_objects /opt/stack/nova/nova/filters.py:102}}
Jun 02 22:54:55.500657 np0000001988 nova-scheduler[95595]: DEBUG nova.scheduler.manager [None req-8d3d931a-071b-4462-8874-a57597f9e94a tempest-DeleteServersTestJSON-367258119 tempest-DeleteServersTestJSON-367258119-project-member] Filtered [(np0000001988, np0000001988) ram: 23518MB disk: 75776MB io_ops: 0 instances: 0, allocation_candidates: 1] {{(pid=95595) _get_sorted_hosts /opt/stack/nova/nova/scheduler/manager.py:743}}
Jun 02 22:54:55.500859 np0000001988 nova-scheduler[95595]: DEBUG nova.scheduler.manager [None req-8d3d931a-071b-4462-8874-a57597f9e94a tempest-DeleteServersTestJSON-367258119 tempest-DeleteServersTestJSON-367258119-project-member] Weighed [WeighedHost [host: (np0000001988, np0000001988) ram: 23518MB disk: 75776MB io_ops: 0 instances: 0, allocation_candidates: 1, weight: 0.0]] {{(pid=95595) _get_sorted_hosts /opt/stack/nova/nova/scheduler/manager.py:765}}
Jun 02 22:54:55.501066 np0000001988 nova-scheduler[95595]: DEBUG nova.scheduler.utils [None req-8d3d931a-071b-4462-8874-a57597f9e94a tempest-DeleteServersTestJSON-367258119 tempest-DeleteServersTestJSON-367258119-project-member] Attempting to claim resources in the placement API for instance dd760eb6-e9b1-4890-9b32-5a41359f388d {{(pid=95595) claim_resources /opt/stack/nova/nova/scheduler/utils.py:1345}}
Jun 02 22:54:55.672491 np0000001988 nova-scheduler[95595]: DEBUG nova.scheduler.manager [None req-8d3d931a-071b-4462-8874-a57597f9e94a tempest-DeleteServersTestJSON-367258119 tempest-DeleteServersTestJSON-367258119-project-member] [instance: dd760eb6-e9b1-4890-9b32-5a41359f388d] Selected host: (np0000001988, np0000001988) ram: 23518MB disk: 75776MB io_ops: 0 instances: 0, allocation_candidates: 1 {{(pid=95595) _consume_selected_host /opt/stack/nova/nova/scheduler/manager.py:625}}
Jun 02 22:54:55.672612 np0000001988 nova-scheduler[95595]: DEBUG oslo_concurrency.lockutils [None req-8d3d931a-071b-4462-8874-a57597f9e94a tempest-DeleteServersTestJSON-367258119 tempest-DeleteServersTestJSON-367258119-project-member] Acquiring lock "('np0000001988', 'np0000001988')" by "nova.scheduler.host_manager.HostState.consume_from_request.._locked" {{(pid=95595) inner /opt/stack/data/venv/lib/python3.12/site-packages/oslo_concurrency/lockutils.py:511}}
Jun 02 22:54:55.672785 np0000001988 nova-scheduler[95595]: DEBUG oslo_concurrency.lockutils [None req-8d3d931a-071b-4462-8874-a57597f9e94a tempest-DeleteServersTestJSON-367258119 tempest-DeleteServersTestJSON-367258119-project-member] Lock "('np0000001988', 'np0000001988')" acquired by "nova.scheduler.host_manager.HostState.consume_from_request.._locked" :: waited 0.000s {{(pid=95595) inner /opt/stack/data/venv/lib/python3.12/site-packages/oslo_concurrency/lockutils.py:524}}
Jun 02 22:54:55.672984 np0000001988 nova-scheduler[95595]: DEBUG oslo_concurrency.lockutils [None req-8d3d931a-071b-4462-8874-a57597f9e94a tempest-DeleteServersTestJSON-367258119 tempest-DeleteServersTestJSON-367258119-project-member] Lock "('np0000001988', 'np0000001988')" "released" by "nova.scheduler.host_manager.HostState.consume_from_request.._locked" :: held 0.000s {{(pid=95595) inner /opt/stack/data/venv/lib/python3.12/site-packages/oslo_concurrency/lockutils.py:543}}
Jun 02 22:54:57.654827 np0000001988 nova-scheduler[95595]: DEBUG oslo.service.backend._threading.loopingcall [None req-f26fa66b-7508-4088-a19f-934a1277fd82 None None] Dynamic interval looping call 'nova.service.Service.periodic_tasks' sleeping for 60.00 seconds {{(pid=95595) _run_loop /opt/stack/data/venv/lib/python3.12/site-packages/oslo_service/backend/_threading/loopingcall.py:125}}
Jun 02 22:55:04.829331 np0000001988 nova-scheduler[95600]: DEBUG nova.scheduler.manager [None req-36389ec6-64f2-4290-8fca-ff2f5b66bf3d tempest-VolumesAdminNegativeTest-1437439170 tempest-VolumesAdminNegativeTest-1437439170-project-member] Starting to schedule for instances: ['bbf96c06-dfa6-4225-a06d-07164bea3f9e'] {{(pid=95600) select_destinations /opt/stack/nova/nova/scheduler/manager.py:210}}
Jun 02 22:55:04.830063 np0000001988 nova-scheduler[95600]: DEBUG nova.scheduler.request_filter [None req-36389ec6-64f2-4290-8fca-ff2f5b66bf3d tempest-VolumesAdminNegativeTest-1437439170 tempest-VolumesAdminNegativeTest-1437439170-project-member] compute_status_filter request filter added forbidden trait COMPUTE_STATUS_DISABLED {{(pid=95600) compute_status_filter /opt/stack/nova/nova/scheduler/request_filter.py:253}}
Jun 02 22:55:04.830239 np0000001988 nova-scheduler[95600]: DEBUG nova.scheduler.request_filter [None req-36389ec6-64f2-4290-8fca-ff2f5b66bf3d tempest-VolumesAdminNegativeTest-1437439170 tempest-VolumesAdminNegativeTest-1437439170-project-member] Request filter 'compute_status_filter' took 0.0 seconds {{(pid=95600) wrapper /opt/stack/nova/nova/scheduler/request_filter.py:46}}
Jun 02 22:55:04.830504 np0000001988 nova-scheduler[95600]: DEBUG nova.scheduler.request_filter [None req-36389ec6-64f2-4290-8fca-ff2f5b66bf3d tempest-VolumesAdminNegativeTest-1437439170 tempest-VolumesAdminNegativeTest-1437439170-project-member] Request filter 'accelerators_filter' took 0.0 seconds {{(pid=95600) wrapper /opt/stack/nova/nova/scheduler/request_filter.py:46}}
Jun 02 22:55:04.830719 np0000001988 nova-scheduler[95600]: DEBUG nova.scheduler.request_filter [None req-36389ec6-64f2-4290-8fca-ff2f5b66bf3d tempest-VolumesAdminNegativeTest-1437439170 tempest-VolumesAdminNegativeTest-1437439170-project-member] Request filter 'packed_virtqueue_filter' took 0.0 seconds {{(pid=95600) wrapper /opt/stack/nova/nova/scheduler/request_filter.py:46}}
Jun 02 22:55:04.831045 np0000001988 nova-scheduler[95600]: DEBUG nova.scheduler.request_filter [None req-36389ec6-64f2-4290-8fca-ff2f5b66bf3d tempest-VolumesAdminNegativeTest-1437439170 tempest-VolumesAdminNegativeTest-1437439170-project-member] Request filter 'remote_managed_ports_filter' took 0.0 seconds {{(pid=95600) wrapper /opt/stack/nova/nova/scheduler/request_filter.py:46}}
Jun 02 22:55:04.831327 np0000001988 nova-scheduler[95600]: DEBUG nova.scheduler.request_filter [None req-36389ec6-64f2-4290-8fca-ff2f5b66bf3d tempest-VolumesAdminNegativeTest-1437439170 tempest-VolumesAdminNegativeTest-1437439170-project-member] ephemeral_encryption_filter skipped {{(pid=95600) ephemeral_encryption_filter /opt/stack/nova/nova/scheduler/request_filter.py:426}}
Jun 02 22:55:04.831386 np0000001988 nova-scheduler[95600]: DEBUG nova.scheduler.request_filter [None req-36389ec6-64f2-4290-8fca-ff2f5b66bf3d tempest-VolumesAdminNegativeTest-1437439170 tempest-VolumesAdminNegativeTest-1437439170-project-member] virtio_sound_filter skipped {{(pid=95600) virtio_sound_filter /opt/stack/nova/nova/scheduler/request_filter.py:460}}
Jun 02 22:55:04.831620 np0000001988 nova-scheduler[95600]: DEBUG nova.scheduler.request_filter [None req-36389ec6-64f2-4290-8fca-ff2f5b66bf3d tempest-VolumesAdminNegativeTest-1437439170 tempest-VolumesAdminNegativeTest-1437439170-project-member] tpm_secret_security_filter skipped {{(pid=95600) tpm_secret_security_filter /opt/stack/nova/nova/scheduler/request_filter.py:477}}
Jun 02 22:55:04.926156 np0000001988 nova-scheduler[95600]: INFO nova.utils [None req-36389ec6-64f2-4290-8fca-ff2f5b66bf3d tempest-VolumesAdminNegativeTest-1437439170 tempest-VolumesAdminNegativeTest-1437439170-project-member] The cell worker thread pool ForkProcess-3.cell_worker is initialized
Jun 02 22:55:04.926612 np0000001988 nova-scheduler[95600]: DEBUG oslo_concurrency.lockutils [None req-36389ec6-64f2-4290-8fca-ff2f5b66bf3d tempest-VolumesAdminNegativeTest-1437439170 tempest-VolumesAdminNegativeTest-1437439170-project-member] Acquiring lock "f4d600ec-0094-4c16-aa2b-b69dfe9ffb08" by "nova.context.set_target_cell..get_or_set_cached_cell_and_set_connections" {{(pid=95600) inner /opt/stack/data/venv/lib/python3.12/site-packages/oslo_concurrency/lockutils.py:511}}
Jun 02 22:55:04.926864 np0000001988 nova-scheduler[95600]: DEBUG oslo_concurrency.lockutils [None req-36389ec6-64f2-4290-8fca-ff2f5b66bf3d tempest-VolumesAdminNegativeTest-1437439170 tempest-VolumesAdminNegativeTest-1437439170-project-member] Lock "f4d600ec-0094-4c16-aa2b-b69dfe9ffb08" acquired by "nova.context.set_target_cell..get_or_set_cached_cell_and_set_connections" :: waited 0.000s {{(pid=95600) inner /opt/stack/data/venv/lib/python3.12/site-packages/oslo_concurrency/lockutils.py:524}}
Jun 02 22:55:04.928747 np0000001988 nova-scheduler[95600]: DEBUG oslo_concurrency.lockutils [None req-36389ec6-64f2-4290-8fca-ff2f5b66bf3d tempest-VolumesAdminNegativeTest-1437439170 tempest-VolumesAdminNegativeTest-1437439170-project-member] Lock "f4d600ec-0094-4c16-aa2b-b69dfe9ffb08" "released" by "nova.context.set_target_cell..get_or_set_cached_cell_and_set_connections" :: held 0.002s {{(pid=95600) inner /opt/stack/data/venv/lib/python3.12/site-packages/oslo_concurrency/lockutils.py:543}}
Jun 02 22:55:04.930360 np0000001988 nova-scheduler[95600]: INFO dbcounter [None req-36389ec6-64f2-4290-8fca-ff2f5b66bf3d tempest-VolumesAdminNegativeTest-1437439170 tempest-VolumesAdminNegativeTest-1437439170-project-member] Registered counter for database nova_cell1
Jun 02 22:55:04.968900 np0000001988 nova-scheduler[95600]: DEBUG oslo_db.sqlalchemy.engines [None req-36389ec6-64f2-4290-8fca-ff2f5b66bf3d tempest-VolumesAdminNegativeTest-1437439170 tempest-VolumesAdminNegativeTest-1437439170-project-member] MySQL server mode set to STRICT_TRANS_TABLES,STRICT_ALL_TABLES,NO_ZERO_IN_DATE,NO_ZERO_DATE,ERROR_FOR_DIVISION_BY_ZERO,TRADITIONAL,NO_ENGINE_SUBSTITUTION {{(pid=95600) _check_effective_sql_mode /opt/stack/data/venv/lib/python3.12/site-packages/oslo_db/sqlalchemy/engines.py:325}}
Jun 02 22:55:04.976198 np0000001988 nova-scheduler[95600]: DEBUG dbcounter [-] [95600] Writer thread running {{(pid=95600) stat_writer /opt/stack/data/venv/lib/python3.12/site-packages/dbcounter.py:102}}
Jun 02 22:55:05.039405 np0000001988 nova-scheduler[95600]: DEBUG dbcounter [-] [95600] Writer thread running {{(pid=95600) stat_writer /opt/stack/data/venv/lib/python3.12/site-packages/dbcounter.py:102}}
Jun 02 22:55:05.047165 np0000001988 nova-scheduler[95600]: DEBUG oslo_concurrency.lockutils [None req-36389ec6-64f2-4290-8fca-ff2f5b66bf3d tempest-VolumesAdminNegativeTest-1437439170 tempest-VolumesAdminNegativeTest-1437439170-project-member] Acquiring lock "f4d600ec-0094-4c16-aa2b-b69dfe9ffb08" by "nova.context.set_target_cell..get_or_set_cached_cell_and_set_connections" {{(pid=95600) inner /opt/stack/data/venv/lib/python3.12/site-packages/oslo_concurrency/lockutils.py:511}}
Jun 02 22:55:05.047401 np0000001988 nova-scheduler[95600]: DEBUG oslo_concurrency.lockutils [None req-36389ec6-64f2-4290-8fca-ff2f5b66bf3d tempest-VolumesAdminNegativeTest-1437439170 tempest-VolumesAdminNegativeTest-1437439170-project-member] Lock "f4d600ec-0094-4c16-aa2b-b69dfe9ffb08" acquired by "nova.context.set_target_cell..get_or_set_cached_cell_and_set_connections" :: waited 0.000s {{(pid=95600) inner /opt/stack/data/venv/lib/python3.12/site-packages/oslo_concurrency/lockutils.py:524}}
Jun 02 22:55:05.047666 np0000001988 nova-scheduler[95600]: DEBUG oslo_concurrency.lockutils [None req-36389ec6-64f2-4290-8fca-ff2f5b66bf3d tempest-VolumesAdminNegativeTest-1437439170 tempest-VolumesAdminNegativeTest-1437439170-project-member] Lock "f4d600ec-0094-4c16-aa2b-b69dfe9ffb08" "released" by "nova.context.set_target_cell..get_or_set_cached_cell_and_set_connections" :: held 0.000s {{(pid=95600) inner /opt/stack/data/venv/lib/python3.12/site-packages/oslo_concurrency/lockutils.py:543}}
Jun 02 22:55:05.051301 np0000001988 nova-scheduler[95600]: DEBUG oslo_concurrency.lockutils [None req-36389ec6-64f2-4290-8fca-ff2f5b66bf3d tempest-VolumesAdminNegativeTest-1437439170 tempest-VolumesAdminNegativeTest-1437439170-project-member] Acquiring lock "('np0000001988', 'np0000001988')" by "nova.scheduler.host_manager.HostState.update.._locked_update" {{(pid=95600) inner /opt/stack/data/venv/lib/python3.12/site-packages/oslo_concurrency/lockutils.py:511}}
Jun 02 22:55:05.051567 np0000001988 nova-scheduler[95600]: DEBUG oslo_concurrency.lockutils [None req-36389ec6-64f2-4290-8fca-ff2f5b66bf3d tempest-VolumesAdminNegativeTest-1437439170 tempest-VolumesAdminNegativeTest-1437439170-project-member] Lock "('np0000001988', 'np0000001988')" acquired by "nova.scheduler.host_manager.HostState.update.._locked_update" :: waited 0.000s {{(pid=95600) inner /opt/stack/data/venv/lib/python3.12/site-packages/oslo_concurrency/lockutils.py:524}}
