Jun 02 22:51:52.588827 np0000001988 devstack@neutron-api.service[89915]: DEBUG neutron_lib.callbacks.manager [None req-6dcc7cb7-20be-4ab3-938d-f1d341548649 admin admin] Publish callbacks [] for security_group (None), before_create {{(pid=89915) _notify_loop /opt/stack/data/venv/lib/python3.12/site-packages/neutron_lib/callbacks/manager.py:184}}
Jun 02 22:51:52.682850 np0000001988 devstack@neutron-api.service[89915]: DEBUG neutron_lib.callbacks.manager [None req-6dcc7cb7-20be-4ab3-938d-f1d341548649 admin admin] Publish callbacks ['neutron.plugins.ml2.drivers.ovn.mech_driver.mech_driver.OVNMechanismDriver._create_security_group_precommit-347451'] for security_group (d6f2108b-6839-4ce3-bbd3-e3a71829f01b), precommit_create {{(pid=89915) _notify_loop /opt/stack/data/venv/lib/python3.12/site-packages/neutron_lib/callbacks/manager.py:184}}
Jun 02 22:51:52.683019 np0000001988 devstack@neutron-api.service[89915]: DEBUG neutron.db.ovn_revision_numbers_db [None req-6dcc7cb7-20be-4ab3-938d-f1d341548649 admin admin] create_initial_revision uuid=d6f2108b-6839-4ce3-bbd3-e3a71829f01b, type=security_groups, rev=-1 {{(pid=89915) create_initial_revision /opt/stack/neutron/neutron/db/ovn_revision_numbers_db.py:98}}
Jun 02 22:51:52.685505 np0000001988 devstack@neutron-api.service[89915]: DEBUG neutron.db.ovn_revision_numbers_db [None req-6dcc7cb7-20be-4ab3-938d-f1d341548649 admin admin] create_initial_revision uuid=049f739f-daef-4c8a-8f8f-14d084cb9e7b, type=security_group_rules, rev=-1 {{(pid=89915) create_initial_revision /opt/stack/neutron/neutron/db/ovn_revision_numbers_db.py:98}}
Jun 02 22:51:52.686521 np0000001988 devstack@neutron-api.service[89915]: DEBUG neutron.db.ovn_revision_numbers_db [None req-6dcc7cb7-20be-4ab3-938d-f1d341548649 admin admin] create_initial_revision uuid=25d05b7b-6e31-4484-ab67-146dc39bfb80, type=security_group_rules, rev=-1 {{(pid=89915) create_initial_revision /opt/stack/neutron/neutron/db/ovn_revision_numbers_db.py:98}}
Jun 02 22:51:52.687482 np0000001988 devstack@neutron-api.service[89915]: DEBUG neutron.db.ovn_revision_numbers_db [None req-6dcc7cb7-20be-4ab3-938d-f1d341548649 admin admin] create_initial_revision uuid=51b47e69-5891-4b13-b750-6da5ee4214e2, type=security_group_rules, rev=-1 {{(pid=89915) create_initial_revision /opt/stack/neutron/neutron/db/ovn_revision_numbers_db.py:98}}
Jun 02 22:51:52.688362 np0000001988 devstack@neutron-api.service[89915]: DEBUG neutron.db.ovn_revision_numbers_db [None req-6dcc7cb7-20be-4ab3-938d-f1d341548649 admin admin] create_initial_revision uuid=a731c1bd-01db-41a7-88e2-40615903e7a6, type=security_group_rules, rev=-1 {{(pid=89915) create_initial_revision /opt/stack/neutron/neutron/db/ovn_revision_numbers_db.py:98}}
Jun 02 22:51:52.692820 np0000001988 devstack@neutron-api.service[89915]: DEBUG neutron_lib.callbacks.manager [None req-6dcc7cb7-20be-4ab3-938d-f1d341548649 admin admin] Publish callbacks ['neutron.plugins.ml2.drivers.ovn.mech_driver.mech_driver.OVNMechanismDriver._create_security_group-347445', 'neutron.plugins.ml2.ovo_rpc._ObjectChangeHandler.handle_event-7454233'] for security_group (d6f2108b-6839-4ce3-bbd3-e3a71829f01b), after_create {{(pid=89915) _notify_loop /opt/stack/data/venv/lib/python3.12/site-packages/neutron_lib/callbacks/manager.py:184}}
Jun 02 22:51:52.693767 np0000001988 devstack@neutron-api.service[89915]: DEBUG ovsdbapp.backend.ovs_idl.transaction [-] Running txn n=1 command(idx=0): PgAddCommand(_result=None, name=pg_d6f2108b_6839_4ce3_bbd3_e3a71829f01b, may_exist=False, columns={'acls': [], 'external_ids': {'neutron:security_group_id': 'd6f2108b-6839-4ce3-bbd3-e3a71829f01b'}}) {{(pid=89915) do_commit /opt/stack/data/venv/lib/python3.12/site-packages/ovsdbapp/backend/ovs_idl/transaction.py:89}}
Jun 02 22:51:52.695070 np0000001988 devstack@neutron-api.service[89915]: DEBUG ovsdbapp.backend.ovs_idl.transaction [-] Running txn n=1 command(idx=1): PgAclAddCommand(_result=None, entity=pg_d6f2108b_6839_4ce3_bbd3_e3a71829f01b, direction=to-lport, priority=1002, match=outport == @pg_d6f2108b_6839_4ce3_bbd3_e3a71829f01b && ip6 && ip6.src == $pg_d6f2108b_6839_4ce3_bbd3_e3a71829f01b_ip6, action=allow-related, log=False, may_exist=True, severity=[], name=[], meter=[], external_ids={'neutron:security_group_rule_id': '049f739f-daef-4c8a-8f8f-14d084cb9e7b'}) {{(pid=89915) do_commit /opt/stack/data/venv/lib/python3.12/site-packages/ovsdbapp/backend/ovs_idl/transaction.py:89}}
Jun 02 22:51:52.695484 np0000001988 devstack@neutron-api.service[89915]: DEBUG ovsdbapp.backend.ovs_idl.transaction [-] Running txn n=1 command(idx=2): PgAclAddCommand(_result=None, entity=pg_d6f2108b_6839_4ce3_bbd3_e3a71829f01b, direction=to-lport, priority=1002, match=outport == @pg_d6f2108b_6839_4ce3_bbd3_e3a71829f01b && ip4 && ip4.src == $pg_d6f2108b_6839_4ce3_bbd3_e3a71829f01b_ip4, action=allow-related, log=False, may_exist=True, severity=[], name=[], meter=[], external_ids={'neutron:security_group_rule_id': '25d05b7b-6e31-4484-ab67-146dc39bfb80'}) {{(pid=89915) do_commit /opt/stack/data/venv/lib/python3.12/site-packages/ovsdbapp/backend/ovs_idl/transaction.py:89}}
Jun 02 22:51:52.695784 np0000001988 devstack@neutron-api.service[89915]: DEBUG ovsdbapp.backend.ovs_idl.transaction [-] Running txn n=1 command(idx=3): PgAclAddCommand(_result=None, entity=pg_d6f2108b_6839_4ce3_bbd3_e3a71829f01b, direction=from-lport, priority=1002, match=inport == @pg_d6f2108b_6839_4ce3_bbd3_e3a71829f01b && ip6, action=allow-related, log=False, may_exist=True, severity=[], name=[], meter=[], external_ids={'neutron:security_group_rule_id': '51b47e69-5891-4b13-b750-6da5ee4214e2'}) {{(pid=89915) do_commit /opt/stack/data/venv/lib/python3.12/site-packages/ovsdbapp/backend/ovs_idl/transaction.py:89}}
Jun 02 22:51:52.696053 np0000001988 devstack@neutron-api.service[89915]: DEBUG ovsdbapp.backend.ovs_idl.transaction [-] Running txn n=1 command(idx=4): PgAclAddCommand(_result=None, entity=pg_d6f2108b_6839_4ce3_bbd3_e3a71829f01b, direction=from-lport, priority=1002, match=inport == @pg_d6f2108b_6839_4ce3_bbd3_e3a71829f01b && ip4, action=allow-related, log=False, may_exist=True, severity=[], name=[], meter=[], external_ids={'neutron:security_group_rule_id': 'a731c1bd-01db-41a7-88e2-40615903e7a6'}) {{(pid=89915) do_commit /opt/stack/data/venv/lib/python3.12/site-packages/ovsdbapp/backend/ovs_idl/transaction.py:89}}
Jun 02 22:51:52.700530 np0000001988 devstack@neutron-api.service[89915]: DEBUG neutron.plugins.ml2.drivers.ovn.mech_driver.ovsdb.ovsdb_monitor [-] Hash Ring: Node 17004b51ced550f5b235057fef2b4257 (host: np0000001988) handling event "create" for row 216279a0-34e1-48f8-9996-0daf5488a39b (table: ACL) {{(pid=89915) notify /opt/stack/neutron/neutron/plugins/ml2/drivers/ovn/mech_driver/ovsdb/ovsdb_monitor.py:1015}}
Jun 02 22:51:52.700743 np0000001988 devstack@neutron-api.service[89915]: DEBUG neutron.plugins.ml2.drivers.ovn.mech_driver.ovsdb.ovsdb_monitor [-] Hash Ring: Node 17004b51ced550f5b235057fef2b4257 (host: np0000001988) handling event "create" for row 751b5f56-9418-4049-ad20-5ea669c8983e (table: ACL) {{(pid=89915) notify /opt/stack/neutron/neutron/plugins/ml2/drivers/ovn/mech_driver/ovsdb/ovsdb_monitor.py:1015}}
Jun 02 22:51:52.700887 np0000001988 devstack@neutron-api.service[89915]: DEBUG neutron.plugins.ml2.drivers.ovn.mech_driver.ovsdb.ovsdb_monitor [-] Hash Ring: Node 17004b51ced550f5b235057fef2b4257 (host: np0000001988) handling event "create" for row c9287781-30f0-4d54-81db-3be859c7823f (table: ACL) {{(pid=89915) notify /opt/stack/neutron/neutron/plugins/ml2/drivers/ovn/mech_driver/ovsdb/ovsdb_monitor.py:1015}}
Jun 02 22:51:52.701028 np0000001988 devstack@neutron-api.service[89914]: DEBUG neutron.plugins.ml2.drivers.ovn.mech_driver.ovsdb.ovsdb_monitor [-] Hash Ring: Node e61ab01a20875facbe7a509a64aef07a (host: np0000001988) handling event "create" for row 1a413478-254e-4597-b77c-c954db008dfb (table: Port_Group) {{(pid=89914) notify /opt/stack/neutron/neutron/plugins/ml2/drivers/ovn/mech_driver/ovsdb/ovsdb_monitor.py:1015}}
Jun 02 22:51:52.701299 np0000001988 devstack@neutron-api.service[89915]: DEBUG neutron.plugins.ml2.drivers.ovn.mech_driver.ovsdb.ovsdb_monitor [-] Hash Ring: Node 17004b51ced550f5b235057fef2b4257 (host: np0000001988) handling event "create" for row cd4682a9-8730-4301-997c-dc46c584bf79 (table: ACL) {{(pid=89915) notify /opt/stack/neutron/neutron/plugins/ml2/drivers/ovn/mech_driver/ovsdb/ovsdb_monitor.py:1015}}
Jun 02 22:51:52.701343 np0000001988 devstack@neutron-api.service[89916]: DEBUG neutron.plugins.ml2.drivers.ovn.mech_driver.ovsdb.ovsdb_monitor [-] Hash Ring: Node 720c8137859b5fd68dd5bb4adb0c639b (host: np0000001988) handling event "create" for row 216279a0-34e1-48f8-9996-0daf5488a39b (table: ACL) {{(pid=89916) notify /opt/stack/neutron/neutron/plugins/ml2/drivers/ovn/mech_driver/ovsdb/ovsdb_monitor.py:1015}}
Jun 02 22:51:52.701390 np0000001988 devstack@neutron-api.service[89915]: DEBUG neutron.plugins.ml2.drivers.ovn.mech_driver.ovsdb.ovsdb_monitor [-] Hash Ring: Node 17004b51ced550f5b235057fef2b4257 (host: np0000001988) handling event "create" for row 1a413478-254e-4597-b77c-c954db008dfb (table: Port_Group) {{(pid=89915) notify /opt/stack/neutron/neutron/plugins/ml2/drivers/ovn/mech_driver/ovsdb/ovsdb_monitor.py:1015}}
Jun 02 22:51:52.701425 np0000001988 devstack@neutron-api.service[89916]: DEBUG neutron.plugins.ml2.drivers.ovn.mech_driver.ovsdb.ovsdb_monitor [-] Hash Ring: Node 720c8137859b5fd68dd5bb4adb0c639b (host: np0000001988) handling event "create" for row 751b5f56-9418-4049-ad20-5ea669c8983e (table: ACL) {{(pid=89916) notify /opt/stack/neutron/neutron/plugins/ml2/drivers/ovn/mech_driver/ovsdb/ovsdb_monitor.py:1015}}
Jun 02 22:51:52.701593 np0000001988 devstack@neutron-api.service[89916]: DEBUG neutron.plugins.ml2.drivers.ovn.mech_driver.ovsdb.ovsdb_monitor [-] Hash Ring: Node 720c8137859b5fd68dd5bb4adb0c639b (host: np0000001988) handling event "create" for row c9287781-30f0-4d54-81db-3be859c7823f (table: ACL) {{(pid=89916) notify /opt/stack/neutron/neutron/plugins/ml2/drivers/ovn/mech_driver/ovsdb/ovsdb_monitor.py:1015}}
Jun 02 22:51:52.701745 np0000001988 devstack@neutron-api.service[89916]: DEBUG neutron.plugins.ml2.drivers.ovn.mech_driver.ovsdb.ovsdb_monitor [-] Hash Ring: Node 720c8137859b5fd68dd5bb4adb0c639b (host: np0000001988) handling event "create" for row cd4682a9-8730-4301-997c-dc46c584bf79 (table: ACL) {{(pid=89916) notify /opt/stack/neutron/neutron/plugins/ml2/drivers/ovn/mech_driver/ovsdb/ovsdb_monitor.py:1015}}
Jun 02 22:51:52.723719 np0000001988 devstack@neutron-api.service[89915]: INFO neutron.db.ovn_revision_numbers_db [None req-6dcc7cb7-20be-4ab3-938d-f1d341548649 admin admin] Successfully bumped revision number for resource d6f2108b-6839-4ce3-bbd3-e3a71829f01b (type: security_groups) to 1
Jun 02 22:51:52.737753 np0000001988 devstack@neutron-api.service[89915]: INFO neutron.db.ovn_revision_numbers_db [None req-6dcc7cb7-20be-4ab3-938d-f1d341548649 admin admin] Successfully bumped revision number for resource 049f739f-daef-4c8a-8f8f-14d084cb9e7b (type: security_group_rules) to 0
Jun 02 22:51:52.747479 np0000001988 devstack@neutron-api.service[89915]: INFO neutron.db.ovn_revision_numbers_db [None req-6dcc7cb7-20be-4ab3-938d-f1d341548649 admin admin] Successfully bumped revision number for resource 25d05b7b-6e31-4484-ab67-146dc39bfb80 (type: security_group_rules) to 0
Jun 02 22:51:52.758417 np0000001988 devstack@neutron-api.service[89915]: INFO neutron.db.ovn_revision_numbers_db [None req-6dcc7cb7-20be-4ab3-938d-f1d341548649 admin admin] Successfully bumped revision number for resource 51b47e69-5891-4b13-b750-6da5ee4214e2 (type: security_group_rules) to 0
Jun 02 22:51:52.769421 np0000001988 devstack@neutron-api.service[89915]: INFO neutron.db.ovn_revision_numbers_db [None req-6dcc7cb7-20be-4ab3-938d-f1d341548649 admin admin] Successfully bumped revision number for resource a731c1bd-01db-41a7-88e2-40615903e7a6 (type: security_group_rules) to 0
Jun 02 22:51:52.790033 np0000001988 devstack@neutron-api.service[89915]: DEBUG neutron.api.rpc.handlers.resources_rpc [None req-6dcc7cb7-20be-4ab3-938d-f1d341548649 admin admin] Pushing event updated for resources: {'SecurityGroup': ['ID=d6f2108b-6839-4ce3-bbd3-e3a71829f01b,revision_number=1']} {{(pid=89915) push /opt/stack/neutron/neutron/api/rpc/handlers/resources_rpc.py:237}}
Jun 02 22:51:52.796764 np0000001988 devstack@neutron-api.service[89915]: DEBUG ovsdbapp.backend.ovs_idl.transaction [-] Running txn n=1 command(idx=0): CheckLivenessCommand(_result=None) {{(pid=89915) do_commit /opt/stack/data/venv/lib/python3.12/site-packages/ovsdbapp/backend/ovs_idl/transaction.py:89}}
Jun 02 22:51:52.798970 np0000001988 devstack@neutron-api.service[89915]: DEBUG neutron.plugins.ml2.drivers.ovn.mech_driver.ovsdb.ovsdb_monitor [-] Hash Ring: Node 17004b51ced550f5b235057fef2b4257 (host: np0000001988) handling event "update" for row 2f395a0c-1c3d-428d-af9c-7ea43b4617e0 (table: NB_Global) {{(pid=89915) notify /opt/stack/neutron/neutron/plugins/ml2/drivers/ovn/mech_driver/ovsdb/ovsdb_monitor.py:1015}}
Jun 02 22:51:52.799944 np0000001988 devstack@neutron-api.service[89914]: DEBUG neutron.plugins.ml2.drivers.ovn.mech_driver.ovsdb.ovsdb_monitor [-] Hash Ring: Node e61ab01a20875facbe7a509a64aef07a (host: np0000001988) handling event "update" for row 2f395a0c-1c3d-428d-af9c-7ea43b4617e0 (table: NB_Global) {{(pid=89914) notify /opt/stack/neutron/neutron/plugins/ml2/drivers/ovn/mech_driver/ovsdb/ovsdb_monitor.py:1015}}
Jun 02 22:51:52.800538 np0000001988 devstack@neutron-api.service[89915]: DEBUG neutron.plugins.ml2.drivers.ovn.mech_driver.ovsdb.ovsdb_monitor [-] Hash Ring: Node 17004b51ced550f5b235057fef2b4257 (host: np0000001988) handling event "update" for row 2f395a0c-1c3d-428d-af9c-7ea43b4617e0 (table: NB_Global) {{(pid=89915) notify /opt/stack/neutron/neutron/plugins/ml2/drivers/ovn/mech_driver/ovsdb/ovsdb_monitor.py:1015}}
Jun 02 22:51:52.800631 np0000001988 devstack@neutron-api.service[89914]: DEBUG neutron.plugins.ml2.drivers.ovn.mech_driver.ovsdb.ovsdb_monitor [-] Hash Ring: Node e61ab01a20875facbe7a509a64aef07a (host: np0000001988) handling event "update" for row 2f395a0c-1c3d-428d-af9c-7ea43b4617e0 (table: NB_Global) {{(pid=89914) notify /opt/stack/neutron/neutron/plugins/ml2/drivers/ovn/mech_driver/ovsdb/ovsdb_monitor.py:1015}}
Jun 02 22:51:52.800883 np0000001988 devstack@neutron-api.service[89915]: DEBUG neutron.plugins.ml2.drivers.ovn.mech_driver.ovsdb.ovsdb_monitor [-] Hash Ring: Node 17004b51ced550f5b235057fef2b4257 (host: np0000001988) handling event "update" for row 2f395a0c-1c3d-428d-af9c-7ea43b4617e0 (table: NB_Global) {{(pid=89915) notify /opt/stack/neutron/neutron/plugins/ml2/drivers/ovn/mech_driver/ovsdb/ovsdb_monitor.py:1015}}
Jun 02 22:51:52.801169 np0000001988 devstack@neutron-api.service[89914]: DEBUG neutron.plugins.ml2.drivers.ovn.mech_driver.ovsdb.ovsdb_monitor [-] Hash Ring: Node e61ab01a20875facbe7a509a64aef07a (host: np0000001988) handling event "update" for row 2f395a0c-1c3d-428d-af9c-7ea43b4617e0 (table: NB_Global) {{(pid=89914) notify /opt/stack/neutron/neutron/plugins/ml2/drivers/ovn/mech_driver/ovsdb/ovsdb_monitor.py:1015}}
Jun 02 22:51:52.802310 np0000001988 devstack@neutron-api.service[89916]: DEBUG neutron.plugins.ml2.drivers.ovn.mech_driver.ovsdb.ovsdb_monitor [-] ChassisAgentWriteEvent : Matched Chassis_Private, update, None None {{(pid=89916) matches /opt/stack/neutron/neutron/plugins/ml2/drivers/ovn/mech_driver/ovsdb/ovsdb_monitor.py:64}}
Jun 02 22:51:52.802796 np0000001988 devstack@neutron-api.service[89914]: DEBUG neutron.plugins.ml2.drivers.ovn.mech_driver.ovsdb.ovsdb_monitor [-] Hash Ring: Node e61ab01a20875facbe7a509a64aef07a (host: np0000001988) handling event "update" for row 2f395a0c-1c3d-428d-af9c-7ea43b4617e0 (table: NB_Global) {{(pid=89914) notify /opt/stack/neutron/neutron/plugins/ml2/drivers/ovn/mech_driver/ovsdb/ovsdb_monitor.py:1015}}
Jun 02 22:51:52.803441 np0000001988 devstack@neutron-api.service[89915]: DEBUG neutron.api.rpc.callbacks.version_manager [None req-6dcc7cb7-20be-4ab3-938d-f1d341548649 admin admin] Tracked resource versions report:
Jun 02 22:51:52.803441 np0000001988 devstack@neutron-api.service[89915]: pushed versions:
Jun 02 22:51:52.803441 np0000001988 devstack@neutron-api.service[89915]: { 'AddressGroup': {'1.2'},
Jun 02 22:51:52.803441 np0000001988 devstack@neutron-api.service[89915]: 'Agent': {'1.1'},
Jun 02 22:51:52.803441 np0000001988 devstack@neutron-api.service[89915]: 'ConntrackHelper': {'1.0'},
Jun 02 22:51:52.803441 np0000001988 devstack@neutron-api.service[89915]: 'LocalIPAssociation': {'1.0'},
Jun 02 22:51:52.803441 np0000001988 devstack@neutron-api.service[89915]: 'Log': {'1.0'},
Jun 02 22:51:52.803441 np0000001988 devstack@neutron-api.service[89915]: 'NDPProxy': {'1.0'},
Jun 02 22:51:52.803441 np0000001988 devstack@neutron-api.service[89915]: 'Network': {'1.3'},
Jun 02 22:51:52.803441 np0000001988 devstack@neutron-api.service[89915]: 'Port': {'1.11'},
Jun 02 22:51:52.803441 np0000001988 devstack@neutron-api.service[89915]: 'PortForwarding': {'1.3'},
Jun 02 22:51:52.803441 np0000001988 devstack@neutron-api.service[89915]: 'QosPolicy': {'1.10'},
Jun 02 22:51:52.803441 np0000001988 devstack@neutron-api.service[89915]: 'SecurityGroup': {'1.6'},
Jun 02 22:51:52.803441 np0000001988 devstack@neutron-api.service[89915]: 'SecurityGroupRule': {'1.3'},
Jun 02 22:51:52.803441 np0000001988 devstack@neutron-api.service[89915]: 'SubPort': {'1.0'},
Jun 02 22:51:52.803441 np0000001988 devstack@neutron-api.service[89915]: 'Subnet': {'1.2'},
Jun 02 22:51:52.803441 np0000001988 devstack@neutron-api.service[89915]: 'Trunk': {'1.1'}}
Jun 02 22:51:52.803441 np0000001988 devstack@neutron-api.service[89915]: consumer versions:
Jun 02 22:51:52.803441 np0000001988 devstack@neutron-api.service[89915]: {}
Jun 02 22:51:52.803441 np0000001988 devstack@neutron-api.service[89915]: {{(pid=89915) report /opt/stack/neutron/neutron/api/rpc/callbacks/version_manager.py:183}}
Jun 02 22:51:52.804190 np0000001988 devstack@neutron-api.service[89914]: DEBUG neutron.plugins.ml2.drivers.ovn.mech_driver.ovsdb.ovsdb_monitor [-] ChassisAgentWriteEvent : Matched Chassis_Private, update, None None {{(pid=89914) matches /opt/stack/neutron/neutron/plugins/ml2/drivers/ovn/mech_driver/ovsdb/ovsdb_monitor.py:64}}
Jun 02 22:51:52.804190 np0000001988 devstack@neutron-api.service[89914]: DEBUG neutron.plugins.ml2.drivers.ovn.mech_driver.ovsdb.ovsdb_monitor [-] Hash Ring: Node e61ab01a20875facbe7a509a64aef07a (host: np0000001988) handling event "update" for row e14f7218-c983-4055-8119-fbf8df75f7d4 (table: Chassis_Private) {{(pid=89914) notify /opt/stack/neutron/neutron/plugins/ml2/drivers/ovn/mech_driver/ovsdb/ovsdb_monitor.py:1015}}
Jun 02 22:51:52.805602 np0000001988 devstack@neutron-api.service[89916]: DEBUG neutron.plugins.ml2.drivers.ovn.mech_driver.ovsdb.ovsdb_monitor [-] ChassisOVNAgentWriteEvent : Matched Chassis_Private, update, None None {{(pid=89916) matches /opt/stack/neutron/neutron/plugins/ml2/drivers/ovn/mech_driver/ovsdb/ovsdb_monitor.py:64}}
Jun 02 22:51:52.805938 np0000001988 devstack@neutron-api.service[89914]: DEBUG neutron.plugins.ml2.drivers.ovn.mech_driver.ovsdb.ovsdb_monitor [-] ChassisOVNAgentWriteEvent : Matched Chassis_Private, update, None None {{(pid=89914) matches /opt/stack/neutron/neutron/plugins/ml2/drivers/ovn/mech_driver/ovsdb/ovsdb_monitor.py:64}}
Jun 02 22:51:52.806125 np0000001988 devstack@neutron-api.service[89914]: DEBUG neutron.plugins.ml2.drivers.ovn.mech_driver.ovsdb.ovsdb_monitor [-] Hash Ring: Node e61ab01a20875facbe7a509a64aef07a (host: np0000001988) handling event "update" for row e14f7218-c983-4055-8119-fbf8df75f7d4 (table: Chassis_Private) {{(pid=89914) notify /opt/stack/neutron/neutron/plugins/ml2/drivers/ovn/mech_driver/ovsdb/ovsdb_monitor.py:1015}}
Jun 02 22:51:52.806424 np0000001988 devstack@neutron-api.service[89915]: DEBUG neutron.plugins.ml2.drivers.ovn.mech_driver.ovsdb.ovsdb_monitor [-] ChassisAgentWriteEvent : Matched Chassis_Private, update, None None {{(pid=89915) matches /opt/stack/neutron/neutron/plugins/ml2/drivers/ovn/mech_driver/ovsdb/ovsdb_monitor.py:64}}
Jun 02 22:51:52.809383 np0000001988 devstack@neutron-api.service[89915]: DEBUG neutron.plugins.ml2.drivers.ovn.mech_driver.ovsdb.ovsdb_monitor [-] Hash Ring: Node 17004b51ced550f5b235057fef2b4257 (host: np0000001988) handling event "update" for row 2f395a0c-1c3d-428d-af9c-7ea43b4617e0 (table: NB_Global) {{(pid=89915) notify /opt/stack/neutron/neutron/plugins/ml2/drivers/ovn/mech_driver/ovsdb/ovsdb_monitor.py:1015}}
Jun 02 22:51:52.811724 np0000001988 devstack@neutron-api.service[89915]: DEBUG neutron.common.ovn.hash_ring_manager [-] Allow caching, nodes 3>=3 {{(pid=89915) _wait_startup_before_caching /opt/stack/neutron/neutron/common/ovn/hash_ring_manager.py:65}}
Jun 02 22:51:52.811864 np0000001988 devstack@neutron-api.service[89915]: DEBUG neutron.plugins.ml2.drivers.ovn.mech_driver.ovsdb.ovsdb_monitor [-] Hash Ring: Node 17004b51ced550f5b235057fef2b4257 (host: np0000001988) handling event "update" for row e14f7218-c983-4055-8119-fbf8df75f7d4 (table: Chassis_Private) {{(pid=89915) notify /opt/stack/neutron/neutron/plugins/ml2/drivers/ovn/mech_driver/ovsdb/ovsdb_monitor.py:1015}}
Jun 02 22:51:52.813821 np0000001988 devstack@neutron-api.service[89915]: DEBUG neutron.plugins.ml2.drivers.ovn.mech_driver.ovsdb.ovsdb_monitor [-] ChassisOVNAgentWriteEvent : Matched Chassis_Private, update, None None {{(pid=89915) matches /opt/stack/neutron/neutron/plugins/ml2/drivers/ovn/mech_driver/ovsdb/ovsdb_monitor.py:64}}
Jun 02 22:51:52.814087 np0000001988 devstack@neutron-api.service[89915]: DEBUG neutron.plugins.ml2.drivers.ovn.mech_driver.ovsdb.ovsdb_monitor [-] Hash Ring: Node 17004b51ced550f5b235057fef2b4257 (host: np0000001988) handling event "update" for row e14f7218-c983-4055-8119-fbf8df75f7d4 (table: Chassis_Private) {{(pid=89915) notify /opt/stack/neutron/neutron/plugins/ml2/drivers/ovn/mech_driver/ovsdb/ovsdb_monitor.py:1015}}
Jun 02 22:51:52.865549 np0000001988 devstack@neutron-api.service[89915]: DEBUG neutron.plugins.ml2.drivers.helpers [None req-6dcc7cb7-20be-4ab3-938d-f1d341548649 admin admin] geneve segment allocate from pool success with {'geneve_vni': 11764} {{(pid=89915) allocate_partially_specified_segment /opt/stack/neutron/neutron/plugins/ml2/drivers/helpers.py:142}}
Jun 02 22:51:52.874728 np0000001988 devstack@neutron-api.service[89915]: DEBUG neutron_lib.callbacks.manager [None req-6dcc7cb7-20be-4ab3-938d-f1d341548649 admin admin] Publish callbacks ['neutron.services.segments.db._add_segment_host_mapping_for_segment-8632755266370', 'neutron.plugins.ml2.plugin.Ml2Plugin._handle_segment_change-1917974'] for segment (802d7858-3ad2-42ee-83bd-49d7857649f7), precommit_create {{(pid=89915) _notify_loop /opt/stack/data/venv/lib/python3.12/site-packages/neutron_lib/callbacks/manager.py:184}}
Jun 02 22:51:52.874893 np0000001988 devstack@neutron-api.service[89915]: INFO neutron.db.segments_db [None req-6dcc7cb7-20be-4ab3-938d-f1d341548649 admin admin] Added segment 802d7858-3ad2-42ee-83bd-49d7857649f7 of type geneve for network 5a80560e-64e7-40b6-a27d-a66d06dbe73c
Jun 02 22:51:52.917860 np0000001988 devstack@neutron-api.service[89915]: DEBUG neutron_lib.callbacks.manager [None req-6dcc7cb7-20be-4ab3-938d-f1d341548649 admin admin] Publish callbacks ['neutron.services.auto_allocate.db._ensure_external_network_default_value_callback-8632753613674'] for network (5a80560e-64e7-40b6-a27d-a66d06dbe73c), precommit_create {{(pid=89915) _notify_loop /opt/stack/data/venv/lib/python3.12/site-packages/neutron_lib/callbacks/manager.py:184}}
Jun 02 22:51:52.936847 np0000001988 devstack@neutron-api.service[89915]: DEBUG neutron.plugins.ml2.drivers.ovn.mech_driver.mech_driver [None req-6dcc7cb7-20be-4ab3-938d-f1d341548649 admin admin] Validating network segment with type geneve, segmentation ID 11764, physical network None {{(pid=89915) _validate_network_segments /opt/stack/neutron/neutron/plugins/ml2/drivers/ovn/mech_driver/mech_driver.py:643}}
Jun 02 22:51:52.936967 np0000001988 devstack@neutron-api.service[89915]: DEBUG neutron.db.ovn_revision_numbers_db [None req-6dcc7cb7-20be-4ab3-938d-f1d341548649 admin admin] create_initial_revision uuid=5a80560e-64e7-40b6-a27d-a66d06dbe73c, type=networks, rev=-1 {{(pid=89915) create_initial_revision /opt/stack/neutron/neutron/db/ovn_revision_numbers_db.py:98}}
Jun 02 22:51:52.955838 np0000001988 devstack@neutron-api.service[89915]: DEBUG neutron_lib.callbacks.manager [None req-6dcc7cb7-20be-4ab3-938d-f1d341548649 admin admin] Publish callbacks ['neutron.plugins.ml2.ovo_rpc._ObjectChangeHandler.handle_event-7454236'] for network (5a80560e-64e7-40b6-a27d-a66d06dbe73c), after_create {{(pid=89915) _notify_loop /opt/stack/data/venv/lib/python3.12/site-packages/neutron_lib/callbacks/manager.py:184}}
Jun 02 22:51:53.003666 np0000001988 devstack@neutron-api.service[89915]: DEBUG neutron.api.rpc.handlers.resources_rpc [None req-6dcc7cb7-20be-4ab3-938d-f1d341548649 admin admin] Pushing event updated for resources: {'Network': ['ID=5a80560e-64e7-40b6-a27d-a66d06dbe73c,revision_number=1']} {{(pid=89915) push /opt/stack/neutron/neutron/api/rpc/handlers/resources_rpc.py:237}}
Jun 02 22:51:53.011861 np0000001988 devstack@neutron-api.service[89915]: DEBUG ovsdbapp.backend.ovs_idl.transaction [-] Running txn n=1 command(idx=0): AddNetworkCommand(_result=None, network_uuid=5a80560e-64e7-40b6-a27d-a66d06dbe73c, may_exist=True, columns={'external_ids': {'neutron:network_name': 'private', 'neutron:mtu': '1372', 'neutron:revision_number': '1', 'neutron:availability_zone_hints': '', 'neutron:provnet-network-type': 'geneve'}, 'other_config': {'mcast_snoop': 'false', 'mcast_flood_unregistered': 'false', 'vlan-passthru': 'false'}}) {{(pid=89915) do_commit /opt/stack/data/venv/lib/python3.12/site-packages/ovsdbapp/backend/ovs_idl/transaction.py:89}}
Jun 02 22:51:53.011985 np0000001988 devstack@neutron-api.service[89915]: DEBUG neutron.common.ovn.utils [-] OVS persist_uuid supported=True {{(pid=89915) ovs_persist_uuid_supported /opt/stack/neutron/neutron/common/ovn/utils.py:1544}}
Jun 02 22:51:53.013569 np0000001988 devstack@neutron-api.service[89915]: DEBUG neutron.plugins.ml2.drivers.ovn.mech_driver.ovsdb.ovsdb_monitor [-] Hash Ring: Node 17004b51ced550f5b235057fef2b4257 (host: np0000001988) handling event "create" for row 5a80560e-64e7-40b6-a27d-a66d06dbe73c (table: Logical_Switch) {{(pid=89915) notify /opt/stack/neutron/neutron/plugins/ml2/drivers/ovn/mech_driver/ovsdb/ovsdb_monitor.py:1015}}
Jun 02 22:51:53.014439 np0000001988 devstack@neutron-api.service[89916]: DEBUG neutron.plugins.ml2.drivers.ovn.mech_driver.ovsdb.ovsdb_monitor [-] Hash Ring: Node 720c8137859b5fd68dd5bb4adb0c639b (host: np0000001988) handling event "create" for row 5a80560e-64e7-40b6-a27d-a66d06dbe73c (table: Logical_Switch) {{(pid=89916) notify /opt/stack/neutron/neutron/plugins/ml2/drivers/ovn/mech_driver/ovsdb/ovsdb_monitor.py:1015}}
Jun 02 22:51:53.018095 np0000001988 devstack@neutron-api.service[89914]: DEBUG neutron.plugins.ml2.drivers.ovn.mech_driver.ovsdb.ovsdb_monitor [-] Hash Ring: Node e61ab01a20875facbe7a509a64aef07a (host: np0000001988) handling event "create" for row 58041630-ce08-474a-a747-e252e3efa90a (table: Datapath_Binding) {{(pid=89914) notify /opt/stack/neutron/neutron/plugins/ml2/drivers/ovn/mech_driver/ovsdb/ovsdb_monitor.py:1015}}
Jun 02 22:51:53.023986 np0000001988 devstack@neutron-api.service[89915]: DEBUG neutron.plugins.ml2.drivers.ovn.mech_driver.ovsdb.ovsdb_monitor [-] Hash Ring: Node 17004b51ced550f5b235057fef2b4257 (host: np0000001988) handling event "create" for row 58041630-ce08-474a-a747-e252e3efa90a (table: Datapath_Binding) {{(pid=89915) notify /opt/stack/neutron/neutron/plugins/ml2/drivers/ovn/mech_driver/ovsdb/ovsdb_monitor.py:1015}}
Jun 02 22:51:53.038871 np0000001988 devstack@neutron-api.service[89915]: INFO neutron.db.ovn_revision_numbers_db [None req-6dcc7cb7-20be-4ab3-938d-f1d341548649 admin admin] Successfully bumped revision number for resource 5a80560e-64e7-40b6-a27d-a66d06dbe73c (type: networks) to 1
Jun 02 22:51:53.095092 np0000001988 devstack@neutron-api.service[89915]: DEBUG neutron_lib.callbacks.manager [None req-6dcc7cb7-20be-4ab3-938d-f1d341548649 admin admin] Publish callbacks ['neutron.plugins.ml2.plugin.SecurityGroupDbMixin._ensure_default_security_group_handler-98436'] for port (None), before_create {{(pid=89915) _notify_loop /opt/stack/data/venv/lib/python3.12/site-packages/neutron_lib/callbacks/manager.py:184}}
Jun 02 22:51:53.185275 np0000001988 devstack@neutron-api.service[89915]: DEBUG neutron_lib.callbacks.manager [None req-6dcc7cb7-20be-4ab3-938d-f1d341548649 admin admin] Publish callbacks ['neutron.plugins.ml2.drivers.ovn.mech_driver.mech_driver.OVNMechanismDriver._validate_allowed_address_pairs-347523'] for allowed_address_pair (8bad95ac-48e2-4f6b-87ce-24ef26ffba83), before_create {{(pid=89915) _notify_loop /opt/stack/data/venv/lib/python3.12/site-packages/neutron_lib/callbacks/manager.py:184}}
Jun 02 22:51:53.185813 np0000001988 devstack@neutron-api.service[89915]: DEBUG neutron_lib.callbacks.manager [None req-6dcc7cb7-20be-4ab3-938d-f1d341548649 admin admin] Publish callbacks [] for port (8bad95ac-48e2-4f6b-87ce-24ef26ffba83), precommit_create {{(pid=89915) _notify_loop /opt/stack/data/venv/lib/python3.12/site-packages/neutron_lib/callbacks/manager.py:184}}
Jun 02 22:51:53.185996 np0000001988 devstack@neutron-api.service[89915]: DEBUG neutron.plugins.ml2.drivers.ovn.mech_driver.mech_driver [None req-6dcc7cb7-20be-4ab3-938d-f1d341548649 admin admin] No provisioning block for port 8bad95ac-48e2-4f6b-87ce-24ef26ffba83 since it does not have a host {{(pid=89915) _is_port_provisioning_required /opt/stack/neutron/neutron/plugins/ml2/drivers/ovn/mech_driver/mech_driver.py:896}}
Jun 02 22:51:53.186123 np0000001988 devstack@neutron-api.service[89915]: DEBUG neutron.db.ovn_revision_numbers_db [None req-6dcc7cb7-20be-4ab3-938d-f1d341548649 admin admin] create_initial_revision uuid=8bad95ac-48e2-4f6b-87ce-24ef26ffba83, type=ports, rev=-1 {{(pid=89915) create_initial_revision /opt/stack/neutron/neutron/db/ovn_revision_numbers_db.py:98}}
Jun 02 22:51:53.238571 np0000001988 devstack@neutron-api.service[89915]: DEBUG neutron_lib.callbacks.manager [None req-6dcc7cb7-20be-4ab3-938d-f1d341548649 admin admin] Publish callbacks ['neutron.plugins.ml2.ovo_rpc._ObjectChangeHandler.handle_event-7454221'] for port (8bad95ac-48e2-4f6b-87ce-24ef26ffba83), after_create {{(pid=89915) _notify_loop /opt/stack/data/venv/lib/python3.12/site-packages/neutron_lib/callbacks/manager.py:184}}
Jun 02 22:51:53.290910 np0000001988 devstack@neutron-api.service[89915]: DEBUG neutron.api.rpc.handlers.resources_rpc [None req-6dcc7cb7-20be-4ab3-938d-f1d341548649 admin admin] Pushing event updated for resources: {'Port': ['ID=8bad95ac-48e2-4f6b-87ce-24ef26ffba83,revision_number=1']} {{(pid=89915) push /opt/stack/neutron/neutron/api/rpc/handlers/resources_rpc.py:237}}
Jun 02 22:51:53.342063 np0000001988 devstack@neutron-api.service[89915]: DEBUG ovsdbapp.backend.ovs_idl.transaction [-] Running txn n=1 command(idx=0): AddLSwitchPortCommand(_result=None, lport=8bad95ac-48e2-4f6b-87ce-24ef26ffba83, lswitch=neutron-5a80560e-64e7-40b6-a27d-a66d06dbe73c, may_exist=True, network_uuid=5a80560e-64e7-40b6-a27d-a66d06dbe73c, columns={'addresses': ['fa:16:3e:f7:19:7a'], 'external_ids': {'neutron:port_name': '', 'neutron:device_id': 'ovnmeta-5a80560e-64e7-40b6-a27d-a66d06dbe73c', 'neutron:project_id': '921ca017646d44fc942cb40ebf73cde9', 'neutron:cidrs': '', 'neutron:device_owner': 'network:distributed', 'neutron:subnet_pool_addr_scope4': '', 'neutron:subnet_pool_addr_scope6': '', 'neutron:network_name': 'neutron-5a80560e-64e7-40b6-a27d-a66d06dbe73c', 'neutron:security_group_ids': '', 'neutron:revision_number': '1', 'neutron:vnic_type': 'normal', 'neutron:port_capabilities': '', 'neutron:mtu': '1372'}, 'parent_name': [], 'tag': [], 'enabled': True, 'options': {}, 'type': 'localport', 'port_security': [], 'dhcpv4_options': [], 'dhcpv6_options': []}) {{(pid=89915) do_commit /opt/stack/data/venv/lib/python3.12/site-packages/ovsdbapp/backend/ovs_idl/transaction.py:89}}
Jun 02 22:51:53.342570 np0000001988 devstack@neutron-api.service[89915]: DEBUG ovsdbapp.backend.ovs_idl.transaction [-] Running txn n=1 command(idx=1): QoSDelCommand(_result=None, switch=neutron-5a80560e-64e7-40b6-a27d-a66d06dbe73c, conditions=[('direction', '=', 'to-lport'), ('priority', '=', 2002), ('match', '=', 'outport == "8bad95ac-48e2-4f6b-87ce-24ef26ffba83"')], if_exists=True) {{(pid=89915) do_commit /opt/stack/data/venv/lib/python3.12/site-packages/ovsdbapp/backend/ovs_idl/transaction.py:89}}
Jun 02 22:51:53.342731 np0000001988 devstack@neutron-api.service[89915]: DEBUG ovsdbapp.backend.ovs_idl.transaction [-] Running txn n=1 command(idx=2): QoSDelCommand(_result=None, switch=neutron-5a80560e-64e7-40b6-a27d-a66d06dbe73c, conditions=[('direction', '=', 'from-lport'), ('priority', '=', 2002), ('match', '=', 'inport == "8bad95ac-48e2-4f6b-87ce-24ef26ffba83"')], if_exists=True) {{(pid=89915) do_commit /opt/stack/data/venv/lib/python3.12/site-packages/ovsdbapp/backend/ovs_idl/transaction.py:89}}
Jun 02 22:51:53.345409 np0000001988 devstack@neutron-api.service[89916]: DEBUG neutron.plugins.ml2.drivers.ovn.mech_driver.ovsdb.ovsdb_monitor [-] Hash Ring: Node 720c8137859b5fd68dd5bb4adb0c639b (host: np0000001988) handling event "update" for row 5a80560e-64e7-40b6-a27d-a66d06dbe73c (table: Logical_Switch) {{(pid=89916) notify /opt/stack/neutron/neutron/plugins/ml2/drivers/ovn/mech_driver/ovsdb/ovsdb_monitor.py:1015}}
Jun 02 22:51:53.345635 np0000001988 devstack@neutron-api.service[89915]: DEBUG neutron.plugins.ml2.drivers.ovn.mech_driver.ovsdb.ovsdb_monitor [-] Hash Ring: Node 17004b51ced550f5b235057fef2b4257 (host: np0000001988) handling event "update" for row 5a80560e-64e7-40b6-a27d-a66d06dbe73c (table: Logical_Switch) {{(pid=89915) notify /opt/stack/neutron/neutron/plugins/ml2/drivers/ovn/mech_driver/ovsdb/ovsdb_monitor.py:1015}}
Jun 02 22:51:53.345825 np0000001988 devstack@neutron-api.service[89915]: DEBUG neutron.plugins.ml2.drivers.ovn.mech_driver.ovsdb.ovsdb_monitor [-] Hash Ring: Node 17004b51ced550f5b235057fef2b4257 (host: np0000001988) handling event "create" for row 5d3c96e5-c42e-4370-a13e-84a8637a30dd (table: Logical_Switch_Port) {{(pid=89915) notify /opt/stack/neutron/neutron/plugins/ml2/drivers/ovn/mech_driver/ovsdb/ovsdb_monitor.py:1015}}
Jun 02 22:51:53.345919 np0000001988 devstack@neutron-api.service[89914]: DEBUG neutron.plugins.ml2.drivers.ovn.mech_driver.ovsdb.ovsdb_monitor [-] Hash Ring: Node e61ab01a20875facbe7a509a64aef07a (host: np0000001988) handling event "create" for row 5d3c96e5-c42e-4370-a13e-84a8637a30dd (table: Logical_Switch_Port) {{(pid=89914) notify /opt/stack/neutron/neutron/plugins/ml2/drivers/ovn/mech_driver/ovsdb/ovsdb_monitor.py:1015}}
Jun 02 22:51:53.346967 np0000001988 devstack@neutron-api.service[89914]: DEBUG ovsdbapp.backend.ovs_idl.event [-] Matched CREATE: LogicalSwitchPortCreateEvent(events=('create',), table='Logical_Switch_Port', conditions=[], old_conditions=None), priority=20 to row=Logical_Switch_Port(uuid=5d3c96e5-c42e-4370-a13e-84a8637a30dd, addresses=['fa:16:3e:f7:19:7a'], dhcpv4_options=[], dhcpv6_options=[], dynamic_addresses=[], enabled=True, external_ids={'neutron:cidrs': '', 'neutron:device_id': 'ovnmeta-5a80560e-64e7-40b6-a27d-a66d06dbe73c', 'neutron:device_owner': 'network:distributed', 'neutron:mtu': '1372', 'neutron:network_name': 'neutron-5a80560e-64e7-40b6-a27d-a66d06dbe73c', 'neutron:port_capabilities': '', 'neutron:port_name': '', 'neutron:project_id': '921ca017646d44fc942cb40ebf73cde9', 'neutron:revision_number': '1', 'neutron:security_group_ids': '', 'neutron:subnet_pool_addr_scope4': '', 'neutron:subnet_pool_addr_scope6': '', 'neutron:vnic_type': 'normal'}, ha_chassis_group=[], mirror_rules=[], name='8bad95ac-48e2-4f6b-87ce-24ef26ffba83', options={}, parent_name=[], port_security=[], tag=[], tag_request=[], type='localport', up=[]) old= {{(pid=89914) matches /opt/stack/data/venv/lib/python3.12/site-packages/ovsdbapp/backend/ovs_idl/event.py:55}}
Jun 02 22:51:53.347155 np0000001988 devstack@neutron-api.service[89915]: DEBUG ovsdbapp.backend.ovs_idl.event [-] Matched CREATE: LogicalSwitchPortCreateEvent(events=('create',), table='Logical_Switch_Port', conditions=[], old_conditions=None), priority=20 to row=Logical_Switch_Port(uuid=5d3c96e5-c42e-4370-a13e-84a8637a30dd, addresses=['fa:16:3e:f7:19:7a'], dhcpv4_options=[], dhcpv6_options=[], dynamic_addresses=[], enabled=True, external_ids={'neutron:cidrs': '', 'neutron:device_id': 'ovnmeta-5a80560e-64e7-40b6-a27d-a66d06dbe73c', 'neutron:device_owner': 'network:distributed', 'neutron:mtu': '1372', 'neutron:network_name': 'neutron-5a80560e-64e7-40b6-a27d-a66d06dbe73c', 'neutron:port_capabilities': '', 'neutron:port_name': '', 'neutron:project_id': '921ca017646d44fc942cb40ebf73cde9', 'neutron:revision_number': '1', 'neutron:security_group_ids': '', 'neutron:subnet_pool_addr_scope4': '', 'neutron:subnet_pool_addr_scope6': '', 'neutron:vnic_type': 'normal'}, ha_chassis_group=[], mirror_rules=[], name='8bad95ac-48e2-4f6b-87ce-24ef26ffba83', options={}, parent_name=[], port_security=[], tag=[], tag_request=[], type='localport', up=[]) old= {{(pid=89915) matches /opt/stack/data/venv/lib/python3.12/site-packages/ovsdbapp/backend/ovs_idl/event.py:55}}
Jun 02 22:51:53.347857 np0000001988 devstack@neutron-api.service[89915]: INFO neutron.plugins.ml2.drivers.ovn.mech_driver.mech_driver [-] OVN reports status down for port: 8bad95ac-48e2-4f6b-87ce-24ef26ffba83
Jun 02 22:51:53.348101 np0000001988 devstack@neutron-api.service[89914]: INFO neutron.plugins.ml2.drivers.ovn.mech_driver.mech_driver [-] OVN reports status down for port: 8bad95ac-48e2-4f6b-87ce-24ef26ffba83
Jun 02 22:51:53.349374 np0000001988 devstack@neutron-api.service[89914]: DEBUG neutron.plugins.ml2.drivers.ovn.mech_driver.ovsdb.ovsdb_monitor [-] Hash Ring: Node e61ab01a20875facbe7a509a64aef07a (host: np0000001988) handling event "update" for row 5d3c96e5-c42e-4370-a13e-84a8637a30dd (table: Logical_Switch_Port) {{(pid=89914) notify /opt/stack/neutron/neutron/plugins/ml2/drivers/ovn/mech_driver/ovsdb/ovsdb_monitor.py:1015}}
Jun 02 22:51:53.349726 np0000001988 devstack@neutron-api.service[89915]: DEBUG neutron.plugins.ml2.drivers.ovn.mech_driver.ovsdb.ovsdb_monitor [-] Hash Ring: Node 17004b51ced550f5b235057fef2b4257 (host: np0000001988) handling event "update" for row 5d3c96e5-c42e-4370-a13e-84a8637a30dd (table: Logical_Switch_Port) {{(pid=89915) notify /opt/stack/neutron/neutron/plugins/ml2/drivers/ovn/mech_driver/ovsdb/ovsdb_monitor.py:1015}}
Jun 02 22:51:53.351153 np0000001988 devstack@neutron-api.service[89915]: DEBUG neutron.plugins.ml2.drivers.ovn.mech_driver.ovsdb.ovsdb_monitor [-] Hash Ring: Node 17004b51ced550f5b235057fef2b4257 (host: np0000001988) handling event "create" for row 00140e22-a9a1-4dd8-b28c-16523db7b779 (table: Port_Binding) {{(pid=89915) notify /opt/stack/neutron/neutron/plugins/ml2/drivers/ovn/mech_driver/ovsdb/ovsdb_monitor.py:1015}}
Jun 02 22:51:53.396145 np0000001988 devstack@neutron-api.service[89915]: INFO neutron.db.ovn_revision_numbers_db [None req-6dcc7cb7-20be-4ab3-938d-f1d341548649 admin admin] Successfully bumped revision number for resource 8bad95ac-48e2-4f6b-87ce-24ef26ffba83 (type: ports) to 1
Jun 02 22:51:53.400741 np0000001988 devstack@neutron-api.service[89914]: DEBUG neutron.db.provisioning_blocks [None req-28acdef2-8520-42b3-9c5e-35c731640100 None None] Transition to ACTIVE for port object 8bad95ac-48e2-4f6b-87ce-24ef26ffba83 will not be triggered until provisioned by entity L2. {{(pid=89914) add_provisioning_component /opt/stack/neutron/neutron/db/provisioning_blocks.py:74}}
Jun 02 22:51:53.416664 np0000001988 devstack@neutron-api.service[89915]: DEBUG neutron.pecan_wsgi.hooks.policy_enforcement [None req-6dcc7cb7-20be-4ab3-938d-f1d341548649 admin admin] Attributes excluded by policy engine: ['standard_attr_id'] {{(pid=89915) _exclude_attributes_by_policy /opt/stack/neutron/neutron/pecan_wsgi/hooks/policy_enforcement.py:256}}
Jun 02 22:51:53.417207 np0000001988 devstack@neutron-api.service[89915]: DEBUG neutron_lib.callbacks.manager [None req-6dcc7cb7-20be-4ab3-938d-f1d341548649 admin admin] Publish callbacks [] for network (None), before_response {{(pid=89915) _notify_loop /opt/stack/data/venv/lib/python3.12/site-packages/neutron_lib/callbacks/manager.py:184}}
Jun 02 22:51:53.432852 np0000001988 devstack@neutron-api.service[89914]: DEBUG neutron.plugins.ml2.plugin [None req-28acdef2-8520-42b3-9c5e-35c731640100 None None] Current status of the port 8bad95ac-48e2-4f6b-87ce-24ef26ffba83 is: DOWN; New status is: DOWN {{(pid=89914) _update_individual_port_db_status /opt/stack/neutron/neutron/plugins/ml2/plugin.py:2469}}
Jun 02 22:51:53.433435 np0000001988 devstack@neutron-api.service[89914]: INFO neutron.plugins.ml2.drivers.ovn.mech_driver.ovsdb.extensions.qos [None req-28acdef2-8520-42b3-9c5e-35c731640100 None None] Starting OVNClientQosExtension
Jun 02 22:51:53.433549 np0000001988 devstack@neutron-api.service[89914]: INFO neutron.plugins.ml2.drivers.ovn.mech_driver.ovsdb.extensions.placement [None req-28acdef2-8520-42b3-9c5e-35c731640100 None None] Starting OVNClientPlacementExtension
Jun 02 22:51:53.436563 np0000001988 devstack@neutron-api.service[89914]: DEBUG ovsdbapp.backend.ovs_idl.transaction [-] Running txn n=1 command(idx=0): DbRemoveCommand(_result=None, table=Logical_Switch_Port, record=8bad95ac-48e2-4f6b-87ce-24ef26ffba83, column=external_ids, values=('neutron:host_id',), keyvalues={}, if_exists=True) {{(pid=89914) do_commit /opt/stack/data/venv/lib/python3.12/site-packages/ovsdbapp/backend/ovs_idl/transaction.py:89}}
Jun 02 22:51:53.442902 np0000001988 devstack@neutron-api.service[89915]: [pid: 89915|app: 0|req: 3/5] 10.4.3.248 () {68 vars in 1326 bytes} [Tue Jun 2 22:51:52 2026] POST /networking/v2.0/networks => generated 681 bytes in 1129 msecs (HTTP/1.1 201) 4 headers in 162 bytes (1 switches on core 0)
Jun 02 22:51:53.451067 np0000001988 devstack@neutron-api.service[89915]: DEBUG neutron.db.provisioning_blocks [None req-fe715429-ee42-460e-8a8a-c7117640b68f None None] Ignored duplicate provisioning block setup for port 8bad95ac-48e2-4f6b-87ce-24ef26ffba83 by entity L2. {{(pid=89915) add_provisioning_component /opt/stack/neutron/neutron/db/provisioning_blocks.py:69}}
Jun 02 22:51:53.485803 np0000001988 devstack@neutron-api.service[89915]: DEBUG neutron.plugins.ml2.plugin [None req-fe715429-ee42-460e-8a8a-c7117640b68f None None] Current status of the port 8bad95ac-48e2-4f6b-87ce-24ef26ffba83 is: DOWN; New status is: DOWN {{(pid=89915) _update_individual_port_db_status /opt/stack/neutron/neutron/plugins/ml2/plugin.py:2469}}
Jun 02 22:51:53.487033 np0000001988 devstack@neutron-api.service[89915]: DEBUG ovsdbapp.backend.ovs_idl.transaction [-] Running txn n=1 command(idx=0): DbRemoveCommand(_result=None, table=Logical_Switch_Port, record=8bad95ac-48e2-4f6b-87ce-24ef26ffba83, column=external_ids, values=('neutron:host_id',), keyvalues={}, if_exists=True) {{(pid=89915) do_commit /opt/stack/data/venv/lib/python3.12/site-packages/ovsdbapp/backend/ovs_idl/transaction.py:89}}
Jun 02 22:51:53.744229 np0000001988 devstack@neutron-api.service[89914]: DEBUG neutron.pecan_wsgi.hooks.policy_enforcement [None req-dca94995-466d-490b-8b0f-8b0b28683c58 admin admin] Attributes excluded by policy engine: ['standard_attr_id'] {{(pid=89914) _exclude_attributes_by_policy /opt/stack/neutron/neutron/pecan_wsgi/hooks/policy_enforcement.py:256}}
Jun 02 22:51:53.744841 np0000001988 devstack@neutron-api.service[89914]: [pid: 89914|app: 0|req: 2/6] 10.4.3.248 () {64 vars in 1384 bytes} [Tue Jun 2 22:51:53 2026] GET /networking/v2.0/networks/5a80560e-64e7-40b6-a27d-a66d06dbe73c => generated 662 bytes in 50 msecs (HTTP/1.1 200) 4 headers in 157 bytes (1 switches on core 0)
Jun 02 22:51:53.754774 np0000001988 devstack@neutron-api.service[89916]: DEBUG neutron.api.wsgi [None req-2d2f1231-a1c5-499a-9816-cc51752e8146 admin admin] Missing Content-Type {{(pid=89916) get_content_type /opt/stack/neutron/neutron/api/wsgi.py:80}}
Jun 02 22:51:53.763294 np0000001988 devstack@neutron-api.service[89916]: [pid: 89916|app: 0|req: 2/7] 10.4.3.248 () {64 vars in 1393 bytes} [Tue Jun 2 22:51:53 2026] GET /networking/v2.0/subnetpools/fd4013cc-4cbe-4318-816e-4eee56119d17 => generated 533 bytes in 11 msecs (HTTP/1.1 200) 4 headers in 157 bytes (1 switches on core 0)
Jun 02 22:51:53.773319 np0000001988 devstack@neutron-api.service[89915]: DEBUG neutron.api.v2.base [None req-8b4245fd-ce4f-46fc-80e3-24339969eaf2 admin admin] Request body: {'subnet': {'ip_version': 4, 'subnetpool_id': 'fd4013cc-4cbe-4318-816e-4eee56119d17', 'name': 'private-subnet', 'network_id': '5a80560e-64e7-40b6-a27d-a66d06dbe73c', 'gateway_ip': '10.1.0.1'}} {{(pid=89915) prepare_request_body /opt/stack/neutron/neutron/api/v2/base.py:727}}
Jun 02 22:51:53.787234 np0000001988 devstack@neutron-api.service[89915]: DEBUG neutron.pecan_wsgi.hooks.quota_enforcement [None req-8b4245fd-ce4f-46fc-80e3-24339969eaf2 admin admin] Made reservation on behalf of 921ca017646d44fc942cb40ebf73cde9 for: {'subnet': 1} {{(pid=89915) before /opt/stack/neutron/neutron/pecan_wsgi/hooks/quota_enforcement.py:66}}
Jun 02 22:51:53.789769 np0000001988 devstack@neutron-api.service[89915]: DEBUG neutron_lib.callbacks.manager [None req-8b4245fd-ce4f-46fc-80e3-24339969eaf2 admin admin] Publish callbacks [] for subnet (None), before_create {{(pid=89915) _notify_loop /opt/stack/data/venv/lib/python3.12/site-packages/neutron_lib/callbacks/manager.py:184}}
Jun 02 22:51:54.081836 np0000001988 devstack@neutron-api.service[89915]: DEBUG neutron.db.ovn_revision_numbers_db [None req-8b4245fd-ce4f-46fc-80e3-24339969eaf2 admin admin] create_initial_revision uuid=a804220a-e599-4f11-97c2-fca1378327dc, type=subnets, rev=-1 {{(pid=89915) create_initial_revision /opt/stack/neutron/neutron/db/ovn_revision_numbers_db.py:98}}
Jun 02 22:51:54.086075 np0000001988 devstack@neutron-api.service[89915]: DEBUG neutron_lib.callbacks.manager [None req-8b4245fd-ce4f-46fc-80e3-24339969eaf2 admin admin] Publish callbacks ['neutron.plugins.ml2.ovo_rpc._ObjectChangeHandler.handle_event-7454208'] for subnet (a804220a-e599-4f11-97c2-fca1378327dc), after_create {{(pid=89915) _notify_loop /opt/stack/data/venv/lib/python3.12/site-packages/neutron_lib/callbacks/manager.py:184}}
Jun 02 22:51:54.100452 np0000001988 devstack@neutron-api.service[89915]: DEBUG neutron.api.rpc.handlers.resources_rpc [None req-8b4245fd-ce4f-46fc-80e3-24339969eaf2 admin admin] Pushing event updated for resources: {'Subnet': ['ID=a804220a-e599-4f11-97c2-fca1378327dc,revision_number=0']} {{(pid=89915) push /opt/stack/neutron/neutron/api/rpc/handlers/resources_rpc.py:237}}
Jun 02 22:51:54.161028 np0000001988 devstack@neutron-api.service[89915]: DEBUG neutron_lib.callbacks.manager [None req-8b4245fd-ce4f-46fc-80e3-24339969eaf2 admin admin] Publish callbacks ['neutron.plugins.ml2.plugin.SecurityGroupDbMixin._ensure_default_security_group_handler-98436', 'neutron.services.ovn_l3.plugin.OVNL3RouterPlugin._port_update-8632753613144', 'neutron.db.l3_db.L3_NAT_dbonly_mixin._prevent_internal_ip_change_for_fip-8632755123190'] for port (8bad95ac-48e2-4f6b-87ce-24ef26ffba83), before_update {{(pid=89915) _notify_loop /opt/stack/data/venv/lib/python3.12/site-packages/neutron_lib/callbacks/manager.py:184}}
Jun 02 22:51:54.252585 np0000001988 devstack@neutron-api.service[89915]: DEBUG neutron.db.db_base_plugin_common [None req-8b4245fd-ce4f-46fc-80e3-24339969eaf2 admin admin] Allocated IP 10.1.0.2 (5a80560e-64e7-40b6-a27d-a66d06dbe73c/a804220a-e599-4f11-97c2-fca1378327dc/8bad95ac-48e2-4f6b-87ce-24ef26ffba83) {{(pid=89915) _store_ip_allocation /opt/stack/neutron/neutron/db/db_base_plugin_common.py:131}}
Jun 02 22:51:54.334258 np0000001988 devstack@neutron-api.service[89915]: DEBUG neutron_lib.callbacks.manager [None req-8b4245fd-ce4f-46fc-80e3-24339969eaf2 admin admin] Publish callbacks [] for port (8bad95ac-48e2-4f6b-87ce-24ef26ffba83), precommit_update {{(pid=89915) _notify_loop /opt/stack/data/venv/lib/python3.12/site-packages/neutron_lib/callbacks/manager.py:184}}
Jun 02 22:51:54.334382 np0000001988 devstack@neutron-api.service[89915]: DEBUG neutron.plugins.ml2.drivers.ovn.mech_driver.mech_driver [None req-8b4245fd-ce4f-46fc-80e3-24339969eaf2 admin admin] No provisioning block for port 8bad95ac-48e2-4f6b-87ce-24ef26ffba83 since it does not have a host {{(pid=89915) _is_port_provisioning_required /opt/stack/neutron/neutron/plugins/ml2/drivers/ovn/mech_driver/mech_driver.py:896}}
Jun 02 22:51:54.344148 np0000001988 devstack@neutron-api.service[89915]: DEBUG neutron_lib.callbacks.manager [None req-8b4245fd-ce4f-46fc-80e3-24339969eaf2 admin admin] Publish callbacks ['neutron.plugins.ml2.ovo_rpc._ObjectChangeHandler.handle_event-7454221', 'neutron.services.ovn_l3.plugin.OVNL3RouterPlugin._port_update-8632753613144'] for port (8bad95ac-48e2-4f6b-87ce-24ef26ffba83), after_update {{(pid=89915) _notify_loop /opt/stack/data/venv/lib/python3.12/site-packages/neutron_lib/callbacks/manager.py:184}}
Jun 02 22:51:54.371672 np0000001988 devstack@neutron-api.service[89915]: DEBUG neutron.api.rpc.handlers.resources_rpc [None req-8b4245fd-ce4f-46fc-80e3-24339969eaf2 admin admin] Pushing event updated for resources: {'Port': ['ID=8bad95ac-48e2-4f6b-87ce-24ef26ffba83,revision_number=2']} {{(pid=89915) push /opt/stack/neutron/neutron/api/rpc/handlers/resources_rpc.py:237}}
