Jun 15 06:12:16.594399 np0000002816 devstack@g-api.service[99094]: DEBUG glance.api.middleware.version_negotiation [None req-28713f0a-64f7-4195-b4b2-ea7f240be431 tempest-ServerBootFromVolumeStableRescueTest-1780476437 tempest-ServerBootFromVolumeStableRescueTest-1780476437-project-member] Determining version of request: GET /v2/images/3665c721-447e-4975-a51c-9397df026415 Accept: */* {{(pid=99094) process_request /opt/stack/glance/glance/api/middleware/version_negotiation.py:44}}
Jun 15 06:12:16.594941 np0000002816 devstack@g-api.service[99094]: DEBUG glance.api.middleware.version_negotiation [None req-28713f0a-64f7-4195-b4b2-ea7f240be431 tempest-ServerBootFromVolumeStableRescueTest-1780476437 tempest-ServerBootFromVolumeStableRescueTest-1780476437-project-member] Using url versioning {{(pid=99094) process_request /opt/stack/glance/glance/api/middleware/version_negotiation.py:57}}
Jun 15 06:12:16.594941 np0000002816 devstack@g-api.service[99094]: DEBUG glance.api.middleware.version_negotiation [None req-28713f0a-64f7-4195-b4b2-ea7f240be431 tempest-ServerBootFromVolumeStableRescueTest-1780476437 tempest-ServerBootFromVolumeStableRescueTest-1780476437-project-member] Matched version: v2 {{(pid=99094) process_request /opt/stack/glance/glance/api/middleware/version_negotiation.py:69}}
Jun 15 06:12:16.594941 np0000002816 devstack@g-api.service[99094]: DEBUG glance.api.middleware.version_negotiation [None req-28713f0a-64f7-4195-b4b2-ea7f240be431 tempest-ServerBootFromVolumeStableRescueTest-1780476437 tempest-ServerBootFromVolumeStableRescueTest-1780476437-project-member] new path /v2/images/3665c721-447e-4975-a51c-9397df026415 {{(pid=99094) process_request /opt/stack/glance/glance/api/middleware/version_negotiation.py:70}}
Jun 15 06:12:16.604488 np0000002816 devstack@g-api.service[99094]: [pid: 99094|app: 0|req: 150/291] 127.0.0.1 () {44 vars in 1115 bytes} [Mon Jun 15 06:12:16 2026] GET /v2/images/3665c721-447e-4975-a51c-9397df026415 => generated 1359 bytes in 10 msecs (HTTP/1.1 200) 4 headers in 158 bytes (1 switches on core 0)
Jun 15 06:12:16.655671 np0000002816 devstack@g-api.service[99095]: DEBUG glance.api.middleware.version_negotiation [None req-4c507d35-6821-4979-b608-2f1893d9d87b tempest-ServerBootFromVolumeStableRescueTest-1780476437 tempest-ServerBootFromVolumeStableRescueTest-1780476437-project-member] Determining version of request: GET /v2/schemas/image Accept: */* {{(pid=99095) process_request /opt/stack/glance/glance/api/middleware/version_negotiation.py:44}}
Jun 15 06:12:16.655978 np0000002816 devstack@g-api.service[99095]: DEBUG glance.api.middleware.version_negotiation [None req-4c507d35-6821-4979-b608-2f1893d9d87b tempest-ServerBootFromVolumeStableRescueTest-1780476437 tempest-ServerBootFromVolumeStableRescueTest-1780476437-project-member] Using url versioning {{(pid=99095) process_request /opt/stack/glance/glance/api/middleware/version_negotiation.py:57}}
Jun 15 06:12:16.656195 np0000002816 devstack@g-api.service[99095]: DEBUG glance.api.middleware.version_negotiation [None req-4c507d35-6821-4979-b608-2f1893d9d87b tempest-ServerBootFromVolumeStableRescueTest-1780476437 tempest-ServerBootFromVolumeStableRescueTest-1780476437-project-member] Matched version: v2 {{(pid=99095) process_request /opt/stack/glance/glance/api/middleware/version_negotiation.py:69}}
Jun 15 06:12:16.656378 np0000002816 devstack@g-api.service[99095]: DEBUG glance.api.middleware.version_negotiation [None req-4c507d35-6821-4979-b608-2f1893d9d87b tempest-ServerBootFromVolumeStableRescueTest-1780476437 tempest-ServerBootFromVolumeStableRescueTest-1780476437-project-member] new path /v2/schemas/image {{(pid=99095) process_request /opt/stack/glance/glance/api/middleware/version_negotiation.py:70}}
Jun 15 06:12:16.659234 np0000002816 devstack@g-api.service[99095]: [pid: 99095|app: 0|req: 142/292] 127.0.0.1 () {44 vars in 1055 bytes} [Mon Jun 15 06:12:16 2026] GET /v2/schemas/image => generated 6083 bytes in 4 msecs (HTTP/1.1 200) 4 headers in 158 bytes (1 switches on core 0)
Jun 15 06:12:17.119814 np0000002816 devstack@g-api.service[99094]: DEBUG glance.api.middleware.version_negotiation [None req-592ebfd1-7945-4d4d-a4a7-cabdfd21e65b tempest-ServerBootFromVolumeStableRescueTest-1780476437 tempest-ServerBootFromVolumeStableRescueTest-1780476437-project-member] Determining version of request: GET /v2/images/3665c721-447e-4975-a51c-9397df026415 Accept: application/json {{(pid=99094) process_request /opt/stack/glance/glance/api/middleware/version_negotiation.py:44}}
Jun 15 06:12:17.119970 np0000002816 devstack@g-api.service[99094]: DEBUG glance.api.middleware.version_negotiation [None req-592ebfd1-7945-4d4d-a4a7-cabdfd21e65b tempest-ServerBootFromVolumeStableRescueTest-1780476437 tempest-ServerBootFromVolumeStableRescueTest-1780476437-project-member] Using url versioning {{(pid=99094) process_request /opt/stack/glance/glance/api/middleware/version_negotiation.py:57}}
Jun 15 06:12:17.120104 np0000002816 devstack@g-api.service[99094]: DEBUG glance.api.middleware.version_negotiation [None req-592ebfd1-7945-4d4d-a4a7-cabdfd21e65b tempest-ServerBootFromVolumeStableRescueTest-1780476437 tempest-ServerBootFromVolumeStableRescueTest-1780476437-project-member] Matched version: v2 {{(pid=99094) process_request /opt/stack/glance/glance/api/middleware/version_negotiation.py:69}}
Jun 15 06:12:17.120197 np0000002816 devstack@g-api.service[99094]: DEBUG glance.api.middleware.version_negotiation [None req-592ebfd1-7945-4d4d-a4a7-cabdfd21e65b tempest-ServerBootFromVolumeStableRescueTest-1780476437 tempest-ServerBootFromVolumeStableRescueTest-1780476437-project-member] new path /v2/images/3665c721-447e-4975-a51c-9397df026415 {{(pid=99094) process_request /opt/stack/glance/glance/api/middleware/version_negotiation.py:70}}
Jun 15 06:12:17.132114 np0000002816 devstack@g-api.service[99094]: [pid: 99094|app: 0|req: 151/293] 127.0.0.1 () {40 vars in 838 bytes} [Mon Jun 15 06:12:17 2026] GET /v2/images/3665c721-447e-4975-a51c-9397df026415 => generated 1359 bytes in 12 msecs (HTTP/1.1 200) 4 headers in 158 bytes (1 switches on core 0)
Jun 15 06:12:18.139599 np0000002816 devstack@g-api.service[99095]: DEBUG glance.api.middleware.version_negotiation [None req-592ebfd1-7945-4d4d-a4a7-cabdfd21e65b tempest-ServerBootFromVolumeStableRescueTest-1780476437 tempest-ServerBootFromVolumeStableRescueTest-1780476437-project-member] Determining version of request: GET /v2/images/3665c721-447e-4975-a51c-9397df026415 Accept: application/json {{(pid=99095) process_request /opt/stack/glance/glance/api/middleware/version_negotiation.py:44}}
Jun 15 06:12:18.140049 np0000002816 devstack@g-api.service[99095]: DEBUG glance.api.middleware.version_negotiation [None req-592ebfd1-7945-4d4d-a4a7-cabdfd21e65b tempest-ServerBootFromVolumeStableRescueTest-1780476437 tempest-ServerBootFromVolumeStableRescueTest-1780476437-project-member] Using url versioning {{(pid=99095) process_request /opt/stack/glance/glance/api/middleware/version_negotiation.py:57}}
Jun 15 06:12:18.140049 np0000002816 devstack@g-api.service[99095]: DEBUG glance.api.middleware.version_negotiation [None req-592ebfd1-7945-4d4d-a4a7-cabdfd21e65b tempest-ServerBootFromVolumeStableRescueTest-1780476437 tempest-ServerBootFromVolumeStableRescueTest-1780476437-project-member] Matched version: v2 {{(pid=99095) process_request /opt/stack/glance/glance/api/middleware/version_negotiation.py:69}}
Jun 15 06:12:18.140466 np0000002816 devstack@g-api.service[99095]: DEBUG glance.api.middleware.version_negotiation [None req-592ebfd1-7945-4d4d-a4a7-cabdfd21e65b tempest-ServerBootFromVolumeStableRescueTest-1780476437 tempest-ServerBootFromVolumeStableRescueTest-1780476437-project-member] new path /v2/images/3665c721-447e-4975-a51c-9397df026415 {{(pid=99095) process_request /opt/stack/glance/glance/api/middleware/version_negotiation.py:70}}
Jun 15 06:12:18.152123 np0000002816 devstack@g-api.service[99095]: [pid: 99095|app: 0|req: 143/294] 127.0.0.1 () {40 vars in 838 bytes} [Mon Jun 15 06:12:18 2026] GET /v2/images/3665c721-447e-4975-a51c-9397df026415 => generated 1359 bytes in 13 msecs (HTTP/1.1 200) 4 headers in 158 bytes (1 switches on core 0)
Jun 15 06:12:19.162201 np0000002816 devstack@g-api.service[99094]: DEBUG glance.api.middleware.version_negotiation [None req-5b119619-7986-4242-8462-b208545067dd tempest-ServerBootFromVolumeStableRescueTest-1780476437 tempest-ServerBootFromVolumeStableRescueTest-1780476437-project-member] Determining version of request: GET /v2/images/3665c721-447e-4975-a51c-9397df026415 Accept: application/json {{(pid=99094) process_request /opt/stack/glance/glance/api/middleware/version_negotiation.py:44}}
Jun 15 06:12:19.162605 np0000002816 devstack@g-api.service[99094]: DEBUG glance.api.middleware.version_negotiation [None req-5b119619-7986-4242-8462-b208545067dd tempest-ServerBootFromVolumeStableRescueTest-1780476437 tempest-ServerBootFromVolumeStableRescueTest-1780476437-project-member] Using url versioning {{(pid=99094) process_request /opt/stack/glance/glance/api/middleware/version_negotiation.py:57}}
Jun 15 06:12:19.162605 np0000002816 devstack@g-api.service[99094]: DEBUG glance.api.middleware.version_negotiation [None req-5b119619-7986-4242-8462-b208545067dd tempest-ServerBootFromVolumeStableRescueTest-1780476437 tempest-ServerBootFromVolumeStableRescueTest-1780476437-project-member] Matched version: v2 {{(pid=99094) process_request /opt/stack/glance/glance/api/middleware/version_negotiation.py:69}}
Jun 15 06:12:19.162605 np0000002816 devstack@g-api.service[99094]: DEBUG glance.api.middleware.version_negotiation [None req-5b119619-7986-4242-8462-b208545067dd tempest-ServerBootFromVolumeStableRescueTest-1780476437 tempest-ServerBootFromVolumeStableRescueTest-1780476437-project-member] new path /v2/images/3665c721-447e-4975-a51c-9397df026415 {{(pid=99094) process_request /opt/stack/glance/glance/api/middleware/version_negotiation.py:70}}
Jun 15 06:12:19.180241 np0000002816 devstack@g-api.service[99094]: [pid: 99094|app: 0|req: 152/295] 127.0.0.1 () {40 vars in 838 bytes} [Mon Jun 15 06:12:19 2026] GET /v2/images/3665c721-447e-4975-a51c-9397df026415 => generated 1359 bytes in 18 msecs (HTTP/1.1 200) 4 headers in 158 bytes (1 switches on core 0)
Jun 15 06:12:19.588199 np0000002816 devstack@g-api.service[99095]: DEBUG glance.api.middleware.version_negotiation [None req-719203d5-a1b8-4f30-a518-f771b320dfd3 tempest-ServerBootFromVolumeStableRescueTest-1780476437 tempest-ServerBootFromVolumeStableRescueTest-1780476437-project-member] Determining version of request: GET /v2/images/3665c721-447e-4975-a51c-9397df026415 Accept: */* {{(pid=99095) process_request /opt/stack/glance/glance/api/middleware/version_negotiation.py:44}}
Jun 15 06:12:19.588719 np0000002816 devstack@g-api.service[99095]: DEBUG glance.api.middleware.version_negotiation [None req-719203d5-a1b8-4f30-a518-f771b320dfd3 tempest-ServerBootFromVolumeStableRescueTest-1780476437 tempest-ServerBootFromVolumeStableRescueTest-1780476437-project-member] Using url versioning {{(pid=99095) process_request /opt/stack/glance/glance/api/middleware/version_negotiation.py:57}}
Jun 15 06:12:19.588719 np0000002816 devstack@g-api.service[99095]: DEBUG glance.api.middleware.version_negotiation [None req-719203d5-a1b8-4f30-a518-f771b320dfd3 tempest-ServerBootFromVolumeStableRescueTest-1780476437 tempest-ServerBootFromVolumeStableRescueTest-1780476437-project-member] Matched version: v2 {{(pid=99095) process_request /opt/stack/glance/glance/api/middleware/version_negotiation.py:69}}
Jun 15 06:12:19.589658 np0000002816 devstack@g-api.service[99095]: DEBUG glance.api.middleware.version_negotiation [None req-719203d5-a1b8-4f30-a518-f771b320dfd3 tempest-ServerBootFromVolumeStableRescueTest-1780476437 tempest-ServerBootFromVolumeStableRescueTest-1780476437-project-member] new path /v2/images/3665c721-447e-4975-a51c-9397df026415 {{(pid=99095) process_request /opt/stack/glance/glance/api/middleware/version_negotiation.py:70}}
Jun 15 06:12:19.606228 np0000002816 devstack@g-api.service[99095]: [pid: 99095|app: 0|req: 144/296] 127.0.0.1 () {44 vars in 1115 bytes} [Mon Jun 15 06:12:19 2026] GET /v2/images/3665c721-447e-4975-a51c-9397df026415 => generated 1359 bytes in 18 msecs (HTTP/1.1 200) 4 headers in 158 bytes (1 switches on core 0)
Jun 15 06:12:19.668329 np0000002816 devstack@g-api.service[99094]: DEBUG glance.api.middleware.version_negotiation [None req-f8e67a63-916c-49e8-9d64-21db4b2aaf56 tempest-ServerBootFromVolumeStableRescueTest-1780476437 tempest-ServerBootFromVolumeStableRescueTest-1780476437-project-member] Determining version of request: GET /v2/schemas/image Accept: */* {{(pid=99094) process_request /opt/stack/glance/glance/api/middleware/version_negotiation.py:44}}
Jun 15 06:12:19.669576 np0000002816 devstack@g-api.service[99094]: DEBUG glance.api.middleware.version_negotiation [None req-f8e67a63-916c-49e8-9d64-21db4b2aaf56 tempest-ServerBootFromVolumeStableRescueTest-1780476437 tempest-ServerBootFromVolumeStableRescueTest-1780476437-project-member] Using url versioning {{(pid=99094) process_request /opt/stack/glance/glance/api/middleware/version_negotiation.py:57}}
Jun 15 06:12:19.669576 np0000002816 devstack@g-api.service[99094]: DEBUG glance.api.middleware.version_negotiation [None req-f8e67a63-916c-49e8-9d64-21db4b2aaf56 tempest-ServerBootFromVolumeStableRescueTest-1780476437 tempest-ServerBootFromVolumeStableRescueTest-1780476437-project-member] Matched version: v2 {{(pid=99094) process_request /opt/stack/glance/glance/api/middleware/version_negotiation.py:69}}
Jun 15 06:12:19.669576 np0000002816 devstack@g-api.service[99094]: DEBUG glance.api.middleware.version_negotiation [None req-f8e67a63-916c-49e8-9d64-21db4b2aaf56 tempest-ServerBootFromVolumeStableRescueTest-1780476437 tempest-ServerBootFromVolumeStableRescueTest-1780476437-project-member] new path /v2/schemas/image {{(pid=99094) process_request /opt/stack/glance/glance/api/middleware/version_negotiation.py:70}}
Jun 15 06:12:19.676667 np0000002816 devstack@g-api.service[99094]: [pid: 99094|app: 0|req: 153/297] 127.0.0.1 () {44 vars in 1055 bytes} [Mon Jun 15 06:12:19 2026] GET /v2/schemas/image => generated 6083 bytes in 6 msecs (HTTP/1.1 200) 4 headers in 158 bytes (1 switches on core 0)
Jun 15 06:12:19.721373 np0000002816 devstack@g-api.service[99095]: DEBUG glance.api.middleware.version_negotiation [None req-592ebfd1-7945-4d4d-a4a7-cabdfd21e65b tempest-ServerBootFromVolumeStableRescueTest-1780476437 tempest-ServerBootFromVolumeStableRescueTest-1780476437-project-member] Determining version of request: GET /v2/schemas/image Accept: */* {{(pid=99095) process_request /opt/stack/glance/glance/api/middleware/version_negotiation.py:44}}
Jun 15 06:12:19.722502 np0000002816 devstack@g-api.service[99095]: DEBUG glance.api.middleware.version_negotiation [None req-592ebfd1-7945-4d4d-a4a7-cabdfd21e65b tempest-ServerBootFromVolumeStableRescueTest-1780476437 tempest-ServerBootFromVolumeStableRescueTest-1780476437-project-member] Using url versioning {{(pid=99095) process_request /opt/stack/glance/glance/api/middleware/version_negotiation.py:57}}
Jun 15 06:12:19.722845 np0000002816 devstack@g-api.service[99095]: DEBUG glance.api.middleware.version_negotiation [None req-592ebfd1-7945-4d4d-a4a7-cabdfd21e65b tempest-ServerBootFromVolumeStableRescueTest-1780476437 tempest-ServerBootFromVolumeStableRescueTest-1780476437-project-member] Matched version: v2 {{(pid=99095) process_request /opt/stack/glance/glance/api/middleware/version_negotiation.py:69}}
Jun 15 06:12:19.723432 np0000002816 devstack@g-api.service[99095]: DEBUG glance.api.middleware.version_negotiation [None req-592ebfd1-7945-4d4d-a4a7-cabdfd21e65b tempest-ServerBootFromVolumeStableRescueTest-1780476437 tempest-ServerBootFromVolumeStableRescueTest-1780476437-project-member] new path /v2/schemas/image {{(pid=99095) process_request /opt/stack/glance/glance/api/middleware/version_negotiation.py:70}}
Jun 15 06:12:19.727890 np0000002816 devstack@g-api.service[99095]: [pid: 99095|app: 0|req: 145/298] 127.0.0.1 () {44 vars in 1055 bytes} [Mon Jun 15 06:12:19 2026] GET /v2/schemas/image => generated 6083 bytes in 6 msecs (HTTP/1.1 200) 4 headers in 158 bytes (1 switches on core 0)
Jun 15 06:12:19.791637 np0000002816 devstack@g-api.service[99094]: DEBUG glance.api.middleware.version_negotiation [None req-592ebfd1-7945-4d4d-a4a7-cabdfd21e65b tempest-ServerBootFromVolumeStableRescueTest-1780476437 tempest-ServerBootFromVolumeStableRescueTest-1780476437-project-member] Determining version of request: PATCH /v2/images/3665c721-447e-4975-a51c-9397df026415 Accept: */* {{(pid=99094) process_request /opt/stack/glance/glance/api/middleware/version_negotiation.py:44}}
Jun 15 06:12:19.792584 np0000002816 devstack@g-api.service[99094]: DEBUG glance.api.middleware.version_negotiation [None req-592ebfd1-7945-4d4d-a4a7-cabdfd21e65b tempest-ServerBootFromVolumeStableRescueTest-1780476437 tempest-ServerBootFromVolumeStableRescueTest-1780476437-project-member] Using url versioning {{(pid=99094) process_request /opt/stack/glance/glance/api/middleware/version_negotiation.py:57}}
Jun 15 06:12:19.792584 np0000002816 devstack@g-api.service[99094]: DEBUG glance.api.middleware.version_negotiation [None req-592ebfd1-7945-4d4d-a4a7-cabdfd21e65b tempest-ServerBootFromVolumeStableRescueTest-1780476437 tempest-ServerBootFromVolumeStableRescueTest-1780476437-project-member] Matched version: v2 {{(pid=99094) process_request /opt/stack/glance/glance/api/middleware/version_negotiation.py:69}}
Jun 15 06:12:19.793131 np0000002816 devstack@g-api.service[99094]: DEBUG glance.api.middleware.version_negotiation [None req-592ebfd1-7945-4d4d-a4a7-cabdfd21e65b tempest-ServerBootFromVolumeStableRescueTest-1780476437 tempest-ServerBootFromVolumeStableRescueTest-1780476437-project-member] new path /v2/images/3665c721-447e-4975-a51c-9397df026415 {{(pid=99094) process_request /opt/stack/glance/glance/api/middleware/version_negotiation.py:70}}
Jun 15 06:12:19.956530 np0000002816 devstack@g-api.service[99094]: [pid: 99094|app: 0|req: 154/299] 127.0.0.1 () {46 vars in 1158 bytes} [Mon Jun 15 06:12:19 2026] PATCH /v2/images/3665c721-447e-4975-a51c-9397df026415 => generated 1470 bytes in 165 msecs (HTTP/1.1 200) 4 headers in 158 bytes (1 switches on core 0)
Jun 15 06:12:20.026133 np0000002816 devstack@g-api.service[99095]: DEBUG glance.api.middleware.version_negotiation [None req-592ebfd1-7945-4d4d-a4a7-cabdfd21e65b tempest-ServerBootFromVolumeStableRescueTest-1780476437 tempest-ServerBootFromVolumeStableRescueTest-1780476437-project-member] Determining version of request: GET /v2/images/3665c721-447e-4975-a51c-9397df026415 Accept: */* {{(pid=99095) process_request /opt/stack/glance/glance/api/middleware/version_negotiation.py:44}}
Jun 15 06:12:20.026133 np0000002816 devstack@g-api.service[99095]: DEBUG glance.api.middleware.version_negotiation [None req-592ebfd1-7945-4d4d-a4a7-cabdfd21e65b tempest-ServerBootFromVolumeStableRescueTest-1780476437 tempest-ServerBootFromVolumeStableRescueTest-1780476437-project-member] Using url versioning {{(pid=99095) process_request /opt/stack/glance/glance/api/middleware/version_negotiation.py:57}}
Jun 15 06:12:20.027838 np0000002816 devstack@g-api.service[99095]: DEBUG glance.api.middleware.version_negotiation [None req-592ebfd1-7945-4d4d-a4a7-cabdfd21e65b tempest-ServerBootFromVolumeStableRescueTest-1780476437 tempest-ServerBootFromVolumeStableRescueTest-1780476437-project-member] Matched version: v2 {{(pid=99095) process_request /opt/stack/glance/glance/api/middleware/version_negotiation.py:69}}
Jun 15 06:12:20.027944 np0000002816 devstack@g-api.service[99095]: DEBUG glance.api.middleware.version_negotiation [None req-592ebfd1-7945-4d4d-a4a7-cabdfd21e65b tempest-ServerBootFromVolumeStableRescueTest-1780476437 tempest-ServerBootFromVolumeStableRescueTest-1780476437-project-member] new path /v2/images/3665c721-447e-4975-a51c-9397df026415 {{(pid=99095) process_request /opt/stack/glance/glance/api/middleware/version_negotiation.py:70}}
Jun 15 06:12:20.061728 np0000002816 devstack@g-api.service[99095]: [pid: 99095|app: 0|req: 146/300] 127.0.0.1 () {44 vars in 1115 bytes} [Mon Jun 15 06:12:20 2026] GET /v2/images/3665c721-447e-4975-a51c-9397df026415 => generated 1470 bytes in 35 msecs (HTTP/1.1 200) 4 headers in 158 bytes (1 switches on core 0)
Jun 15 06:12:20.134673 np0000002816 devstack@g-api.service[99094]: DEBUG glance.api.middleware.version_negotiation [None req-592ebfd1-7945-4d4d-a4a7-cabdfd21e65b tempest-ServerBootFromVolumeStableRescueTest-1780476437 tempest-ServerBootFromVolumeStableRescueTest-1780476437-project-member] Determining version of request: PUT /v2/images/3665c721-447e-4975-a51c-9397df026415/file Accept: */* {{(pid=99094) process_request /opt/stack/glance/glance/api/middleware/version_negotiation.py:44}}
Jun 15 06:12:20.134673 np0000002816 devstack@g-api.service[99094]: DEBUG glance.api.middleware.version_negotiation [None req-592ebfd1-7945-4d4d-a4a7-cabdfd21e65b tempest-ServerBootFromVolumeStableRescueTest-1780476437 tempest-ServerBootFromVolumeStableRescueTest-1780476437-project-member] Using url versioning {{(pid=99094) process_request /opt/stack/glance/glance/api/middleware/version_negotiation.py:57}}
Jun 15 06:12:20.134673 np0000002816 devstack@g-api.service[99094]: DEBUG glance.api.middleware.version_negotiation [None req-592ebfd1-7945-4d4d-a4a7-cabdfd21e65b tempest-ServerBootFromVolumeStableRescueTest-1780476437 tempest-ServerBootFromVolumeStableRescueTest-1780476437-project-member] Matched version: v2 {{(pid=99094) process_request /opt/stack/glance/glance/api/middleware/version_negotiation.py:69}}
Jun 15 06:12:20.134673 np0000002816 devstack@g-api.service[99094]: DEBUG glance.api.middleware.version_negotiation [None req-592ebfd1-7945-4d4d-a4a7-cabdfd21e65b tempest-ServerBootFromVolumeStableRescueTest-1780476437 tempest-ServerBootFromVolumeStableRescueTest-1780476437-project-member] new path /v2/images/3665c721-447e-4975-a51c-9397df026415/file {{(pid=99094) process_request /opt/stack/glance/glance/api/middleware/version_negotiation.py:70}}
Jun 15 06:12:20.188301 np0000002816 devstack@g-api.service[99095]: DEBUG glance.api.middleware.version_negotiation [None req-592ebfd1-7945-4d4d-a4a7-cabdfd21e65b tempest-ServerBootFromVolumeStableRescueTest-1780476437 tempest-ServerBootFromVolumeStableRescueTest-1780476437-project-member] Determining version of request: GET /v2/images/3665c721-447e-4975-a51c-9397df026415 Accept: application/json {{(pid=99095) process_request /opt/stack/glance/glance/api/middleware/version_negotiation.py:44}}
Jun 15 06:12:20.188301 np0000002816 devstack@g-api.service[99095]: DEBUG glance.api.middleware.version_negotiation [None req-592ebfd1-7945-4d4d-a4a7-cabdfd21e65b tempest-ServerBootFromVolumeStableRescueTest-1780476437 tempest-ServerBootFromVolumeStableRescueTest-1780476437-project-member] Using url versioning {{(pid=99095) process_request /opt/stack/glance/glance/api/middleware/version_negotiation.py:57}}
Jun 15 06:12:20.188301 np0000002816 devstack@g-api.service[99095]: DEBUG glance.api.middleware.version_negotiation [None req-592ebfd1-7945-4d4d-a4a7-cabdfd21e65b tempest-ServerBootFromVolumeStableRescueTest-1780476437 tempest-ServerBootFromVolumeStableRescueTest-1780476437-project-member] Matched version: v2 {{(pid=99095) process_request /opt/stack/glance/glance/api/middleware/version_negotiation.py:69}}
Jun 15 06:12:20.188301 np0000002816 devstack@g-api.service[99095]: DEBUG glance.api.middleware.version_negotiation [None req-592ebfd1-7945-4d4d-a4a7-cabdfd21e65b tempest-ServerBootFromVolumeStableRescueTest-1780476437 tempest-ServerBootFromVolumeStableRescueTest-1780476437-project-member] new path /v2/images/3665c721-447e-4975-a51c-9397df026415 {{(pid=99095) process_request /opt/stack/glance/glance/api/middleware/version_negotiation.py:70}}
Jun 15 06:12:20.206228 np0000002816 devstack@g-api.service[99095]: [pid: 99095|app: 0|req: 147/301] 127.0.0.1 () {40 vars in 838 bytes} [Mon Jun 15 06:12:20 2026] GET /v2/images/3665c721-447e-4975-a51c-9397df026415 => generated 1470 bytes in 19 msecs (HTTP/1.1 200) 4 headers in 158 bytes (1 switches on core 0)
Jun 15 06:12:20.670672 np0000002816 devstack@g-api.service[99094]: INFO glance.api.v2.image_data [None req-592ebfd1-7945-4d4d-a4a7-cabdfd21e65b tempest-ServerBootFromVolumeStableRescueTest-1780476437 tempest-ServerBootFromVolumeStableRescueTest-1780476437-project-member] Unable to create trust: no such option collect_timing in group [keystone_authtoken] Use the existing user token.
Jun 15 06:12:21.216636 np0000002816 devstack@g-api.service[99095]: DEBUG glance.api.middleware.version_negotiation [None req-84623225-765d-493e-a42b-76729ce914f0 tempest-ServerBootFromVolumeStableRescueTest-1780476437 tempest-ServerBootFromVolumeStableRescueTest-1780476437-project-member] Determining version of request: GET /v2/images/3665c721-447e-4975-a51c-9397df026415 Accept: application/json {{(pid=99095) process_request /opt/stack/glance/glance/api/middleware/version_negotiation.py:44}}
Jun 15 06:12:21.217078 np0000002816 devstack@g-api.service[99095]: DEBUG glance.api.middleware.version_negotiation [None req-84623225-765d-493e-a42b-76729ce914f0 tempest-ServerBootFromVolumeStableRescueTest-1780476437 tempest-ServerBootFromVolumeStableRescueTest-1780476437-project-member] Using url versioning {{(pid=99095) process_request /opt/stack/glance/glance/api/middleware/version_negotiation.py:57}}
Jun 15 06:12:21.217131 np0000002816 devstack@g-api.service[99094]: DEBUG glance.location [None req-592ebfd1-7945-4d4d-a4a7-cabdfd21e65b tempest-ServerBootFromVolumeStableRescueTest-1780476437 tempest-ServerBootFromVolumeStableRescueTest-1780476437-project-member] Enabling in-flight format inspection for qcow2 {{(pid=99094) set_data /opt/stack/glance/glance/location.py:616}}
Jun 15 06:12:21.217214 np0000002816 devstack@g-api.service[99095]: DEBUG glance.api.middleware.version_negotiation [None req-84623225-765d-493e-a42b-76729ce914f0 tempest-ServerBootFromVolumeStableRescueTest-1780476437 tempest-ServerBootFromVolumeStableRescueTest-1780476437-project-member] Matched version: v2 {{(pid=99095) process_request /opt/stack/glance/glance/api/middleware/version_negotiation.py:69}}
Jun 15 06:12:21.217214 np0000002816 devstack@g-api.service[99095]: DEBUG glance.api.middleware.version_negotiation [None req-84623225-765d-493e-a42b-76729ce914f0 tempest-ServerBootFromVolumeStableRescueTest-1780476437 tempest-ServerBootFromVolumeStableRescueTest-1780476437-project-member] new path /v2/images/3665c721-447e-4975-a51c-9397df026415 {{(pid=99095) process_request /opt/stack/glance/glance/api/middleware/version_negotiation.py:70}}
Jun 15 06:12:21.218665 np0000002816 devstack@g-api.service[99094]: DEBUG glance_store.backend [None req-592ebfd1-7945-4d4d-a4a7-cabdfd21e65b tempest-ServerBootFromVolumeStableRescueTest-1780476437 tempest-ServerBootFromVolumeStableRescueTest-1780476437-project-member] Attempting to import store swift {{(pid=99094) _load_store /opt/stack/data/venv/lib/python3.12/site-packages/glance_store/backend.py:215}}
Jun 15 06:12:21.219148 np0000002816 devstack@g-api.service[99094]: DEBUG glance_store.capabilities [None req-592ebfd1-7945-4d4d-a4a7-cabdfd21e65b tempest-ServerBootFromVolumeStableRescueTest-1780476437 tempest-ServerBootFromVolumeStableRescueTest-1780476437-project-member] Store glance_store._drivers.swift.store.SingleTenantStore doesn't support updating dynamic storage capabilities. Please overwrite 'update_capabilities' method of the store to implement updating logics if needed. {{(pid=99094) update_capabilities /opt/stack/data/venv/lib/python3.12/site-packages/glance_store/capabilities.py:91}}
Jun 15 06:12:21.219253 np0000002816 devstack@g-api.service[99094]: DEBUG glance_store.driver [None req-592ebfd1-7945-4d4d-a4a7-cabdfd21e65b tempest-ServerBootFromVolumeStableRescueTest-1780476437 tempest-ServerBootFromVolumeStableRescueTest-1780476437-project-member] Late loading location class glance_store._drivers.swift.store.StoreLocation {{(pid=99094) get_store_location_class /opt/stack/data/venv/lib/python3.12/site-packages/glance_store/driver.py:134}}
Jun 15 06:12:21.219341 np0000002816 devstack@g-api.service[99094]: DEBUG glance_store.location [None req-592ebfd1-7945-4d4d-a4a7-cabdfd21e65b tempest-ServerBootFromVolumeStableRescueTest-1780476437 tempest-ServerBootFromVolumeStableRescueTest-1780476437-project-member] Registering scheme swift+https with {'store': , 'location_class': , 'store_entry': 'swift'} {{(pid=99094) register_scheme_map /opt/stack/data/venv/lib/python3.12/site-packages/glance_store/location.py:146}}
Jun 15 06:12:21.219435 np0000002816 devstack@g-api.service[99094]: DEBUG glance_store.location [None req-592ebfd1-7945-4d4d-a4a7-cabdfd21e65b tempest-ServerBootFromVolumeStableRescueTest-1780476437 tempest-ServerBootFromVolumeStableRescueTest-1780476437-project-member] Registering scheme swift+https with {'store': , 'location_class': , 'store_entry': 'swift'} {{(pid=99094) register_scheme_map /opt/stack/data/venv/lib/python3.12/site-packages/glance_store/location.py:146}}
Jun 15 06:12:21.219510 np0000002816 devstack@g-api.service[99094]: DEBUG glance_store.location [None req-592ebfd1-7945-4d4d-a4a7-cabdfd21e65b tempest-ServerBootFromVolumeStableRescueTest-1780476437 tempest-ServerBootFromVolumeStableRescueTest-1780476437-project-member] Registering scheme swift with {'store': , 'location_class': , 'store_entry': 'swift'} {{(pid=99094) register_scheme_map /opt/stack/data/venv/lib/python3.12/site-packages/glance_store/location.py:146}}
Jun 15 06:12:21.219581 np0000002816 devstack@g-api.service[99094]: DEBUG glance_store.location [None req-592ebfd1-7945-4d4d-a4a7-cabdfd21e65b tempest-ServerBootFromVolumeStableRescueTest-1780476437 tempest-ServerBootFromVolumeStableRescueTest-1780476437-project-member] Registering scheme swift+https with {'store': , 'location_class': , 'store_entry': 'swift'} {{(pid=99094) register_scheme_map /opt/stack/data/venv/lib/python3.12/site-packages/glance_store/location.py:146}}
Jun 15 06:12:21.219661 np0000002816 devstack@g-api.service[99094]: DEBUG glance_store.location [None req-592ebfd1-7945-4d4d-a4a7-cabdfd21e65b tempest-ServerBootFromVolumeStableRescueTest-1780476437 tempest-ServerBootFromVolumeStableRescueTest-1780476437-project-member] Registering scheme swift with {'store': , 'location_class': , 'store_entry': 'swift'} {{(pid=99094) register_scheme_map /opt/stack/data/venv/lib/python3.12/site-packages/glance_store/location.py:146}}
Jun 15 06:12:21.219760 np0000002816 devstack@g-api.service[99094]: DEBUG glance_store.location [None req-592ebfd1-7945-4d4d-a4a7-cabdfd21e65b tempest-ServerBootFromVolumeStableRescueTest-1780476437 tempest-ServerBootFromVolumeStableRescueTest-1780476437-project-member] Registering scheme swift+http with {'store': , 'location_class': , 'store_entry': 'swift'} {{(pid=99094) register_scheme_map /opt/stack/data/venv/lib/python3.12/site-packages/glance_store/location.py:146}}
Jun 15 06:12:21.219843 np0000002816 devstack@g-api.service[99094]: DEBUG glance_store.location [None req-592ebfd1-7945-4d4d-a4a7-cabdfd21e65b tempest-ServerBootFromVolumeStableRescueTest-1780476437 tempest-ServerBootFromVolumeStableRescueTest-1780476437-project-member] Registering scheme swift+https with {'store': , 'location_class': , 'store_entry': 'swift'} {{(pid=99094) register_scheme_map /opt/stack/data/venv/lib/python3.12/site-packages/glance_store/location.py:146}}
Jun 15 06:12:21.219972 np0000002816 devstack@g-api.service[99094]: DEBUG glance_store.location [None req-592ebfd1-7945-4d4d-a4a7-cabdfd21e65b tempest-ServerBootFromVolumeStableRescueTest-1780476437 tempest-ServerBootFromVolumeStableRescueTest-1780476437-project-member] Registering scheme swift with {'store': , 'location_class': , 'store_entry': 'swift'} {{(pid=99094) register_scheme_map /opt/stack/data/venv/lib/python3.12/site-packages/glance_store/location.py:146}}
Jun 15 06:12:21.220096 np0000002816 devstack@g-api.service[99094]: DEBUG glance_store.location [None req-592ebfd1-7945-4d4d-a4a7-cabdfd21e65b tempest-ServerBootFromVolumeStableRescueTest-1780476437 tempest-ServerBootFromVolumeStableRescueTest-1780476437-project-member] Registering scheme swift+http with {'store': , 'location_class': , 'store_entry': 'swift'} {{(pid=99094) register_scheme_map /opt/stack/data/venv/lib/python3.12/site-packages/glance_store/location.py:146}}
Jun 15 06:12:21.220210 np0000002816 devstack@g-api.service[99094]: DEBUG glance_store.location [None req-592ebfd1-7945-4d4d-a4a7-cabdfd21e65b tempest-ServerBootFromVolumeStableRescueTest-1780476437 tempest-ServerBootFromVolumeStableRescueTest-1780476437-project-member] Registering scheme swift+config with {'store': , 'location_class': , 'store_entry': 'swift'} {{(pid=99094) register_scheme_map /opt/stack/data/venv/lib/python3.12/site-packages/glance_store/location.py:146}}
Jun 15 06:12:21.230545 np0000002816 devstack@g-api.service[99095]: [pid: 99095|app: 0|req: 148/302] 127.0.0.1 () {40 vars in 838 bytes} [Mon Jun 15 06:12:21 2026] GET /v2/images/3665c721-447e-4975-a51c-9397df026415 => generated 1470 bytes in 14 msecs (HTTP/1.1 200) 4 headers in 158 bytes (1 switches on core 0)
Jun 15 06:12:21.426877 np0000002816 devstack@g-api.service[99094]: DEBUG swiftclient [None req-592ebfd1-7945-4d4d-a4a7-cabdfd21e65b tempest-ServerBootFromVolumeStableRescueTest-1780476437 tempest-ServerBootFromVolumeStableRescueTest-1780476437-project-member] REQ: curl -i https://10.4.3.145:8080/v1/AUTH_65d8d48fdc654ab5aaaf6b1f548b916d/glance -I -H "X-Auth-Token: gAAAAABqL5fFOENg..." {{(pid=99094) http_log /opt/stack/data/venv/lib/python3.12/site-packages/swiftclient/client.py:160}}
Jun 15 06:12:21.427002 np0000002816 devstack@g-api.service[99094]: DEBUG swiftclient [None req-592ebfd1-7945-4d4d-a4a7-cabdfd21e65b tempest-ServerBootFromVolumeStableRescueTest-1780476437 tempest-ServerBootFromVolumeStableRescueTest-1780476437-project-member] RESP STATUS: 204 No Content {{(pid=99094) http_log /opt/stack/data/venv/lib/python3.12/site-packages/swiftclient/client.py:161}}
Jun 15 06:12:21.427164 np0000002816 devstack@g-api.service[99094]: DEBUG swiftclient [None req-592ebfd1-7945-4d4d-a4a7-cabdfd21e65b tempest-ServerBootFromVolumeStableRescueTest-1780476437 tempest-ServerBootFromVolumeStableRescueTest-1780476437-project-member] RESP HEADERS: {'Date': 'Mon, 15 Jun 2026 06:12:21 GMT', 'Server': 'Apache/2.4.58 (Ubuntu)', 'Content-Type': 'text/plain; charset=utf-8', 'X-Container-Object-Count': '5', 'X-Container-Bytes-Used': '87883776', 'X-Timestamp': '1781503478.03066', 'Last-Modified': 'Mon, 15 Jun 2026 06:04:38 GMT', 'Accept-Ranges': 'bytes', 'X-Storage-Policy': 'Policy-0', 'X-Container-Sharding': 'False', 'Vary': 'Accept', 'X-Trans-Id': 'tx7c781c3bae754c37bbbdc-006a2f97c5', 'X-Openstack-Request-Id': 'tx7c781c3bae754c37bbbdc-006a2f97c5', 'Connection': 'close'} {{(pid=99094) http_log /opt/stack/data/venv/lib/python3.12/site-packages/swiftclient/client.py:162}}
Jun 15 06:12:21.427350 np0000002816 devstack@g-api.service[99094]: DEBUG glance_store._drivers.swift.store [None req-592ebfd1-7945-4d4d-a4a7-cabdfd21e65b tempest-ServerBootFromVolumeStableRescueTest-1780476437 tempest-ServerBootFromVolumeStableRescueTest-1780476437-project-member] Adding image object '3665c721-447e-4975-a51c-9397df026415' to Swift {{(pid=99094) add /opt/stack/data/venv/lib/python3.12/site-packages/glance_store/_drivers/swift/store.py:970}}
Jun 15 06:12:21.427430 np0000002816 devstack@g-api.service[99094]: DEBUG glance_store._drivers.swift.store [None req-592ebfd1-7945-4d4d-a4a7-cabdfd21e65b tempest-ServerBootFromVolumeStableRescueTest-1780476437 tempest-ServerBootFromVolumeStableRescueTest-1780476437-project-member] Cannot determine image size because it is either not provided in the request or chunked-transfer encoding is used. Adding image as a segmented object to Swift. {{(pid=99094) add /opt/stack/data/venv/lib/python3.12/site-packages/glance_store/_drivers/swift/store.py:994}}
Jun 15 06:12:21.433989 np0000002816 devstack@g-api.service[99094]: DEBUG oslo_utils.imageutils.format_inspector [None req-592ebfd1-7945-4d4d-a4a7-cabdfd21e65b tempest-ServerBootFromVolumeStableRescueTest-1780476437 tempest-ServerBootFromVolumeStableRescueTest-1780476437-project-member] Format inspector for vmdk does not match, excluding from consideration (Signature KDMV not found: b'QFI\xfb') {{(pid=99094) _process_chunk /opt/stack/data/venv/lib/python3.12/site-packages/oslo_utils/imageutils/format_inspector.py:1758}}
Jun 15 06:12:21.437630 np0000002816 devstack@g-api.service[99094]: DEBUG oslo_utils.imageutils.format_inspector [None req-592ebfd1-7945-4d4d-a4a7-cabdfd21e65b tempest-ServerBootFromVolumeStableRescueTest-1780476437 tempest-ServerBootFromVolumeStableRescueTest-1780476437-project-member] Format inspector for vhdx does not match, excluding from consideration (Region signature not found at 30000) {{(pid=99094) _process_chunk /opt/stack/data/venv/lib/python3.12/site-packages/oslo_utils/imageutils/format_inspector.py:1758}}
Jun 15 06:12:21.706368 np0000002816 devstack@g-api.service[99094]: DEBUG swiftclient [None req-592ebfd1-7945-4d4d-a4a7-cabdfd21e65b tempest-ServerBootFromVolumeStableRescueTest-1780476437 tempest-ServerBootFromVolumeStableRescueTest-1780476437-project-member] REQ: curl -i https://10.4.3.145:8080/v1/AUTH_65d8d48fdc654ab5aaaf6b1f548b916d/glance/3665c721-447e-4975-a51c-9397df026415-00001 -X PUT -H "X-Auth-Token: gAAAAABqL5fFOENg..." {{(pid=99094) http_log /opt/stack/data/venv/lib/python3.12/site-packages/swiftclient/client.py:160}}
Jun 15 06:12:21.706368 np0000002816 devstack@g-api.service[99094]: DEBUG swiftclient [None req-592ebfd1-7945-4d4d-a4a7-cabdfd21e65b tempest-ServerBootFromVolumeStableRescueTest-1780476437 tempest-ServerBootFromVolumeStableRescueTest-1780476437-project-member] RESP STATUS: 201 Created {{(pid=99094) http_log /opt/stack/data/venv/lib/python3.12/site-packages/swiftclient/client.py:161}}
Jun 15 06:12:21.706368 np0000002816 devstack@g-api.service[99094]: DEBUG swiftclient [None req-592ebfd1-7945-4d4d-a4a7-cabdfd21e65b tempest-ServerBootFromVolumeStableRescueTest-1780476437 tempest-ServerBootFromVolumeStableRescueTest-1780476437-project-member] RESP HEADERS: {'Date': 'Mon, 15 Jun 2026 06:12:21 GMT', 'Server': 'Apache/2.4.58 (Ubuntu)', 'Content-Type': 'text/html; charset=UTF-8', 'Content-Length': '0', 'Etag': '4fa343ee581d8d2e78533191fd1ac3e1', 'Last-Modified': 'Mon, 15 Jun 2026 06:12:22 GMT', 'X-Trans-Id': 'txc425c260b9ec4f80b96eb-006a2f97c5', 'X-Openstack-Request-Id': 'txc425c260b9ec4f80b96eb-006a2f97c5', 'Connection': 'close'} {{(pid=99094) http_log /opt/stack/data/venv/lib/python3.12/site-packages/swiftclient/client.py:162}}
Jun 15 06:12:21.707189 np0000002816 devstack@g-api.service[99094]: DEBUG glance_store._drivers.swift.store [None req-592ebfd1-7945-4d4d-a4a7-cabdfd21e65b tempest-ServerBootFromVolumeStableRescueTest-1780476437 tempest-ServerBootFromVolumeStableRescueTest-1780476437-project-member] Wrote chunk 3665c721-447e-4975-a51c-9397df026415-00001 (1/?) of length 23527424 to Swift returning MD5 of content: 4fa343ee581d8d2e78533191fd1ac3e1 {{(pid=99094) add /opt/stack/data/venv/lib/python3.12/site-packages/glance_store/_drivers/swift/store.py:1059}}
Jun 15 06:12:21.707189 np0000002816 devstack@g-api.service[99094]: DEBUG glance_store._drivers.swift.store [None req-592ebfd1-7945-4d4d-a4a7-cabdfd21e65b tempest-ServerBootFromVolumeStableRescueTest-1780476437 tempest-ServerBootFromVolumeStableRescueTest-1780476437-project-member] Not writing zero-length chunk. {{(pid=99094) add /opt/stack/data/venv/lib/python3.12/site-packages/glance_store/_drivers/swift/store.py:1028}}
Jun 15 06:12:21.748170 np0000002816 devstack@g-api.service[99094]: DEBUG swiftclient [None req-592ebfd1-7945-4d4d-a4a7-cabdfd21e65b tempest-ServerBootFromVolumeStableRescueTest-1780476437 tempest-ServerBootFromVolumeStableRescueTest-1780476437-project-member] REQ: curl -i https://10.4.3.145:8080/v1/AUTH_65d8d48fdc654ab5aaaf6b1f548b916d/glance/3665c721-447e-4975-a51c-9397df026415 -X PUT -H "X-Object-Manifest: glance/3665c721-447e-4975-a51c-9397df026415-" -H "X-Auth-Token: gAAAAABqL5fFOENg..." -H "Content-Length: 0" {{(pid=99094) http_log /opt/stack/data/venv/lib/python3.12/site-packages/swiftclient/client.py:160}}
Jun 15 06:12:21.748455 np0000002816 devstack@g-api.service[99094]: DEBUG swiftclient [None req-592ebfd1-7945-4d4d-a4a7-cabdfd21e65b tempest-ServerBootFromVolumeStableRescueTest-1780476437 tempest-ServerBootFromVolumeStableRescueTest-1780476437-project-member] RESP STATUS: 201 Created {{(pid=99094) http_log /opt/stack/data/venv/lib/python3.12/site-packages/swiftclient/client.py:161}}
Jun 15 06:12:21.748750 np0000002816 devstack@g-api.service[99094]: DEBUG swiftclient [None req-592ebfd1-7945-4d4d-a4a7-cabdfd21e65b tempest-ServerBootFromVolumeStableRescueTest-1780476437 tempest-ServerBootFromVolumeStableRescueTest-1780476437-project-member] RESP HEADERS: {'Date': 'Mon, 15 Jun 2026 06:12:21 GMT', 'Server': 'Apache/2.4.58 (Ubuntu)', 'Content-Type': 'text/html; charset=UTF-8', 'Content-Length': '0', 'Etag': 'd41d8cd98f00b204e9800998ecf8427e', 'Last-Modified': 'Mon, 15 Jun 2026 06:12:22 GMT', 'X-Trans-Id': 'tx0af832941a21424aa1e61-006a2f97c5', 'X-Openstack-Request-Id': 'tx0af832941a21424aa1e61-006a2f97c5', 'Connection': 'close'} {{(pid=99094) http_log /opt/stack/data/venv/lib/python3.12/site-packages/swiftclient/client.py:162}}
Jun 15 06:12:21.749823 np0000002816 devstack@g-api.service[99094]: INFO glance.location [None req-592ebfd1-7945-4d4d-a4a7-cabdfd21e65b tempest-ServerBootFromVolumeStableRescueTest-1780476437 tempest-ServerBootFromVolumeStableRescueTest-1780476437-project-member] Image format matched and virtual size computed: 1073741824
Jun 15 06:12:21.796605 np0000002816 devstack@g-api.service[99094]: DEBUG glance_store.backend [None req-592ebfd1-7945-4d4d-a4a7-cabdfd21e65b tempest-ServerBootFromVolumeStableRescueTest-1780476437 tempest-ServerBootFromVolumeStableRescueTest-1780476437-project-member] Attempting to import store swift {{(pid=99094) _load_store /opt/stack/data/venv/lib/python3.12/site-packages/glance_store/backend.py:215}}
Jun 15 06:12:21.800047 np0000002816 devstack@g-api.service[99094]: DEBUG glance_store.capabilities [None req-592ebfd1-7945-4d4d-a4a7-cabdfd21e65b tempest-ServerBootFromVolumeStableRescueTest-1780476437 tempest-ServerBootFromVolumeStableRescueTest-1780476437-project-member] Store glance_store._drivers.swift.store.SingleTenantStore doesn't support updating dynamic storage capabilities. Please overwrite 'update_capabilities' method of the store to implement updating logics if needed. {{(pid=99094) update_capabilities /opt/stack/data/venv/lib/python3.12/site-packages/glance_store/capabilities.py:91}}
Jun 15 06:12:21.800629 np0000002816 devstack@g-api.service[99094]: DEBUG glance_store.driver [None req-592ebfd1-7945-4d4d-a4a7-cabdfd21e65b tempest-ServerBootFromVolumeStableRescueTest-1780476437 tempest-ServerBootFromVolumeStableRescueTest-1780476437-project-member] Late loading location class glance_store._drivers.swift.store.StoreLocation {{(pid=99094) get_store_location_class /opt/stack/data/venv/lib/python3.12/site-packages/glance_store/driver.py:134}}
Jun 15 06:12:21.802492 np0000002816 devstack@g-api.service[99094]: DEBUG glance_store.location [None req-592ebfd1-7945-4d4d-a4a7-cabdfd21e65b tempest-ServerBootFromVolumeStableRescueTest-1780476437 tempest-ServerBootFromVolumeStableRescueTest-1780476437-project-member] Registering scheme swift+https with {'store': , 'location_class': , 'store_entry': 'swift'} {{(pid=99094) register_scheme_map /opt/stack/data/venv/lib/python3.12/site-packages/glance_store/location.py:146}}
Jun 15 06:12:21.802492 np0000002816 devstack@g-api.service[99094]: DEBUG glance_store.location [None req-592ebfd1-7945-4d4d-a4a7-cabdfd21e65b tempest-ServerBootFromVolumeStableRescueTest-1780476437 tempest-ServerBootFromVolumeStableRescueTest-1780476437-project-member] Registering scheme swift+https with {'store': , 'location_class': , 'store_entry': 'swift'} {{(pid=99094) register_scheme_map /opt/stack/data/venv/lib/python3.12/site-packages/glance_store/location.py:146}}
Jun 15 06:12:21.802492 np0000002816 devstack@g-api.service[99094]: DEBUG glance_store.location [None req-592ebfd1-7945-4d4d-a4a7-cabdfd21e65b tempest-ServerBootFromVolumeStableRescueTest-1780476437 tempest-ServerBootFromVolumeStableRescueTest-1780476437-project-member] Registering scheme swift with {'store': , 'location_class': , 'store_entry': 'swift'} {{(pid=99094) register_scheme_map /opt/stack/data/venv/lib/python3.12/site-packages/glance_store/location.py:146}}
Jun 15 06:12:21.802492 np0000002816 devstack@g-api.service[99094]: DEBUG glance_store.location [None req-592ebfd1-7945-4d4d-a4a7-cabdfd21e65b tempest-ServerBootFromVolumeStableRescueTest-1780476437 tempest-ServerBootFromVolumeStableRescueTest-1780476437-project-member] Registering scheme swift+https with {'store': , 'location_class': , 'store_entry': 'swift'} {{(pid=99094) register_scheme_map /opt/stack/data/venv/lib/python3.12/site-packages/glance_store/location.py:146}}
Jun 15 06:12:21.802492 np0000002816 devstack@g-api.service[99094]: DEBUG glance_store.location [None req-592ebfd1-7945-4d4d-a4a7-cabdfd21e65b tempest-ServerBootFromVolumeStableRescueTest-1780476437 tempest-ServerBootFromVolumeStableRescueTest-1780476437-project-member] Registering scheme swift with {'store': , 'location_class': , 'store_entry': 'swift'} {{(pid=99094) register_scheme_map /opt/stack/data/venv/lib/python3.12/site-packages/glance_store/location.py:146}}
Jun 15 06:12:21.802492 np0000002816 devstack@g-api.service[99094]: DEBUG glance_store.location [None req-592ebfd1-7945-4d4d-a4a7-cabdfd21e65b tempest-ServerBootFromVolumeStableRescueTest-1780476437 tempest-ServerBootFromVolumeStableRescueTest-1780476437-project-member] Registering scheme swift+http with {'store': , 'location_class': , 'store_entry': 'swift'} {{(pid=99094) register_scheme_map /opt/stack/data/venv/lib/python3.12/site-packages/glance_store/location.py:146}}
Jun 15 06:12:21.802492 np0000002816 devstack@g-api.service[99094]: DEBUG glance_store.location [None req-592ebfd1-7945-4d4d-a4a7-cabdfd21e65b tempest-ServerBootFromVolumeStableRescueTest-1780476437 tempest-ServerBootFromVolumeStableRescueTest-1780476437-project-member] Registering scheme swift+https with {'store': , 'location_class': , 'store_entry': 'swift'} {{(pid=99094) register_scheme_map /opt/stack/data/venv/lib/python3.12/site-packages/glance_store/location.py:146}}
Jun 15 06:12:21.802492 np0000002816 devstack@g-api.service[99094]: DEBUG glance_store.location [None req-592ebfd1-7945-4d4d-a4a7-cabdfd21e65b tempest-ServerBootFromVolumeStableRescueTest-1780476437 tempest-ServerBootFromVolumeStableRescueTest-1780476437-project-member] Registering scheme swift with {'store': , 'location_class': , 'store_entry': 'swift'} {{(pid=99094) register_scheme_map /opt/stack/data/venv/lib/python3.12/site-packages/glance_store/location.py:146}}
Jun 15 06:12:21.802492 np0000002816 devstack@g-api.service[99094]: DEBUG glance_store.location [None req-592ebfd1-7945-4d4d-a4a7-cabdfd21e65b tempest-ServerBootFromVolumeStableRescueTest-1780476437 tempest-ServerBootFromVolumeStableRescueTest-1780476437-project-member] Registering scheme swift+http with {'store': , 'location_class': , 'store_entry': 'swift'} {{(pid=99094) register_scheme_map /opt/stack/data/venv/lib/python3.12/site-packages/glance_store/location.py:146}}
Jun 15 06:12:21.802492 np0000002816 devstack@g-api.service[99094]: DEBUG glance_store.location [None req-592ebfd1-7945-4d4d-a4a7-cabdfd21e65b tempest-ServerBootFromVolumeStableRescueTest-1780476437 tempest-ServerBootFromVolumeStableRescueTest-1780476437-project-member] Registering scheme swift+config with {'store': , 'location_class': , 'store_entry': 'swift'} {{(pid=99094) register_scheme_map /opt/stack/data/venv/lib/python3.12/site-packages/glance_store/location.py:146}}
Jun 15 06:12:21.803010 np0000002816 devstack@g-api.service[99094]: DEBUG glance_store.backend [None req-592ebfd1-7945-4d4d-a4a7-cabdfd21e65b tempest-ServerBootFromVolumeStableRescueTest-1780476437 tempest-ServerBootFromVolumeStableRescueTest-1780476437-project-member] Skipping store.set_acls... not implemented. {{(pid=99094) set_acls /opt/stack/data/venv/lib/python3.12/site-packages/glance_store/backend.py:507}}
Jun 15 06:12:21.805856 np0000002816 devstack@g-api.service[99094]: [pid: 99094|app: 0|req: 155/303] 127.0.0.1 () {46 vars in 1158 bytes} [Mon Jun 15 06:12:20 2026] PUT /v2/images/3665c721-447e-4975-a51c-9397df026415/file => generated 0 bytes in 1672 msecs (HTTP/1.1 204) 4 headers in 171 bytes (1 switches on core 0)
Jun 15 06:12:21.859735 np0000002816 devstack@g-api.service[99095]: DEBUG glance.api.middleware.version_negotiation [None req-4ab59c38-8ccd-40ad-9154-5d4fd8cfc850 tempest-ServerBootFromVolumeStableRescueTest-1780476437 tempest-ServerBootFromVolumeStableRescueTest-1780476437-project-member] Determining version of request: GET /v2/images/3665c721-447e-4975-a51c-9397df026415 Accept: */* {{(pid=99095) process_request /opt/stack/glance/glance/api/middleware/version_negotiation.py:44}}
Jun 15 06:12:21.859942 np0000002816 devstack@g-api.service[99095]: DEBUG glance.api.middleware.version_negotiation [None req-4ab59c38-8ccd-40ad-9154-5d4fd8cfc850 tempest-ServerBootFromVolumeStableRescueTest-1780476437 tempest-ServerBootFromVolumeStableRescueTest-1780476437-project-member] Using url versioning {{(pid=99095) process_request /opt/stack/glance/glance/api/middleware/version_negotiation.py:57}}
