Jun 15 06:03:58.142942 np0000002816 devstack@neutron-api.service[87168]: DEBUG neutron.objects.ports [None req-d8a65418-493e-4ec8-a2d7-e020e3a3b690 admin admin] Time-cost: Fetching 0 ports in 0 security groups {{(pid=87168) get_objects /opt/stack/neutron/neutron/objects/ports.py:506}}
Jun 15 06:03:58.143200 np0000002816 devstack@neutron-api.service[87168]: DEBUG neutron_lib.callbacks.manager [None req-d8a65418-493e-4ec8-a2d7-e020e3a3b690 admin admin] Publish callbacks ['neutron.plugins.ml2.ovo_rpc._ObjectChangeHandler.handle_event-2689225'] for subnet (344a1fdd-5466-4ca8-819e-9981c7b0e951), after_create {{(pid=87168) _notify_loop /opt/stack/data/venv/lib/python3.12/site-packages/neutron_lib/callbacks/manager.py:184}}
Jun 15 06:03:58.154077 np0000002816 devstack@neutron-api.service[87168]: DEBUG neutron.api.rpc.handlers.resources_rpc [None req-d8a65418-493e-4ec8-a2d7-e020e3a3b690 admin admin] Pushing event updated for resources: {'Subnet': ['ID=344a1fdd-5466-4ca8-819e-9981c7b0e951,revision_number=0']} {{(pid=87168) push /opt/stack/neutron/neutron/api/rpc/handlers/resources_rpc.py:237}}
Jun 15 06:03:58.168526 np0000002816 devstack@neutron-api.service[87168]: INFO neutron.db.ovn_revision_numbers_db [None req-d8a65418-493e-4ec8-a2d7-e020e3a3b690 admin admin] Successfully bumped revision number for resource 344a1fdd-5466-4ca8-819e-9981c7b0e951 (type: subnets) to 0
Jun 15 06:03:58.169571 np0000002816 devstack@neutron-api.service[87168]: DEBUG neutron.pecan_wsgi.hooks.policy_enforcement [None req-d8a65418-493e-4ec8-a2d7-e020e3a3b690 admin admin] Attributes excluded by policy engine: ['standard_attr_id', 'shared', 'network'] {{(pid=87168) _exclude_attributes_by_policy /opt/stack/neutron/neutron/pecan_wsgi/hooks/policy_enforcement.py:256}}
Jun 15 06:03:58.169872 np0000002816 devstack@neutron-api.service[87168]: DEBUG neutron_lib.callbacks.manager [None req-d8a65418-493e-4ec8-a2d7-e020e3a3b690 admin admin] Publish callbacks [] for subnet (None), before_response {{(pid=87168) _notify_loop /opt/stack/data/venv/lib/python3.12/site-packages/neutron_lib/callbacks/manager.py:184}}
Jun 15 06:03:58.177470 np0000002816 devstack@neutron-api.service[87168]: [pid: 87168|app: 0|req: 10/21] 10.4.3.145 () {68 vars in 1324 bytes} [Mon Jun 15 06:03:58 2026] POST /networking/v2.0/subnets => generated 640 bytes in 142 msecs (HTTP/1.1 201) 4 headers in 162 bytes (1 switches on core 0)
Jun 15 06:03:58.246780 np0000002816 devstack@neutron-api.service[87168]: DEBUG neutron.plugins.ml2.plugin [None req-3ded96fb-4295-4b2d-aa9c-99db7b32374f None None] Current status of the port cdbabb8d-de52-4b06-aca7-43678e39a300 is: ACTIVE; New status is: ACTIVE {{(pid=87168) _update_individual_port_db_status /opt/stack/neutron/neutron/plugins/ml2/plugin.py:2470}}
Jun 15 06:03:58.442216 np0000002816 devstack@neutron-api.service[87167]: DEBUG neutron.api.wsgi [None req-abb3e523-f837-49a2-a8e2-4cb34c807cf2 admin admin] Missing Content-Type {{(pid=87167) get_content_type /opt/stack/neutron/neutron/api/wsgi.py:80}}
Jun 15 06:03:58.487715 np0000002816 devstack@neutron-api.service[87167]: [pid: 87167|app: 0|req: 12/22] 10.4.3.145 () {64 vars in 1381 bytes} [Mon Jun 15 06:03:58 2026] GET /networking/v2.0/routers/b4d95650-d3e8-43da-93c1-8224050135c7 => generated 599 bytes in 48 msecs (HTTP/1.1 200) 4 headers in 157 bytes (1 switches on core 0)
Jun 15 06:03:58.526632 np0000002816 devstack@neutron-api.service[87168]: DEBUG neutron.pecan_wsgi.hooks.policy_enforcement [None req-09df5d47-0d39-4dcc-8ff4-1a9ac4613e01 admin admin] Attributes excluded by policy engine: ['standard_attr_id'] {{(pid=87168) _exclude_attributes_by_policy /opt/stack/neutron/neutron/pecan_wsgi/hooks/policy_enforcement.py:256}}
Jun 15 06:03:58.527542 np0000002816 devstack@neutron-api.service[87168]: [pid: 87168|app: 0|req: 11/23] 10.4.3.145 () {64 vars in 1384 bytes} [Mon Jun 15 06:03:58 2026] GET /networking/v2.0/networks/546483fb-bc15-4079-be06-560aabcdd2d5 => generated 717 bytes in 32 msecs (HTTP/1.1 200) 4 headers in 157 bytes (1 switches on core 0)
Jun 15 06:03:58.536211 np0000002816 devstack@neutron-api.service[87167]: DEBUG neutron.api.wsgi [None req-7ccf8e7c-02a2-406c-9708-97c10cc02b74 admin admin] Missing Content-Type {{(pid=87167) get_content_type /opt/stack/neutron/neutron/api/wsgi.py:80}}
Jun 15 06:03:58.536670 np0000002816 devstack@neutron-api.service[87167]: DEBUG neutron.api.wsgi [None req-7ccf8e7c-02a2-406c-9708-97c10cc02b74 admin admin] https://10.4.3.145/networking/v2.0/extensions/external-gateway-multihoming returned with HTTP 200 {{(pid=87167) __call__ /opt/stack/neutron/neutron/api/wsgi.py:540}}
Jun 15 06:03:58.536735 np0000002816 devstack@neutron-api.service[87167]: [pid: 87167|app: 0|req: 13/24] 10.4.3.145 () {64 vars in 1366 bytes} [Mon Jun 15 06:03:58 2026] GET /networking/v2.0/extensions/external-gateway-multihoming => generated 227 bytes in 2 msecs (HTTP/1.1 200) 4 headers in 157 bytes (1 switches on core 0)
Jun 15 06:03:58.728903 np0000002816 devstack@neutron-api.service[87168]: DEBUG neutron_lib.callbacks.manager [None req-1adef7d6-e83f-4c1f-b4e4-6156cd2ebf39 admin admin] Publish callbacks [] for router_gateway (b4d95650-d3e8-43da-93c1-8224050135c7), precommit_update {{(pid=87168) _notify_loop /opt/stack/data/venv/lib/python3.12/site-packages/neutron_lib/callbacks/manager.py:184}}
Jun 15 06:03:58.793929 np0000002816 devstack@neutron-api.service[87168]: DEBUG neutron_lib.callbacks.manager [None req-1adef7d6-e83f-4c1f-b4e4-6156cd2ebf39 admin admin] Publish callbacks [] for router_gateway (b4d95650-d3e8-43da-93c1-8224050135c7), before_create {{(pid=87168) _notify_loop /opt/stack/data/venv/lib/python3.12/site-packages/neutron_lib/callbacks/manager.py:184}}
Jun 15 06:03:58.811966 np0000002816 devstack@neutron-api.service[87168]: DEBUG neutron_lib.callbacks.manager [None req-1adef7d6-e83f-4c1f-b4e4-6156cd2ebf39 admin admin] Publish callbacks ['neutron.plugins.ml2.plugin.SecurityGroupDbMixin._ensure_default_security_group_handler-1017728'] for port (None), before_create {{(pid=87168) _notify_loop /opt/stack/data/venv/lib/python3.12/site-packages/neutron_lib/callbacks/manager.py:184}}
Jun 15 06:03:58.854073 np0000002816 devstack@neutron-api.service[87168]: DEBUG neutron.db.db_base_plugin_common [None req-1adef7d6-e83f-4c1f-b4e4-6156cd2ebf39 admin admin] Allocated IP 172.24.5.220 (546483fb-bc15-4079-be06-560aabcdd2d5/344a1fdd-5466-4ca8-819e-9981c7b0e951/2d26d298-6af1-481d-84ab-7439c99b1ba5) {{(pid=87168) _store_ip_allocation /opt/stack/neutron/neutron/db/db_base_plugin_common.py:131}}
Jun 15 06:03:58.900183 np0000002816 devstack@neutron-api.service[87168]: DEBUG neutron_lib.callbacks.manager [None req-1adef7d6-e83f-4c1f-b4e4-6156cd2ebf39 admin admin] Publish callbacks ['neutron.plugins.ml2.drivers.ovn.mech_driver.mech_driver.OVNMechanismDriver._validate_allowed_address_pairs-361986'] for allowed_address_pair (2d26d298-6af1-481d-84ab-7439c99b1ba5), before_create {{(pid=87168) _notify_loop /opt/stack/data/venv/lib/python3.12/site-packages/neutron_lib/callbacks/manager.py:184}}
Jun 15 06:03:58.900711 np0000002816 devstack@neutron-api.service[87168]: DEBUG neutron_lib.callbacks.manager [None req-1adef7d6-e83f-4c1f-b4e4-6156cd2ebf39 admin admin] Publish callbacks [] for port (2d26d298-6af1-481d-84ab-7439c99b1ba5), precommit_create {{(pid=87168) _notify_loop /opt/stack/data/venv/lib/python3.12/site-packages/neutron_lib/callbacks/manager.py:184}}
Jun 15 06:03:58.900857 np0000002816 devstack@neutron-api.service[87168]: DEBUG neutron.plugins.ml2.drivers.ovn.mech_driver.mech_driver [None req-1adef7d6-e83f-4c1f-b4e4-6156cd2ebf39 admin admin] No provisioning block for port 2d26d298-6af1-481d-84ab-7439c99b1ba5 since it does not have a host {{(pid=87168) _is_port_provisioning_required /opt/stack/neutron/neutron/plugins/ml2/drivers/ovn/mech_driver/mech_driver.py:896}}
Jun 15 06:03:58.900964 np0000002816 devstack@neutron-api.service[87168]: DEBUG neutron.db.ovn_revision_numbers_db [None req-1adef7d6-e83f-4c1f-b4e4-6156cd2ebf39 admin admin] create_initial_revision uuid=2d26d298-6af1-481d-84ab-7439c99b1ba5, type=ports, rev=-1 {{(pid=87168) create_initial_revision /opt/stack/neutron/neutron/db/ovn_revision_numbers_db.py:98}}
Jun 15 06:03:58.946906 np0000002816 devstack@neutron-api.service[87168]: DEBUG neutron.db.ovn_revision_numbers_db [None req-1adef7d6-e83f-4c1f-b4e4-6156cd2ebf39 admin admin] create_initial_revision uuid=2d26d298-6af1-481d-84ab-7439c99b1ba5, type=router_ports, rev=-1 {{(pid=87168) create_initial_revision /opt/stack/neutron/neutron/db/ovn_revision_numbers_db.py:98}}
Jun 15 06:03:58.968902 np0000002816 devstack@neutron-api.service[87168]: DEBUG neutron_lib.callbacks.manager [None req-1adef7d6-e83f-4c1f-b4e4-6156cd2ebf39 admin admin] Publish callbacks ['neutron.plugins.ml2.ovo_rpc._ObjectChangeHandler.handle_event-2689228'] for port (2d26d298-6af1-481d-84ab-7439c99b1ba5), after_create {{(pid=87168) _notify_loop /opt/stack/data/venv/lib/python3.12/site-packages/neutron_lib/callbacks/manager.py:184}}
Jun 15 06:03:58.993316 np0000002816 devstack@neutron-api.service[87168]: DEBUG neutron.api.rpc.handlers.resources_rpc [None req-1adef7d6-e83f-4c1f-b4e4-6156cd2ebf39 admin admin] Pushing event updated for resources: {'Port': ['ID=2d26d298-6af1-481d-84ab-7439c99b1ba5,revision_number=1']} {{(pid=87168) push /opt/stack/neutron/neutron/api/rpc/handlers/resources_rpc.py:237}}
Jun 15 06:03:59.016076 np0000002816 devstack@neutron-api.service[87168]: DEBUG neutron.plugins.ml2.drivers.ovn.mech_driver.ovsdb.commands [None req-1adef7d6-e83f-4c1f-b4e4-6156cd2ebf39 admin admin] Converting tag [] to a tag_request {{(pid=87168) _tag_column_to_tag_request /opt/stack/neutron/neutron/plugins/ml2/drivers/ovn/mech_driver/ovsdb/commands.py:205}}
Jun 15 06:03:59.016622 np0000002816 devstack@neutron-api.service[87168]: DEBUG ovsdbapp.backend.ovs_idl.transaction [None req-2c4e7a2a-fd80-4808-9d12-7816b9f5e547 None None] Running txn n=1 command(idx=0): AddLSwitchPortCommand(_result=None, lport=2d26d298-6af1-481d-84ab-7439c99b1ba5, lswitch=neutron-546483fb-bc15-4079-be06-560aabcdd2d5, may_exist=True, network_uuid=546483fb-bc15-4079-be06-560aabcdd2d5, columns={'addresses': ['unknown'], 'external_ids': {'neutron:port_name': '', 'neutron:device_id': 'b4d95650-d3e8-43da-93c1-8224050135c7', 'neutron:project_id': '', 'neutron:cidrs': '172.24.5.220/24', 'neutron:device_owner': 'network:router_gateway', 'neutron:subnet_pool_addr_scope4': '', 'neutron:subnet_pool_addr_scope6': '', 'neutron:network_name': 'neutron-546483fb-bc15-4079-be06-560aabcdd2d5', 'neutron:security_group_ids': '', 'neutron:revision_number': '1', 'neutron:vnic_type': 'normal', 'neutron:port_capabilities': '', 'neutron:mtu': ''}, 'parent_name': [], 'enabled': True, 'options': {}, 'type': '', 'port_security': [], 'dhcpv4_options': [], 'dhcpv6_options': [], 'tag_request': []}) {{(pid=87168) do_commit /opt/stack/data/venv/lib/python3.12/site-packages/ovsdbapp/backend/ovs_idl/transaction.py:89}}
Jun 15 06:03:59.017039 np0000002816 devstack@neutron-api.service[87168]: DEBUG ovsdbapp.backend.ovs_idl.transaction [None req-2c4e7a2a-fd80-4808-9d12-7816b9f5e547 None None] Running txn n=1 command(idx=1): QoSDelCommand(_result=None, switch=neutron-546483fb-bc15-4079-be06-560aabcdd2d5, conditions=[('direction', '=', 'to-lport'), ('priority', '=', 2002), ('match', '=', 'outport == "2d26d298-6af1-481d-84ab-7439c99b1ba5"')], if_exists=True) {{(pid=87168) do_commit /opt/stack/data/venv/lib/python3.12/site-packages/ovsdbapp/backend/ovs_idl/transaction.py:89}}
Jun 15 06:03:59.017193 np0000002816 devstack@neutron-api.service[87168]: DEBUG ovsdbapp.backend.ovs_idl.transaction [None req-2c4e7a2a-fd80-4808-9d12-7816b9f5e547 None None] Running txn n=1 command(idx=2): QoSDelCommand(_result=None, switch=neutron-546483fb-bc15-4079-be06-560aabcdd2d5, conditions=[('direction', '=', 'from-lport'), ('priority', '=', 2002), ('match', '=', 'inport == "2d26d298-6af1-481d-84ab-7439c99b1ba5"')], if_exists=True) {{(pid=87168) do_commit /opt/stack/data/venv/lib/python3.12/site-packages/ovsdbapp/backend/ovs_idl/transaction.py:89}}
Jun 15 06:03:59.017343 np0000002816 devstack@neutron-api.service[87168]: DEBUG ovsdbapp.backend.ovs_idl.transaction [None req-2c4e7a2a-fd80-4808-9d12-7816b9f5e547 None None] Running txn n=1 command(idx=3): UpdateLSwitchPortQosOptionsCommand(_result=None, lport=AddLSwitchPortCommand(_result=22011564-da7f-4e77-af81-e1e804466f47, lport=2d26d298-6af1-481d-84ab-7439c99b1ba5, lswitch=neutron-546483fb-bc15-4079-be06-560aabcdd2d5, may_exist=True, network_uuid=546483fb-bc15-4079-be06-560aabcdd2d5, columns={'addresses': ['unknown'], 'external_ids': {'neutron:port_name': '', 'neutron:device_id': 'b4d95650-d3e8-43da-93c1-8224050135c7', 'neutron:project_id': '', 'neutron:cidrs': '172.24.5.220/24', 'neutron:device_owner': 'network:router_gateway', 'neutron:subnet_pool_addr_scope4': '', 'neutron:subnet_pool_addr_scope6': '', 'neutron:network_name': 'neutron-546483fb-bc15-4079-be06-560aabcdd2d5', 'neutron:security_group_ids': '', 'neutron:revision_number': '1', 'neutron:vnic_type': 'normal', 'neutron:port_capabilities': '', 'neutron:mtu': ''}, 'parent_name': [], 'enabled': True, 'options': {}, 'type': '', 'port_security': [], 'tag_request': []}), if_exists=True, qos={'qos_max_rate': None, 'qos_burst': None, 'qos_min_rate': None}) {{(pid=87168) do_commit /opt/stack/data/venv/lib/python3.12/site-packages/ovsdbapp/backend/ovs_idl/transaction.py:89}}
Jun 15 06:03:59.020143 np0000002816 devstack@neutron-api.service[87168]: DEBUG neutron.plugins.ml2.drivers.ovn.mech_driver.ovsdb.ovsdb_monitor [None req-2c4e7a2a-fd80-4808-9d12-7816b9f5e547 None None] Hash Ring: Node ebcaac6bd2bf51e68a15d7514c9c5579 (host: np0000002816) handling event "update" for row 546483fb-bc15-4079-be06-560aabcdd2d5 (table: Logical_Switch) {{(pid=87168) notify /opt/stack/neutron/neutron/plugins/ml2/drivers/ovn/mech_driver/ovsdb/ovsdb_monitor.py:1015}}
Jun 15 06:03:59.022049 np0000002816 devstack@neutron-api.service[87167]: DEBUG neutron.plugins.ml2.drivers.ovn.mech_driver.ovsdb.ovsdb_monitor [None req-3cea972b-9d52-4713-8641-43d9a1954983 None None] Touching Hash Ring node "a8738d34dc6750b8931a663a8a293992" from IDL notify handler {{(pid=87167) notify /opt/stack/neutron/neutron/plugins/ml2/drivers/ovn/mech_driver/ovsdb/ovsdb_monitor.py:1007}}
Jun 15 06:03:59.025210 np0000002816 devstack@neutron-api.service[87168]: DEBUG neutron.plugins.ml2.drivers.ovn.mech_driver.ovsdb.ovsdb_monitor [-] Hash Ring: Node ebcaac6bd2bf51e68a15d7514c9c5579 (host: np0000002816) handling event "create" for row dc5f16d3-d7c2-4d23-8804-05171ede0d3e (table: Port_Binding) {{(pid=87168) notify /opt/stack/neutron/neutron/plugins/ml2/drivers/ovn/mech_driver/ovsdb/ovsdb_monitor.py:1015}}
Jun 15 06:03:59.026922 np0000002816 devstack@neutron-api.service[87167]: DEBUG neutron.plugins.ml2.drivers.ovn.mech_driver.ovsdb.ovsdb_monitor [None req-844ed7b9-a5f0-415e-9b1b-7aaccf3c7512 None None] Touching Hash Ring node "a8738d34dc6750b8931a663a8a293992" from IDL notify handler {{(pid=87167) notify /opt/stack/neutron/neutron/plugins/ml2/drivers/ovn/mech_driver/ovsdb/ovsdb_monitor.py:1007}}
Jun 15 06:03:59.029555 np0000002816 devstack@neutron-api.service[87167]: DEBUG neutron.plugins.ml2.drivers.ovn.mech_driver.ovsdb.ovsdb_monitor [None req-3cea972b-9d52-4713-8641-43d9a1954983 None None] Hash Ring: Node a8738d34dc6750b8931a663a8a293992 (host: np0000002816) handling event "update" for row 546483fb-bc15-4079-be06-560aabcdd2d5 (table: Logical_Switch) {{(pid=87167) notify /opt/stack/neutron/neutron/plugins/ml2/drivers/ovn/mech_driver/ovsdb/ovsdb_monitor.py:1015}}
Jun 15 06:03:59.030427 np0000002816 devstack@neutron-api.service[87167]: DEBUG neutron.plugins.ml2.drivers.ovn.mech_driver.ovsdb.ovsdb_monitor [None req-844ed7b9-a5f0-415e-9b1b-7aaccf3c7512 None None] Hash Ring: Node a8738d34dc6750b8931a663a8a293992 (host: np0000002816) handling event "create" for row dc5f16d3-d7c2-4d23-8804-05171ede0d3e (table: Port_Binding) {{(pid=87167) notify /opt/stack/neutron/neutron/plugins/ml2/drivers/ovn/mech_driver/ovsdb/ovsdb_monitor.py:1015}}
Jun 15 06:03:59.031415 np0000002816 devstack@neutron-api.service[87167]: DEBUG neutron.plugins.ml2.drivers.ovn.mech_driver.ovsdb.ovsdb_monitor [None req-3cea972b-9d52-4713-8641-43d9a1954983 None None] Touching Hash Ring node "a8738d34dc6750b8931a663a8a293992" from IDL notify handler {{(pid=87167) notify /opt/stack/neutron/neutron/plugins/ml2/drivers/ovn/mech_driver/ovsdb/ovsdb_monitor.py:1007}}
Jun 15 06:03:59.034033 np0000002816 devstack@neutron-api.service[87167]: DEBUG neutron.plugins.ml2.drivers.ovn.mech_driver.ovsdb.ovsdb_monitor [None req-3cea972b-9d52-4713-8641-43d9a1954983 None None] Hash Ring: Node a8738d34dc6750b8931a663a8a293992 (host: np0000002816) handling event "create" for row e85326c1-0cf4-4b2f-ad44-2494ab836900 (table: Logical_Switch_Port) {{(pid=87167) notify /opt/stack/neutron/neutron/plugins/ml2/drivers/ovn/mech_driver/ovsdb/ovsdb_monitor.py:1015}}
Jun 15 06:03:59.035223 np0000002816 devstack@neutron-api.service[87167]: DEBUG ovsdbapp.backend.ovs_idl.event [None req-3cea972b-9d52-4713-8641-43d9a1954983 None None] Matched CREATE: LogicalSwitchPortCreateEvent(events=('create',), table='Logical_Switch_Port', conditions=[], old_conditions=None), priority=20 to row=Logical_Switch_Port(uuid=e85326c1-0cf4-4b2f-ad44-2494ab836900, addresses=['unknown'], dhcpv4_options=[], dhcpv6_options=[], dynamic_addresses=[], enabled=True, external_ids={'neutron:cidrs': '172.24.5.220/24', 'neutron:device_id': 'b4d95650-d3e8-43da-93c1-8224050135c7', 'neutron:device_owner': 'network:router_gateway', 'neutron:mtu': '', 'neutron:network_name': 'neutron-546483fb-bc15-4079-be06-560aabcdd2d5', 'neutron:port_capabilities': '', 'neutron:port_name': '', 'neutron:project_id': '', 'neutron:revision_number': '1', 'neutron:security_group_ids': '', 'neutron:subnet_pool_addr_scope4': '', 'neutron:subnet_pool_addr_scope6': '', 'neutron:vnic_type': 'normal'}, ha_chassis_group=[], mirror_rules=[], name='2d26d298-6af1-481d-84ab-7439c99b1ba5', options={}, parent_name=[], port_security=[], tag=[], tag_request=[], type='', up=[]) old= {{(pid=87167) matches /opt/stack/data/venv/lib/python3.12/site-packages/ovsdbapp/backend/ovs_idl/event.py:55}}
Jun 15 06:03:59.036982 np0000002816 devstack@neutron-api.service[87167]: DEBUG neutron.plugins.ml2.drivers.ovn.mech_driver.ovsdb.ovsdb_monitor [None req-3cea972b-9d52-4713-8641-43d9a1954983 None None] Touching Hash Ring node "a8738d34dc6750b8931a663a8a293992" from IDL notify handler {{(pid=87167) notify /opt/stack/neutron/neutron/plugins/ml2/drivers/ovn/mech_driver/ovsdb/ovsdb_monitor.py:1007}}
Jun 15 06:03:59.039473 np0000002816 devstack@neutron-api.service[87167]: DEBUG neutron.plugins.ml2.drivers.ovn.mech_driver.ovsdb.ovsdb_monitor [None req-3cea972b-9d52-4713-8641-43d9a1954983 None None] Hash Ring: Node a8738d34dc6750b8931a663a8a293992 (host: np0000002816) handling event "update" for row e85326c1-0cf4-4b2f-ad44-2494ab836900 (table: Logical_Switch_Port) {{(pid=87167) notify /opt/stack/neutron/neutron/plugins/ml2/drivers/ovn/mech_driver/ovsdb/ovsdb_monitor.py:1015}}
Jun 15 06:03:59.047667 np0000002816 devstack@neutron-api.service[87168]: INFO neutron.db.ovn_revision_numbers_db [None req-1adef7d6-e83f-4c1f-b4e4-6156cd2ebf39 admin admin] Successfully bumped revision number for resource 2d26d298-6af1-481d-84ab-7439c99b1ba5 (type: ports) to 1
Jun 15 06:03:59.161022 np0000002816 devstack@neutron-api.service[87168]: DEBUG neutron_lib.callbacks.manager [None req-1adef7d6-e83f-4c1f-b4e4-6156cd2ebf39 admin admin] Publish callbacks [] for router_gateway (b4d95650-d3e8-43da-93c1-8224050135c7), after_create {{(pid=87168) _notify_loop /opt/stack/data/venv/lib/python3.12/site-packages/neutron_lib/callbacks/manager.py:184}}
Jun 15 06:03:59.338999 np0000002816 devstack@neutron-api.service[87168]: DEBUG neutron_lib.callbacks.manager [None req-1adef7d6-e83f-4c1f-b4e4-6156cd2ebf39 admin admin] Publish callbacks ['neutron.services.ovn_l3.plugin.ExtraGatewaysDbOnlyMixin._process_bfd_ecmp_update-3837', 'neutron.services.ovn_l3.service_providers.driver_controller.DriverController._update_router_provider-245158'] for router (b4d95650-d3e8-43da-93c1-8224050135c7), precommit_update {{(pid=87168) _notify_loop /opt/stack/data/venv/lib/python3.12/site-packages/neutron_lib/callbacks/manager.py:184}}
Jun 15 06:03:59.341455 np0000002816 devstack@neutron-api.service[87168]: DEBUG neutron_lib.callbacks.manager [None req-1adef7d6-e83f-4c1f-b4e4-6156cd2ebf39 admin admin] Publish callbacks ['neutron.services.ovn_l3.service_providers.ovn.OvnDriver._process_router_update-13730'] for router (b4d95650-d3e8-43da-93c1-8224050135c7), after_update {{(pid=87168) _notify_loop /opt/stack/data/venv/lib/python3.12/site-packages/neutron_lib/callbacks/manager.py:184}}
Jun 15 06:03:59.353044 np0000002816 devstack@neutron-api.service[87167]: DEBUG futurist.periodics [-] Submitting periodic callback 'neutron.plugins.ml2.drivers.ovn.mech_driver.ovsdb.maintenance.HashRingHealthCheckPeriodics.touch_hash_ring_node' {{(pid=87167) _process_scheduled /opt/stack/data/venv/lib/python3.12/site-packages/futurist/periodics.py:784}}
Jun 15 06:03:59.353811 np0000002816 devstack@neutron-api.service[87167]: DEBUG neutron.plugins.ml2.drivers.ovn.mech_driver.ovsdb.maintenance [-] Touching Hash Ring node "a8738d34dc6750b8931a663a8a293992" from periodic health check thread {{(pid=87167) touch_hash_ring_node /opt/stack/neutron/neutron/plugins/ml2/drivers/ovn/mech_driver/ovsdb/maintenance.py:1418}}
Jun 15 06:03:59.711941 np0000002816 devstack@neutron-api.service[87168]: DEBUG ovsdbapp.backend.ovs_idl.transaction [None req-2c4e7a2a-fd80-4808-9d12-7816b9f5e547 None None] Running txn n=1 command(idx=0): CheckRevisionNumberCommand(_result=None, name=neutron-b4d95650-d3e8-43da-93c1-8224050135c7, resource={'id': 'b4d95650-d3e8-43da-93c1-8224050135c7', 'name': 'router1', 'project_id': 'f3c880f4c6494f239df9323647da692e', 'admin_state_up': True, 'status': 'ACTIVE', 'enable_snat': True, 'external_gateway_info': {'network_id': '546483fb-bc15-4079-be06-560aabcdd2d5', 'external_fixed_ips': [{'subnet_id': '344a1fdd-5466-4ca8-819e-9981c7b0e951', 'ip_address': '172.24.5.220'}], 'enable_snat': True}, 'gw_port_id': '2d26d298-6af1-481d-84ab-7439c99b1ba5', 'description': '', 'availability_zones': [], 'distributed': False, 'ha': True, 'ha_vr_id': 0, 'availability_zone_hints': [], 'enable_default_route_ecmp': False, 'enable_default_route_bfd': False, 'external_gateways': [{'network_id': '546483fb-bc15-4079-be06-560aabcdd2d5', 'external_fixed_ips': [{'ip_address': '172.24.5.220', 'subnet_id': '344a1fdd-5466-4ca8-819e-9981c7b0e951'}]}], 'routes': [], 'flavor_id': None, 'tags': [], 'created_at': '2026-06-15T06:03:55Z', 'updated_at': '2026-06-15T06:03:59Z', 'revision_number': 3, 'tenant_id': 'f3c880f4c6494f239df9323647da692e'}, resource_type=routers, if_exists=True) {{(pid=87168) do_commit /opt/stack/data/venv/lib/python3.12/site-packages/ovsdbapp/backend/ovs_idl/transaction.py:89}}
Jun 15 06:03:59.712143 np0000002816 devstack@neutron-api.service[87168]: DEBUG ovsdbapp.backend.ovs_idl.transaction [None req-2c4e7a2a-fd80-4808-9d12-7816b9f5e547 None None] Running txn n=1 command(idx=1): DeleteLRouterExtGwCommand(_result=None, lrouter=neutron-b4d95650-d3e8-43da-93c1-8224050135c7, if_exists=True, maintain_bfd=True) {{(pid=87168) do_commit /opt/stack/data/venv/lib/python3.12/site-packages/ovsdbapp/backend/ovs_idl/transaction.py:89}}
Jun 15 06:03:59.712419 np0000002816 devstack@neutron-api.service[87168]: DEBUG ovsdbapp.backend.ovs_idl.transaction [None req-2c4e7a2a-fd80-4808-9d12-7816b9f5e547 None None] Running txn n=1 command(idx=2): DeleteNATRuleInLRouterCommand(_result=None, lrouter=neutron-b4d95650-d3e8-43da-93c1-8224050135c7, type=snat, logical_ip=10.1.0.0/26, external_ip=172.24.5.220, if_exists=True) {{(pid=87168) do_commit /opt/stack/data/venv/lib/python3.12/site-packages/ovsdbapp/backend/ovs_idl/transaction.py:89}}
Jun 15 06:03:59.712610 np0000002816 devstack@neutron-api.service[87168]: DEBUG ovsdbapp.backend.ovs_idl.transaction [None req-2c4e7a2a-fd80-4808-9d12-7816b9f5e547 None None] Running txn n=1 command(idx=3): DelStaticRoutesCommand(_result=None, lrouter=neutron-b4d95650-d3e8-43da-93c1-8224050135c7, routes=[('0.0.0.0/0', '172.24.5.1')], if_exists=True) {{(pid=87168) do_commit /opt/stack/data/venv/lib/python3.12/site-packages/ovsdbapp/backend/ovs_idl/transaction.py:89}}
Jun 15 06:03:59.712778 np0000002816 devstack@neutron-api.service[87168]: DEBUG ovsdbapp.backend.ovs_idl.transaction [None req-2c4e7a2a-fd80-4808-9d12-7816b9f5e547 None None] Running txn n=1 command(idx=4): DelLRouterPortCommand(_result=None, name=lrp-2d26d298-6af1-481d-84ab-7439c99b1ba5, lrouter=neutron-b4d95650-d3e8-43da-93c1-8224050135c7, if_exists=True) {{(pid=87168) do_commit /opt/stack/data/venv/lib/python3.12/site-packages/ovsdbapp/backend/ovs_idl/transaction.py:89}}
Jun 15 06:03:59.712987 np0000002816 devstack@neutron-api.service[87168]: DEBUG ovsdbapp.backend.ovs_idl.transaction [None req-2c4e7a2a-fd80-4808-9d12-7816b9f5e547 None None] Running txn n=1 command(idx=5): AddLRouterPortCommand(_result=None, name=lrp-2d26d298-6af1-481d-84ab-7439c99b1ba5, lrouter=neutron-b4d95650-d3e8-43da-93c1-8224050135c7, may_exist=True, columns={'mac': 'fa:16:3e:dc:1d:cd', 'networks': ['172.24.5.220/24'], 'external_ids': {'neutron:revision_number': '1', 'neutron:subnet_ids': '344a1fdd-5466-4ca8-819e-9981c7b0e951', 'neutron:network_name': 'neutron-546483fb-bc15-4079-be06-560aabcdd2d5', 'neutron:is_ext_gw': 'True', 'neutron:router_name': 'neutron-b4d95650-d3e8-43da-93c1-8224050135c7'}, 'options': {'reside-on-redirect-chassis': 'true', 'gateway_mtu': '1372'}}) {{(pid=87168) do_commit /opt/stack/data/venv/lib/python3.12/site-packages/ovsdbapp/backend/ovs_idl/transaction.py:89}}
Jun 15 06:03:59.713311 np0000002816 devstack@neutron-api.service[87168]: DEBUG ovsdbapp.backend.ovs_idl.transaction [None req-2c4e7a2a-fd80-4808-9d12-7816b9f5e547 None None] Running txn n=1 command(idx=6): ScheduleNewGatewayCommand(_result=None, g_name=lrp-2d26d298-6af1-481d-84ab-7439c99b1ba5, sb_api=, lrouter_name=neutron-b4d95650-d3e8-43da-93c1-8224050135c7, ovn_client=, scheduler=, physnet=public, az_hints=[]) {{(pid=87168) do_commit /opt/stack/data/venv/lib/python3.12/site-packages/ovsdbapp/backend/ovs_idl/transaction.py:89}}
Jun 15 06:03:59.713796 np0000002816 devstack@neutron-api.service[87168]: DEBUG neutron.plugins.ml2.drivers.ovn.mech_driver.ovsdb.ovn_client [None req-2c4e7a2a-fd80-4808-9d12-7816b9f5e547 None None] Chassis candidates for scheduling gateway router ports for "public" physical network: ['2e15cb46-5355-417e-bda8-c3d73d585b0d'] {{(pid=87168) get_candidates_for_scheduling /opt/stack/neutron/neutron/plugins/ml2/drivers/ovn/mech_driver/ovsdb/ovn_client.py:1750}}
Jun 15 06:03:59.714223 np0000002816 devstack@neutron-api.service[87168]: DEBUG neutron.scheduler.l3_ovn_scheduler [None req-2c4e7a2a-fd80-4808-9d12-7816b9f5e547 None None] Gateway lrp-2d26d298-6af1-481d-84ab-7439c99b1ba5 scheduled on chassis ['2e15cb46-5355-417e-bda8-c3d73d585b0d'] {{(pid=87168) _schedule_gateway /opt/stack/neutron/neutron/scheduler/l3_ovn_scheduler.py:88}}
Jun 15 06:03:59.714531 np0000002816 devstack@neutron-api.service[87168]: DEBUG ovsdbapp.backend.ovs_idl.transaction [None req-2c4e7a2a-fd80-4808-9d12-7816b9f5e547 None None] Running txn n=1 command(idx=7): SetLRouterPortInLSwitchPortCommand(_result=None, lswitch_port=2d26d298-6af1-481d-84ab-7439c99b1ba5, lrouter_port=lrp-2d26d298-6af1-481d-84ab-7439c99b1ba5, is_gw_port=True, if_exists=True, lsp_address=router) {{(pid=87168) do_commit /opt/stack/data/venv/lib/python3.12/site-packages/ovsdbapp/backend/ovs_idl/transaction.py:89}}
Jun 15 06:03:59.714737 np0000002816 devstack@neutron-api.service[87168]: DEBUG ovsdbapp.backend.ovs_idl.transaction [None req-2c4e7a2a-fd80-4808-9d12-7816b9f5e547 None None] Running txn n=1 command(idx=8): AddStaticRouteCommand(_result=None, lrouter=neutron-b4d95650-d3e8-43da-93c1-8224050135c7, maintain_bfd=False, columns={'ip_prefix': '0.0.0.0/0', 'nexthop': '172.24.5.1', 'external_ids': {'neutron:is_ext_gw': 'true', 'neutron:subnet_id': '344a1fdd-5466-4ca8-819e-9981c7b0e951', 'neutron:is_static_route': 'true'}}) {{(pid=87168) do_commit /opt/stack/data/venv/lib/python3.12/site-packages/ovsdbapp/backend/ovs_idl/transaction.py:89}}
Jun 15 06:03:59.714947 np0000002816 devstack@neutron-api.service[87168]: DEBUG ovsdbapp.backend.ovs_idl.transaction [None req-2c4e7a2a-fd80-4808-9d12-7816b9f5e547 None None] Running txn n=1 command(idx=9): AddNATRuleInLRouterCommand(_result=None, lrouter=neutron-b4d95650-d3e8-43da-93c1-8224050135c7, nat_uuid=None, columns={'type': 'snat', 'logical_ip': '10.1.0.0/26', 'external_ip': '172.24.5.220'}) {{(pid=87168) do_commit /opt/stack/data/venv/lib/python3.12/site-packages/ovsdbapp/backend/ovs_idl/transaction.py:89}}
Jun 15 06:03:59.715121 np0000002816 devstack@neutron-api.service[87168]: DEBUG ovsdbapp.backend.ovs_idl.transaction [None req-2c4e7a2a-fd80-4808-9d12-7816b9f5e547 None None] Running txn n=1 command(idx=10): UpdateLRouterCommand(_result=None, name=neutron-b4d95650-d3e8-43da-93c1-8224050135c7, columns={'external_ids': {'neutron:router_name': 'router1', 'neutron:revision_number': '3', 'neutron:availability_zone_hints': ''}, 'enabled': True}, if_exists=True) {{(pid=87168) do_commit /opt/stack/data/venv/lib/python3.12/site-packages/ovsdbapp/backend/ovs_idl/transaction.py:89}}
Jun 15 06:03:59.715286 np0000002816 devstack@neutron-api.service[87168]: DEBUG ovsdbapp.backend.ovs_idl.transaction [None req-2c4e7a2a-fd80-4808-9d12-7816b9f5e547 None None] Running txn n=1 command(idx=11): QoSDelCommand(_result=None, switch=neutron-546483fb-bc15-4079-be06-560aabcdd2d5, conditions=[('direction', '=', 'from-lport'), ('priority', '=', 2002), ('match', '=', 'inport == "2d26d298-6af1-481d-84ab-7439c99b1ba5"')], if_exists=True) {{(pid=87168) do_commit /opt/stack/data/venv/lib/python3.12/site-packages/ovsdbapp/backend/ovs_idl/transaction.py:89}}
Jun 15 06:03:59.715424 np0000002816 devstack@neutron-api.service[87168]: DEBUG ovsdbapp.backend.ovs_idl.transaction [None req-2c4e7a2a-fd80-4808-9d12-7816b9f5e547 None None] Running txn n=1 command(idx=12): QoSDelCommand(_result=None, switch=neutron-546483fb-bc15-4079-be06-560aabcdd2d5, conditions=[('direction', '=', 'to-lport'), ('priority', '=', 2002), ('match', '=', 'outport == "2d26d298-6af1-481d-84ab-7439c99b1ba5"')], if_exists=True) {{(pid=87168) do_commit /opt/stack/data/venv/lib/python3.12/site-packages/ovsdbapp/backend/ovs_idl/transaction.py:89}}
Jun 15 06:03:59.719352 np0000002816 devstack@neutron-api.service[87168]: DEBUG neutron.plugins.ml2.drivers.ovn.mech_driver.ovsdb.ovsdb_monitor [None req-2c4e7a2a-fd80-4808-9d12-7816b9f5e547 None None] Hash Ring: Node ebcaac6bd2bf51e68a15d7514c9c5579 (host: np0000002816) handling event "create" for row 110a2d44-c533-4573-bc23-46db57adee49 (table: HA_Chassis) {{(pid=87168) notify /opt/stack/neutron/neutron/plugins/ml2/drivers/ovn/mech_driver/ovsdb/ovsdb_monitor.py:1015}}
Jun 15 06:03:59.719516 np0000002816 devstack@neutron-api.service[87168]: DEBUG neutron.plugins.ml2.drivers.ovn.mech_driver.ovsdb.ovsdb_monitor [None req-2c4e7a2a-fd80-4808-9d12-7816b9f5e547 None None] Hash Ring: Node ebcaac6bd2bf51e68a15d7514c9c5579 (host: np0000002816) handling event "create" for row 42fff7df-406f-4e68-a2c1-0590d5026391 (table: HA_Chassis_Group) {{(pid=87168) notify /opt/stack/neutron/neutron/plugins/ml2/drivers/ovn/mech_driver/ovsdb/ovsdb_monitor.py:1015}}
Jun 15 06:03:59.719666 np0000002816 devstack@neutron-api.service[87168]: DEBUG neutron.plugins.ml2.drivers.ovn.mech_driver.ovsdb.ovsdb_monitor [None req-2c4e7a2a-fd80-4808-9d12-7816b9f5e547 None None] Hash Ring: Node ebcaac6bd2bf51e68a15d7514c9c5579 (host: np0000002816) handling event "update" for row 7f85a45a-8df6-4d01-946e-18c8bf997783 (table: Logical_Router) {{(pid=87168) notify /opt/stack/neutron/neutron/plugins/ml2/drivers/ovn/mech_driver/ovsdb/ovsdb_monitor.py:1015}}
Jun 15 06:03:59.719807 np0000002816 devstack@neutron-api.service[87168]: DEBUG neutron.plugins.ml2.drivers.ovn.mech_driver.ovsdb.ovsdb_monitor [None req-2c4e7a2a-fd80-4808-9d12-7816b9f5e547 None None] Hash Ring: Node ebcaac6bd2bf51e68a15d7514c9c5579 (host: np0000002816) handling event "create" for row 43dfcfd4-2863-4468-b1c5-16c696111c5c (table: Logical_Router_Port) {{(pid=87168) notify /opt/stack/neutron/neutron/plugins/ml2/drivers/ovn/mech_driver/ovsdb/ovsdb_monitor.py:1015}}
Jun 15 06:03:59.720566 np0000002816 devstack@neutron-api.service[87168]: DEBUG ovsdbapp.backend.ovs_idl.event [None req-2c4e7a2a-fd80-4808-9d12-7816b9f5e547 None None] Matched CREATE: LogicalRouterPortEvent(events=('create', 'delete'), table='Logical_Router_Port', conditions=None, old_conditions=None), priority=20 to row=Logical_Router_Port(uuid=43dfcfd4-2863-4468-b1c5-16c696111c5c, enabled=[], external_ids={'neutron:is_ext_gw': 'True', 'neutron:network_name': 'neutron-546483fb-bc15-4079-be06-560aabcdd2d5', 'neutron:revision_number': '1', 'neutron:router_name': 'neutron-b4d95650-d3e8-43da-93c1-8224050135c7', 'neutron:subnet_ids': '344a1fdd-5466-4ca8-819e-9981c7b0e951'}, gateway_chassis=[], ha_chassis_group=42fff7df-406f-4e68-a2c1-0590d5026391, ipv6_prefix=[], ipv6_ra_configs={}, mac='fa:16:3e:dc:1d:cd', name='lrp-2d26d298-6af1-481d-84ab-7439c99b1ba5', networks=['172.24.5.220/24'], options={'gateway_mtu': '1372', 'reside-on-redirect-chassis': 'true'}, peer=[], status={}) old= {{(pid=87168) matches /opt/stack/data/venv/lib/python3.12/site-packages/ovsdbapp/backend/ovs_idl/event.py:55}}
Jun 15 06:03:59.720796 np0000002816 devstack@neutron-api.service[87168]: DEBUG neutron.plugins.ml2.drivers.ovn.mech_driver.ovsdb.ovsdb_monitor [None req-2c4e7a2a-fd80-4808-9d12-7816b9f5e547 None None] Hash Ring: Node ebcaac6bd2bf51e68a15d7514c9c5579 (host: np0000002816) handling event "create" for row 9f40ee8f-5b7d-4156-a073-36814cb78cda (table: Logical_Router_Static_Route) {{(pid=87168) notify /opt/stack/neutron/neutron/plugins/ml2/drivers/ovn/mech_driver/ovsdb/ovsdb_monitor.py:1015}}
Jun 15 06:03:59.720875 np0000002816 devstack@neutron-api.service[87167]: DEBUG neutron.plugins.ml2.drivers.ovn.mech_driver.ovsdb.ovsdb_monitor [None req-3cea972b-9d52-4713-8641-43d9a1954983 None None] Touching Hash Ring node "a8738d34dc6750b8931a663a8a293992" from IDL notify handler {{(pid=87167) notify /opt/stack/neutron/neutron/plugins/ml2/drivers/ovn/mech_driver/ovsdb/ovsdb_monitor.py:1007}}
Jun 15 06:03:59.721102 np0000002816 devstack@neutron-api.service[87168]: DEBUG neutron.plugins.ml2.drivers.ovn.mech_driver.ovsdb.ovsdb_monitor [None req-2c4e7a2a-fd80-4808-9d12-7816b9f5e547 None None] Hash Ring: Node ebcaac6bd2bf51e68a15d7514c9c5579 (host: np0000002816) handling event "create" for row 18f38904-2595-459d-b5f7-1c0f99ff8269 (table: NAT) {{(pid=87168) notify /opt/stack/neutron/neutron/plugins/ml2/drivers/ovn/mech_driver/ovsdb/ovsdb_monitor.py:1015}}
Jun 15 06:03:59.725987 np0000002816 devstack@neutron-api.service[87167]: DEBUG neutron.plugins.ml2.drivers.ovn.mech_driver.ovsdb.ovsdb_monitor [None req-844ed7b9-a5f0-415e-9b1b-7aaccf3c7512 None None] Touching Hash Ring node "a8738d34dc6750b8931a663a8a293992" from IDL notify handler {{(pid=87167) notify /opt/stack/neutron/neutron/plugins/ml2/drivers/ovn/mech_driver/ovsdb/ovsdb_monitor.py:1007}}
Jun 15 06:03:59.732079 np0000002816 devstack@neutron-api.service[87167]: DEBUG neutron.plugins.ml2.drivers.ovn.mech_driver.ovsdb.ovsdb_monitor [None req-3cea972b-9d52-4713-8641-43d9a1954983 None None] Hash Ring: Node a8738d34dc6750b8931a663a8a293992 (host: np0000002816) handling event "create" for row 110a2d44-c533-4573-bc23-46db57adee49 (table: HA_Chassis) {{(pid=87167) notify /opt/stack/neutron/neutron/plugins/ml2/drivers/ovn/mech_driver/ovsdb/ovsdb_monitor.py:1015}}
Jun 15 06:03:59.733423 np0000002816 devstack@neutron-api.service[87167]: DEBUG neutron.plugins.ml2.drivers.ovn.mech_driver.ovsdb.ovsdb_monitor [None req-3cea972b-9d52-4713-8641-43d9a1954983 None None] Touching Hash Ring node "a8738d34dc6750b8931a663a8a293992" from IDL notify handler {{(pid=87167) notify /opt/stack/neutron/neutron/plugins/ml2/drivers/ovn/mech_driver/ovsdb/ovsdb_monitor.py:1007}}
Jun 15 06:03:59.734651 np0000002816 devstack@neutron-api.service[87167]: DEBUG neutron.plugins.ml2.drivers.ovn.mech_driver.ovsdb.ovsdb_monitor [None req-844ed7b9-a5f0-415e-9b1b-7aaccf3c7512 None None] Hash Ring: Node a8738d34dc6750b8931a663a8a293992 (host: np0000002816) handling event "create" for row 92e4fd97-2ba8-45c8-be94-1cbdf722424d (table: Port_Binding) {{(pid=87167) notify /opt/stack/neutron/neutron/plugins/ml2/drivers/ovn/mech_driver/ovsdb/ovsdb_monitor.py:1015}}
Jun 15 06:03:59.736968 np0000002816 devstack@neutron-api.service[87168]: DEBUG neutron.plugins.ml2.drivers.ovn.mech_driver.ovsdb.ovsdb_monitor [-] Hash Ring: Node ebcaac6bd2bf51e68a15d7514c9c5579 (host: np0000002816) handling event "update" for row dc5f16d3-d7c2-4d23-8804-05171ede0d3e (table: Port_Binding) {{(pid=87168) notify /opt/stack/neutron/neutron/plugins/ml2/drivers/ovn/mech_driver/ovsdb/ovsdb_monitor.py:1015}}
Jun 15 06:03:59.737247 np0000002816 devstack@neutron-api.service[87167]: DEBUG neutron.plugins.ml2.drivers.ovn.mech_driver.ovsdb.ovsdb_monitor [None req-844ed7b9-a5f0-415e-9b1b-7aaccf3c7512 None None] Touching Hash Ring node "a8738d34dc6750b8931a663a8a293992" from IDL notify handler {{(pid=87167) notify /opt/stack/neutron/neutron/plugins/ml2/drivers/ovn/mech_driver/ovsdb/ovsdb_monitor.py:1007}}
Jun 15 06:03:59.737363 np0000002816 devstack@neutron-api.service[87168]: DEBUG neutron.plugins.ml2.drivers.ovn.mech_driver.ovsdb.ovsdb_monitor [-] Hash Ring: Node ebcaac6bd2bf51e68a15d7514c9c5579 (host: np0000002816) handling event "create" for row fff5a06d-a022-4ec8-8b53-d0f65d4c0baf (table: Port_Binding) {{(pid=87168) notify /opt/stack/neutron/neutron/plugins/ml2/drivers/ovn/mech_driver/ovsdb/ovsdb_monitor.py:1015}}
Jun 15 06:03:59.738631 np0000002816 devstack@neutron-api.service[87167]: DEBUG neutron.plugins.ml2.drivers.ovn.mech_driver.ovsdb.ovsdb_monitor [None req-3cea972b-9d52-4713-8641-43d9a1954983 None None] Hash Ring: Node a8738d34dc6750b8931a663a8a293992 (host: np0000002816) handling event "create" for row 42fff7df-406f-4e68-a2c1-0590d5026391 (table: HA_Chassis_Group) {{(pid=87167) notify /opt/stack/neutron/neutron/plugins/ml2/drivers/ovn/mech_driver/ovsdb/ovsdb_monitor.py:1015}}
Jun 15 06:03:59.739721 np0000002816 devstack@neutron-api.service[87167]: DEBUG neutron.plugins.ml2.drivers.ovn.mech_driver.ovsdb.ovsdb_monitor [None req-3cea972b-9d52-4713-8641-43d9a1954983 None None] Touching Hash Ring node "a8738d34dc6750b8931a663a8a293992" from IDL notify handler {{(pid=87167) notify /opt/stack/neutron/neutron/plugins/ml2/drivers/ovn/mech_driver/ovsdb/ovsdb_monitor.py:1007}}
Jun 15 06:03:59.740277 np0000002816 devstack@neutron-api.service[87168]: DEBUG neutron.plugins.ml2.drivers.ovn.mech_driver.ovsdb.ovsdb_monitor [None req-2c4e7a2a-fd80-4808-9d12-7816b9f5e547 None None] Hash Ring: Node ebcaac6bd2bf51e68a15d7514c9c5579 (host: np0000002816) handling event "update" for row 43dfcfd4-2863-4468-b1c5-16c696111c5c (table: Logical_Router_Port) {{(pid=87168) notify /opt/stack/neutron/neutron/plugins/ml2/drivers/ovn/mech_driver/ovsdb/ovsdb_monitor.py:1015}}
Jun 15 06:03:59.742120 np0000002816 devstack@neutron-api.service[87167]: DEBUG neutron.plugins.ml2.drivers.ovn.mech_driver.ovsdb.ovsdb_monitor [None req-844ed7b9-a5f0-415e-9b1b-7aaccf3c7512 None None] Hash Ring: Node a8738d34dc6750b8931a663a8a293992 (host: np0000002816) handling event "update" for row dc5f16d3-d7c2-4d23-8804-05171ede0d3e (table: Port_Binding) {{(pid=87167) notify /opt/stack/neutron/neutron/plugins/ml2/drivers/ovn/mech_driver/ovsdb/ovsdb_monitor.py:1015}}
Jun 15 06:03:59.743507 np0000002816 devstack@neutron-api.service[87167]: DEBUG neutron.plugins.ml2.drivers.ovn.mech_driver.ovsdb.ovsdb_monitor [None req-844ed7b9-a5f0-415e-9b1b-7aaccf3c7512 None None] Touching Hash Ring node "a8738d34dc6750b8931a663a8a293992" from IDL notify handler {{(pid=87167) notify /opt/stack/neutron/neutron/plugins/ml2/drivers/ovn/mech_driver/ovsdb/ovsdb_monitor.py:1007}}
Jun 15 06:03:59.744899 np0000002816 devstack@neutron-api.service[87167]: DEBUG neutron.plugins.ml2.drivers.ovn.mech_driver.ovsdb.ovsdb_monitor [None req-3cea972b-9d52-4713-8641-43d9a1954983 None None] Hash Ring: Node a8738d34dc6750b8931a663a8a293992 (host: np0000002816) handling event "update" for row 7f85a45a-8df6-4d01-946e-18c8bf997783 (table: Logical_Router) {{(pid=87167) notify /opt/stack/neutron/neutron/plugins/ml2/drivers/ovn/mech_driver/ovsdb/ovsdb_monitor.py:1015}}
Jun 15 06:03:59.745994 np0000002816 devstack@neutron-api.service[87167]: DEBUG neutron.plugins.ml2.drivers.ovn.mech_driver.ovsdb.ovsdb_monitor [None req-3cea972b-9d52-4713-8641-43d9a1954983 None None] Touching Hash Ring node "a8738d34dc6750b8931a663a8a293992" from IDL notify handler {{(pid=87167) notify /opt/stack/neutron/neutron/plugins/ml2/drivers/ovn/mech_driver/ovsdb/ovsdb_monitor.py:1007}}
Jun 15 06:03:59.748531 np0000002816 devstack@neutron-api.service[87167]: DEBUG neutron.plugins.ml2.drivers.ovn.mech_driver.ovsdb.ovsdb_monitor [None req-844ed7b9-a5f0-415e-9b1b-7aaccf3c7512 None None] Hash Ring: Node a8738d34dc6750b8931a663a8a293992 (host: np0000002816) handling event "create" for row fff5a06d-a022-4ec8-8b53-d0f65d4c0baf (table: Port_Binding) {{(pid=87167) notify /opt/stack/neutron/neutron/plugins/ml2/drivers/ovn/mech_driver/ovsdb/ovsdb_monitor.py:1015}}
Jun 15 06:03:59.749684 np0000002816 devstack@neutron-api.service[87167]: DEBUG neutron.plugins.ml2.drivers.ovn.mech_driver.ovsdb.ovsdb_monitor [None req-3cea972b-9d52-4713-8641-43d9a1954983 None None] Hash Ring: Node a8738d34dc6750b8931a663a8a293992 (host: np0000002816) handling event "create" for row 43dfcfd4-2863-4468-b1c5-16c696111c5c (table: Logical_Router_Port) {{(pid=87167) notify /opt/stack/neutron/neutron/plugins/ml2/drivers/ovn/mech_driver/ovsdb/ovsdb_monitor.py:1015}}
Jun 15 06:03:59.750758 np0000002816 devstack@neutron-api.service[87167]: DEBUG ovsdbapp.backend.ovs_idl.event [None req-3cea972b-9d52-4713-8641-43d9a1954983 None None] Matched CREATE: LogicalRouterPortEvent(events=('create', 'delete'), table='Logical_Router_Port', conditions=None, old_conditions=None), priority=20 to row=Logical_Router_Port(uuid=43dfcfd4-2863-4468-b1c5-16c696111c5c, enabled=[], external_ids={'neutron:is_ext_gw': 'True', 'neutron:network_name': 'neutron-546483fb-bc15-4079-be06-560aabcdd2d5', 'neutron:revision_number': '1', 'neutron:router_name': 'neutron-b4d95650-d3e8-43da-93c1-8224050135c7', 'neutron:subnet_ids': '344a1fdd-5466-4ca8-819e-9981c7b0e951'}, gateway_chassis=[], ha_chassis_group=42fff7df-406f-4e68-a2c1-0590d5026391, ipv6_prefix=[], ipv6_ra_configs={}, mac='fa:16:3e:dc:1d:cd', name='lrp-2d26d298-6af1-481d-84ab-7439c99b1ba5', networks=['172.24.5.220/24'], options={'gateway_mtu': '1372', 'reside-on-redirect-chassis': 'true'}, peer=[], status={}) old= {{(pid=87167) matches /opt/stack/data/venv/lib/python3.12/site-packages/ovsdbapp/backend/ovs_idl/event.py:55}}
Jun 15 06:03:59.752459 np0000002816 devstack@neutron-api.service[87167]: DEBUG neutron.plugins.ml2.drivers.ovn.mech_driver.ovsdb.ovsdb_monitor [None req-3cea972b-9d52-4713-8641-43d9a1954983 None None] Touching Hash Ring node "a8738d34dc6750b8931a663a8a293992" from IDL notify handler {{(pid=87167) notify /opt/stack/neutron/neutron/plugins/ml2/drivers/ovn/mech_driver/ovsdb/ovsdb_monitor.py:1007}}
Jun 15 06:03:59.753348 np0000002816 devstack@neutron-api.service[87167]: DEBUG neutron.plugins.ml2.drivers.ovn.mech_driver.ovsdb.ovsdb_monitor [None req-844ed7b9-a5f0-415e-9b1b-7aaccf3c7512 None None] Touching Hash Ring node "a8738d34dc6750b8931a663a8a293992" from IDL notify handler {{(pid=87167) notify /opt/stack/neutron/neutron/plugins/ml2/drivers/ovn/mech_driver/ovsdb/ovsdb_monitor.py:1007}}
Jun 15 06:03:59.755665 np0000002816 devstack@neutron-api.service[87167]: DEBUG neutron.plugins.ml2.drivers.ovn.mech_driver.ovsdb.ovsdb_monitor [None req-3cea972b-9d52-4713-8641-43d9a1954983 None None] Hash Ring: Node a8738d34dc6750b8931a663a8a293992 (host: np0000002816) handling event "create" for row 9f40ee8f-5b7d-4156-a073-36814cb78cda (table: Logical_Router_Static_Route) {{(pid=87167) notify /opt/stack/neutron/neutron/plugins/ml2/drivers/ovn/mech_driver/ovsdb/ovsdb_monitor.py:1015}}
Jun 15 06:03:59.756366 np0000002816 devstack@neutron-api.service[87167]: DEBUG neutron.plugins.ml2.drivers.ovn.mech_driver.ovsdb.ovsdb_monitor [None req-844ed7b9-a5f0-415e-9b1b-7aaccf3c7512 None None] Hash Ring: Node a8738d34dc6750b8931a663a8a293992 (host: np0000002816) handling event "update" for row 92e4fd97-2ba8-45c8-be94-1cbdf722424d (table: Port_Binding) {{(pid=87167) notify /opt/stack/neutron/neutron/plugins/ml2/drivers/ovn/mech_driver/ovsdb/ovsdb_monitor.py:1015}}
Jun 15 06:03:59.757466 np0000002816 devstack@neutron-api.service[87167]: DEBUG ovsdbapp.backend.ovs_idl.event [None req-844ed7b9-a5f0-415e-9b1b-7aaccf3c7512 None None] Matched UPDATE: PortBindingChassisEvent(events=('update',), table='Port_Binding', conditions=None, old_conditions=None), priority=20 to row=Port_Binding(uuid=92e4fd97-2ba8-45c8-be94-1cbdf722424d, additional_chassis=[], additional_encap=[], chassis=07614df6-7c87-4510-9931-799eab44eb8c, datapath=fdbe7048-9236-4dbf-84fc-a69ffaddfcdd, encap=[], external_ids={'neutron:is_ext_gw': 'True', 'neutron:network_name': 'neutron-546483fb-bc15-4079-be06-560aabcdd2d5', 'neutron:revision_number': '1', 'neutron:router_name': 'neutron-b4d95650-d3e8-43da-93c1-8224050135c7', 'neutron:subnet_ids': '344a1fdd-5466-4ca8-819e-9981c7b0e951'}, gateway_chassis=[], logical_port='cr-lrp-2d26d298-6af1-481d-84ab-7439c99b1ba5', mac=['fa:16:3e:dc:1d:cd 172.24.5.220/24'], mirror_rules=[], nat_addresses=[], options={'always-redirect': 'true', 'distributed-port': 'lrp-2d26d298-6af1-481d-84ab-7439c99b1ba5'}, parent_port=[], port_security=[], requested_additional_chassis=[], requested_chassis=[], tag=[], tunnel_key=3, type='chassisredirect', up=True, virtual_parent=[]) old=Port_Binding(uuid=92e4fd97-2ba8-45c8-be94-1cbdf722424d, chassis=[], up=False) {{(pid=87167) matches /opt/stack/data/venv/lib/python3.12/site-packages/ovsdbapp/backend/ovs_idl/event.py:55}}
Jun 15 06:03:59.758386 np0000002816 devstack@neutron-api.service[87167]: DEBUG neutron.plugins.ml2.drivers.ovn.mech_driver.ovsdb.ovsdb_monitor [None req-3cea972b-9d52-4713-8641-43d9a1954983 None None] Touching Hash Ring node "a8738d34dc6750b8931a663a8a293992" from IDL notify handler {{(pid=87167) notify /opt/stack/neutron/neutron/plugins/ml2/drivers/ovn/mech_driver/ovsdb/ovsdb_monitor.py:1007}}
Jun 15 06:03:59.759099 np0000002816 devstack@neutron-api.service[87167]: INFO neutron.plugins.ml2.drivers.ovn.mech_driver.ovsdb.ovsdb_monitor [-] Router b4d95650-d3e8-43da-93c1-8224050135c7 is bound to host np0000002816
Jun 15 06:03:59.776719 np0000002816 devstack@neutron-api.service[87167]: DEBUG neutron.plugins.ml2.drivers.ovn.mech_driver.ovsdb.ovsdb_monitor [None req-3cea972b-9d52-4713-8641-43d9a1954983 None None] Hash Ring: Node a8738d34dc6750b8931a663a8a293992 (host: np0000002816) handling event "update" for row e85326c1-0cf4-4b2f-ad44-2494ab836900 (table: Logical_Switch_Port) {{(pid=87167) notify /opt/stack/neutron/neutron/plugins/ml2/drivers/ovn/mech_driver/ovsdb/ovsdb_monitor.py:1015}}
Jun 15 06:03:59.778162 np0000002816 devstack@neutron-api.service[87167]: DEBUG neutron.plugins.ml2.drivers.ovn.mech_driver.ovsdb.ovsdb_monitor [None req-3cea972b-9d52-4713-8641-43d9a1954983 None None] Touching Hash Ring node "a8738d34dc6750b8931a663a8a293992" from IDL notify handler {{(pid=87167) notify /opt/stack/neutron/neutron/plugins/ml2/drivers/ovn/mech_driver/ovsdb/ovsdb_monitor.py:1007}}
Jun 15 06:03:59.786708 np0000002816 devstack@neutron-api.service[87167]: DEBUG neutron.plugins.ml2.drivers.ovn.mech_driver.ovsdb.ovsdb_monitor [None req-3cea972b-9d52-4713-8641-43d9a1954983 None None] Hash Ring: Node a8738d34dc6750b8931a663a8a293992 (host: np0000002816) handling event "create" for row 18f38904-2595-459d-b5f7-1c0f99ff8269 (table: NAT) {{(pid=87167) notify /opt/stack/neutron/neutron/plugins/ml2/drivers/ovn/mech_driver/ovsdb/ovsdb_monitor.py:1015}}
Jun 15 06:03:59.791040 np0000002816 devstack@neutron-api.service[87168]: INFO neutron.db.ovn_revision_numbers_db [None req-1adef7d6-e83f-4c1f-b4e4-6156cd2ebf39 admin admin] Successfully bumped revision number for resource b4d95650-d3e8-43da-93c1-8224050135c7 (type: routers) to 3
Jun 15 06:03:59.793633 np0000002816 devstack@neutron-api.service[87167]: DEBUG neutron.plugins.ml2.drivers.ovn.mech_driver.ovsdb.ovsdb_monitor [None req-3cea972b-9d52-4713-8641-43d9a1954983 None None] Touching Hash Ring node "a8738d34dc6750b8931a663a8a293992" from IDL notify handler {{(pid=87167) notify /opt/stack/neutron/neutron/plugins/ml2/drivers/ovn/mech_driver/ovsdb/ovsdb_monitor.py:1007}}
Jun 15 06:03:59.799876 np0000002816 devstack@neutron-api.service[87167]: DEBUG neutron.plugins.ml2.drivers.ovn.mech_driver.ovsdb.ovsdb_monitor [None req-3cea972b-9d52-4713-8641-43d9a1954983 None None] Hash Ring: Node a8738d34dc6750b8931a663a8a293992 (host: np0000002816) handling event "update" for row e85326c1-0cf4-4b2f-ad44-2494ab836900 (table: Logical_Switch_Port) {{(pid=87167) notify /opt/stack/neutron/neutron/plugins/ml2/drivers/ovn/mech_driver/ovsdb/ovsdb_monitor.py:1015}}
