Jun 23 23:29:47.463675 np0000003497 devstack@g-api.service[99347]: DEBUG glance_store.backend [-] Registering store swift with schemes ('swift+https', 'swift', 'swift+http', 'swift+config') {{(pid=99347) create_stores /opt/stack/data/venv/lib/python3.12/site-packages/glance_store/backend.py:261}}
Jun 23 23:29:47.464845 np0000003497 devstack@g-api.service[99348]: DEBUG glance_store.location [-] Registering scheme swift+https with {'store': , 'location_class': , 'store_entry': 'swift'} {{(pid=99348) register_scheme_map /opt/stack/data/venv/lib/python3.12/site-packages/glance_store/location.py:146}}
Jun 23 23:29:47.466624 np0000003497 devstack@g-api.service[99347]: DEBUG glance_store.driver [-] Late loading location class glance_store._drivers.swift.store.StoreLocation {{(pid=99347) get_store_location_class /opt/stack/data/venv/lib/python3.12/site-packages/glance_store/driver.py:134}}
Jun 23 23:29:47.468029 np0000003497 devstack@g-api.service[99348]: DEBUG glance_store.location [-] Registering scheme swift with {'store': , 'location_class': , 'store_entry': 'swift'} {{(pid=99348) register_scheme_map /opt/stack/data/venv/lib/python3.12/site-packages/glance_store/location.py:146}}
Jun 23 23:29:47.468989 np0000003497 devstack@g-api.service[99347]: DEBUG glance_store.location [-] Registering scheme swift+https with {'store': , 'location_class': , 'store_entry': 'swift'} {{(pid=99347) register_scheme_map /opt/stack/data/venv/lib/python3.12/site-packages/glance_store/location.py:146}}
Jun 23 23:29:47.468989 np0000003497 devstack@g-api.service[99347]: DEBUG glance_store.location [-] Registering scheme swift with {'store': , 'location_class': , 'store_entry': 'swift'} {{(pid=99347) register_scheme_map /opt/stack/data/venv/lib/python3.12/site-packages/glance_store/location.py:146}}
Jun 23 23:29:47.470201 np0000003497 devstack@g-api.service[99348]: DEBUG glance_store.location [-] Registering scheme swift+http with {'store': , 'location_class': , 'store_entry': 'swift'} {{(pid=99348) register_scheme_map /opt/stack/data/venv/lib/python3.12/site-packages/glance_store/location.py:146}}
Jun 23 23:29:47.471355 np0000003497 devstack@g-api.service[99347]: DEBUG glance_store.location [-] Registering scheme swift+http with {'store': , 'location_class': , 'store_entry': 'swift'} {{(pid=99347) register_scheme_map /opt/stack/data/venv/lib/python3.12/site-packages/glance_store/location.py:146}}
Jun 23 23:29:47.471355 np0000003497 devstack@g-api.service[99347]: DEBUG glance_store.location [-] Registering scheme swift+config with {'store': , 'location_class': , 'store_entry': 'swift'} {{(pid=99347) register_scheme_map /opt/stack/data/venv/lib/python3.12/site-packages/glance_store/location.py:146}}
Jun 23 23:29:47.472245 np0000003497 devstack@g-api.service[99348]: DEBUG glance_store.location [-] Registering scheme swift+config with {'store': , 'location_class': , 'store_entry': 'swift'} {{(pid=99348) register_scheme_map /opt/stack/data/venv/lib/python3.12/site-packages/glance_store/location.py:146}}
Jun 23 23:29:47.473004 np0000003497 devstack@g-api.service[99347]: DEBUG glance_store.backend [-] Attempting to import store swift {{(pid=99347) _load_store /opt/stack/data/venv/lib/python3.12/site-packages/glance_store/backend.py:215}}
Jun 23 23:29:47.473865 np0000003497 devstack@g-api.service[99348]: DEBUG glance.sqlite_migration [-] SQLite caching database not located, skipping migration {{(pid=99348) get_db_path /opt/stack/glance/glance/sqlite_migration.py:68}}
Jun 23 23:29:47.473865 np0000003497 devstack@g-api.service[99348]: WARNING glance.common.wsgi_app [-] Import methods are enabled but staging directory /tmp/staging/ does not exist; Imports will fail!
Jun 23 23:29:47.475300 np0000003497 devstack@g-api.service[99347]: DEBUG glance_store.capabilities [-] Store glance_store._drivers.swift.store.SingleTenantStore doesn't support updating dynamic storage capabilities. Please overwrite 'update_capabilities' method of the store to implement updating logics if needed. {{(pid=99347) update_capabilities /opt/stack/data/venv/lib/python3.12/site-packages/glance_store/capabilities.py:91}}
Jun 23 23:29:47.475300 np0000003497 devstack@g-api.service[99347]: DEBUG glance_store.driver [-] Late loading location class glance_store._drivers.swift.store.StoreLocation {{(pid=99347) get_store_location_class /opt/stack/data/venv/lib/python3.12/site-packages/glance_store/driver.py:134}}
Jun 23 23:29:47.475300 np0000003497 devstack@g-api.service[99347]: DEBUG glance_store.location [-] Registering scheme swift+https with {'store': , 'location_class': , 'store_entry': 'swift'} {{(pid=99347) register_scheme_map /opt/stack/data/venv/lib/python3.12/site-packages/glance_store/location.py:146}}
Jun 23 23:29:47.475300 np0000003497 devstack@g-api.service[99347]: DEBUG glance_store.location [-] Registering scheme swift+https with {'store': , 'location_class': , 'store_entry': 'swift'} {{(pid=99347) register_scheme_map /opt/stack/data/venv/lib/python3.12/site-packages/glance_store/location.py:146}}
Jun 23 23:29:47.475300 np0000003497 devstack@g-api.service[99347]: DEBUG glance_store.location [-] Registering scheme swift with {'store': , 'location_class': , 'store_entry': 'swift'} {{(pid=99347) register_scheme_map /opt/stack/data/venv/lib/python3.12/site-packages/glance_store/location.py:146}}
Jun 23 23:29:47.476377 np0000003497 devstack@g-api.service[99347]: DEBUG glance_store.location [-] Registering scheme swift+https with {'store': , 'location_class': , 'store_entry': 'swift'} {{(pid=99347) register_scheme_map /opt/stack/data/venv/lib/python3.12/site-packages/glance_store/location.py:146}}
Jun 23 23:29:47.476377 np0000003497 devstack@g-api.service[99347]: DEBUG glance_store.location [-] Registering scheme swift with {'store': , 'location_class': , 'store_entry': 'swift'} {{(pid=99347) register_scheme_map /opt/stack/data/venv/lib/python3.12/site-packages/glance_store/location.py:146}}
Jun 23 23:29:47.476377 np0000003497 devstack@g-api.service[99347]: DEBUG glance_store.location [-] Registering scheme swift+http with {'store': , 'location_class': , 'store_entry': 'swift'} {{(pid=99347) register_scheme_map /opt/stack/data/venv/lib/python3.12/site-packages/glance_store/location.py:146}}
Jun 23 23:29:47.476377 np0000003497 devstack@g-api.service[99347]: DEBUG glance_store.location [-] Registering scheme swift+https with {'store': , 'location_class': , 'store_entry': 'swift'} {{(pid=99347) register_scheme_map /opt/stack/data/venv/lib/python3.12/site-packages/glance_store/location.py:146}}
Jun 23 23:29:47.476377 np0000003497 devstack@g-api.service[99347]: DEBUG glance_store.location [-] Registering scheme swift with {'store': , 'location_class': , 'store_entry': 'swift'} {{(pid=99347) register_scheme_map /opt/stack/data/venv/lib/python3.12/site-packages/glance_store/location.py:146}}
Jun 23 23:29:47.478066 np0000003497 devstack@g-api.service[99347]: DEBUG glance_store.location [-] Registering scheme swift+http with {'store': , 'location_class': , 'store_entry': 'swift'} {{(pid=99347) register_scheme_map /opt/stack/data/venv/lib/python3.12/site-packages/glance_store/location.py:146}}
Jun 23 23:29:47.478066 np0000003497 devstack@g-api.service[99347]: DEBUG glance_store.location [-] Registering scheme swift+config with {'store': , 'location_class': , 'store_entry': 'swift'} {{(pid=99347) register_scheme_map /opt/stack/data/venv/lib/python3.12/site-packages/glance_store/location.py:146}}
Jun 23 23:29:47.478066 np0000003497 devstack@g-api.service[99347]: DEBUG glance.sqlite_migration [-] SQLite caching database not located, skipping migration {{(pid=99347) get_db_path /opt/stack/glance/glance/sqlite_migration.py:68}}
Jun 23 23:29:47.478066 np0000003497 devstack@g-api.service[99347]: WARNING glance.common.wsgi_app [-] Import methods are enabled but staging directory /tmp/staging/ does not exist; Imports will fail!
Jun 23 23:29:47.651945 np0000003497 devstack@g-api.service[99346]: DEBUG glance.common.config [None req-4e9b74b6-27c5-4e54-9a7c-80e53b916fb8 None None] Loading glance-api-keystone+cachemanagement from /etc/glance/glance-api-paste.ini {{(pid=99346) load_paste_app /opt/stack/glance/glance/common/config.py:758}}
Jun 23 23:29:47.658277 np0000003497 devstack@g-api.service[99348]: DEBUG glance.common.config [None req-f512238c-595c-4bce-bba0-5a0968624431 None None] Loading glance-api-keystone+cachemanagement from /etc/glance/glance-api-paste.ini {{(pid=99348) load_paste_app /opt/stack/glance/glance/common/config.py:758}}
Jun 23 23:29:47.662839 np0000003497 devstack@g-api.service[99347]: DEBUG glance.common.config [None req-0f347482-4ef4-4057-847b-d505020c94f2 None None] Loading glance-api-keystone+cachemanagement from /etc/glance/glance-api-paste.ini {{(pid=99347) load_paste_app /opt/stack/glance/glance/common/config.py:758}}
Jun 23 23:29:48.238906 np0000003497 devstack@g-api.service[99346]: INFO glance.image_cache [None req-4e9b74b6-27c5-4e54-9a7c-80e53b916fb8 None None] Image cache loaded driver 'centralized_db'.
Jun 23 23:29:48.240308 np0000003497 devstack@g-api.service[99348]: INFO glance.image_cache [None req-f512238c-595c-4bce-bba0-5a0968624431 None None] Image cache loaded driver 'centralized_db'.
Jun 23 23:29:48.249284 np0000003497 devstack@g-api.service[99347]: INFO glance.image_cache [None req-0f347482-4ef4-4057-847b-d505020c94f2 None None] Image cache loaded driver 'centralized_db'.
Jun 23 23:29:48.283057 np0000003497 devstack@g-api.service[99346]: INFO dbcounter [None req-4e9b74b6-27c5-4e54-9a7c-80e53b916fb8 None None] Registered counter for database glance
Jun 23 23:29:48.284255 np0000003497 devstack@g-api.service[99348]: INFO dbcounter [None req-f512238c-595c-4bce-bba0-5a0968624431 None None] Registered counter for database glance
Jun 23 23:29:48.295815 np0000003497 devstack@g-api.service[99347]: INFO dbcounter [None req-0f347482-4ef4-4057-847b-d505020c94f2 None None] Registered counter for database glance
Jun 23 23:29:48.325349 np0000003497 devstack@g-api.service[99348]: DEBUG oslo_db.sqlalchemy.engines [None req-f512238c-595c-4bce-bba0-5a0968624431 None None] MySQL server mode set to STRICT_TRANS_TABLES,STRICT_ALL_TABLES,NO_ZERO_IN_DATE,NO_ZERO_DATE,ERROR_FOR_DIVISION_BY_ZERO,TRADITIONAL,NO_ENGINE_SUBSTITUTION {{(pid=99348) _check_effective_sql_mode /opt/stack/data/venv/lib/python3.12/site-packages/oslo_db/sqlalchemy/engines.py:325}}
Jun 23 23:29:48.340046 np0000003497 devstack@g-api.service[99346]: DEBUG oslo_db.sqlalchemy.engines [None req-4e9b74b6-27c5-4e54-9a7c-80e53b916fb8 None None] MySQL server mode set to STRICT_TRANS_TABLES,STRICT_ALL_TABLES,NO_ZERO_IN_DATE,NO_ZERO_DATE,ERROR_FOR_DIVISION_BY_ZERO,TRADITIONAL,NO_ENGINE_SUBSTITUTION {{(pid=99346) _check_effective_sql_mode /opt/stack/data/venv/lib/python3.12/site-packages/oslo_db/sqlalchemy/engines.py:325}}
Jun 23 23:29:48.343838 np0000003497 devstack@g-api.service[99347]: DEBUG oslo_db.sqlalchemy.engines [None req-0f347482-4ef4-4057-847b-d505020c94f2 None None] MySQL server mode set to STRICT_TRANS_TABLES,STRICT_ALL_TABLES,NO_ZERO_IN_DATE,NO_ZERO_DATE,ERROR_FOR_DIVISION_BY_ZERO,TRADITIONAL,NO_ENGINE_SUBSTITUTION {{(pid=99347) _check_effective_sql_mode /opt/stack/data/venv/lib/python3.12/site-packages/oslo_db/sqlalchemy/engines.py:325}}
Jun 23 23:29:48.348937 np0000003497 devstack@g-api.service[99348]: DEBUG dbcounter [-] [99348] Writer thread running {{(pid=99348) stat_writer /opt/stack/data/venv/lib/python3.12/site-packages/dbcounter.py:102}}
Jun 23 23:29:48.360974 np0000003497 devstack@g-api.service[99348]: INFO glance.image_cache [None req-f512238c-595c-4bce-bba0-5a0968624431 None None] Image cache loaded driver 'centralized_db'.
Jun 23 23:29:48.366691 np0000003497 devstack@g-api.service[99347]: DEBUG dbcounter [-] [99347] Writer thread running {{(pid=99347) stat_writer /opt/stack/data/venv/lib/python3.12/site-packages/dbcounter.py:102}}
Jun 23 23:29:48.369663 np0000003497 devstack@g-api.service[99347]: DEBUG glance.image_cache.drivers.centralized_db [None req-0f347482-4ef4-4057-847b-d505020c94f2 None None] Node reference is already recorded, ignoring it {{(pid=99347) configure /opt/stack/glance/glance/image_cache/drivers/centralized_db.py:71}}
Jun 23 23:29:48.369724 np0000003497 devstack@g-api.service[99348]: DEBUG glance.image_cache.drivers.centralized_db [None req-f512238c-595c-4bce-bba0-5a0968624431 None None] Node reference is already recorded, ignoring it {{(pid=99348) configure /opt/stack/glance/glance/image_cache/drivers/centralized_db.py:71}}
Jun 23 23:29:48.372383 np0000003497 devstack@g-api.service[99346]: DEBUG dbcounter [-] [99346] Writer thread running {{(pid=99346) stat_writer /opt/stack/data/venv/lib/python3.12/site-packages/dbcounter.py:102}}
Jun 23 23:29:48.375192 np0000003497 devstack@g-api.service[99347]: INFO glance.image_cache [None req-0f347482-4ef4-4057-847b-d505020c94f2 None None] Image cache loaded driver 'centralized_db'.
Jun 23 23:29:48.375778 np0000003497 devstack@g-api.service[99346]: DEBUG glance.image_cache.drivers.centralized_db [None req-4e9b74b6-27c5-4e54-9a7c-80e53b916fb8 None None] Node reference is already recorded, ignoring it {{(pid=99346) configure /opt/stack/glance/glance/image_cache/drivers/centralized_db.py:71}}
Jun 23 23:29:48.383337 np0000003497 devstack@g-api.service[99347]: DEBUG glance.image_cache.drivers.centralized_db [None req-0f347482-4ef4-4057-847b-d505020c94f2 None None] Node reference is already recorded, ignoring it {{(pid=99347) configure /opt/stack/glance/glance/image_cache/drivers/centralized_db.py:71}}
Jun 23 23:29:48.385940 np0000003497 devstack@g-api.service[99346]: INFO glance.image_cache [None req-4e9b74b6-27c5-4e54-9a7c-80e53b916fb8 None None] Image cache loaded driver 'centralized_db'.
Jun 23 23:29:48.468498 np0000003497 devstack@g-api.service[99348]: DEBUG glance.api.v2.cached_images [None req-f512238c-595c-4bce-bba0-5a0968624431 None None] Started cache worker thread {{(pid=99348) __init__ /opt/stack/glance/glance/api/v2/cached_images.py:69}}
Jun 23 23:29:48.469130 np0000003497 devstack@g-api.service[99348]: INFO glance.image_cache [None req-f512238c-595c-4bce-bba0-5a0968624431 None None] Image cache loaded driver 'centralized_db'.
Jun 23 23:29:48.475799 np0000003497 devstack@g-api.service[99348]: DEBUG glance.image_cache.drivers.centralized_db [None req-f512238c-595c-4bce-bba0-5a0968624431 None None] Node reference is already recorded, ignoring it {{(pid=99348) configure /opt/stack/glance/glance/image_cache/drivers/centralized_db.py:71}}
Jun 23 23:29:48.479538 np0000003497 devstack@g-api.service[99347]: DEBUG glance.api.v2.cached_images [None req-0f347482-4ef4-4057-847b-d505020c94f2 None None] Started cache worker thread {{(pid=99347) __init__ /opt/stack/glance/glance/api/v2/cached_images.py:69}}
Jun 23 23:29:48.480206 np0000003497 devstack@g-api.service[99347]: INFO glance.image_cache [None req-0f347482-4ef4-4057-847b-d505020c94f2 None None] Image cache loaded driver 'centralized_db'.
Jun 23 23:29:48.481070 np0000003497 devstack@g-api.service[99348]: INFO glance.api.middleware.cache_manage [None req-f512238c-595c-4bce-bba0-5a0968624431 None None] Initialized image cache management middleware
Jun 23 23:29:48.481214 np0000003497 devstack@g-api.service[99348]: INFO glance.image_cache [None req-f512238c-595c-4bce-bba0-5a0968624431 None None] Image cache loaded driver 'centralized_db'.
Jun 23 23:29:48.486740 np0000003497 devstack@g-api.service[99347]: DEBUG glance.image_cache.drivers.centralized_db [None req-0f347482-4ef4-4057-847b-d505020c94f2 None None] Node reference is already recorded, ignoring it {{(pid=99347) configure /opt/stack/glance/glance/image_cache/drivers/centralized_db.py:71}}
Jun 23 23:29:48.487331 np0000003497 devstack@g-api.service[99348]: DEBUG glance.image_cache.drivers.centralized_db [None req-f512238c-595c-4bce-bba0-5a0968624431 None None] Node reference is already recorded, ignoring it {{(pid=99348) configure /opt/stack/glance/glance/image_cache/drivers/centralized_db.py:71}}
Jun 23 23:29:48.490867 np0000003497 devstack@g-api.service[99348]: INFO glance.api.middleware.cache [None req-f512238c-595c-4bce-bba0-5a0968624431 None None] Initialized image cache middleware
Jun 23 23:29:48.491157 np0000003497 devstack@g-api.service[99347]: INFO glance.api.middleware.cache_manage [None req-0f347482-4ef4-4057-847b-d505020c94f2 None None] Initialized image cache management middleware
Jun 23 23:29:48.491315 np0000003497 devstack@g-api.service[99347]: INFO glance.image_cache [None req-0f347482-4ef4-4057-847b-d505020c94f2 None None] Image cache loaded driver 'centralized_db'.
Jun 23 23:29:48.492700 np0000003497 devstack@g-api.service[99346]: DEBUG glance.image_cache.drivers.centralized_db [None req-4e9b74b6-27c5-4e54-9a7c-80e53b916fb8 None None] Node reference is already recorded, ignoring it {{(pid=99346) configure /opt/stack/glance/glance/image_cache/drivers/centralized_db.py:71}}
Jun 23 23:29:48.498268 np0000003497 devstack@g-api.service[99347]: DEBUG glance.image_cache.drivers.centralized_db [None req-0f347482-4ef4-4057-847b-d505020c94f2 None None] Node reference is already recorded, ignoring it {{(pid=99347) configure /opt/stack/glance/glance/image_cache/drivers/centralized_db.py:71}}
Jun 23 23:29:48.498455 np0000003497 devstack@g-api.service[99346]: DEBUG glance.api.v2.cached_images [None req-4e9b74b6-27c5-4e54-9a7c-80e53b916fb8 None None] Started cache worker thread {{(pid=99346) __init__ /opt/stack/glance/glance/api/v2/cached_images.py:69}}
Jun 23 23:29:48.499256 np0000003497 devstack@g-api.service[99346]: INFO glance.image_cache [None req-4e9b74b6-27c5-4e54-9a7c-80e53b916fb8 None None] Image cache loaded driver 'centralized_db'.
Jun 23 23:29:48.501776 np0000003497 devstack@g-api.service[99347]: INFO glance.api.middleware.cache [None req-0f347482-4ef4-4057-847b-d505020c94f2 None None] Initialized image cache middleware
Jun 23 23:29:48.502687 np0000003497 devstack@g-api.service[99348]: DEBUG glance.common.config [None req-f512238c-595c-4bce-bba0-5a0968624431 None None] ******************************************************************************** {{(pid=99348) log_opt_values /opt/stack/data/venv/lib/python3.12/site-packages/oslo_config/cfg.py:3226}}
Jun 23 23:29:48.502783 np0000003497 devstack@g-api.service[99348]: DEBUG glance.common.config [None req-f512238c-595c-4bce-bba0-5a0968624431 None None] Configuration options gathered from: {{(pid=99348) log_opt_values /opt/stack/data/venv/lib/python3.12/site-packages/oslo_config/cfg.py:3227}}
Jun 23 23:29:48.503082 np0000003497 devstack@g-api.service[99348]: DEBUG glance.common.config [None req-f512238c-595c-4bce-bba0-5a0968624431 None None] command line args: [] {{(pid=99348) log_opt_values /opt/stack/data/venv/lib/python3.12/site-packages/oslo_config/cfg.py:3228}}
Jun 23 23:29:48.503204 np0000003497 devstack@g-api.service[99348]: DEBUG glance.common.config [None req-f512238c-595c-4bce-bba0-5a0968624431 None None] config files: ['/etc/glance/glance-image-import.conf', '/etc/glance/glance-api.conf'] {{(pid=99348) log_opt_values /opt/stack/data/venv/lib/python3.12/site-packages/oslo_config/cfg.py:3229}}
Jun 23 23:29:48.503274 np0000003497 devstack@g-api.service[99348]: DEBUG glance.common.config [None req-f512238c-595c-4bce-bba0-5a0968624431 None None] ================================================================================ {{(pid=99348) log_opt_values /opt/stack/data/venv/lib/python3.12/site-packages/oslo_config/cfg.py:3234}}
Jun 23 23:29:48.503386 np0000003497 devstack@g-api.service[99348]: DEBUG glance.common.config [None req-f512238c-595c-4bce-bba0-5a0968624431 None None] allow_anonymous_access = False {{(pid=99348) log_opt_values /opt/stack/data/venv/lib/python3.12/site-packages/oslo_config/cfg.py:3242}}
Jun 23 23:29:48.503483 np0000003497 devstack@g-api.service[99348]: DEBUG glance.common.config [None req-f512238c-595c-4bce-bba0-5a0968624431 None None] api_limit_max = 1000 {{(pid=99348) log_opt_values /opt/stack/data/venv/lib/python3.12/site-packages/oslo_config/cfg.py:3242}}
Jun 23 23:29:48.503607 np0000003497 devstack@g-api.service[99348]: DEBUG glance.common.config [None req-f512238c-595c-4bce-bba0-5a0968624431 None None] backlog = 4096 {{(pid=99348) log_opt_values /opt/stack/data/venv/lib/python3.12/site-packages/oslo_config/cfg.py:3242}}
Jun 23 23:29:48.503758 np0000003497 devstack@g-api.service[99348]: DEBUG glance.common.config [None req-f512238c-595c-4bce-bba0-5a0968624431 None None] bind_host = 0.0.0.0 {{(pid=99348) log_opt_values /opt/stack/data/venv/lib/python3.12/site-packages/oslo_config/cfg.py:3242}}
Jun 23 23:29:48.503876 np0000003497 devstack@g-api.service[99348]: DEBUG glance.common.config [None req-f512238c-595c-4bce-bba0-5a0968624431 None None] bind_port = 19292 {{(pid=99348) log_opt_values /opt/stack/data/venv/lib/python3.12/site-packages/oslo_config/cfg.py:3242}}
Jun 23 23:29:48.503968 np0000003497 devstack@g-api.service[99348]: DEBUG glance.common.config [None req-f512238c-595c-4bce-bba0-5a0968624431 None None] client_socket_timeout = 900 {{(pid=99348) log_opt_values /opt/stack/data/venv/lib/python3.12/site-packages/oslo_config/cfg.py:3242}}
Jun 23 23:29:48.504061 np0000003497 devstack@g-api.service[99348]: DEBUG glance.common.config [None req-f512238c-595c-4bce-bba0-5a0968624431 None None] config_dir = [] {{(pid=99348) log_opt_values /opt/stack/data/venv/lib/python3.12/site-packages/oslo_config/cfg.py:3242}}
Jun 23 23:29:48.504129 np0000003497 devstack@g-api.service[99348]: DEBUG glance.common.config [None req-f512238c-595c-4bce-bba0-5a0968624431 None None] config_file = ['/etc/glance/glance-image-import.conf', '/etc/glance/glance-api.conf'] {{(pid=99348) log_opt_values /opt/stack/data/venv/lib/python3.12/site-packages/oslo_config/cfg.py:3242}}
Jun 23 23:29:48.504221 np0000003497 devstack@g-api.service[99348]: DEBUG glance.common.config [None req-f512238c-595c-4bce-bba0-5a0968624431 None None] config_source = [] {{(pid=99348) log_opt_values /opt/stack/data/venv/lib/python3.12/site-packages/oslo_config/cfg.py:3242}}
Jun 23 23:29:48.504322 np0000003497 devstack@g-api.service[99348]: DEBUG glance.common.config [None req-f512238c-595c-4bce-bba0-5a0968624431 None None] control_exchange = glance {{(pid=99348) log_opt_values /opt/stack/data/venv/lib/python3.12/site-packages/oslo_config/cfg.py:3242}}
Jun 23 23:29:48.504396 np0000003497 devstack@g-api.service[99348]: DEBUG glance.common.config [None req-f512238c-595c-4bce-bba0-5a0968624431 None None] debug = True {{(pid=99348) log_opt_values /opt/stack/data/venv/lib/python3.12/site-packages/oslo_config/cfg.py:3242}}
Jun 23 23:29:48.504554 np0000003497 devstack@g-api.service[99348]: DEBUG glance.common.config [None req-f512238c-595c-4bce-bba0-5a0968624431 None None] default_log_levels = ['amqp=WARN', 'boto=WARN', 'sqlalchemy=WARN', 'suds=INFO', 'oslo.messaging=INFO', 'oslo_messaging=INFO', 'iso8601=WARN', 'requests.packages.urllib3.connectionpool=WARN', 'urllib3.connectionpool=WARN', 'websocket=WARN', 'requests.packages.urllib3.util.retry=WARN', 'urllib3.util.retry=WARN', 'keystonemiddleware=WARN', 'routes.middleware=WARN', 'stevedore=WARN', 'taskflow=WARN', 'keystoneauth=WARN', 'oslo.cache=INFO', 'oslo_policy=INFO', 'dogpile.core.dogpile=INFO'] {{(pid=99348) log_opt_values /opt/stack/data/venv/lib/python3.12/site-packages/oslo_config/cfg.py:3242}}
Jun 23 23:29:48.504706 np0000003497 devstack@g-api.service[99348]: DEBUG glance.common.config [None req-f512238c-595c-4bce-bba0-5a0968624431 None None] default_publisher_id = image.localhost {{(pid=99348) log_opt_values /opt/stack/data/venv/lib/python3.12/site-packages/oslo_config/cfg.py:3242}}
Jun 23 23:29:48.504825 np0000003497 devstack@g-api.service[99348]: DEBUG glance.common.config [None req-f512238c-595c-4bce-bba0-5a0968624431 None None] delayed_delete = False {{(pid=99348) log_opt_values /opt/stack/data/venv/lib/python3.12/site-packages/oslo_config/cfg.py:3242}}
Jun 23 23:29:48.504932 np0000003497 devstack@g-api.service[99348]: DEBUG glance.common.config [None req-f512238c-595c-4bce-bba0-5a0968624431 None None] digest_algorithm = sha256 {{(pid=99348) log_opt_values /opt/stack/data/venv/lib/python3.12/site-packages/oslo_config/cfg.py:3242}}
Jun 23 23:29:48.505027 np0000003497 devstack@g-api.service[99348]: DEBUG glance.common.config [None req-f512238c-595c-4bce-bba0-5a0968624431 None None] disabled_notifications = [] {{(pid=99348) log_opt_values /opt/stack/data/venv/lib/python3.12/site-packages/oslo_config/cfg.py:3242}}
Jun 23 23:29:48.505130 np0000003497 devstack@g-api.service[99348]: DEBUG glance.common.config [None req-f512238c-595c-4bce-bba0-5a0968624431 None None] do_secure_hash = True {{(pid=99348) log_opt_values /opt/stack/data/venv/lib/python3.12/site-packages/oslo_config/cfg.py:3242}}
Jun 23 23:29:48.505222 np0000003497 devstack@g-api.service[99348]: DEBUG glance.common.config [None req-f512238c-595c-4bce-bba0-5a0968624431 None None] enabled_backends = None {{(pid=99348) log_opt_values /opt/stack/data/venv/lib/python3.12/site-packages/oslo_config/cfg.py:3242}}
Jun 23 23:29:48.505335 np0000003497 devstack@g-api.service[99348]: DEBUG glance.common.config [None req-f512238c-595c-4bce-bba0-5a0968624431 None None] enabled_import_methods = ['glance-direct', 'web-download', 'copy-image'] {{(pid=99348) log_opt_values /opt/stack/data/venv/lib/python3.12/site-packages/oslo_config/cfg.py:3242}}
Jun 23 23:29:48.505462 np0000003497 devstack@g-api.service[99348]: DEBUG glance.common.config [None req-f512238c-595c-4bce-bba0-5a0968624431 None None] fatal_deprecations = False {{(pid=99348) log_opt_values /opt/stack/data/venv/lib/python3.12/site-packages/oslo_config/cfg.py:3242}}
Jun 23 23:29:48.505637 np0000003497 devstack@g-api.service[99348]: DEBUG glance.common.config [None req-f512238c-595c-4bce-bba0-5a0968624431 None None] hashing_algorithm = sha512 {{(pid=99348) log_opt_values /opt/stack/data/venv/lib/python3.12/site-packages/oslo_config/cfg.py:3242}}
Jun 23 23:29:48.505768 np0000003497 devstack@g-api.service[99348]: DEBUG glance.common.config [None req-f512238c-595c-4bce-bba0-5a0968624431 None None] http_keepalive = True {{(pid=99348) log_opt_values /opt/stack/data/venv/lib/python3.12/site-packages/oslo_config/cfg.py:3242}}
Jun 23 23:29:48.505891 np0000003497 devstack@g-api.service[99348]: DEBUG glance.common.config [None req-f512238c-595c-4bce-bba0-5a0968624431 None None] http_retries = 3 {{(pid=99348) log_opt_values /opt/stack/data/venv/lib/python3.12/site-packages/oslo_config/cfg.py:3242}}
Jun 23 23:29:48.506200 np0000003497 devstack@g-api.service[99348]: DEBUG glance.common.config [None req-f512238c-595c-4bce-bba0-5a0968624431 None None] image_cache_dir = /opt/stack/data/glance/cache/ {{(pid=99348) log_opt_values /opt/stack/data/venv/lib/python3.12/site-packages/oslo_config/cfg.py:3242}}
Jun 23 23:29:48.506200 np0000003497 devstack@g-api.service[99348]: DEBUG glance.common.config [None req-f512238c-595c-4bce-bba0-5a0968624431 None None] image_cache_driver = centralized_db {{(pid=99348) log_opt_values /opt/stack/data/venv/lib/python3.12/site-packages/oslo_config/cfg.py:3242}}
Jun 23 23:29:48.506200 np0000003497 devstack@g-api.service[99348]: DEBUG glance.common.config [None req-f512238c-595c-4bce-bba0-5a0968624431 None None] image_cache_max_size = 10737418240 {{(pid=99348) log_opt_values /opt/stack/data/venv/lib/python3.12/site-packages/oslo_config/cfg.py:3242}}
Jun 23 23:29:48.506350 np0000003497 devstack@g-api.service[99348]: DEBUG glance.common.config [None req-f512238c-595c-4bce-bba0-5a0968624431 None None] image_cache_sqlite_db = cache.db {{(pid=99348) log_opt_values /opt/stack/data/venv/lib/python3.12/site-packages/oslo_config/cfg.py:3242}}
Jun 23 23:29:48.506480 np0000003497 devstack@g-api.service[99348]: DEBUG glance.common.config [None req-f512238c-595c-4bce-bba0-5a0968624431 None None] image_cache_stall_time = 86400 {{(pid=99348) log_opt_values /opt/stack/data/venv/lib/python3.12/site-packages/oslo_config/cfg.py:3242}}
Jun 23 23:29:48.506607 np0000003497 devstack@g-api.service[99348]: DEBUG glance.common.config [None req-f512238c-595c-4bce-bba0-5a0968624431 None None] image_location_quota = 10 {{(pid=99348) log_opt_values /opt/stack/data/venv/lib/python3.12/site-packages/oslo_config/cfg.py:3242}}
Jun 23 23:29:48.506710 np0000003497 devstack@g-api.service[99348]: DEBUG glance.common.config [None req-f512238c-595c-4bce-bba0-5a0968624431 None None] image_member_quota = 128 {{(pid=99348) log_opt_values /opt/stack/data/venv/lib/python3.12/site-packages/oslo_config/cfg.py:3242}}
Jun 23 23:29:48.506809 np0000003497 devstack@g-api.service[99348]: DEBUG glance.common.config [None req-f512238c-595c-4bce-bba0-5a0968624431 None None] image_property_quota = 128 {{(pid=99348) log_opt_values /opt/stack/data/venv/lib/python3.12/site-packages/oslo_config/cfg.py:3242}}
Jun 23 23:29:48.506892 np0000003497 devstack@g-api.service[99348]: DEBUG glance.common.config [None req-f512238c-595c-4bce-bba0-5a0968624431 None None] image_size_cap = 1099511627776 {{(pid=99348) log_opt_values /opt/stack/data/venv/lib/python3.12/site-packages/oslo_config/cfg.py:3242}}
Jun 23 23:29:48.506973 np0000003497 devstack@g-api.service[99348]: DEBUG glance.common.config [None req-f512238c-595c-4bce-bba0-5a0968624431 None None] image_tag_quota = 128 {{(pid=99348) log_opt_values /opt/stack/data/venv/lib/python3.12/site-packages/oslo_config/cfg.py:3242}}
Jun 23 23:29:48.507065 np0000003497 devstack@g-api.service[99348]: DEBUG glance.common.config [None req-f512238c-595c-4bce-bba0-5a0968624431 None None] instance_format = [instance: %(uuid)s] {{(pid=99348) log_opt_values /opt/stack/data/venv/lib/python3.12/site-packages/oslo_config/cfg.py:3242}}
Jun 23 23:29:48.507155 np0000003497 devstack@g-api.service[99348]: DEBUG glance.common.config [None req-f512238c-595c-4bce-bba0-5a0968624431 None None] instance_uuid_format = [instance: %(uuid)s] {{(pid=99348) log_opt_values /opt/stack/data/venv/lib/python3.12/site-packages/oslo_config/cfg.py:3242}}
Jun 23 23:29:48.507233 np0000003497 devstack@g-api.service[99346]: DEBUG glance.image_cache.drivers.centralized_db [None req-4e9b74b6-27c5-4e54-9a7c-80e53b916fb8 None None] Node reference is already recorded, ignoring it {{(pid=99346) configure /opt/stack/glance/glance/image_cache/drivers/centralized_db.py:71}}
Jun 23 23:29:48.507265 np0000003497 devstack@g-api.service[99348]: DEBUG glance.common.config [None req-f512238c-595c-4bce-bba0-5a0968624431 None None] limit_param_default = 25 {{(pid=99348) log_opt_values /opt/stack/data/venv/lib/python3.12/site-packages/oslo_config/cfg.py:3242}}
Jun 23 23:29:48.507328 np0000003497 devstack@g-api.service[99348]: DEBUG glance.common.config [None req-f512238c-595c-4bce-bba0-5a0968624431 None None] log_color = False {{(pid=99348) log_opt_values /opt/stack/data/venv/lib/python3.12/site-packages/oslo_config/cfg.py:3242}}
Jun 23 23:29:48.507418 np0000003497 devstack@g-api.service[99348]: DEBUG glance.common.config [None req-f512238c-595c-4bce-bba0-5a0968624431 None None] log_config_append = None {{(pid=99348) log_opt_values /opt/stack/data/venv/lib/python3.12/site-packages/oslo_config/cfg.py:3242}}
Jun 23 23:29:48.507510 np0000003497 devstack@g-api.service[99348]: DEBUG glance.common.config [None req-f512238c-595c-4bce-bba0-5a0968624431 None None] log_date_format = %Y-%m-%d %H:%M:%S {{(pid=99348) log_opt_values /opt/stack/data/venv/lib/python3.12/site-packages/oslo_config/cfg.py:3242}}
Jun 23 23:29:48.507626 np0000003497 devstack@g-api.service[99348]: DEBUG glance.common.config [None req-f512238c-595c-4bce-bba0-5a0968624431 None None] log_dir = None {{(pid=99348) log_opt_values /opt/stack/data/venv/lib/python3.12/site-packages/oslo_config/cfg.py:3242}}
Jun 23 23:29:48.507718 np0000003497 devstack@g-api.service[99348]: DEBUG glance.common.config [None req-f512238c-595c-4bce-bba0-5a0968624431 None None] log_file = None {{(pid=99348) log_opt_values /opt/stack/data/venv/lib/python3.12/site-packages/oslo_config/cfg.py:3242}}
Jun 23 23:29:48.507805 np0000003497 devstack@g-api.service[99348]: DEBUG glance.common.config [None req-f512238c-595c-4bce-bba0-5a0968624431 None None] log_rotate_interval = 1 {{(pid=99348) log_opt_values /opt/stack/data/venv/lib/python3.12/site-packages/oslo_config/cfg.py:3242}}
Jun 23 23:29:48.507896 np0000003497 devstack@g-api.service[99348]: DEBUG glance.common.config [None req-f512238c-595c-4bce-bba0-5a0968624431 None None] log_rotate_interval_type = days {{(pid=99348) log_opt_values /opt/stack/data/venv/lib/python3.12/site-packages/oslo_config/cfg.py:3242}}
Jun 23 23:29:48.507986 np0000003497 devstack@g-api.service[99348]: DEBUG glance.common.config [None req-f512238c-595c-4bce-bba0-5a0968624431 None None] log_rotation_type = none {{(pid=99348) log_opt_values /opt/stack/data/venv/lib/python3.12/site-packages/oslo_config/cfg.py:3242}}
Jun 23 23:29:48.508068 np0000003497 devstack@g-api.service[99348]: DEBUG glance.common.config [None req-f512238c-595c-4bce-bba0-5a0968624431 None None] logging_context_format_string = %(color)s%(levelname)s %(name)s [%(global_request_id)s %(request_id)s %(project_name)s %(user_name)s%(color)s] %(instance)s%(color)s%(message)s {{(pid=99348) log_opt_values /opt/stack/data/venv/lib/python3.12/site-packages/oslo_config/cfg.py:3242}}
Jun 23 23:29:48.508114 np0000003497 devstack@g-api.service[99348]: DEBUG glance.common.config [None req-f512238c-595c-4bce-bba0-5a0968624431 None None] logging_debug_format_suffix = {{(pid=%(process)d) %(funcName)s %(pathname)s:%(lineno)d}} {{(pid=99348) log_opt_values /opt/stack/data/venv/lib/python3.12/site-packages/oslo_config/cfg.py:3242}}
Jun 23 23:29:48.508204 np0000003497 devstack@g-api.service[99348]: DEBUG glance.common.config [None req-f512238c-595c-4bce-bba0-5a0968624431 None None] logging_default_format_string = %(color)s%(levelname)s %(name)s [-%(color)s] %(instance)s%(color)s%(message)s {{(pid=99348) log_opt_values /opt/stack/data/venv/lib/python3.12/site-packages/oslo_config/cfg.py:3242}}
Jun 23 23:29:48.508293 np0000003497 devstack@g-api.service[99348]: DEBUG glance.common.config [None req-f512238c-595c-4bce-bba0-5a0968624431 None None] logging_exception_prefix = ERROR %(name)s %(instance)s {{(pid=99348) log_opt_values /opt/stack/data/venv/lib/python3.12/site-packages/oslo_config/cfg.py:3242}}
Jun 23 23:29:48.508357 np0000003497 devstack@g-api.service[99348]: DEBUG glance.common.config [None req-f512238c-595c-4bce-bba0-5a0968624431 None None] logging_user_identity_format = %(user)s %(project)s %(domain)s %(system_scope)s %(user_domain)s %(project_domain)s {{(pid=99348) log_opt_values /opt/stack/data/venv/lib/python3.12/site-packages/oslo_config/cfg.py:3242}}
Jun 23 23:29:48.508449 np0000003497 devstack@g-api.service[99348]: DEBUG glance.common.config [None req-f512238c-595c-4bce-bba0-5a0968624431 None None] max_header_line = 16384 {{(pid=99348) log_opt_values /opt/stack/data/venv/lib/python3.12/site-packages/oslo_config/cfg.py:3242}}
Jun 23 23:29:48.508542 np0000003497 devstack@g-api.service[99348]: DEBUG glance.common.config [None req-f512238c-595c-4bce-bba0-5a0968624431 None None] max_logfile_count = 30 {{(pid=99348) log_opt_values /opt/stack/data/venv/lib/python3.12/site-packages/oslo_config/cfg.py:3242}}
Jun 23 23:29:48.508674 np0000003497 devstack@g-api.service[99348]: DEBUG glance.common.config [None req-f512238c-595c-4bce-bba0-5a0968624431 None None] max_logfile_size_mb = 200 {{(pid=99348) log_opt_values /opt/stack/data/venv/lib/python3.12/site-packages/oslo_config/cfg.py:3242}}
Jun 23 23:29:48.508764 np0000003497 devstack@g-api.service[99348]: DEBUG glance.common.config [None req-f512238c-595c-4bce-bba0-5a0968624431 None None] max_request_id_length = 64 {{(pid=99348) log_opt_values /opt/stack/data/venv/lib/python3.12/site-packages/oslo_config/cfg.py:3242}}
Jun 23 23:29:48.508861 np0000003497 devstack@g-api.service[99348]: DEBUG glance.common.config [None req-f512238c-595c-4bce-bba0-5a0968624431 None None] metadata_encryption_key = **** {{(pid=99348) log_opt_values /opt/stack/data/venv/lib/python3.12/site-packages/oslo_config/cfg.py:3242}}
Jun 23 23:29:48.508961 np0000003497 devstack@g-api.service[99348]: DEBUG glance.common.config [None req-f512238c-595c-4bce-bba0-5a0968624431 None None] node_staging_uri = file:///tmp/staging/ {{(pid=99348) log_opt_values /opt/stack/data/venv/lib/python3.12/site-packages/oslo_config/cfg.py:3242}}
Jun 23 23:29:48.509046 np0000003497 devstack@g-api.service[99348]: DEBUG glance.common.config [None req-f512238c-595c-4bce-bba0-5a0968624431 None None] property_protection_file = None {{(pid=99348) log_opt_values /opt/stack/data/venv/lib/python3.12/site-packages/oslo_config/cfg.py:3242}}
Jun 23 23:29:48.509138 np0000003497 devstack@g-api.service[99348]: DEBUG glance.common.config [None req-f512238c-595c-4bce-bba0-5a0968624431 None None] property_protection_rule_format = roles {{(pid=99348) log_opt_values /opt/stack/data/venv/lib/python3.12/site-packages/oslo_config/cfg.py:3242}}
Jun 23 23:29:48.509228 np0000003497 devstack@g-api.service[99348]: DEBUG glance.common.config [None req-f512238c-595c-4bce-bba0-5a0968624431 None None] public_endpoint = https://10.4.3.234/image {{(pid=99348) log_opt_values /opt/stack/data/venv/lib/python3.12/site-packages/oslo_config/cfg.py:3242}}
Jun 23 23:29:48.509314 np0000003497 devstack@g-api.service[99348]: DEBUG glance.common.config [None req-f512238c-595c-4bce-bba0-5a0968624431 None None] publish_errors = False {{(pid=99348) log_opt_values /opt/stack/data/venv/lib/python3.12/site-packages/oslo_config/cfg.py:3242}}
Jun 23 23:29:48.509398 np0000003497 devstack@g-api.service[99348]: DEBUG glance.common.config [None req-f512238c-595c-4bce-bba0-5a0968624431 None None] pydev_worker_debug_host = None {{(pid=99348) log_opt_values /opt/stack/data/venv/lib/python3.12/site-packages/oslo_config/cfg.py:3242}}
Jun 23 23:29:48.509503 np0000003497 devstack@g-api.service[99348]: DEBUG glance.common.config [None req-f512238c-595c-4bce-bba0-5a0968624431 None None] pydev_worker_debug_port = 5678 {{(pid=99348) log_opt_values /opt/stack/data/venv/lib/python3.12/site-packages/oslo_config/cfg.py:3242}}
Jun 23 23:29:48.509630 np0000003497 devstack@g-api.service[99348]: DEBUG glance.common.config [None req-f512238c-595c-4bce-bba0-5a0968624431 None None] rate_limit_burst = 0 {{(pid=99348) log_opt_values /opt/stack/data/venv/lib/python3.12/site-packages/oslo_config/cfg.py:3242}}
Jun 23 23:29:48.509729 np0000003497 devstack@g-api.service[99348]: DEBUG glance.common.config [None req-f512238c-595c-4bce-bba0-5a0968624431 None None] rate_limit_except_level = CRITICAL {{(pid=99348) log_opt_values /opt/stack/data/venv/lib/python3.12/site-packages/oslo_config/cfg.py:3242}}
Jun 23 23:29:48.509819 np0000003497 devstack@g-api.service[99348]: DEBUG glance.common.config [None req-f512238c-595c-4bce-bba0-5a0968624431 None None] rate_limit_interval = 0 {{(pid=99348) log_opt_values /opt/stack/data/venv/lib/python3.12/site-packages/oslo_config/cfg.py:3242}}
Jun 23 23:29:48.509916 np0000003497 devstack@g-api.service[99348]: DEBUG glance.common.config [None req-f512238c-595c-4bce-bba0-5a0968624431 None None] scrub_pool_size = 1 {{(pid=99348) log_opt_values /opt/stack/data/venv/lib/python3.12/site-packages/oslo_config/cfg.py:3242}}
Jun 23 23:29:48.510004 np0000003497 devstack@g-api.service[99348]: DEBUG glance.common.config [None req-f512238c-595c-4bce-bba0-5a0968624431 None None] scrub_time = 0 {{(pid=99348) log_opt_values /opt/stack/data/venv/lib/python3.12/site-packages/oslo_config/cfg.py:3242}}
Jun 23 23:29:48.510090 np0000003497 devstack@g-api.service[99348]: DEBUG glance.common.config [None req-f512238c-595c-4bce-bba0-5a0968624431 None None] shell_completion = None {{(pid=99348) log_opt_values /opt/stack/data/venv/lib/python3.12/site-packages/oslo_config/cfg.py:3242}}
Jun 23 23:29:48.510187 np0000003497 devstack@g-api.service[99348]: DEBUG glance.common.config [None req-f512238c-595c-4bce-bba0-5a0968624431 None None] show_image_direct_url = False {{(pid=99348) log_opt_values /opt/stack/data/venv/lib/python3.12/site-packages/oslo_config/cfg.py:3242}}
Jun 23 23:29:48.510456 np0000003497 devstack@g-api.service[99348]: WARNING oslo_config.cfg [None req-f512238c-595c-4bce-bba0-5a0968624431 None None] Deprecated: Option "show_multiple_locations" from group "DEFAULT" is deprecated for removal (Use of this option, deprecated since Newton, is a security risk and will be removed once we figure out a way to satisfy those use cases that currently require it. An earlier announcement that the same functionality can be achieved with greater granularity by using policies is incorrect. You cannot work around this option via policy configuration at the present time, though that is the direction we believe the fix will take. Please keep an eye on the Glance release notes to stay up to date on progress in addressing this issue.). Its value may be silently ignored in the future.
Jun 23 23:29:48.510610 np0000003497 devstack@g-api.service[99348]: DEBUG glance.common.config [None req-f512238c-595c-4bce-bba0-5a0968624431 None None] show_multiple_locations = False {{(pid=99348) log_opt_values /opt/stack/data/venv/lib/python3.12/site-packages/oslo_config/cfg.py:3242}}
Jun 23 23:29:48.510718 np0000003497 devstack@g-api.service[99348]: DEBUG glance.common.config [None req-f512238c-595c-4bce-bba0-5a0968624431 None None] syslog_log_facility = LOG_USER {{(pid=99348) log_opt_values /opt/stack/data/venv/lib/python3.12/site-packages/oslo_config/cfg.py:3242}}
Jun 23 23:29:48.510814 np0000003497 devstack@g-api.service[99348]: DEBUG glance.common.config [None req-f512238c-595c-4bce-bba0-5a0968624431 None None] tcp_keepidle = 600 {{(pid=99348) log_opt_values /opt/stack/data/venv/lib/python3.12/site-packages/oslo_config/cfg.py:3242}}
Jun 23 23:29:48.510931 np0000003497 devstack@g-api.service[99348]: DEBUG glance.common.config [None req-f512238c-595c-4bce-bba0-5a0968624431 None None] transport_url = **** {{(pid=99348) log_opt_values /opt/stack/data/venv/lib/python3.12/site-packages/oslo_config/cfg.py:3242}}
Jun 23 23:29:48.511026 np0000003497 devstack@g-api.service[99348]: DEBUG glance.common.config [None req-f512238c-595c-4bce-bba0-5a0968624431 None None] use_journal = False {{(pid=99348) log_opt_values /opt/stack/data/venv/lib/python3.12/site-packages/oslo_config/cfg.py:3242}}
Jun 23 23:29:48.511120 np0000003497 devstack@g-api.service[99348]: DEBUG glance.common.config [None req-f512238c-595c-4bce-bba0-5a0968624431 None None] use_json = False {{(pid=99348) log_opt_values /opt/stack/data/venv/lib/python3.12/site-packages/oslo_config/cfg.py:3242}}
Jun 23 23:29:48.511214 np0000003497 devstack@g-api.service[99348]: DEBUG glance.common.config [None req-f512238c-595c-4bce-bba0-5a0968624431 None None] use_keystone_limits = True {{(pid=99348) log_opt_values /opt/stack/data/venv/lib/python3.12/site-packages/oslo_config/cfg.py:3242}}
Jun 23 23:29:48.511309 np0000003497 devstack@g-api.service[99348]: DEBUG glance.common.config [None req-f512238c-595c-4bce-bba0-5a0968624431 None None] use_stderr = False {{(pid=99348) log_opt_values /opt/stack/data/venv/lib/python3.12/site-packages/oslo_config/cfg.py:3242}}
Jun 23 23:29:48.511404 np0000003497 devstack@g-api.service[99348]: DEBUG glance.common.config [None req-f512238c-595c-4bce-bba0-5a0968624431 None None] use_syslog = False {{(pid=99348) log_opt_values /opt/stack/data/venv/lib/python3.12/site-packages/oslo_config/cfg.py:3242}}
Jun 23 23:29:48.511499 np0000003497 devstack@g-api.service[99348]: DEBUG glance.common.config [None req-f512238c-595c-4bce-bba0-5a0968624431 None None] user_storage_quota = 0 {{(pid=99348) log_opt_values /opt/stack/data/venv/lib/python3.12/site-packages/oslo_config/cfg.py:3242}}
Jun 23 23:29:48.511605 np0000003497 devstack@g-api.service[99348]: DEBUG glance.common.config [None req-f512238c-595c-4bce-bba0-5a0968624431 None None] worker_self_reference_url = http://127.0.0.1:60999 {{(pid=99348) log_opt_values /opt/stack/data/venv/lib/python3.12/site-packages/oslo_config/cfg.py:3242}}
Jun 23 23:29:48.511678 np0000003497 devstack@g-api.service[99346]: INFO glance.api.middleware.cache_manage [None req-4e9b74b6-27c5-4e54-9a7c-80e53b916fb8 None None] Initialized image cache management middleware
Jun 23 23:29:48.511716 np0000003497 devstack@g-api.service[99348]: DEBUG glance.common.config [None req-f512238c-595c-4bce-bba0-5a0968624431 None None] workers = None {{(pid=99348) log_opt_values /opt/stack/data/venv/lib/python3.12/site-packages/oslo_config/cfg.py:3242}}
Jun 23 23:29:48.511823 np0000003497 devstack@g-api.service[99348]: DEBUG glance.common.config [None req-f512238c-595c-4bce-bba0-5a0968624431 None None] oslo_concurrency.disable_process_locking = False {{(pid=99348) log_opt_values /opt/stack/data/venv/lib/python3.12/site-packages/oslo_config/cfg.py:3253}}
Jun 23 23:29:48.511863 np0000003497 devstack@g-api.service[99346]: INFO glance.image_cache [None req-4e9b74b6-27c5-4e54-9a7c-80e53b916fb8 None None] Image cache loaded driver 'centralized_db'.
Jun 23 23:29:48.511956 np0000003497 devstack@g-api.service[99348]: DEBUG glance.common.config [None req-f512238c-595c-4bce-bba0-5a0968624431 None None] oslo_concurrency.lock_path = /opt/stack/data/glance/locks {{(pid=99348) log_opt_values /opt/stack/data/venv/lib/python3.12/site-packages/oslo_config/cfg.py:3253}}
Jun 23 23:29:48.512063 np0000003497 devstack@g-api.service[99348]: DEBUG glance.common.config [None req-f512238c-595c-4bce-bba0-5a0968624431 None None] oslo_middleware.enable_proxy_headers_parsing = False {{(pid=99348) log_opt_values /opt/stack/data/venv/lib/python3.12/site-packages/oslo_config/cfg.py:3253}}
Jun 23 23:29:48.512164 np0000003497 devstack@g-api.service[99348]: DEBUG glance.common.config [None req-f512238c-595c-4bce-bba0-5a0968624431 None None] oslo_middleware.http_basic_auth_user_file = /etc/htpasswd {{(pid=99348) log_opt_values /opt/stack/data/venv/lib/python3.12/site-packages/oslo_config/cfg.py:3253}}
Jun 23 23:29:48.512312 np0000003497 devstack@g-api.service[99348]: DEBUG glance.common.config [None req-f512238c-595c-4bce-bba0-5a0968624431 None None] paste_deploy.config_file = None {{(pid=99348) log_opt_values /opt/stack/data/venv/lib/python3.12/site-packages/oslo_config/cfg.py:3253}}
Jun 23 23:29:48.512450 np0000003497 devstack@g-api.service[99348]: DEBUG glance.common.config [None req-f512238c-595c-4bce-bba0-5a0968624431 None None] paste_deploy.flavor = keystone+cachemanagement {{(pid=99348) log_opt_values /opt/stack/data/venv/lib/python3.12/site-packages/oslo_config/cfg.py:3253}}
Jun 23 23:29:48.512607 np0000003497 devstack@g-api.service[99348]: DEBUG glance.common.config [None req-f512238c-595c-4bce-bba0-5a0968624431 None None] image_format.container_formats = ['ami', 'ari', 'aki', 'bare', 'ovf', 'ova', 'docker', 'compressed'] {{(pid=99348) log_opt_values /opt/stack/data/venv/lib/python3.12/site-packages/oslo_config/cfg.py:3253}}
Jun 23 23:29:48.512740 np0000003497 devstack@g-api.service[99348]: DEBUG glance.common.config [None req-f512238c-595c-4bce-bba0-5a0968624431 None None] image_format.disk_formats = ['ami', 'ari', 'aki', 'vhd', 'vhdx', 'vmdk', 'raw', 'qcow2', 'vdi', 'iso', 'ploop'] {{(pid=99348) log_opt_values /opt/stack/data/venv/lib/python3.12/site-packages/oslo_config/cfg.py:3253}}
Jun 23 23:29:48.512830 np0000003497 devstack@g-api.service[99348]: DEBUG glance.common.config [None req-f512238c-595c-4bce-bba0-5a0968624431 None None] image_format.gpt_safety_checks_nonfatal = [] {{(pid=99348) log_opt_values /opt/stack/data/venv/lib/python3.12/site-packages/oslo_config/cfg.py:3253}}
Jun 23 23:29:48.512872 np0000003497 devstack@g-api.service[99347]: DEBUG glance.common.config [None req-0f347482-4ef4-4057-847b-d505020c94f2 None None] ******************************************************************************** {{(pid=99347) log_opt_values /opt/stack/data/venv/lib/python3.12/site-packages/oslo_config/cfg.py:3226}}
Jun 23 23:29:48.512925 np0000003497 devstack@g-api.service[99348]: DEBUG glance.common.config [None req-f512238c-595c-4bce-bba0-5a0968624431 None None] image_format.require_image_format_match = True {{(pid=99348) log_opt_values /opt/stack/data/venv/lib/python3.12/site-packages/oslo_config/cfg.py:3253}}
Jun 23 23:29:48.512963 np0000003497 devstack@g-api.service[99347]: DEBUG glance.common.config [None req-0f347482-4ef4-4057-847b-d505020c94f2 None None] Configuration options gathered from: {{(pid=99347) log_opt_values /opt/stack/data/venv/lib/python3.12/site-packages/oslo_config/cfg.py:3227}}
Jun 23 23:29:48.513061 np0000003497 devstack@g-api.service[99348]: DEBUG glance.common.config [None req-f512238c-595c-4bce-bba0-5a0968624431 None None] image_format.vmdk_allowed_types = ['streamOptimized', 'monolithicSparse'] {{(pid=99348) log_opt_values /opt/stack/data/venv/lib/python3.12/site-packages/oslo_config/cfg.py:3253}}
Jun 23 23:29:48.513163 np0000003497 devstack@g-api.service[99348]: DEBUG glance.common.config [None req-f512238c-595c-4bce-bba0-5a0968624431 None None] task.task_executor = taskflow {{(pid=99348) log_opt_values /opt/stack/data/venv/lib/python3.12/site-packages/oslo_config/cfg.py:3253}}
Jun 23 23:29:48.513255 np0000003497 devstack@g-api.service[99348]: DEBUG glance.common.config [None req-f512238c-595c-4bce-bba0-5a0968624431 None None] task.task_time_to_live = 48 {{(pid=99348) log_opt_values /opt/stack/data/venv/lib/python3.12/site-packages/oslo_config/cfg.py:3253}}
Jun 23 23:29:48.513321 np0000003497 devstack@g-api.service[99347]: DEBUG glance.common.config [None req-0f347482-4ef4-4057-847b-d505020c94f2 None None] command line args: [] {{(pid=99347) log_opt_values /opt/stack/data/venv/lib/python3.12/site-packages/oslo_config/cfg.py:3228}}
Jun 23 23:29:48.513366 np0000003497 devstack@g-api.service[99348]: DEBUG glance.common.config [None req-f512238c-595c-4bce-bba0-5a0968624431 None None] task.work_dir = None {{(pid=99348) log_opt_values /opt/stack/data/venv/lib/python3.12/site-packages/oslo_config/cfg.py:3253}}
