Jun 23 23:29:09.047127 np0000003497 devstack@neutron-api.service[87209]: DEBUG ovsdbapp.backend.ovs_idl.transaction [-] Running txn n=1 command(idx=1): QoSDelCommand(_result=None, switch=neutron-34c73266-f62e-4346-9fde-7b6346a252a1, conditions=[('direction', '=', 'to-lport'), ('priority', '=', 2002), ('match', '=', 'outport == "52be4265-65fd-453e-a69d-67c1008024f5"')], if_exists=True) {{(pid=87209) do_commit /opt/stack/data/venv/lib/python3.12/site-packages/ovsdbapp/backend/ovs_idl/transaction.py:89}}
Jun 23 23:29:09.047326 np0000003497 devstack@neutron-api.service[87209]: DEBUG ovsdbapp.backend.ovs_idl.transaction [-] Running txn n=1 command(idx=2): QoSDelCommand(_result=None, switch=neutron-34c73266-f62e-4346-9fde-7b6346a252a1, conditions=[('direction', '=', 'from-lport'), ('priority', '=', 2002), ('match', '=', 'inport == "52be4265-65fd-453e-a69d-67c1008024f5"')], if_exists=True) {{(pid=87209) do_commit /opt/stack/data/venv/lib/python3.12/site-packages/ovsdbapp/backend/ovs_idl/transaction.py:89}}
Jun 23 23:29:09.050891 np0000003497 devstack@neutron-api.service[87209]: DEBUG neutron.plugins.ml2.drivers.ovn.mech_driver.ovsdb.ovsdb_monitor [-] Hash Ring: Node 1a3dde231be45fd18c582faef4d8ef0a (host: np0000003497) handling event "update" for row 34c73266-f62e-4346-9fde-7b6346a252a1 (table: Logical_Switch) {{(pid=87209) notify /opt/stack/neutron/neutron/plugins/ml2/drivers/ovn/mech_driver/ovsdb/ovsdb_monitor.py:1015}}
Jun 23 23:29:09.050891 np0000003497 devstack@neutron-api.service[87209]: DEBUG neutron.plugins.ml2.drivers.ovn.mech_driver.ovsdb.ovsdb_monitor [-] Hash Ring: Node 1a3dde231be45fd18c582faef4d8ef0a (host: np0000003497) handling event "create" for row 6f11e1f8-9f03-44ba-8544-3c19fee29464 (table: Logical_Switch_Port) {{(pid=87209) notify /opt/stack/neutron/neutron/plugins/ml2/drivers/ovn/mech_driver/ovsdb/ovsdb_monitor.py:1015}}
Jun 23 23:29:09.051441 np0000003497 devstack@neutron-api.service[87210]: DEBUG neutron.plugins.ml2.drivers.ovn.mech_driver.ovsdb.ovsdb_monitor [-] Hash Ring: Node 49e591d5de9f5fca9fe7aaeabfe9a750 (host: np0000003497) handling event "create" for row 6f11e1f8-9f03-44ba-8544-3c19fee29464 (table: Logical_Switch_Port) {{(pid=87210) notify /opt/stack/neutron/neutron/plugins/ml2/drivers/ovn/mech_driver/ovsdb/ovsdb_monitor.py:1015}}
Jun 23 23:29:09.051968 np0000003497 devstack@neutron-api.service[87210]: DEBUG ovsdbapp.backend.ovs_idl.event [-] Matched CREATE: LogicalSwitchPortCreateEvent(events=('create',), table='Logical_Switch_Port', conditions=[], old_conditions=None), priority=20 to row=Logical_Switch_Port(uuid=6f11e1f8-9f03-44ba-8544-3c19fee29464, addresses=['fa:16:3e:b7:1e:ae'], dhcpv4_options=[], dhcpv6_options=[], dynamic_addresses=[], enabled=True, external_ids={'neutron:cidrs': '', 'neutron:device_id': 'ovnmeta-34c73266-f62e-4346-9fde-7b6346a252a1', 'neutron:device_owner': 'network:distributed', 'neutron:mtu': '1372', 'neutron:network_name': 'neutron-34c73266-f62e-4346-9fde-7b6346a252a1', 'neutron:port_capabilities': '', 'neutron:port_name': '', 'neutron:project_id': '468d1c00e6674194959cf690eea549f2', 'neutron:revision_number': '1', 'neutron:security_group_ids': '', 'neutron:subnet_pool_addr_scope4': '', 'neutron:subnet_pool_addr_scope6': '', 'neutron:vnic_type': 'normal'}, ha_chassis_group=[], mirror_rules=[], name='52be4265-65fd-453e-a69d-67c1008024f5', options={}, parent_name=[], port_security=[], tag=[], tag_request=[], type='localport', up=[]) old= {{(pid=87210) matches /opt/stack/data/venv/lib/python3.12/site-packages/ovsdbapp/backend/ovs_idl/event.py:55}}
Jun 23 23:29:09.052180 np0000003497 devstack@neutron-api.service[87210]: INFO neutron.plugins.ml2.drivers.ovn.mech_driver.mech_driver [-] OVN reports status down for port: 52be4265-65fd-453e-a69d-67c1008024f5
Jun 23 23:29:09.052344 np0000003497 devstack@neutron-api.service[87209]: DEBUG ovsdbapp.backend.ovs_idl.event [-] Matched CREATE: LogicalSwitchPortCreateEvent(events=('create',), table='Logical_Switch_Port', conditions=[], old_conditions=None), priority=20 to row=Logical_Switch_Port(uuid=6f11e1f8-9f03-44ba-8544-3c19fee29464, addresses=['fa:16:3e:b7:1e:ae'], dhcpv4_options=[], dhcpv6_options=[], dynamic_addresses=[], enabled=True, external_ids={'neutron:cidrs': '', 'neutron:device_id': 'ovnmeta-34c73266-f62e-4346-9fde-7b6346a252a1', 'neutron:device_owner': 'network:distributed', 'neutron:mtu': '1372', 'neutron:network_name': 'neutron-34c73266-f62e-4346-9fde-7b6346a252a1', 'neutron:port_capabilities': '', 'neutron:port_name': '', 'neutron:project_id': '468d1c00e6674194959cf690eea549f2', 'neutron:revision_number': '1', 'neutron:security_group_ids': '', 'neutron:subnet_pool_addr_scope4': '', 'neutron:subnet_pool_addr_scope6': '', 'neutron:vnic_type': 'normal'}, ha_chassis_group=[], mirror_rules=[], name='52be4265-65fd-453e-a69d-67c1008024f5', options={}, parent_name=[], port_security=[], tag=[], tag_request=[], type='localport', up=[]) old= {{(pid=87209) matches /opt/stack/data/venv/lib/python3.12/site-packages/ovsdbapp/backend/ovs_idl/event.py:55}}
Jun 23 23:29:09.053055 np0000003497 devstack@neutron-api.service[87210]: DEBUG neutron.plugins.ml2.drivers.ovn.mech_driver.ovsdb.ovsdb_monitor [-] Hash Ring: Node 49e591d5de9f5fca9fe7aaeabfe9a750 (host: np0000003497) handling event "update" for row 6f11e1f8-9f03-44ba-8544-3c19fee29464 (table: Logical_Switch_Port) {{(pid=87210) notify /opt/stack/neutron/neutron/plugins/ml2/drivers/ovn/mech_driver/ovsdb/ovsdb_monitor.py:1015}}
Jun 23 23:29:09.053775 np0000003497 devstack@neutron-api.service[87209]: INFO neutron.plugins.ml2.drivers.ovn.mech_driver.mech_driver [-] OVN reports status down for port: 52be4265-65fd-453e-a69d-67c1008024f5
Jun 23 23:29:09.053775 np0000003497 devstack@neutron-api.service[87209]: DEBUG neutron.plugins.ml2.drivers.ovn.mech_driver.ovsdb.ovsdb_monitor [-] Hash Ring: Node 1a3dde231be45fd18c582faef4d8ef0a (host: np0000003497) handling event "update" for row 6f11e1f8-9f03-44ba-8544-3c19fee29464 (table: Logical_Switch_Port) {{(pid=87209) notify /opt/stack/neutron/neutron/plugins/ml2/drivers/ovn/mech_driver/ovsdb/ovsdb_monitor.py:1015}}
Jun 23 23:29:09.058378 np0000003497 devstack@neutron-api.service[87209]: DEBUG neutron.plugins.ml2.drivers.ovn.mech_driver.ovsdb.ovsdb_monitor [-] Hash Ring: Node 1a3dde231be45fd18c582faef4d8ef0a (host: np0000003497) handling event "create" for row 9a86f572-a35a-46e7-8e82-d83fbf822975 (table: Port_Binding) {{(pid=87209) notify /opt/stack/neutron/neutron/plugins/ml2/drivers/ovn/mech_driver/ovsdb/ovsdb_monitor.py:1015}}
Jun 23 23:29:09.074033 np0000003497 devstack@neutron-api.service[87210]: DEBUG neutron.plugins.ml2.drivers.ovn.mech_driver.ovsdb.ovsdb_monitor [-] Hash Ring: Node 49e591d5de9f5fca9fe7aaeabfe9a750 (host: np0000003497) handling event "create" for row 9a86f572-a35a-46e7-8e82-d83fbf822975 (table: Port_Binding) {{(pid=87210) notify /opt/stack/neutron/neutron/plugins/ml2/drivers/ovn/mech_driver/ovsdb/ovsdb_monitor.py:1015}}
Jun 23 23:29:09.107108 np0000003497 devstack@neutron-api.service[87209]: INFO neutron.db.ovn_revision_numbers_db [None req-be7c10b7-4a28-471c-88df-23c174486075 admin admin] Successfully bumped revision number for resource 52be4265-65fd-453e-a69d-67c1008024f5 (type: ports) to 1
Jun 23 23:29:09.111356 np0000003497 devstack@neutron-api.service[87210]: DEBUG neutron.db.provisioning_blocks [None req-b7625eab-ccac-40b6-b975-659db8b1e239 None None] Transition to ACTIVE for port object 52be4265-65fd-453e-a69d-67c1008024f5 will not be triggered until provisioned by entity L2. {{(pid=87210) add_provisioning_component /opt/stack/neutron/neutron/db/provisioning_blocks.py:74}}
Jun 23 23:29:09.124260 np0000003497 devstack@neutron-api.service[87209]: DEBUG neutron.pecan_wsgi.hooks.policy_enforcement [None req-be7c10b7-4a28-471c-88df-23c174486075 admin admin] Attributes excluded by policy engine: ['standard_attr_id'] {{(pid=87209) _exclude_attributes_by_policy /opt/stack/neutron/neutron/pecan_wsgi/hooks/policy_enforcement.py:259}}
Jun 23 23:29:09.124739 np0000003497 devstack@neutron-api.service[87209]: DEBUG neutron_lib.callbacks.manager [None req-be7c10b7-4a28-471c-88df-23c174486075 admin admin] Publish callbacks [] for network (None), before_response {{(pid=87209) _notify_loop /opt/stack/data/venv/lib/python3.12/site-packages/neutron_lib/callbacks/manager.py:184}}
Jun 23 23:29:09.142495 np0000003497 devstack@neutron-api.service[87209]: [pid: 87209|app: 0|req: 3/5] 10.4.3.234 () {68 vars in 1326 bytes} [Tue Jun 23 23:29:07 2026] POST /networking/v2.0/networks => generated 681 bytes in 1233 msecs (HTTP/1.1 201) 4 headers in 162 bytes (1 switches on core 0)
Jun 23 23:29:09.142859 np0000003497 devstack@neutron-api.service[87209]: DEBUG neutron.db.provisioning_blocks [None req-22ac7be8-c350-4702-9d8c-a87f591fb4d1 None None] Ignored duplicate provisioning block setup for port 52be4265-65fd-453e-a69d-67c1008024f5 by entity L2. {{(pid=87209) add_provisioning_component /opt/stack/neutron/neutron/db/provisioning_blocks.py:69}}
Jun 23 23:29:09.145845 np0000003497 devstack@neutron-api.service[87210]: DEBUG neutron.plugins.ml2.plugin [None req-b7625eab-ccac-40b6-b975-659db8b1e239 None None] Current status of the port 52be4265-65fd-453e-a69d-67c1008024f5 is: DOWN; New status is: DOWN {{(pid=87210) _update_individual_port_db_status /opt/stack/neutron/neutron/plugins/ml2/plugin.py:2473}}
Jun 23 23:29:09.146643 np0000003497 devstack@neutron-api.service[87210]: INFO neutron.plugins.ml2.drivers.ovn.mech_driver.ovsdb.extensions.qos [None req-b7625eab-ccac-40b6-b975-659db8b1e239 None None] Starting OVNClientQosExtension
Jun 23 23:29:09.146643 np0000003497 devstack@neutron-api.service[87210]: INFO neutron.plugins.ml2.drivers.ovn.mech_driver.ovsdb.extensions.placement [None req-b7625eab-ccac-40b6-b975-659db8b1e239 None None] Starting OVNClientPlacementExtension
Jun 23 23:29:09.148015 np0000003497 devstack@neutron-api.service[87210]: DEBUG ovsdbapp.backend.ovs_idl.transaction [-] Running txn n=1 command(idx=0): DbRemoveCommand(_result=None, table=Logical_Switch_Port, record=52be4265-65fd-453e-a69d-67c1008024f5, column=external_ids, values=('neutron:host_id',), keyvalues={}, if_exists=True) {{(pid=87210) do_commit /opt/stack/data/venv/lib/python3.12/site-packages/ovsdbapp/backend/ovs_idl/transaction.py:89}}
Jun 23 23:29:09.178059 np0000003497 devstack@neutron-api.service[87209]: DEBUG neutron.plugins.ml2.plugin [None req-22ac7be8-c350-4702-9d8c-a87f591fb4d1 None None] Current status of the port 52be4265-65fd-453e-a69d-67c1008024f5 is: DOWN; New status is: DOWN {{(pid=87209) _update_individual_port_db_status /opt/stack/neutron/neutron/plugins/ml2/plugin.py:2473}}
Jun 23 23:29:09.179149 np0000003497 devstack@neutron-api.service[87209]: DEBUG ovsdbapp.backend.ovs_idl.transaction [-] Running txn n=1 command(idx=0): DbRemoveCommand(_result=None, table=Logical_Switch_Port, record=52be4265-65fd-453e-a69d-67c1008024f5, column=external_ids, values=('neutron:host_id',), keyvalues={}, if_exists=True) {{(pid=87209) do_commit /opt/stack/data/venv/lib/python3.12/site-packages/ovsdbapp/backend/ovs_idl/transaction.py:89}}
Jun 23 23:29:09.479125 np0000003497 devstack@neutron-api.service[87210]: DEBUG neutron.pecan_wsgi.hooks.policy_enforcement [None req-e03ccf48-116c-4565-a639-700bd35d0857 admin admin] Attributes excluded by policy engine: ['standard_attr_id'] {{(pid=87210) _exclude_attributes_by_policy /opt/stack/neutron/neutron/pecan_wsgi/hooks/policy_enforcement.py:259}}
Jun 23 23:29:09.480224 np0000003497 devstack@neutron-api.service[87210]: [pid: 87210|app: 0|req: 2/6] 10.4.3.234 () {64 vars in 1384 bytes} [Tue Jun 23 23:29:09 2026] GET /networking/v2.0/networks/34c73266-f62e-4346-9fde-7b6346a252a1 => generated 662 bytes in 55 msecs (HTTP/1.1 200) 4 headers in 157 bytes (1 switches on core 0)
Jun 23 23:29:09.492022 np0000003497 devstack@neutron-api.service[87211]: DEBUG neutron.api.wsgi [None req-5e32cf0d-6724-4ae0-9ccc-bee83ad7e512 admin admin] Missing Content-Type {{(pid=87211) get_content_type /opt/stack/neutron/neutron/api/wsgi.py:80}}
Jun 23 23:29:09.500462 np0000003497 devstack@neutron-api.service[87211]: [pid: 87211|app: 0|req: 2/7] 10.4.3.234 () {64 vars in 1393 bytes} [Tue Jun 23 23:29:09 2026] GET /networking/v2.0/subnetpools/8919e13e-43cd-4044-81d8-80595f066f0e => generated 533 bytes in 10 msecs (HTTP/1.1 200) 4 headers in 157 bytes (1 switches on core 0)
Jun 23 23:29:09.509807 np0000003497 devstack@neutron-api.service[87209]: DEBUG neutron.api.v2.base [None req-f9206ebd-f0ab-4b1b-98c3-24ac43dea884 admin admin] Request body: {'subnet': {'network_id': '34c73266-f62e-4346-9fde-7b6346a252a1', 'gateway_ip': '10.1.0.1', 'subnetpool_id': '8919e13e-43cd-4044-81d8-80595f066f0e', 'ip_version': 4, 'name': 'private-subnet'}} {{(pid=87209) prepare_request_body /opt/stack/neutron/neutron/api/v2/base.py:727}}
Jun 23 23:29:09.521830 np0000003497 devstack@neutron-api.service[87209]: DEBUG neutron.pecan_wsgi.hooks.quota_enforcement [None req-f9206ebd-f0ab-4b1b-98c3-24ac43dea884 admin admin] Made reservation on behalf of 468d1c00e6674194959cf690eea549f2 for: {'subnet': 1} {{(pid=87209) before /opt/stack/neutron/neutron/pecan_wsgi/hooks/quota_enforcement.py:66}}
Jun 23 23:29:09.524054 np0000003497 devstack@neutron-api.service[87209]: DEBUG neutron_lib.callbacks.manager [None req-f9206ebd-f0ab-4b1b-98c3-24ac43dea884 admin admin] Publish callbacks [] for subnet (None), before_create {{(pid=87209) _notify_loop /opt/stack/data/venv/lib/python3.12/site-packages/neutron_lib/callbacks/manager.py:184}}
Jun 23 23:29:09.825354 np0000003497 devstack@neutron-api.service[87209]: DEBUG neutron.db.ovn_revision_numbers_db [None req-f9206ebd-f0ab-4b1b-98c3-24ac43dea884 admin admin] create_initial_revision uuid=736fbb47-1aa8-41aa-b187-526ff2f0630e, type=subnets, rev=-1 {{(pid=87209) create_initial_revision /opt/stack/neutron/neutron/db/ovn_revision_numbers_db.py:98}}
Jun 23 23:29:09.829489 np0000003497 devstack@neutron-api.service[87209]: DEBUG neutron_lib.callbacks.manager [None req-f9206ebd-f0ab-4b1b-98c3-24ac43dea884 admin admin] Publish callbacks ['neutron.plugins.ml2.ovo_rpc._ObjectChangeHandler.handle_event-7455571'] for subnet (736fbb47-1aa8-41aa-b187-526ff2f0630e), after_create {{(pid=87209) _notify_loop /opt/stack/data/venv/lib/python3.12/site-packages/neutron_lib/callbacks/manager.py:184}}
Jun 23 23:29:09.844536 np0000003497 devstack@neutron-api.service[87209]: DEBUG neutron.api.rpc.handlers.resources_rpc [None req-f9206ebd-f0ab-4b1b-98c3-24ac43dea884 admin admin] Pushing event updated for resources: {'Subnet': ['ID=736fbb47-1aa8-41aa-b187-526ff2f0630e,revision_number=0']} {{(pid=87209) push /opt/stack/neutron/neutron/api/rpc/handlers/resources_rpc.py:237}}
Jun 23 23:29:09.913432 np0000003497 devstack@neutron-api.service[87209]: DEBUG neutron_lib.callbacks.manager [None req-f9206ebd-f0ab-4b1b-98c3-24ac43dea884 admin admin] Publish callbacks ['neutron.plugins.ml2.plugin.SecurityGroupDbMixin._ensure_default_security_group_handler-104702', 'neutron.services.ovn_l3.plugin.OVNL3RouterPlugin._port_update-8739607571460', 'neutron.db.l3_db.L3_NAT_dbonly_mixin._prevent_internal_ip_change_for_fip-8739609077794'] for port (52be4265-65fd-453e-a69d-67c1008024f5), before_update {{(pid=87209) _notify_loop /opt/stack/data/venv/lib/python3.12/site-packages/neutron_lib/callbacks/manager.py:184}}
Jun 23 23:29:10.003254 np0000003497 devstack@neutron-api.service[87209]: DEBUG neutron.db.db_base_plugin_common [None req-f9206ebd-f0ab-4b1b-98c3-24ac43dea884 admin admin] Allocated IP 10.1.0.2 (34c73266-f62e-4346-9fde-7b6346a252a1/736fbb47-1aa8-41aa-b187-526ff2f0630e/52be4265-65fd-453e-a69d-67c1008024f5) {{(pid=87209) _store_ip_allocation /opt/stack/neutron/neutron/db/db_base_plugin_common.py:131}}
Jun 23 23:29:10.086933 np0000003497 devstack@neutron-api.service[87209]: DEBUG neutron_lib.callbacks.manager [None req-f9206ebd-f0ab-4b1b-98c3-24ac43dea884 admin admin] Publish callbacks [] for port (52be4265-65fd-453e-a69d-67c1008024f5), precommit_update {{(pid=87209) _notify_loop /opt/stack/data/venv/lib/python3.12/site-packages/neutron_lib/callbacks/manager.py:184}}
Jun 23 23:29:10.087074 np0000003497 devstack@neutron-api.service[87209]: DEBUG neutron.plugins.ml2.drivers.ovn.mech_driver.mech_driver [None req-f9206ebd-f0ab-4b1b-98c3-24ac43dea884 admin admin] No provisioning block for port 52be4265-65fd-453e-a69d-67c1008024f5 since it does not have a host {{(pid=87209) _is_port_provisioning_required /opt/stack/neutron/neutron/plugins/ml2/drivers/ovn/mech_driver/mech_driver.py:899}}
Jun 23 23:29:10.095481 np0000003497 devstack@neutron-api.service[87209]: DEBUG neutron_lib.callbacks.manager [None req-f9206ebd-f0ab-4b1b-98c3-24ac43dea884 admin admin] Publish callbacks ['neutron.plugins.ml2.ovo_rpc._ObjectChangeHandler.handle_event-7455574', 'neutron.services.ovn_l3.plugin.OVNL3RouterPlugin._port_update-8739607571460'] for port (52be4265-65fd-453e-a69d-67c1008024f5), after_update {{(pid=87209) _notify_loop /opt/stack/data/venv/lib/python3.12/site-packages/neutron_lib/callbacks/manager.py:184}}
Jun 23 23:29:10.120612 np0000003497 devstack@neutron-api.service[87209]: DEBUG neutron.api.rpc.handlers.resources_rpc [None req-f9206ebd-f0ab-4b1b-98c3-24ac43dea884 admin admin] Pushing event updated for resources: {'Port': ['ID=52be4265-65fd-453e-a69d-67c1008024f5,revision_number=2']} {{(pid=87209) push /opt/stack/neutron/neutron/api/rpc/handlers/resources_rpc.py:237}}
Jun 23 23:29:10.236121 np0000003497 devstack@neutron-api.service[87209]: DEBUG neutron.plugins.ml2.drivers.ovn.mech_driver.ovsdb.commands [None req-f9206ebd-f0ab-4b1b-98c3-24ac43dea884 admin admin] Converting tag [] to a tag_request {{(pid=87209) _tag_column_to_tag_request /opt/stack/neutron/neutron/plugins/ml2/drivers/ovn/mech_driver/ovsdb/commands.py:205}}
Jun 23 23:29:10.236961 np0000003497 devstack@neutron-api.service[87209]: DEBUG ovsdbapp.backend.ovs_idl.transaction [-] Running txn n=1 command(idx=0): CheckRevisionNumberCommand(_result=None, name=52be4265-65fd-453e-a69d-67c1008024f5, resource={'id': '52be4265-65fd-453e-a69d-67c1008024f5', 'name': '', 'network_id': '34c73266-f62e-4346-9fde-7b6346a252a1', 'project_id': '468d1c00e6674194959cf690eea549f2', 'mac_address': 'fa:16:3e:b7:1e:ae', 'admin_state_up': True, 'status': 'DOWN', 'device_id': 'ovnmeta-34c73266-f62e-4346-9fde-7b6346a252a1', 'device_owner': 'network:distributed', 'standard_attr_id': 14, 'fixed_ips': [{'subnet_id': '736fbb47-1aa8-41aa-b187-526ff2f0630e', 'ip_address': '10.1.0.2'}], 'allowed_address_pairs': [], 'extra_dhcp_opts': [], 'security_groups': [], 'description': '', 'binding:vnic_type': 'normal', 'binding:profile': {}, 'binding:host_id': '', 'binding:vif_type': 'unbound', 'binding:vif_details': {}, 'port_security_enabled': False, 'tags': [], 'created_at': '2026-06-23T23:29:08Z', 'updated_at': '2026-06-23T23:29:10Z', 'revision_number': 2, 'tenant_id': '468d1c00e6674194959cf690eea549f2', 'network': {'id': '34c73266-f62e-4346-9fde-7b6346a252a1', 'name': 'private', 'tenant_id': '468d1c00e6674194959cf690eea549f2', 'project_id': '468d1c00e6674194959cf690eea549f2', 'admin_state_up': True, 'mtu': 1372, 'status': 'ACTIVE', 'subnets': ['736fbb47-1aa8-41aa-b187-526ff2f0630e'], 'standard_attr_id': 12, 'shared': False, 'availability_zone_hints': [], 'availability_zones': [], 'ipv4_address_scope': None, 'ipv6_address_scope': None, 'router:external': False, 'qinq': False, 'vlan_transparent': False, 'description': '', 'port_security_enabled': True, 'tags': [], 'created_at': '2026-06-23T23:29:08Z', 'updated_at': '2026-06-23T23:29:09Z', 'revision_number': 2, 'provider:network_type': 'geneve', 'provider:physical_network': None, 'provider:segmentation_id': 42334}}, resource_type=ports, if_exists=True) {{(pid=87209) do_commit /opt/stack/data/venv/lib/python3.12/site-packages/ovsdbapp/backend/ovs_idl/transaction.py:89}}
Jun 23 23:29:10.237296 np0000003497 devstack@neutron-api.service[87209]: DEBUG ovsdbapp.backend.ovs_idl.transaction [-] Running txn n=1 command(idx=1): AddDHCPOptionsCommand(_result=None, columns={'cidr': '10.1.0.0/26', 'options': {'server_id': '10.1.0.1', 'lease_time': '43200', 'mtu': '1372', 'router': '10.1.0.1', 'server_mac': 'fa:16:3e:27:61:0b', 'dns_server': '{127.0.0.53}', 'classless_static_route': '{169.254.169.254/32,10.1.0.2, 0.0.0.0/0,10.1.0.1}'}, 'external_ids': {'subnet_id': '736fbb47-1aa8-41aa-b187-526ff2f0630e', 'neutron:network_id': '34c73266-f62e-4346-9fde-7b6346a252a1', 'neutron:revision_number': '0'}}, may_exist=True, subnet_id=736fbb47-1aa8-41aa-b187-526ff2f0630e, port_id=None, new_insert=False) {{(pid=87209) do_commit /opt/stack/data/venv/lib/python3.12/site-packages/ovsdbapp/backend/ovs_idl/transaction.py:89}}
Jun 23 23:29:10.237543 np0000003497 devstack@neutron-api.service[87209]: DEBUG ovsdbapp.backend.ovs_idl.transaction [-] Running txn n=1 command(idx=2): SetLSwitchPortCommand(_result=None, lport=52be4265-65fd-453e-a69d-67c1008024f5, external_ids_update=None, columns={'external_ids': {'neutron:port_name': '', 'neutron:device_id': 'ovnmeta-34c73266-f62e-4346-9fde-7b6346a252a1', 'neutron:project_id': '468d1c00e6674194959cf690eea549f2', 'neutron:cidrs': '10.1.0.2/26', 'neutron:device_owner': 'network:distributed', 'neutron:subnet_pool_addr_scope4': '', 'neutron:subnet_pool_addr_scope6': '', 'neutron:network_name': 'neutron-34c73266-f62e-4346-9fde-7b6346a252a1', 'neutron:security_group_ids': '', 'neutron:revision_number': '2', 'neutron:vnic_type': 'normal', 'neutron:port_capabilities': '', 'neutron:mtu': '1372'}, 'parent_name': [], 'options': {}, 'enabled': True, 'port_security': [], 'dhcpv4_options': [], 'dhcpv6_options': [], 'type': 'localport', 'addresses': ['fa:16:3e:b7:1e:ae 10.1.0.2'], 'ha_chassis_group': [], 'tag_request': []}, if_exists=False) {{(pid=87209) do_commit /opt/stack/data/venv/lib/python3.12/site-packages/ovsdbapp/backend/ovs_idl/transaction.py:89}}
Jun 23 23:29:10.238114 np0000003497 devstack@neutron-api.service[87209]: DEBUG ovsdbapp.backend.ovs_idl.transaction [-] Running txn n=1 command(idx=3): PgDelPortCommand(_result=None, port_group=neutron_pg_drop, lsp=['52be4265-65fd-453e-a69d-67c1008024f5'], if_exists=False) {{(pid=87209) do_commit /opt/stack/data/venv/lib/python3.12/site-packages/ovsdbapp/backend/ovs_idl/transaction.py:89}}
Jun 23 23:29:10.243087 np0000003497 devstack@neutron-api.service[87209]: DEBUG neutron.plugins.ml2.drivers.ovn.mech_driver.ovsdb.ovsdb_monitor [-] Hash Ring: Node 1a3dde231be45fd18c582faef4d8ef0a (host: np0000003497) handling event "create" for row 26d90822-689d-4e3d-b286-6a8a9e3d6fb6 (table: DHCP_Options) {{(pid=87209) notify /opt/stack/neutron/neutron/plugins/ml2/drivers/ovn/mech_driver/ovsdb/ovsdb_monitor.py:1015}}
Jun 23 23:29:10.243655 np0000003497 devstack@neutron-api.service[87210]: DEBUG neutron.plugins.ml2.drivers.ovn.mech_driver.ovsdb.ovsdb_monitor [-] Hash Ring: Node 49e591d5de9f5fca9fe7aaeabfe9a750 (host: np0000003497) handling event "create" for row 26d90822-689d-4e3d-b286-6a8a9e3d6fb6 (table: DHCP_Options) {{(pid=87210) notify /opt/stack/neutron/neutron/plugins/ml2/drivers/ovn/mech_driver/ovsdb/ovsdb_monitor.py:1015}}
Jun 23 23:29:10.244074 np0000003497 devstack@neutron-api.service[87209]: DEBUG neutron.plugins.ml2.drivers.ovn.mech_driver.ovsdb.ovsdb_monitor [-] Hash Ring: Node 1a3dde231be45fd18c582faef4d8ef0a (host: np0000003497) handling event "update" for row 6f11e1f8-9f03-44ba-8544-3c19fee29464 (table: Logical_Switch_Port) {{(pid=87209) notify /opt/stack/neutron/neutron/plugins/ml2/drivers/ovn/mech_driver/ovsdb/ovsdb_monitor.py:1015}}
Jun 23 23:29:10.244458 np0000003497 devstack@neutron-api.service[87210]: DEBUG neutron.plugins.ml2.drivers.ovn.mech_driver.ovsdb.ovsdb_monitor [-] Hash Ring: Node 49e591d5de9f5fca9fe7aaeabfe9a750 (host: np0000003497) handling event "update" for row 6f11e1f8-9f03-44ba-8544-3c19fee29464 (table: Logical_Switch_Port) {{(pid=87210) notify /opt/stack/neutron/neutron/plugins/ml2/drivers/ovn/mech_driver/ovsdb/ovsdb_monitor.py:1015}}
Jun 23 23:29:10.244872 np0000003497 devstack@neutron-api.service[87209]: DEBUG neutron.plugins.ml2.drivers.ovn.mech_driver.ovsdb.ovsdb_monitor [-] Hash Ring: Node 1a3dde231be45fd18c582faef4d8ef0a (host: np0000003497) handling event "update" for row 9a86f572-a35a-46e7-8e82-d83fbf822975 (table: Port_Binding) {{(pid=87209) notify /opt/stack/neutron/neutron/plugins/ml2/drivers/ovn/mech_driver/ovsdb/ovsdb_monitor.py:1015}}
Jun 23 23:29:10.247728 np0000003497 devstack@neutron-api.service[87210]: DEBUG neutron.plugins.ml2.drivers.ovn.mech_driver.ovsdb.ovsdb_monitor [-] Hash Ring: Node 49e591d5de9f5fca9fe7aaeabfe9a750 (host: np0000003497) handling event "update" for row 9a86f572-a35a-46e7-8e82-d83fbf822975 (table: Port_Binding) {{(pid=87210) notify /opt/stack/neutron/neutron/plugins/ml2/drivers/ovn/mech_driver/ovsdb/ovsdb_monitor.py:1015}}
Jun 23 23:29:10.265929 np0000003497 devstack@neutron-api.service[87209]: INFO neutron.db.ovn_revision_numbers_db [None req-f9206ebd-f0ab-4b1b-98c3-24ac43dea884 admin admin] Successfully bumped revision number for resource 52be4265-65fd-453e-a69d-67c1008024f5 (type: ports) to 2
Jun 23 23:29:10.273894 np0000003497 devstack@neutron-api.service[87209]: DEBUG neutron.plugins.ml2.plugin [None req-f9206ebd-f0ab-4b1b-98c3-24ac43dea884 admin admin] In _notify_port_updated(), no bound segment for port 52be4265-65fd-453e-a69d-67c1008024f5 on network 34c73266-f62e-4346-9fde-7b6346a252a1 {{(pid=87209) _notify_port_updated /opt/stack/neutron/neutron/plugins/ml2/plugin.py:1041}}
Jun 23 23:29:10.298402 np0000003497 devstack@neutron-api.service[87209]: INFO neutron.db.ovn_revision_numbers_db [None req-f9206ebd-f0ab-4b1b-98c3-24ac43dea884 admin admin] Successfully bumped revision number for resource 736fbb47-1aa8-41aa-b187-526ff2f0630e (type: subnets) to 0
Jun 23 23:29:10.299420 np0000003497 devstack@neutron-api.service[87209]: DEBUG neutron.pecan_wsgi.hooks.policy_enforcement [None req-f9206ebd-f0ab-4b1b-98c3-24ac43dea884 admin admin] Attributes excluded by policy engine: ['standard_attr_id', 'shared', 'network'] {{(pid=87209) _exclude_attributes_by_policy /opt/stack/neutron/neutron/pecan_wsgi/hooks/policy_enforcement.py:259}}
Jun 23 23:29:10.299768 np0000003497 devstack@neutron-api.service[87209]: DEBUG neutron_lib.callbacks.manager [None req-f9206ebd-f0ab-4b1b-98c3-24ac43dea884 admin admin] Publish callbacks [] for subnet (None), before_response {{(pid=87209) _notify_loop /opt/stack/data/venv/lib/python3.12/site-packages/neutron_lib/callbacks/manager.py:184}}
Jun 23 23:29:10.307169 np0000003497 devstack@neutron-api.service[87209]: [pid: 87209|app: 0|req: 4/8] 10.4.3.234 () {68 vars in 1324 bytes} [Tue Jun 23 23:29:09 2026] POST /networking/v2.0/subnets => generated 666 bytes in 800 msecs (HTTP/1.1 201) 4 headers in 162 bytes (1 switches on core 0)
Jun 23 23:29:10.641617 np0000003497 devstack@neutron-api.service[87210]: DEBUG neutron.pecan_wsgi.hooks.policy_enforcement [None req-3579f812-5e9c-43cd-8ede-b291c8ae22ae admin admin] Attributes excluded by policy engine: ['standard_attr_id'] {{(pid=87210) _exclude_attributes_by_policy /opt/stack/neutron/neutron/pecan_wsgi/hooks/policy_enforcement.py:259}}
Jun 23 23:29:10.642737 np0000003497 devstack@neutron-api.service[87210]: [pid: 87210|app: 0|req: 3/9] 10.4.3.234 () {64 vars in 1384 bytes} [Tue Jun 23 23:29:10 2026] GET /networking/v2.0/networks/34c73266-f62e-4346-9fde-7b6346a252a1 => generated 700 bytes in 43 msecs (HTTP/1.1 200) 4 headers in 157 bytes (1 switches on core 0)
Jun 23 23:29:10.655772 np0000003497 devstack@neutron-api.service[87211]: DEBUG neutron.api.wsgi [None req-8ec63593-ee7f-4779-9b66-bdb46f84d1c5 admin admin] Missing Content-Type {{(pid=87211) get_content_type /opt/stack/neutron/neutron/api/wsgi.py:80}}
Jun 23 23:29:10.664069 np0000003497 devstack@neutron-api.service[87211]: [pid: 87211|app: 0|req: 3/10] 10.4.3.234 () {64 vars in 1393 bytes} [Tue Jun 23 23:29:10 2026] GET /networking/v2.0/subnetpools/dc9ec22d-b5e8-4a72-b5ef-00e1794a8efe => generated 543 bytes in 10 msecs (HTTP/1.1 200) 4 headers in 157 bytes (1 switches on core 0)
Jun 23 23:29:10.677028 np0000003497 devstack@neutron-api.service[87209]: DEBUG neutron.api.v2.base [None req-1e33a807-54b4-44fc-b8d0-87e87d920f1d admin admin] Request body: {'subnet': {'network_id': '34c73266-f62e-4346-9fde-7b6346a252a1', 'ipv6_address_mode': 'slaac', 'subnetpool_id': 'dc9ec22d-b5e8-4a72-b5ef-00e1794a8efe', 'ip_version': 6, 'name': 'ipv6-private-subnet', 'ipv6_ra_mode': 'slaac'}} {{(pid=87209) prepare_request_body /opt/stack/neutron/neutron/api/v2/base.py:727}}
Jun 23 23:29:10.688822 np0000003497 devstack@neutron-api.service[87209]: DEBUG neutron.pecan_wsgi.hooks.quota_enforcement [None req-1e33a807-54b4-44fc-b8d0-87e87d920f1d admin admin] Made reservation on behalf of 468d1c00e6674194959cf690eea549f2 for: {'subnet': 1} {{(pid=87209) before /opt/stack/neutron/neutron/pecan_wsgi/hooks/quota_enforcement.py:66}}
Jun 23 23:29:10.691643 np0000003497 devstack@neutron-api.service[87209]: DEBUG neutron_lib.callbacks.manager [None req-1e33a807-54b4-44fc-b8d0-87e87d920f1d admin admin] Publish callbacks [] for subnet (None), before_create {{(pid=87209) _notify_loop /opt/stack/data/venv/lib/python3.12/site-packages/neutron_lib/callbacks/manager.py:184}}
Jun 23 23:29:10.779810 np0000003497 devstack@neutron-api.service[87209]: DEBUG neutron.db.ovn_revision_numbers_db [None req-1e33a807-54b4-44fc-b8d0-87e87d920f1d admin admin] create_initial_revision uuid=412a63a4-7f07-49a1-8726-2a13fd147bd1, type=subnets, rev=-1 {{(pid=87209) create_initial_revision /opt/stack/neutron/neutron/db/ovn_revision_numbers_db.py:98}}
Jun 23 23:29:10.844031 np0000003497 devstack@neutron-api.service[87209]: DEBUG neutron.objects.ports [None req-1e33a807-54b4-44fc-b8d0-87e87d920f1d admin admin] Time-cost: Fetching 1 ports in 0 security groups {{(pid=87209) get_objects /opt/stack/neutron/neutron/objects/ports.py:506}}
Jun 23 23:29:10.953914 np0000003497 devstack@neutron-api.service[87209]: DEBUG neutron_lib.callbacks.manager [None req-1e33a807-54b4-44fc-b8d0-87e87d920f1d admin admin] Publish callbacks ['neutron.plugins.ml2.plugin.SecurityGroupDbMixin._ensure_default_security_group_handler-104702', 'neutron.services.ovn_l3.plugin.OVNL3RouterPlugin._port_update-8739607571460', 'neutron.db.l3_db.L3_NAT_dbonly_mixin._prevent_internal_ip_change_for_fip-8739609077794'] for port (52be4265-65fd-453e-a69d-67c1008024f5), before_update {{(pid=87209) _notify_loop /opt/stack/data/venv/lib/python3.12/site-packages/neutron_lib/callbacks/manager.py:184}}
Jun 23 23:29:11.048366 np0000003497 devstack@neutron-api.service[87209]: DEBUG neutron_lib.callbacks.manager [None req-1e33a807-54b4-44fc-b8d0-87e87d920f1d admin admin] Publish callbacks [] for port (52be4265-65fd-453e-a69d-67c1008024f5), precommit_update {{(pid=87209) _notify_loop /opt/stack/data/venv/lib/python3.12/site-packages/neutron_lib/callbacks/manager.py:184}}
Jun 23 23:29:11.048809 np0000003497 devstack@neutron-api.service[87209]: DEBUG neutron.plugins.ml2.drivers.ovn.mech_driver.mech_driver [None req-1e33a807-54b4-44fc-b8d0-87e87d920f1d admin admin] No provisioning block for port 52be4265-65fd-453e-a69d-67c1008024f5 since it does not have a host {{(pid=87209) _is_port_provisioning_required /opt/stack/neutron/neutron/plugins/ml2/drivers/ovn/mech_driver/mech_driver.py:899}}
Jun 23 23:29:11.049750 np0000003497 devstack@neutron-api.service[87209]: DEBUG neutron_lib.callbacks.manager [None req-1e33a807-54b4-44fc-b8d0-87e87d920f1d admin admin] Publish callbacks ['neutron.plugins.ml2.ovo_rpc._ObjectChangeHandler.handle_event-7455574', 'neutron.services.ovn_l3.plugin.OVNL3RouterPlugin._port_update-8739607571460'] for port (52be4265-65fd-453e-a69d-67c1008024f5), after_update {{(pid=87209) _notify_loop /opt/stack/data/venv/lib/python3.12/site-packages/neutron_lib/callbacks/manager.py:184}}
Jun 23 23:29:11.076053 np0000003497 devstack@neutron-api.service[87209]: DEBUG neutron.api.rpc.handlers.resources_rpc [None req-1e33a807-54b4-44fc-b8d0-87e87d920f1d admin admin] Pushing event updated for resources: {'Port': ['ID=52be4265-65fd-453e-a69d-67c1008024f5,revision_number=3']} {{(pid=87209) push /opt/stack/neutron/neutron/api/rpc/handlers/resources_rpc.py:237}}
Jun 23 23:29:11.187886 np0000003497 devstack@neutron-api.service[87209]: DEBUG neutron.plugins.ml2.drivers.ovn.mech_driver.ovsdb.commands [None req-1e33a807-54b4-44fc-b8d0-87e87d920f1d admin admin] Converting tag [] to a tag_request {{(pid=87209) _tag_column_to_tag_request /opt/stack/neutron/neutron/plugins/ml2/drivers/ovn/mech_driver/ovsdb/commands.py:205}}
Jun 23 23:29:11.188534 np0000003497 devstack@neutron-api.service[87209]: DEBUG ovsdbapp.backend.ovs_idl.transaction [-] Running txn n=1 command(idx=0): CheckRevisionNumberCommand(_result=None, name=52be4265-65fd-453e-a69d-67c1008024f5, resource={'id': '52be4265-65fd-453e-a69d-67c1008024f5', 'name': '', 'network_id': '34c73266-f62e-4346-9fde-7b6346a252a1', 'project_id': '468d1c00e6674194959cf690eea549f2', 'mac_address': 'fa:16:3e:b7:1e:ae', 'admin_state_up': True, 'status': 'DOWN', 'device_id': 'ovnmeta-34c73266-f62e-4346-9fde-7b6346a252a1', 'device_owner': 'network:distributed', 'standard_attr_id': 14, 'fixed_ips': [{'subnet_id': '736fbb47-1aa8-41aa-b187-526ff2f0630e', 'ip_address': '10.1.0.2'}, {'subnet_id': '412a63a4-7f07-49a1-8726-2a13fd147bd1', 'ip_address': 'fd89:1385:d90e:0:f816:3eff:feb7:1eae'}], 'allowed_address_pairs': [], 'extra_dhcp_opts': [], 'security_groups': [], 'description': '', 'binding:vnic_type': 'normal', 'binding:profile': {}, 'binding:host_id': '', 'binding:vif_type': 'unbound', 'binding:vif_details': {}, 'port_security_enabled': False, 'tags': [], 'created_at': '2026-06-23T23:29:08Z', 'updated_at': '2026-06-23T23:29:10Z', 'revision_number': 3, 'tenant_id': '468d1c00e6674194959cf690eea549f2', 'network': {'id': '34c73266-f62e-4346-9fde-7b6346a252a1', 'name': 'private', 'tenant_id': '468d1c00e6674194959cf690eea549f2', 'project_id': '468d1c00e6674194959cf690eea549f2', 'admin_state_up': True, 'mtu': 1372, 'status': 'ACTIVE', 'subnets': ['412a63a4-7f07-49a1-8726-2a13fd147bd1', '736fbb47-1aa8-41aa-b187-526ff2f0630e'], 'standard_attr_id': 12, 'shared': False, 'availability_zone_hints': [], 'availability_zones': [], 'ipv4_address_scope': None, 'ipv6_address_scope': None, 'router:external': False, 'qinq': False, 'vlan_transparent': False, 'description': '', 'port_security_enabled': True, 'tags': [], 'created_at': '2026-06-23T23:29:08Z', 'updated_at': '2026-06-23T23:29:10Z', 'revision_number': 3, 'provider:network_type': 'geneve', 'provider:physical_network': None, 'provider:segmentation_id': 42334}}, resource_type=ports, if_exists=True) {{(pid=87209) do_commit /opt/stack/data/venv/lib/python3.12/site-packages/ovsdbapp/backend/ovs_idl/transaction.py:89}}
Jun 23 23:29:11.188862 np0000003497 devstack@neutron-api.service[87209]: DEBUG ovsdbapp.backend.ovs_idl.transaction [-] Running txn n=1 command(idx=1): SetLSwitchPortCommand(_result=None, lport=52be4265-65fd-453e-a69d-67c1008024f5, external_ids_update=None, columns={'external_ids': {'neutron:port_name': '', 'neutron:device_id': 'ovnmeta-34c73266-f62e-4346-9fde-7b6346a252a1', 'neutron:project_id': '468d1c00e6674194959cf690eea549f2', 'neutron:cidrs': '10.1.0.2/26 fd89:1385:d90e:0:f816:3eff:feb7:1eae/64', 'neutron:device_owner': 'network:distributed', 'neutron:subnet_pool_addr_scope4': '', 'neutron:subnet_pool_addr_scope6': '', 'neutron:network_name': 'neutron-34c73266-f62e-4346-9fde-7b6346a252a1', 'neutron:security_group_ids': '', 'neutron:revision_number': '3', 'neutron:vnic_type': 'normal', 'neutron:port_capabilities': '', 'neutron:mtu': '1372'}, 'parent_name': [], 'options': {}, 'enabled': True, 'port_security': [], 'dhcpv4_options': [], 'dhcpv6_options': [], 'type': 'localport', 'addresses': ['fa:16:3e:b7:1e:ae 10.1.0.2 fd89:1385:d90e:0:f816:3eff:feb7:1eae'], 'ha_chassis_group': [], 'tag_request': []}, if_exists=False) {{(pid=87209) do_commit /opt/stack/data/venv/lib/python3.12/site-packages/ovsdbapp/backend/ovs_idl/transaction.py:89}}
Jun 23 23:29:11.189454 np0000003497 devstack@neutron-api.service[87209]: DEBUG ovsdbapp.backend.ovs_idl.transaction [-] Running txn n=1 command(idx=2): PgDelPortCommand(_result=None, port_group=neutron_pg_drop, lsp=['52be4265-65fd-453e-a69d-67c1008024f5'], if_exists=False) {{(pid=87209) do_commit /opt/stack/data/venv/lib/python3.12/site-packages/ovsdbapp/backend/ovs_idl/transaction.py:89}}
Jun 23 23:29:11.191476 np0000003497 devstack@neutron-api.service[87209]: DEBUG neutron.plugins.ml2.drivers.ovn.mech_driver.ovsdb.ovsdb_monitor [-] Hash Ring: Node 1a3dde231be45fd18c582faef4d8ef0a (host: np0000003497) handling event "update" for row 6f11e1f8-9f03-44ba-8544-3c19fee29464 (table: Logical_Switch_Port) {{(pid=87209) notify /opt/stack/neutron/neutron/plugins/ml2/drivers/ovn/mech_driver/ovsdb/ovsdb_monitor.py:1015}}
Jun 23 23:29:11.193993 np0000003497 devstack@neutron-api.service[87209]: DEBUG neutron.plugins.ml2.drivers.ovn.mech_driver.ovsdb.ovsdb_monitor [-] Hash Ring: Node 1a3dde231be45fd18c582faef4d8ef0a (host: np0000003497) handling event "update" for row 9a86f572-a35a-46e7-8e82-d83fbf822975 (table: Port_Binding) {{(pid=87209) notify /opt/stack/neutron/neutron/plugins/ml2/drivers/ovn/mech_driver/ovsdb/ovsdb_monitor.py:1015}}
Jun 23 23:29:11.195610 np0000003497 devstack@neutron-api.service[87210]: DEBUG neutron.plugins.ml2.drivers.ovn.mech_driver.ovsdb.ovsdb_monitor [-] Hash Ring: Node 49e591d5de9f5fca9fe7aaeabfe9a750 (host: np0000003497) handling event "update" for row 6f11e1f8-9f03-44ba-8544-3c19fee29464 (table: Logical_Switch_Port) {{(pid=87210) notify /opt/stack/neutron/neutron/plugins/ml2/drivers/ovn/mech_driver/ovsdb/ovsdb_monitor.py:1015}}
Jun 23 23:29:11.198780 np0000003497 devstack@neutron-api.service[87210]: DEBUG neutron.plugins.ml2.drivers.ovn.mech_driver.ovsdb.ovsdb_monitor [-] Hash Ring: Node 49e591d5de9f5fca9fe7aaeabfe9a750 (host: np0000003497) handling event "update" for row 9a86f572-a35a-46e7-8e82-d83fbf822975 (table: Port_Binding) {{(pid=87210) notify /opt/stack/neutron/neutron/plugins/ml2/drivers/ovn/mech_driver/ovsdb/ovsdb_monitor.py:1015}}
Jun 23 23:29:11.217382 np0000003497 devstack@neutron-api.service[87209]: INFO neutron.db.ovn_revision_numbers_db [None req-1e33a807-54b4-44fc-b8d0-87e87d920f1d admin admin] Successfully bumped revision number for resource 52be4265-65fd-453e-a69d-67c1008024f5 (type: ports) to 3
Jun 23 23:29:11.225924 np0000003497 devstack@neutron-api.service[87209]: DEBUG neutron_lib.callbacks.manager [None req-1e33a807-54b4-44fc-b8d0-87e87d920f1d admin admin] Publish callbacks ['neutron.plugins.ml2.ovo_rpc._ObjectChangeHandler.handle_event-7455571'] for subnet (412a63a4-7f07-49a1-8726-2a13fd147bd1), after_create {{(pid=87209) _notify_loop /opt/stack/data/venv/lib/python3.12/site-packages/neutron_lib/callbacks/manager.py:184}}
Jun 23 23:29:11.238734 np0000003497 devstack@neutron-api.service[87209]: DEBUG neutron.api.rpc.handlers.resources_rpc [None req-1e33a807-54b4-44fc-b8d0-87e87d920f1d admin admin] Pushing event updated for resources: {'Subnet': ['ID=412a63a4-7f07-49a1-8726-2a13fd147bd1,revision_number=0']} {{(pid=87209) push /opt/stack/neutron/neutron/api/rpc/handlers/resources_rpc.py:237}}
Jun 23 23:29:11.256588 np0000003497 devstack@neutron-api.service[87209]: INFO neutron.db.ovn_revision_numbers_db [None req-1e33a807-54b4-44fc-b8d0-87e87d920f1d admin admin] Successfully bumped revision number for resource 412a63a4-7f07-49a1-8726-2a13fd147bd1 (type: subnets) to 0
Jun 23 23:29:11.257577 np0000003497 devstack@neutron-api.service[87209]: DEBUG neutron.pecan_wsgi.hooks.policy_enforcement [None req-1e33a807-54b4-44fc-b8d0-87e87d920f1d admin admin] Attributes excluded by policy engine: ['standard_attr_id', 'shared', 'network'] {{(pid=87209) _exclude_attributes_by_policy /opt/stack/neutron/neutron/pecan_wsgi/hooks/policy_enforcement.py:259}}
Jun 23 23:29:11.257916 np0000003497 devstack@neutron-api.service[87209]: DEBUG neutron_lib.callbacks.manager [None req-1e33a807-54b4-44fc-b8d0-87e87d920f1d admin admin] Publish callbacks [] for subnet (None), before_response {{(pid=87209) _notify_loop /opt/stack/data/venv/lib/python3.12/site-packages/neutron_lib/callbacks/manager.py:184}}
Jun 23 23:29:11.265924 np0000003497 devstack@neutron-api.service[87209]: [pid: 87209|app: 0|req: 5/11] 10.4.3.234 () {68 vars in 1324 bytes} [Tue Jun 23 23:29:10 2026] POST /networking/v2.0/subnets => generated 730 bytes in 592 msecs (HTTP/1.1 201) 4 headers in 162 bytes (1 switches on core 0)
Jun 23 23:29:11.494059 np0000003497 devstack@neutron-api.service[87210]: DEBUG neutron.api.wsgi [None req-64fc3e6e-f4ad-4b82-a156-d192d81e566b admin admin] Missing Content-Type {{(pid=87210) get_content_type /opt/stack/neutron/neutron/api/wsgi.py:80}}
Jun 23 23:29:11.494484 np0000003497 devstack@neutron-api.service[87210]: DEBUG neutron.api.wsgi [None req-64fc3e6e-f4ad-4b82-a156-d192d81e566b admin admin] https://10.4.3.234/networking/v2.0/extensions returned with HTTP 200 {{(pid=87210) __call__ /opt/stack/neutron/neutron/api/wsgi.py:540}}
Jun 23 23:29:11.494829 np0000003497 devstack@neutron-api.service[87210]: [pid: 87210|app: 0|req: 4/12] 10.4.3.234 () {64 vars in 1292 bytes} [Tue Jun 23 23:29:11 2026] GET /networking/v2.0/extensions => generated 16171 bytes in 3 msecs (HTTP/1.1 200) 4 headers in 159 bytes (1 switches on core 0)
Jun 23 23:29:11.755798 np0000003497 devstack@neutron-api.service[87211]: DEBUG neutron.api.wsgi [None req-f5fbbea4-3951-41ce-8005-c101aea5ec13 admin admin] Missing Content-Type {{(pid=87211) get_content_type /opt/stack/neutron/neutron/api/wsgi.py:80}}
Jun 23 23:29:11.756262 np0000003497 devstack@neutron-api.service[87211]: DEBUG neutron.api.wsgi [None req-f5fbbea4-3951-41ce-8005-c101aea5ec13 admin admin] https://10.4.3.234/networking/v2.0/extensions returned with HTTP 200 {{(pid=87211) __call__ /opt/stack/neutron/neutron/api/wsgi.py:540}}
Jun 23 23:29:11.756626 np0000003497 devstack@neutron-api.service[87211]: [pid: 87211|app: 0|req: 4/13] 10.4.3.234 () {64 vars in 1292 bytes} [Tue Jun 23 23:29:11 2026] GET /networking/v2.0/extensions => generated 16171 bytes in 4 msecs (HTTP/1.1 200) 4 headers in 159 bytes (1 switches on core 0)
Jun 23 23:29:12.006321 np0000003497 devstack@neutron-api.service[87209]: DEBUG neutron.api.v2.base [None req-e3be6791-f4a9-4741-a949-3600a92b4ce0 admin admin] Request body: {'router': {'admin_state_up': True, 'name': 'router1'}} {{(pid=87209) prepare_request_body /opt/stack/neutron/neutron/api/v2/base.py:727}}
Jun 23 23:29:12.020114 np0000003497 devstack@neutron-api.service[87209]: DEBUG neutron_lib.callbacks.manager [None req-e3be6791-f4a9-4741-a949-3600a92b4ce0 admin admin] Publish callbacks ['neutron.services.ovn_l3.service_providers.driver_controller.DriverController._check_router_request-561826'] for router (aac2c798-fad4-4178-9c30-a1d752e9c446), before_create {{(pid=87209) _notify_loop /opt/stack/data/venv/lib/python3.12/site-packages/neutron_lib/callbacks/manager.py:184}}
Jun 23 23:29:12.021072 np0000003497 devstack@neutron-api.service[87209]: DEBUG neutron_lib.callbacks.manager [None req-e3be6791-f4a9-4741-a949-3600a92b4ce0 admin admin] Publish callbacks ['neutron.services.ovn_l3.service_providers.ovn.OVN_L3_HA_db_mixin._precommit_router_create-619563', 'neutron.services.ovn_l3.plugin.RouterAvailabilityZoneMixin._process_az_request-7454954', 'neutron.services.ovn_l3.plugin.ExtraGatewaysDbOnlyMixin._process_bfd_ecmp_create-129654', 'neutron.services.ovn_l3.service_providers.ovn.OvnDriver._process_router_create_precommit-619631', 'neutron.services.ovn_l3.service_providers.driver_controller.DriverController._set_router_provider-561844'] for router (aac2c798-fad4-4178-9c30-a1d752e9c446), precommit_create {{(pid=87209) _notify_loop /opt/stack/data/venv/lib/python3.12/site-packages/neutron_lib/callbacks/manager.py:184}}
Jun 23 23:29:12.034925 np0000003497 devstack@neutron-api.service[87209]: DEBUG neutron.db.ovn_revision_numbers_db [None req-e3be6791-f4a9-4741-a949-3600a92b4ce0 admin admin] create_initial_revision uuid=aac2c798-fad4-4178-9c30-a1d752e9c446, type=routers, rev=-1 {{(pid=87209) create_initial_revision /opt/stack/neutron/neutron/db/ovn_revision_numbers_db.py:98}}
Jun 23 23:29:12.104928 np0000003497 devstack@neutron-api.service[87209]: DEBUG neutron_lib.callbacks.manager [None req-e3be6791-f4a9-4741-a949-3600a92b4ce0 admin admin] Publish callbacks [] for router_controller (aac2c798-fad4-4178-9c30-a1d752e9c446), precommit_add_association {{(pid=87209) _notify_loop /opt/stack/data/venv/lib/python3.12/site-packages/neutron_lib/callbacks/manager.py:184}}
Jun 23 23:29:12.108038 np0000003497 devstack@neutron-api.service[87209]: DEBUG neutron_lib.callbacks.manager [None req-e3be6791-f4a9-4741-a949-3600a92b4ce0 admin admin] Publish callbacks ['neutron.services.ovn_l3.service_providers.ovn.OvnDriver._process_router_create-619551'] for router (aac2c798-fad4-4178-9c30-a1d752e9c446), after_create {{(pid=87209) _notify_loop /opt/stack/data/venv/lib/python3.12/site-packages/neutron_lib/callbacks/manager.py:184}}
Jun 23 23:29:12.108193 np0000003497 devstack@neutron-api.service[87209]: INFO neutron.plugins.ml2.drivers.ovn.mech_driver.ovsdb.extensions.qos [None req-e3be6791-f4a9-4741-a949-3600a92b4ce0 admin admin] Starting OVNClientQosExtension
Jun 23 23:29:12.108487 np0000003497 devstack@neutron-api.service[87209]: DEBUG neutron.plugins.ml2.drivers.ovn.mech_driver.ovsdb.extensions.qos [None req-e3be6791-f4a9-4741-a949-3600a92b4ce0 admin admin] Router aac2c798-fad4-4178-9c30-a1d752e9c446 does not have ID or gateway assigned {{(pid=87209) update_router /opt/stack/neutron/neutron/plugins/ml2/drivers/ovn/mech_driver/ovsdb/extensions/qos.py:527}}
Jun 23 23:29:12.109018 np0000003497 devstack@neutron-api.service[87209]: DEBUG ovsdbapp.backend.ovs_idl.transaction [-] Running txn n=1 command(idx=0): LrAddCommand(_result=None, router=neutron-aac2c798-fad4-4178-9c30-a1d752e9c446, may_exist=True, columns={'external_ids': {'neutron:router_name': 'router1', 'neutron:revision_number': '1', 'neutron:availability_zone_hints': ''}, 'enabled': True, 'options': {'always_learn_from_arp_request': 'false', 'dynamic_neigh_routers': 'true', 'mac_binding_age_threshold': '300'}}) {{(pid=87209) do_commit /opt/stack/data/venv/lib/python3.12/site-packages/ovsdbapp/backend/ovs_idl/transaction.py:89}}
Jun 23 23:29:12.118992 np0000003497 devstack@neutron-api.service[87209]: DEBUG neutron.plugins.ml2.drivers.ovn.mech_driver.ovsdb.ovsdb_monitor [-] Hash Ring: Node 1a3dde231be45fd18c582faef4d8ef0a (host: np0000003497) handling event "create" for row 241acda0-7dd7-4a16-a214-443e99dcc491 (table: Logical_Router) {{(pid=87209) notify /opt/stack/neutron/neutron/plugins/ml2/drivers/ovn/mech_driver/ovsdb/ovsdb_monitor.py:1015}}
Jun 23 23:29:12.120164 np0000003497 devstack@neutron-api.service[87210]: DEBUG neutron.plugins.ml2.drivers.ovn.mech_driver.ovsdb.ovsdb_monitor [-] Hash Ring: Node 49e591d5de9f5fca9fe7aaeabfe9a750 (host: np0000003497) handling event "create" for row 241acda0-7dd7-4a16-a214-443e99dcc491 (table: Logical_Router) {{(pid=87210) notify /opt/stack/neutron/neutron/plugins/ml2/drivers/ovn/mech_driver/ovsdb/ovsdb_monitor.py:1015}}
Jun 23 23:29:12.127910 np0000003497 devstack@neutron-api.service[87210]: DEBUG neutron.plugins.ml2.drivers.ovn.mech_driver.ovsdb.ovsdb_monitor [-] Hash Ring: Node 49e591d5de9f5fca9fe7aaeabfe9a750 (host: np0000003497) handling event "create" for row 49e3fda7-f7d0-413d-9226-f0f341740b72 (table: Datapath_Binding) {{(pid=87210) notify /opt/stack/neutron/neutron/plugins/ml2/drivers/ovn/mech_driver/ovsdb/ovsdb_monitor.py:1015}}
Jun 23 23:29:12.139639 np0000003497 devstack@neutron-api.service[87209]: DEBUG neutron.plugins.ml2.drivers.ovn.mech_driver.ovsdb.ovsdb_monitor [-] Hash Ring: Node 1a3dde231be45fd18c582faef4d8ef0a (host: np0000003497) handling event "create" for row 49e3fda7-f7d0-413d-9226-f0f341740b72 (table: Datapath_Binding) {{(pid=87209) notify /opt/stack/neutron/neutron/plugins/ml2/drivers/ovn/mech_driver/ovsdb/ovsdb_monitor.py:1015}}
Jun 23 23:29:12.205858 np0000003497 devstack@neutron-api.service[87209]: INFO neutron.db.ovn_revision_numbers_db [None req-e3be6791-f4a9-4741-a949-3600a92b4ce0 admin admin] Successfully bumped revision number for resource aac2c798-fad4-4178-9c30-a1d752e9c446 (type: routers) to 1
Jun 23 23:29:12.214702 np0000003497 devstack@neutron-api.service[87209]: DEBUG neutron_lib.callbacks.manager [None req-e3be6791-f4a9-4741-a949-3600a92b4ce0 admin admin] Publish callbacks [] for router (None), before_response {{(pid=87209) _notify_loop /opt/stack/data/venv/lib/python3.12/site-packages/neutron_lib/callbacks/manager.py:184}}
Jun 23 23:29:12.215128 np0000003497 devstack@neutron-api.service[87209]: [pid: 87209|app: 0|req: 6/14] 10.4.3.234 () {68 vars in 1323 bytes} [Tue Jun 23 23:29:12 2026] POST /networking/v2.0/routers => generated 599 bytes in 212 msecs (HTTP/1.1 201) 4 headers in 162 bytes (1 switches on core 0)
Jun 23 23:29:12.455280 np0000003497 devstack@neutron-api.service[87210]: DEBUG neutron.api.wsgi [None req-0e3a2ccd-45c7-48bb-96fb-74bcc93cd7c2 admin admin] Missing Content-Type {{(pid=87210) get_content_type /opt/stack/neutron/neutron/api/wsgi.py:80}}
Jun 23 23:29:12.455721 np0000003497 devstack@neutron-api.service[87210]: DEBUG neutron.api.wsgi [None req-0e3a2ccd-45c7-48bb-96fb-74bcc93cd7c2 admin admin] https://10.4.3.234/networking/v2.0/extensions returned with HTTP 200 {{(pid=87210) __call__ /opt/stack/neutron/neutron/api/wsgi.py:540}}
Jun 23 23:29:12.456088 np0000003497 devstack@neutron-api.service[87210]: [pid: 87210|app: 0|req: 5/15] 10.4.3.234 () {64 vars in 1292 bytes} [Tue Jun 23 23:29:12 2026] GET /networking/v2.0/extensions => generated 16171 bytes in 3 msecs (HTTP/1.1 200) 4 headers in 159 bytes (1 switches on core 0)
