May 26 12:15:31.152485 np0000001415 devstack@g-api.service[99047]: DEBUG glance.api.middleware.version_negotiation [None req-c0887e66-0e4c-4603-860b-4684afbc9e26 tempest-VolumesSnapshotTestJSON-1948427091 tempest-VolumesSnapshotTestJSON-1948427091-project-member] Matched version: v2 {{(pid=99047) process_request /opt/stack/glance/glance/api/middleware/version_negotiation.py:69}}
May 26 12:15:31.152485 np0000001415 devstack@g-api.service[99047]: DEBUG glance.api.middleware.version_negotiation [None req-c0887e66-0e4c-4603-860b-4684afbc9e26 tempest-VolumesSnapshotTestJSON-1948427091 tempest-VolumesSnapshotTestJSON-1948427091-project-member] new path /v2/images/5b80e04a-f032-48ca-8988-d8d10dd5e3a3 {{(pid=99047) process_request /opt/stack/glance/glance/api/middleware/version_negotiation.py:70}}
May 26 12:15:31.164278 np0000001415 devstack@g-api.service[99047]: [pid: 99047|app: 0|req: 139/291] 127.0.0.1 () {44 vars in 1111 bytes} [Tue May 26 12:15:31 2026] GET /v2/images/5b80e04a-f032-48ca-8988-d8d10dd5e3a3 => generated 1044 bytes in 12 msecs (HTTP/1.1 200) 4 headers in 158 bytes (1 switches on core 0)
May 26 12:15:31.175020 np0000001415 devstack@g-api.service[99048]: DEBUG glance.api.middleware.version_negotiation [None req-c0887e66-0e4c-4603-860b-4684afbc9e26 tempest-VolumesSnapshotTestJSON-1948427091 tempest-VolumesSnapshotTestJSON-1948427091-project-member] Determining version of request: GET /v2/schemas/image Accept: */* {{(pid=99048) process_request /opt/stack/glance/glance/api/middleware/version_negotiation.py:44}}
May 26 12:15:31.175418 np0000001415 devstack@g-api.service[99048]: DEBUG glance.api.middleware.version_negotiation [None req-c0887e66-0e4c-4603-860b-4684afbc9e26 tempest-VolumesSnapshotTestJSON-1948427091 tempest-VolumesSnapshotTestJSON-1948427091-project-member] Using url versioning {{(pid=99048) process_request /opt/stack/glance/glance/api/middleware/version_negotiation.py:57}}
May 26 12:15:31.175418 np0000001415 devstack@g-api.service[99048]: DEBUG glance.api.middleware.version_negotiation [None req-c0887e66-0e4c-4603-860b-4684afbc9e26 tempest-VolumesSnapshotTestJSON-1948427091 tempest-VolumesSnapshotTestJSON-1948427091-project-member] Matched version: v2 {{(pid=99048) process_request /opt/stack/glance/glance/api/middleware/version_negotiation.py:69}}
May 26 12:15:31.175531 np0000001415 devstack@g-api.service[99048]: DEBUG glance.api.middleware.version_negotiation [None req-c0887e66-0e4c-4603-860b-4684afbc9e26 tempest-VolumesSnapshotTestJSON-1948427091 tempest-VolumesSnapshotTestJSON-1948427091-project-member] new path /v2/schemas/image {{(pid=99048) process_request /opt/stack/glance/glance/api/middleware/version_negotiation.py:70}}
May 26 12:15:31.178406 np0000001415 devstack@g-api.service[99048]: [pid: 99048|app: 0|req: 153/292] 127.0.0.1 () {44 vars in 1051 bytes} [Tue May 26 12:15:31 2026] GET /v2/schemas/image => generated 6083 bytes in 3 msecs (HTTP/1.1 200) 4 headers in 158 bytes (1 switches on core 0)
May 26 12:15:31.196413 np0000001415 devstack@g-api.service[99047]: DEBUG glance.api.middleware.version_negotiation [None req-c0887e66-0e4c-4603-860b-4684afbc9e26 tempest-VolumesSnapshotTestJSON-1948427091 tempest-VolumesSnapshotTestJSON-1948427091-project-member] Determining version of request: GET /v2/schemas/image Accept: */* {{(pid=99047) process_request /opt/stack/glance/glance/api/middleware/version_negotiation.py:44}}
May 26 12:15:31.196413 np0000001415 devstack@g-api.service[99047]: DEBUG glance.api.middleware.version_negotiation [None req-c0887e66-0e4c-4603-860b-4684afbc9e26 tempest-VolumesSnapshotTestJSON-1948427091 tempest-VolumesSnapshotTestJSON-1948427091-project-member] Using url versioning {{(pid=99047) process_request /opt/stack/glance/glance/api/middleware/version_negotiation.py:57}}
May 26 12:15:31.196413 np0000001415 devstack@g-api.service[99047]: DEBUG glance.api.middleware.version_negotiation [None req-c0887e66-0e4c-4603-860b-4684afbc9e26 tempest-VolumesSnapshotTestJSON-1948427091 tempest-VolumesSnapshotTestJSON-1948427091-project-member] Matched version: v2 {{(pid=99047) process_request /opt/stack/glance/glance/api/middleware/version_negotiation.py:69}}
May 26 12:15:31.196413 np0000001415 devstack@g-api.service[99047]: DEBUG glance.api.middleware.version_negotiation [None req-c0887e66-0e4c-4603-860b-4684afbc9e26 tempest-VolumesSnapshotTestJSON-1948427091 tempest-VolumesSnapshotTestJSON-1948427091-project-member] new path /v2/schemas/image {{(pid=99047) process_request /opt/stack/glance/glance/api/middleware/version_negotiation.py:70}}
May 26 12:15:31.199017 np0000001415 devstack@g-api.service[99047]: [pid: 99047|app: 0|req: 140/293] 127.0.0.1 () {44 vars in 1051 bytes} [Tue May 26 12:15:31 2026] GET /v2/schemas/image => generated 6083 bytes in 3 msecs (HTTP/1.1 200) 4 headers in 158 bytes (1 switches on core 0)
May 26 12:15:31.238629 np0000001415 devstack@g-api.service[99048]: DEBUG glance.api.middleware.version_negotiation [None req-c0887e66-0e4c-4603-860b-4684afbc9e26 tempest-VolumesSnapshotTestJSON-1948427091 tempest-VolumesSnapshotTestJSON-1948427091-project-member] Determining version of request: GET /v2/images/5b80e04a-f032-48ca-8988-d8d10dd5e3a3 Accept: */* {{(pid=99048) process_request /opt/stack/glance/glance/api/middleware/version_negotiation.py:44}}
May 26 12:15:31.238914 np0000001415 devstack@g-api.service[99048]: DEBUG glance.api.middleware.version_negotiation [None req-c0887e66-0e4c-4603-860b-4684afbc9e26 tempest-VolumesSnapshotTestJSON-1948427091 tempest-VolumesSnapshotTestJSON-1948427091-project-member] Using url versioning {{(pid=99048) process_request /opt/stack/glance/glance/api/middleware/version_negotiation.py:57}}
May 26 12:15:31.238970 np0000001415 devstack@g-api.service[99048]: DEBUG glance.api.middleware.version_negotiation [None req-c0887e66-0e4c-4603-860b-4684afbc9e26 tempest-VolumesSnapshotTestJSON-1948427091 tempest-VolumesSnapshotTestJSON-1948427091-project-member] Matched version: v2 {{(pid=99048) process_request /opt/stack/glance/glance/api/middleware/version_negotiation.py:69}}
May 26 12:15:31.239100 np0000001415 devstack@g-api.service[99048]: DEBUG glance.api.middleware.version_negotiation [None req-c0887e66-0e4c-4603-860b-4684afbc9e26 tempest-VolumesSnapshotTestJSON-1948427091 tempest-VolumesSnapshotTestJSON-1948427091-project-member] new path /v2/images/5b80e04a-f032-48ca-8988-d8d10dd5e3a3 {{(pid=99048) process_request /opt/stack/glance/glance/api/middleware/version_negotiation.py:70}}
May 26 12:15:31.253049 np0000001415 devstack@g-api.service[99048]: [pid: 99048|app: 0|req: 154/294] 127.0.0.1 () {44 vars in 1111 bytes} [Tue May 26 12:15:31 2026] GET /v2/images/5b80e04a-f032-48ca-8988-d8d10dd5e3a3 => generated 1044 bytes in 14 msecs (HTTP/1.1 200) 4 headers in 158 bytes (1 switches on core 0)
May 26 12:15:31.264099 np0000001415 devstack@g-api.service[99047]: DEBUG glance.api.middleware.version_negotiation [None req-c0887e66-0e4c-4603-860b-4684afbc9e26 tempest-VolumesSnapshotTestJSON-1948427091 tempest-VolumesSnapshotTestJSON-1948427091-project-member] Determining version of request: GET /v2/schemas/image Accept: */* {{(pid=99047) process_request /opt/stack/glance/glance/api/middleware/version_negotiation.py:44}}
May 26 12:15:31.264099 np0000001415 devstack@g-api.service[99047]: DEBUG glance.api.middleware.version_negotiation [None req-c0887e66-0e4c-4603-860b-4684afbc9e26 tempest-VolumesSnapshotTestJSON-1948427091 tempest-VolumesSnapshotTestJSON-1948427091-project-member] Using url versioning {{(pid=99047) process_request /opt/stack/glance/glance/api/middleware/version_negotiation.py:57}}
May 26 12:15:31.264099 np0000001415 devstack@g-api.service[99047]: DEBUG glance.api.middleware.version_negotiation [None req-c0887e66-0e4c-4603-860b-4684afbc9e26 tempest-VolumesSnapshotTestJSON-1948427091 tempest-VolumesSnapshotTestJSON-1948427091-project-member] Matched version: v2 {{(pid=99047) process_request /opt/stack/glance/glance/api/middleware/version_negotiation.py:69}}
May 26 12:15:31.264099 np0000001415 devstack@g-api.service[99047]: DEBUG glance.api.middleware.version_negotiation [None req-c0887e66-0e4c-4603-860b-4684afbc9e26 tempest-VolumesSnapshotTestJSON-1948427091 tempest-VolumesSnapshotTestJSON-1948427091-project-member] new path /v2/schemas/image {{(pid=99047) process_request /opt/stack/glance/glance/api/middleware/version_negotiation.py:70}}
May 26 12:15:31.264316 np0000001415 devstack@g-api.service[99047]: [pid: 99047|app: 0|req: 141/295] 127.0.0.1 () {44 vars in 1051 bytes} [Tue May 26 12:15:31 2026] GET /v2/schemas/image => generated 6083 bytes in 3 msecs (HTTP/1.1 200) 4 headers in 158 bytes (1 switches on core 0)
May 26 12:15:31.635843 np0000001415 devstack@g-api.service[99048]: DEBUG glance.api.middleware.version_negotiation [None req-c0887e66-0e4c-4603-860b-4684afbc9e26 tempest-VolumesSnapshotTestJSON-1948427091 tempest-VolumesSnapshotTestJSON-1948427091-project-member] Determining version of request: GET /versions Accept: */* {{(pid=99048) process_request /opt/stack/glance/glance/api/middleware/version_negotiation.py:44}}
May 26 12:15:31.636680 np0000001415 devstack@g-api.service[99048]: [pid: 99048|app: 0|req: 155/296] 127.0.0.1 () {44 vars in 1035 bytes} [Tue May 26 12:15:31 2026] GET /versions => generated 1394 bytes in 1 msecs (HTTP/1.1 200) 3 headers in 92 bytes (1 switches on core 0)
May 26 12:15:31.643484 np0000001415 devstack@g-api.service[99047]: DEBUG glance.api.middleware.version_negotiation [None req-c0887e66-0e4c-4603-860b-4684afbc9e26 tempest-VolumesSnapshotTestJSON-1948427091 tempest-VolumesSnapshotTestJSON-1948427091-project-member] Determining version of request: GET /v2/images/5b80e04a-f032-48ca-8988-d8d10dd5e3a3/locations Accept: */* {{(pid=99047) process_request /opt/stack/glance/glance/api/middleware/version_negotiation.py:44}}
May 26 12:15:31.643916 np0000001415 devstack@g-api.service[99047]: DEBUG glance.api.middleware.version_negotiation [None req-c0887e66-0e4c-4603-860b-4684afbc9e26 tempest-VolumesSnapshotTestJSON-1948427091 tempest-VolumesSnapshotTestJSON-1948427091-project-member] Using url versioning {{(pid=99047) process_request /opt/stack/glance/glance/api/middleware/version_negotiation.py:57}}
May 26 12:15:31.643986 np0000001415 devstack@g-api.service[99047]: DEBUG glance.api.middleware.version_negotiation [None req-c0887e66-0e4c-4603-860b-4684afbc9e26 tempest-VolumesSnapshotTestJSON-1948427091 tempest-VolumesSnapshotTestJSON-1948427091-project-member] Matched version: v2 {{(pid=99047) process_request /opt/stack/glance/glance/api/middleware/version_negotiation.py:69}}
May 26 12:15:31.644087 np0000001415 devstack@g-api.service[99047]: DEBUG glance.api.middleware.version_negotiation [None req-c0887e66-0e4c-4603-860b-4684afbc9e26 tempest-VolumesSnapshotTestJSON-1948427091 tempest-VolumesSnapshotTestJSON-1948427091-project-member] new path /v2/images/5b80e04a-f032-48ca-8988-d8d10dd5e3a3/locations {{(pid=99047) process_request /opt/stack/glance/glance/api/middleware/version_negotiation.py:70}}
May 26 12:15:31.749177 np0000001415 devstack@g-api.service[99047]: [pid: 99047|app: 0|req: 142/297] 127.0.0.1 () {44 vars in 1131 bytes} [Tue May 26 12:15:31 2026] GET /v2/images/5b80e04a-f032-48ca-8988-d8d10dd5e3a3/locations => generated 92 bytes in 105 msecs (HTTP/1.1 200) 4 headers in 156 bytes (1 switches on core 0)
May 26 12:15:31.763371 np0000001415 devstack@g-api.service[99048]: DEBUG glance.api.middleware.version_negotiation [None req-c0887e66-0e4c-4603-860b-4684afbc9e26 tempest-VolumesSnapshotTestJSON-1948427091 tempest-VolumesSnapshotTestJSON-1948427091-project-member] Determining version of request: GET /v2/images/5b80e04a-f032-48ca-8988-d8d10dd5e3a3 Accept: */* {{(pid=99048) process_request /opt/stack/glance/glance/api/middleware/version_negotiation.py:44}}
May 26 12:15:31.763560 np0000001415 devstack@g-api.service[99048]: DEBUG glance.api.middleware.version_negotiation [None req-c0887e66-0e4c-4603-860b-4684afbc9e26 tempest-VolumesSnapshotTestJSON-1948427091 tempest-VolumesSnapshotTestJSON-1948427091-project-member] Using url versioning {{(pid=99048) process_request /opt/stack/glance/glance/api/middleware/version_negotiation.py:57}}
May 26 12:15:31.763735 np0000001415 devstack@g-api.service[99048]: DEBUG glance.api.middleware.version_negotiation [None req-c0887e66-0e4c-4603-860b-4684afbc9e26 tempest-VolumesSnapshotTestJSON-1948427091 tempest-VolumesSnapshotTestJSON-1948427091-project-member] Matched version: v2 {{(pid=99048) process_request /opt/stack/glance/glance/api/middleware/version_negotiation.py:69}}
May 26 12:15:31.763885 np0000001415 devstack@g-api.service[99048]: DEBUG glance.api.middleware.version_negotiation [None req-c0887e66-0e4c-4603-860b-4684afbc9e26 tempest-VolumesSnapshotTestJSON-1948427091 tempest-VolumesSnapshotTestJSON-1948427091-project-member] new path /v2/images/5b80e04a-f032-48ca-8988-d8d10dd5e3a3 {{(pid=99048) process_request /opt/stack/glance/glance/api/middleware/version_negotiation.py:70}}
May 26 12:15:31.777372 np0000001415 devstack@g-api.service[99048]: [pid: 99048|app: 0|req: 156/298] 127.0.0.1 () {44 vars in 1111 bytes} [Tue May 26 12:15:31 2026] GET /v2/images/5b80e04a-f032-48ca-8988-d8d10dd5e3a3 => generated 1044 bytes in 13 msecs (HTTP/1.1 200) 4 headers in 158 bytes (1 switches on core 0)
May 26 12:15:31.787330 np0000001415 devstack@g-api.service[99047]: DEBUG glance.api.middleware.version_negotiation [None req-c0887e66-0e4c-4603-860b-4684afbc9e26 service glance] Determining version of request: GET /v2/schemas/image Accept: */* {{(pid=99047) process_request /opt/stack/glance/glance/api/middleware/version_negotiation.py:44}}
May 26 12:15:31.787473 np0000001415 devstack@g-api.service[99047]: DEBUG glance.api.middleware.version_negotiation [None req-c0887e66-0e4c-4603-860b-4684afbc9e26 service glance] Using url versioning {{(pid=99047) process_request /opt/stack/glance/glance/api/middleware/version_negotiation.py:57}}
May 26 12:15:31.787690 np0000001415 devstack@g-api.service[99047]: DEBUG glance.api.middleware.version_negotiation [None req-c0887e66-0e4c-4603-860b-4684afbc9e26 service glance] Matched version: v2 {{(pid=99047) process_request /opt/stack/glance/glance/api/middleware/version_negotiation.py:69}}
May 26 12:15:31.787783 np0000001415 devstack@g-api.service[99047]: DEBUG glance.api.middleware.version_negotiation [None req-c0887e66-0e4c-4603-860b-4684afbc9e26 service glance] new path /v2/schemas/image {{(pid=99047) process_request /opt/stack/glance/glance/api/middleware/version_negotiation.py:70}}
May 26 12:15:31.789786 np0000001415 devstack@g-api.service[99047]: [pid: 99047|app: 0|req: 143/299] 127.0.0.1 () {44 vars in 1051 bytes} [Tue May 26 12:15:31 2026] GET /v2/schemas/image => generated 6083 bytes in 3 msecs (HTTP/1.1 200) 4 headers in 158 bytes (1 switches on core 0)
May 26 12:15:31.802134 np0000001415 devstack@g-api.service[99048]: DEBUG glance.api.middleware.version_negotiation [None req-c0887e66-0e4c-4603-860b-4684afbc9e26 tempest-VolumesSnapshotTestJSON-1948427091 tempest-VolumesSnapshotTestJSON-1948427091-project-member] Determining version of request: GET /v2/schemas/image Accept: */* {{(pid=99048) process_request /opt/stack/glance/glance/api/middleware/version_negotiation.py:44}}
May 26 12:15:31.802331 np0000001415 devstack@g-api.service[99048]: DEBUG glance.api.middleware.version_negotiation [None req-c0887e66-0e4c-4603-860b-4684afbc9e26 tempest-VolumesSnapshotTestJSON-1948427091 tempest-VolumesSnapshotTestJSON-1948427091-project-member] Using url versioning {{(pid=99048) process_request /opt/stack/glance/glance/api/middleware/version_negotiation.py:57}}
May 26 12:15:31.802507 np0000001415 devstack@g-api.service[99048]: DEBUG glance.api.middleware.version_negotiation [None req-c0887e66-0e4c-4603-860b-4684afbc9e26 tempest-VolumesSnapshotTestJSON-1948427091 tempest-VolumesSnapshotTestJSON-1948427091-project-member] Matched version: v2 {{(pid=99048) process_request /opt/stack/glance/glance/api/middleware/version_negotiation.py:69}}
May 26 12:15:31.802653 np0000001415 devstack@g-api.service[99048]: DEBUG glance.api.middleware.version_negotiation [None req-c0887e66-0e4c-4603-860b-4684afbc9e26 tempest-VolumesSnapshotTestJSON-1948427091 tempest-VolumesSnapshotTestJSON-1948427091-project-member] new path /v2/schemas/image {{(pid=99048) process_request /opt/stack/glance/glance/api/middleware/version_negotiation.py:70}}
May 26 12:15:31.806644 np0000001415 devstack@g-api.service[99048]: [pid: 99048|app: 0|req: 157/300] 127.0.0.1 () {44 vars in 1051 bytes} [Tue May 26 12:15:31 2026] GET /v2/schemas/image => generated 6083 bytes in 4 msecs (HTTP/1.1 200) 4 headers in 158 bytes (1 switches on core 0)
May 26 12:15:31.862670 np0000001415 devstack@g-api.service[99047]: DEBUG glance.api.middleware.version_negotiation [None req-c0887e66-0e4c-4603-860b-4684afbc9e26 tempest-VolumesSnapshotTestJSON-1948427091 tempest-VolumesSnapshotTestJSON-1948427091-project-member] Determining version of request: DELETE /v2/images/92f44015-6a9e-4be3-8973-6f369f0c3146 Accept: */* {{(pid=99047) process_request /opt/stack/glance/glance/api/middleware/version_negotiation.py:44}}
May 26 12:15:31.862831 np0000001415 devstack@g-api.service[99047]: DEBUG glance.api.middleware.version_negotiation [None req-c0887e66-0e4c-4603-860b-4684afbc9e26 tempest-VolumesSnapshotTestJSON-1948427091 tempest-VolumesSnapshotTestJSON-1948427091-project-member] Using url versioning {{(pid=99047) process_request /opt/stack/glance/glance/api/middleware/version_negotiation.py:57}}
May 26 12:15:31.862993 np0000001415 devstack@g-api.service[99047]: DEBUG glance.api.middleware.version_negotiation [None req-c0887e66-0e4c-4603-860b-4684afbc9e26 tempest-VolumesSnapshotTestJSON-1948427091 tempest-VolumesSnapshotTestJSON-1948427091-project-member] Matched version: v2 {{(pid=99047) process_request /opt/stack/glance/glance/api/middleware/version_negotiation.py:69}}
May 26 12:15:31.863205 np0000001415 devstack@g-api.service[99047]: DEBUG glance.api.middleware.version_negotiation [None req-c0887e66-0e4c-4603-860b-4684afbc9e26 tempest-VolumesSnapshotTestJSON-1948427091 tempest-VolumesSnapshotTestJSON-1948427091-project-member] new path /v2/images/92f44015-6a9e-4be3-8973-6f369f0c3146 {{(pid=99047) process_request /opt/stack/glance/glance/api/middleware/version_negotiation.py:70}}
May 26 12:15:31.875479 np0000001415 devstack@g-api.service[99047]: WARNING glance.api.v2.images [None req-b5738dd2-6eb6-4921-8448-eb281d06cd24 tempest-AttachVolumeShelveTestJSON-504361473 tempest-AttachVolumeShelveTestJSON-504361473-project-member] After upload to backend, deletion of staged image data has failed because it cannot be found at /tmp/staging//92f44015-6a9e-4be3-8973-6f369f0c3146
May 26 12:15:31.876152 np0000001415 devstack@g-api.service[99047]: DEBUG glance_store.backend [None req-b5738dd2-6eb6-4921-8448-eb281d06cd24 tempest-AttachVolumeShelveTestJSON-504361473 tempest-AttachVolumeShelveTestJSON-504361473-project-member] Attempting to import store swift {{(pid=99047) _load_store /opt/stack/data/venv/lib/python3.12/site-packages/glance_store/backend.py:215}}
May 26 12:15:31.877535 np0000001415 devstack@g-api.service[99047]: DEBUG glance_store.capabilities [None req-b5738dd2-6eb6-4921-8448-eb281d06cd24 tempest-AttachVolumeShelveTestJSON-504361473 tempest-AttachVolumeShelveTestJSON-504361473-project-member] Store glance_store._drivers.swift.store.SingleTenantStore doesn't support updating dynamic storage capabilities. Please overwrite 'update_capabilities' method of the store to implement updating logics if needed. {{(pid=99047) update_capabilities /opt/stack/data/venv/lib/python3.12/site-packages/glance_store/capabilities.py:91}}
May 26 12:15:31.877729 np0000001415 devstack@g-api.service[99047]: DEBUG glance_store.driver [None req-b5738dd2-6eb6-4921-8448-eb281d06cd24 tempest-AttachVolumeShelveTestJSON-504361473 tempest-AttachVolumeShelveTestJSON-504361473-project-member] Late loading location class glance_store._drivers.swift.store.StoreLocation {{(pid=99047) get_store_location_class /opt/stack/data/venv/lib/python3.12/site-packages/glance_store/driver.py:134}}
May 26 12:15:31.877789 np0000001415 devstack@g-api.service[99047]: DEBUG glance_store.location [None req-b5738dd2-6eb6-4921-8448-eb281d06cd24 tempest-AttachVolumeShelveTestJSON-504361473 tempest-AttachVolumeShelveTestJSON-504361473-project-member] Registering scheme swift+https with {'store': , 'location_class': , 'store_entry': 'swift'} {{(pid=99047) register_scheme_map /opt/stack/data/venv/lib/python3.12/site-packages/glance_store/location.py:146}}
May 26 12:15:31.878188 np0000001415 devstack@g-api.service[99047]: DEBUG glance_store.location [None req-b5738dd2-6eb6-4921-8448-eb281d06cd24 tempest-AttachVolumeShelveTestJSON-504361473 tempest-AttachVolumeShelveTestJSON-504361473-project-member] Registering scheme swift+https with {'store': , 'location_class': , 'store_entry': 'swift'} {{(pid=99047) register_scheme_map /opt/stack/data/venv/lib/python3.12/site-packages/glance_store/location.py:146}}
May 26 12:15:31.878188 np0000001415 devstack@g-api.service[99047]: DEBUG glance_store.location [None req-b5738dd2-6eb6-4921-8448-eb281d06cd24 tempest-AttachVolumeShelveTestJSON-504361473 tempest-AttachVolumeShelveTestJSON-504361473-project-member] Registering scheme swift with {'store': , 'location_class': , 'store_entry': 'swift'} {{(pid=99047) register_scheme_map /opt/stack/data/venv/lib/python3.12/site-packages/glance_store/location.py:146}}
May 26 12:15:31.878188 np0000001415 devstack@g-api.service[99047]: DEBUG glance_store.location [None req-b5738dd2-6eb6-4921-8448-eb281d06cd24 tempest-AttachVolumeShelveTestJSON-504361473 tempest-AttachVolumeShelveTestJSON-504361473-project-member] Registering scheme swift+https with {'store': , 'location_class': , 'store_entry': 'swift'} {{(pid=99047) register_scheme_map /opt/stack/data/venv/lib/python3.12/site-packages/glance_store/location.py:146}}
May 26 12:15:31.878394 np0000001415 devstack@g-api.service[99047]: DEBUG glance_store.location [None req-b5738dd2-6eb6-4921-8448-eb281d06cd24 tempest-AttachVolumeShelveTestJSON-504361473 tempest-AttachVolumeShelveTestJSON-504361473-project-member] Registering scheme swift with {'store': , 'location_class': , 'store_entry': 'swift'} {{(pid=99047) register_scheme_map /opt/stack/data/venv/lib/python3.12/site-packages/glance_store/location.py:146}}
May 26 12:15:31.878394 np0000001415 devstack@g-api.service[99047]: DEBUG glance_store.location [None req-b5738dd2-6eb6-4921-8448-eb281d06cd24 tempest-AttachVolumeShelveTestJSON-504361473 tempest-AttachVolumeShelveTestJSON-504361473-project-member] Registering scheme swift+http with {'store': , 'location_class': , 'store_entry': 'swift'} {{(pid=99047) register_scheme_map /opt/stack/data/venv/lib/python3.12/site-packages/glance_store/location.py:146}}
May 26 12:15:31.878500 np0000001415 devstack@g-api.service[99047]: DEBUG glance_store.location [None req-b5738dd2-6eb6-4921-8448-eb281d06cd24 tempest-AttachVolumeShelveTestJSON-504361473 tempest-AttachVolumeShelveTestJSON-504361473-project-member] Registering scheme swift+https with {'store': , 'location_class': , 'store_entry': 'swift'} {{(pid=99047) register_scheme_map /opt/stack/data/venv/lib/python3.12/site-packages/glance_store/location.py:146}}
May 26 12:15:31.878548 np0000001415 devstack@g-api.service[99047]: DEBUG glance_store.location [None req-b5738dd2-6eb6-4921-8448-eb281d06cd24 tempest-AttachVolumeShelveTestJSON-504361473 tempest-AttachVolumeShelveTestJSON-504361473-project-member] Registering scheme swift with {'store': , 'location_class': , 'store_entry': 'swift'} {{(pid=99047) register_scheme_map /opt/stack/data/venv/lib/python3.12/site-packages/glance_store/location.py:146}}
May 26 12:15:31.879906 np0000001415 devstack@g-api.service[99047]: DEBUG glance_store.location [None req-b5738dd2-6eb6-4921-8448-eb281d06cd24 tempest-AttachVolumeShelveTestJSON-504361473 tempest-AttachVolumeShelveTestJSON-504361473-project-member] Registering scheme swift+http with {'store': , 'location_class': , 'store_entry': 'swift'} {{(pid=99047) register_scheme_map /opt/stack/data/venv/lib/python3.12/site-packages/glance_store/location.py:146}}
May 26 12:15:31.879906 np0000001415 devstack@g-api.service[99047]: DEBUG glance_store.location [None req-b5738dd2-6eb6-4921-8448-eb281d06cd24 tempest-AttachVolumeShelveTestJSON-504361473 tempest-AttachVolumeShelveTestJSON-504361473-project-member] Registering scheme swift+config with {'store': , 'location_class': , 'store_entry': 'swift'} {{(pid=99047) register_scheme_map /opt/stack/data/venv/lib/python3.12/site-packages/glance_store/location.py:146}}
May 26 12:15:31.879906 np0000001415 devstack@g-api.service[99047]: DEBUG keystoneclient.auth.identity.v3.base [None req-b5738dd2-6eb6-4921-8448-eb281d06cd24 tempest-AttachVolumeShelveTestJSON-504361473 tempest-AttachVolumeShelveTestJSON-504361473-project-member] Making authentication request to https://10.4.3.64/identity/v3/auth/tokens {{(pid=99047) get_auth_ref /opt/stack/data/venv/lib/python3.12/site-packages/keystoneclient/auth/identity/v3/base.py:185}}
May 26 12:15:31.929909 np0000001415 devstack@g-api.service[99047]: DEBUG keystoneclient.auth.identity.v3.base [None req-b5738dd2-6eb6-4921-8448-eb281d06cd24 tempest-AttachVolumeShelveTestJSON-504361473 tempest-AttachVolumeShelveTestJSON-504361473-project-member] {"token": {"methods": ["password"], "user": {"domain": {"id": "default", "name": "Default"}, "id": "4f1f51803c5a4fdca658214094658af0", "name": "glance-swift", "password_expires_at": null}, "audit_ids": ["sNOlMHUzT7WhggiZ9Mi2kA"], "expires_at": "2026-05-26T13:15:31.000000Z", "issued_at": "2026-05-26T12:15:31.000000Z", "project": {"domain": {"id": "default", "name": "Default"}, "id": "3fa57c4e22d643ccb19edb2417296ba5", "name": "service"}, "is_domain": false, "roles": [{"id": "07810180e49b48c9af2b385c67bab47b", "name": "ResellerAdmin"}, {"id": "94252705478843c3b5c5408743dd629d", "name": "service"}], "catalog": [{"endpoints": [{"id": "3154d8ef66b2435eaa8f17afb08b48e6", "interface": "public", "region_id": "RegionOne", "url": "https://10.4.3.64/networking", "region": "RegionOne"}], "id": "2a6c0aea70a94a95a279b4a8ce9e11b7", "type": "network", "name": "neutron"}, {"endpoints": [{"id": "3da2fac2d06d481dad6ab8ea17efac1b", "interface": "public", "region_id": "RegionOne", "url": "https://10.4.3.64/identity", "region": "RegionOne"}], "id": "4a837bf38d654c569c2f18b8b177c1b2", "type": "identity", "name": "keystone"}, {"endpoints": [{"id": "73b6e40da0bc45458cf029122e335c32", "interface": "public", "region_id": "RegionOne", "url": "https://10.4.3.64/placement", "region": "RegionOne"}], "id": "554c6c783ec64cb58534d0878d0dfe0f", "type": "placement", "name": "placement"}, {"endpoints": [{"id": "afdc811a972946999398a48719150576", "interface": "public", "region_id": "RegionOne", "url": "https://10.4.3.64/volume/v3", "region": "RegionOne"}], "id": "77c648c0b3d34beeb9ad378fa66eb76f", "type": "block-storage", "name": "cinder"}, {"endpoints": [{"id": "dcbda7ebc03246fd951804b71becc1dc", "interface": "public", "region_id": "RegionOne", "url": "https://10.4.3.64/compute/v2/3fa57c4e22d643ccb19edb2417296ba5", "region": "RegionOne"}], "id": "9ec2eaa25a72474e996ecf2609405f7c", "type": "compute_legacy", "name": "nova_legacy"}, {"endpoints": [{"id": "5939efe40e81498193cf8df27ff185ac", "interface": "public", "region_id": "RegionOne", "url": "https://10.4.3.64/compute/v2.1", "region": "RegionOne"}], "id": "b8ba898894004cf5aa2a73efcfa75756", "type": "compute", "name": "nova"}, {"endpoints": [{"id": "7d96a420f162464aacf7f05abd172523", "interface": "public", "region_id": "RegionOne", "url": "https://10.4.3.64/image", "region": "RegionOne"}], "id": "bad9ce5f2be74f36a71e1e81c1b0323c", "type": "image", "name": "glance"}, {"endpoints": [{"id": "309f48f0243542d0a88fc55cbcb858cb", "interface": "public", "region_id": "RegionOne", "url": "https://10.4.3.64:8080/v1/AUTH_3fa57c4e22d643ccb19edb2417296ba5", "region": "RegionOne"}, {"id": "8f736d28bea8434f8afe362706fe7aa5", "interface": "admin", "region_id": "RegionOne", "url": "https://10.4.3.64:8080", "region": "RegionOne"}], "id": "f7c4c2591852466aa89f7c4268c40c46", "type": "object-store", "name": "swift"}]}} {{(pid=99047) get_auth_ref /opt/stack/data/venv/lib/python3.12/site-packages/keystoneclient/auth/identity/v3/base.py:190}}
May 26 12:15:31.930519 np0000001415 devstack@g-api.service[99047]: DEBUG keystoneclient.httpclient [None req-b5738dd2-6eb6-4921-8448-eb281d06cd24 tempest-AttachVolumeShelveTestJSON-504361473 tempest-AttachVolumeShelveTestJSON-504361473-project-member] Failed to find endpoint for management url admin endpoint for identity service not found {{(pid=99047) _process_management_url /opt/stack/data/venv/lib/python3.12/site-packages/keystoneclient/httpclient.py:670}}
May 26 12:15:31.990916 np0000001415 devstack@g-api.service[99047]: DEBUG swiftclient [None req-b5738dd2-6eb6-4921-8448-eb281d06cd24 tempest-AttachVolumeShelveTestJSON-504361473 tempest-AttachVolumeShelveTestJSON-504361473-project-member] REQ: curl -i https://10.4.3.64:8080/v1/AUTH_3fa57c4e22d643ccb19edb2417296ba5/glance/92f44015-6a9e-4be3-8973-6f369f0c3146 -I -H "X-Auth-Token: gAAAAABqFY7jE212..." {{(pid=99047) http_log /opt/stack/data/venv/lib/python3.12/site-packages/swiftclient/client.py:160}}
May 26 12:15:31.991924 np0000001415 devstack@g-api.service[99047]: DEBUG swiftclient [None req-b5738dd2-6eb6-4921-8448-eb281d06cd24 tempest-AttachVolumeShelveTestJSON-504361473 tempest-AttachVolumeShelveTestJSON-504361473-project-member] RESP STATUS: 200 OK {{(pid=99047) http_log /opt/stack/data/venv/lib/python3.12/site-packages/swiftclient/client.py:161}}
May 26 12:15:31.991924 np0000001415 devstack@g-api.service[99047]: DEBUG swiftclient [None req-b5738dd2-6eb6-4921-8448-eb281d06cd24 tempest-AttachVolumeShelveTestJSON-504361473 tempest-AttachVolumeShelveTestJSON-504361473-project-member] RESP HEADERS: {'Date': 'Tue, 26 May 2026 12:15:31 GMT', 'Server': 'Apache/2.4.58 (Ubuntu)', 'Content-Type': 'application/octet-stream', 'Content-Length': '53608448', 'X-Object-Manifest': 'glance/92f44015-6a9e-4be3-8973-6f369f0c3146-', 'Last-Modified': 'Tue, 26 May 2026 12:15:03 GMT', 'X-Timestamp': '1779797702.14573', 'Accept-Ranges': 'bytes', 'Etag': '"e1e73bdfcea1416bb60a3db6c8736dcf"', 'X-Trans-Id': 'tx72cd6091b72146969a58d-006a158ee3', 'X-Openstack-Request-Id': 'tx72cd6091b72146969a58d-006a158ee3', 'Connection': 'close'} {{(pid=99047) http_log /opt/stack/data/venv/lib/python3.12/site-packages/swiftclient/client.py:162}}
May 26 12:15:32.013749 np0000001415 devstack@g-api.service[99047]: DEBUG swiftclient [None req-b5738dd2-6eb6-4921-8448-eb281d06cd24 tempest-AttachVolumeShelveTestJSON-504361473 tempest-AttachVolumeShelveTestJSON-504361473-project-member] REQ: curl -i https://10.4.3.64:8080/v1/AUTH_3fa57c4e22d643ccb19edb2417296ba5/glance?format=json&prefix=92f44015-6a9e-4be3-8973-6f369f0c3146- -X GET -H "X-Auth-Token: gAAAAABqFY7jE212..." -H "Accept-Encoding: gzip" {{(pid=99047) http_log /opt/stack/data/venv/lib/python3.12/site-packages/swiftclient/client.py:160}}
May 26 12:15:32.013867 np0000001415 devstack@g-api.service[99047]: DEBUG swiftclient [None req-b5738dd2-6eb6-4921-8448-eb281d06cd24 tempest-AttachVolumeShelveTestJSON-504361473 tempest-AttachVolumeShelveTestJSON-504361473-project-member] RESP STATUS: 200 OK {{(pid=99047) http_log /opt/stack/data/venv/lib/python3.12/site-packages/swiftclient/client.py:161}}
May 26 12:15:32.014053 np0000001415 devstack@g-api.service[99047]: DEBUG swiftclient [None req-b5738dd2-6eb6-4921-8448-eb281d06cd24 tempest-AttachVolumeShelveTestJSON-504361473 tempest-AttachVolumeShelveTestJSON-504361473-project-member] RESP HEADERS: {'Date': 'Tue, 26 May 2026 12:15:32 GMT', 'Server': 'Apache/2.4.58 (Ubuntu)', 'Content-Type': 'application/json; charset=utf-8', 'Content-Length': '210', 'X-Container-Object-Count': '7', 'X-Container-Bytes-Used': '171507712', 'X-Timestamp': '1779797261.02861', 'Last-Modified': 'Tue, 26 May 2026 12:07:41 GMT', 'Accept-Ranges': 'bytes', 'X-Storage-Policy': 'Policy-0', 'X-Container-Sharding': 'False', 'X-Trans-Id': 'tx4be0e0731d4644a88c192-006a158ee3', 'X-Openstack-Request-Id': 'tx4be0e0731d4644a88c192-006a158ee3', 'Connection': 'close'} {{(pid=99047) http_log /opt/stack/data/venv/lib/python3.12/site-packages/swiftclient/client.py:162}}
May 26 12:15:32.014240 np0000001415 devstack@g-api.service[99047]: DEBUG swiftclient [None req-b5738dd2-6eb6-4921-8448-eb281d06cd24 tempest-AttachVolumeShelveTestJSON-504361473 tempest-AttachVolumeShelveTestJSON-504361473-project-member] RESP BODY: b'[{"bytes": 53608448, "hash": "c72eaa149ceedf898a916047c2d1aa1e", "name": "92f44015-6a9e-4be3-8973-6f369f0c3146-00001", "content_type": "application/octet-stream", "last_modified": "2026-05-26T12:15:01.478380"}]' {{(pid=99047) http_log /opt/stack/data/venv/lib/python3.12/site-packages/swiftclient/client.py:166}}
May 26 12:15:32.034753 np0000001415 devstack@g-api.service[99048]: DEBUG glance.api.middleware.version_negotiation [None req-c0887e66-0e4c-4603-860b-4684afbc9e26 tempest-VolumesSnapshotTestJSON-1948427091 tempest-VolumesSnapshotTestJSON-1948427091-project-member] Determining version of request: GET /v2/images/5b80e04a-f032-48ca-8988-d8d10dd5e3a3 Accept: */* {{(pid=99048) process_request /opt/stack/glance/glance/api/middleware/version_negotiation.py:44}}
May 26 12:15:32.034753 np0000001415 devstack@g-api.service[99048]: DEBUG glance.api.middleware.version_negotiation [None req-c0887e66-0e4c-4603-860b-4684afbc9e26 tempest-VolumesSnapshotTestJSON-1948427091 tempest-VolumesSnapshotTestJSON-1948427091-project-member] Using url versioning {{(pid=99048) process_request /opt/stack/glance/glance/api/middleware/version_negotiation.py:57}}
May 26 12:15:32.034753 np0000001415 devstack@g-api.service[99048]: DEBUG glance.api.middleware.version_negotiation [None req-c0887e66-0e4c-4603-860b-4684afbc9e26 tempest-VolumesSnapshotTestJSON-1948427091 tempest-VolumesSnapshotTestJSON-1948427091-project-member] Matched version: v2 {{(pid=99048) process_request /opt/stack/glance/glance/api/middleware/version_negotiation.py:69}}
May 26 12:15:32.034753 np0000001415 devstack@g-api.service[99048]: DEBUG glance.api.middleware.version_negotiation [None req-c0887e66-0e4c-4603-860b-4684afbc9e26 tempest-VolumesSnapshotTestJSON-1948427091 tempest-VolumesSnapshotTestJSON-1948427091-project-member] new path /v2/images/5b80e04a-f032-48ca-8988-d8d10dd5e3a3 {{(pid=99048) process_request /opt/stack/glance/glance/api/middleware/version_negotiation.py:70}}
May 26 12:15:32.036873 np0000001415 devstack@g-api.service[99047]: DEBUG swiftclient [None req-b5738dd2-6eb6-4921-8448-eb281d06cd24 tempest-AttachVolumeShelveTestJSON-504361473 tempest-AttachVolumeShelveTestJSON-504361473-project-member] REQ: curl -i https://10.4.3.64:8080/v1/AUTH_3fa57c4e22d643ccb19edb2417296ba5/glance/92f44015-6a9e-4be3-8973-6f369f0c3146-00001 DELETE -H "X-Auth-Token: gAAAAABqFY7jE212..." {{(pid=99047) http_log /opt/stack/data/venv/lib/python3.12/site-packages/swiftclient/client.py:160}}
May 26 12:15:32.037265 np0000001415 devstack@g-api.service[99047]: DEBUG swiftclient [None req-b5738dd2-6eb6-4921-8448-eb281d06cd24 tempest-AttachVolumeShelveTestJSON-504361473 tempest-AttachVolumeShelveTestJSON-504361473-project-member] RESP STATUS: 204 No Content {{(pid=99047) http_log /opt/stack/data/venv/lib/python3.12/site-packages/swiftclient/client.py:161}}
May 26 12:15:32.037265 np0000001415 devstack@g-api.service[99047]: DEBUG swiftclient [None req-b5738dd2-6eb6-4921-8448-eb281d06cd24 tempest-AttachVolumeShelveTestJSON-504361473 tempest-AttachVolumeShelveTestJSON-504361473-project-member] RESP HEADERS: {'Date': 'Tue, 26 May 2026 12:15:32 GMT', 'Server': 'Apache/2.4.58 (Ubuntu)', 'Content-Type': 'text/html; charset=UTF-8', 'X-Trans-Id': 'tx0031f0d13f3a4d148dd8a-006a158ee4', 'X-Openstack-Request-Id': 'tx0031f0d13f3a4d148dd8a-006a158ee4', 'Connection': 'close'} {{(pid=99047) http_log /opt/stack/data/venv/lib/python3.12/site-packages/swiftclient/client.py:162}}
May 26 12:15:32.047308 np0000001415 devstack@g-api.service[99048]: [pid: 99048|app: 0|req: 158/301] 127.0.0.1 () {44 vars in 1111 bytes} [Tue May 26 12:15:32 2026] GET /v2/images/5b80e04a-f032-48ca-8988-d8d10dd5e3a3 => generated 1044 bytes in 13 msecs (HTTP/1.1 200) 4 headers in 158 bytes (1 switches on core 0)
May 26 12:15:32.059823 np0000001415 devstack@g-api.service[99047]: DEBUG swiftclient [None req-b5738dd2-6eb6-4921-8448-eb281d06cd24 tempest-AttachVolumeShelveTestJSON-504361473 tempest-AttachVolumeShelveTestJSON-504361473-project-member] REQ: curl -i https://10.4.3.64:8080/v1/AUTH_3fa57c4e22d643ccb19edb2417296ba5/glance/92f44015-6a9e-4be3-8973-6f369f0c3146 DELETE -H "X-Auth-Token: gAAAAABqFY7jE212..." {{(pid=99047) http_log /opt/stack/data/venv/lib/python3.12/site-packages/swiftclient/client.py:160}}
May 26 12:15:32.059942 np0000001415 devstack@g-api.service[99047]: DEBUG swiftclient [None req-b5738dd2-6eb6-4921-8448-eb281d06cd24 tempest-AttachVolumeShelveTestJSON-504361473 tempest-AttachVolumeShelveTestJSON-504361473-project-member] RESP STATUS: 204 No Content {{(pid=99047) http_log /opt/stack/data/venv/lib/python3.12/site-packages/swiftclient/client.py:161}}
May 26 12:15:32.060063 np0000001415 devstack@g-api.service[99047]: DEBUG swiftclient [None req-b5738dd2-6eb6-4921-8448-eb281d06cd24 tempest-AttachVolumeShelveTestJSON-504361473 tempest-AttachVolumeShelveTestJSON-504361473-project-member] RESP HEADERS: {'Date': 'Tue, 26 May 2026 12:15:32 GMT', 'Server': 'Apache/2.4.58 (Ubuntu)', 'Content-Type': 'text/html; charset=UTF-8', 'X-Trans-Id': 'txbcde34fa5aae4a8787a23-006a158ee4', 'X-Openstack-Request-Id': 'txbcde34fa5aae4a8787a23-006a158ee4', 'Connection': 'close'} {{(pid=99047) http_log /opt/stack/data/venv/lib/python3.12/site-packages/swiftclient/client.py:162}}
May 26 12:15:32.077576 np0000001415 devstack@g-api.service[99048]: DEBUG glance.api.middleware.version_negotiation [None req-4c622554-7464-4329-8b8d-419e26c54810 tempest-ServerStableDeviceRescueTest-2006233988 tempest-ServerStableDeviceRescueTest-2006233988-project-member] Determining version of request: GET /v2/schemas/image Accept: */* {{(pid=99048) process_request /opt/stack/glance/glance/api/middleware/version_negotiation.py:44}}
May 26 12:15:32.077729 np0000001415 devstack@g-api.service[99048]: DEBUG glance.api.middleware.version_negotiation [None req-4c622554-7464-4329-8b8d-419e26c54810 tempest-ServerStableDeviceRescueTest-2006233988 tempest-ServerStableDeviceRescueTest-2006233988-project-member] Using url versioning {{(pid=99048) process_request /opt/stack/glance/glance/api/middleware/version_negotiation.py:57}}
May 26 12:15:32.077831 np0000001415 devstack@g-api.service[99048]: DEBUG glance.api.middleware.version_negotiation [None req-4c622554-7464-4329-8b8d-419e26c54810 tempest-ServerStableDeviceRescueTest-2006233988 tempest-ServerStableDeviceRescueTest-2006233988-project-member] Matched version: v2 {{(pid=99048) process_request /opt/stack/glance/glance/api/middleware/version_negotiation.py:69}}
May 26 12:15:32.077947 np0000001415 devstack@g-api.service[99048]: DEBUG glance.api.middleware.version_negotiation [None req-4c622554-7464-4329-8b8d-419e26c54810 tempest-ServerStableDeviceRescueTest-2006233988 tempest-ServerStableDeviceRescueTest-2006233988-project-member] new path /v2/schemas/image {{(pid=99048) process_request /opt/stack/glance/glance/api/middleware/version_negotiation.py:70}}
May 26 12:15:32.080827 np0000001415 devstack@g-api.service[99048]: [pid: 99048|app: 0|req: 159/302] 127.0.0.1 () {44 vars in 1051 bytes} [Tue May 26 12:15:32 2026] GET /v2/schemas/image => generated 6083 bytes in 3 msecs (HTTP/1.1 200) 4 headers in 158 bytes (1 switches on core 0)
May 26 12:15:32.133663 np0000001415 devstack@g-api.service[99047]: DEBUG glance.api.middleware.cache [None req-b5738dd2-6eb6-4921-8448-eb281d06cd24 tempest-AttachVolumeShelveTestJSON-504361473 tempest-AttachVolumeShelveTestJSON-504361473-project-member] Removing image 92f44015-6a9e-4be3-8973-6f369f0c3146 from cache {{(pid=99047) _process_DELETE_response /opt/stack/glance/glance/api/middleware/cache.py:264}}
May 26 12:15:32.133824 np0000001415 devstack@g-api.service[99047]: DEBUG glance.image_cache.drivers.centralized_db [None req-b5738dd2-6eb6-4921-8448-eb281d06cd24 tempest-AttachVolumeShelveTestJSON-504361473 tempest-AttachVolumeShelveTestJSON-504361473-project-member] Deleting image cache file '/opt/stack/data/glance/cache/92f44015-6a9e-4be3-8973-6f369f0c3146' {{(pid=99047) delete_cached_file /opt/stack/glance/glance/image_cache/drivers/centralized_db.py:395}}
May 26 12:15:32.145709 np0000001415 devstack@g-api.service[99047]: [pid: 99047|app: 0|req: 144/303] 127.0.0.1 () {46 vars in 1133 bytes} [Tue May 26 12:15:31 2026] DELETE /v2/images/92f44015-6a9e-4be3-8973-6f369f0c3146 => generated 0 bytes in 283 msecs (HTTP/1.1 204) 4 headers in 171 bytes (1 switches on core 0)
May 26 12:15:32.648370 np0000001415 devstack@g-api.service[99048]: DEBUG glance.api.middleware.version_negotiation [None req-4c622554-7464-4329-8b8d-419e26c54810 tempest-ServerStableDeviceRescueTest-2006233988 tempest-ServerStableDeviceRescueTest-2006233988-project-member] Determining version of request: GET /v2/images/e7113c90-5b17-4d24-b6a1-f52ca3f0fb9b Accept: */* {{(pid=99048) process_request /opt/stack/glance/glance/api/middleware/version_negotiation.py:44}}
May 26 12:15:32.648503 np0000001415 devstack@g-api.service[99048]: DEBUG glance.api.middleware.version_negotiation [None req-4c622554-7464-4329-8b8d-419e26c54810 tempest-ServerStableDeviceRescueTest-2006233988 tempest-ServerStableDeviceRescueTest-2006233988-project-member] Using url versioning {{(pid=99048) process_request /opt/stack/glance/glance/api/middleware/version_negotiation.py:57}}
May 26 12:15:32.648975 np0000001415 devstack@g-api.service[99048]: DEBUG glance.api.middleware.version_negotiation [None req-4c622554-7464-4329-8b8d-419e26c54810 tempest-ServerStableDeviceRescueTest-2006233988 tempest-ServerStableDeviceRescueTest-2006233988-project-member] Matched version: v2 {{(pid=99048) process_request /opt/stack/glance/glance/api/middleware/version_negotiation.py:69}}
May 26 12:15:32.648975 np0000001415 devstack@g-api.service[99048]: DEBUG glance.api.middleware.version_negotiation [None req-4c622554-7464-4329-8b8d-419e26c54810 tempest-ServerStableDeviceRescueTest-2006233988 tempest-ServerStableDeviceRescueTest-2006233988-project-member] new path /v2/images/e7113c90-5b17-4d24-b6a1-f52ca3f0fb9b {{(pid=99048) process_request /opt/stack/glance/glance/api/middleware/version_negotiation.py:70}}
May 26 12:15:32.668994 np0000001415 devstack@g-api.service[99048]: [pid: 99048|app: 0|req: 160/304] 127.0.0.1 () {44 vars in 1111 bytes} [Tue May 26 12:15:32 2026] GET /v2/images/e7113c90-5b17-4d24-b6a1-f52ca3f0fb9b => generated 1671 bytes in 21 msecs (HTTP/1.1 200) 4 headers in 158 bytes (1 switches on core 0)
May 26 12:15:32.704070 np0000001415 devstack@g-api.service[99047]: DEBUG glance.api.middleware.version_negotiation [None req-b5738dd2-6eb6-4921-8448-eb281d06cd24 tempest-AttachVolumeShelveTestJSON-504361473 tempest-AttachVolumeShelveTestJSON-504361473-project-member] Determining version of request: GET /v2/images/e7113c90-5b17-4d24-b6a1-f52ca3f0fb9b/file Accept: */* {{(pid=99047) process_request /opt/stack/glance/glance/api/middleware/version_negotiation.py:44}}
May 26 12:15:32.704224 np0000001415 devstack@g-api.service[99047]: DEBUG glance.api.middleware.version_negotiation [None req-b5738dd2-6eb6-4921-8448-eb281d06cd24 tempest-AttachVolumeShelveTestJSON-504361473 tempest-AttachVolumeShelveTestJSON-504361473-project-member] Using url versioning {{(pid=99047) process_request /opt/stack/glance/glance/api/middleware/version_negotiation.py:57}}
May 26 12:15:32.704376 np0000001415 devstack@g-api.service[99047]: DEBUG glance.api.middleware.version_negotiation [None req-b5738dd2-6eb6-4921-8448-eb281d06cd24 tempest-AttachVolumeShelveTestJSON-504361473 tempest-AttachVolumeShelveTestJSON-504361473-project-member] Matched version: v2 {{(pid=99047) process_request /opt/stack/glance/glance/api/middleware/version_negotiation.py:69}}
May 26 12:15:32.704473 np0000001415 devstack@g-api.service[99047]: DEBUG glance.api.middleware.version_negotiation [None req-b5738dd2-6eb6-4921-8448-eb281d06cd24 tempest-AttachVolumeShelveTestJSON-504361473 tempest-AttachVolumeShelveTestJSON-504361473-project-member] new path /v2/images/e7113c90-5b17-4d24-b6a1-f52ca3f0fb9b/file {{(pid=99047) process_request /opt/stack/glance/glance/api/middleware/version_negotiation.py:70}}
May 26 12:15:32.715580 np0000001415 devstack@g-api.service[99047]: DEBUG glance_store.backend [None req-4c622554-7464-4329-8b8d-419e26c54810 tempest-ServerStableDeviceRescueTest-2006233988 tempest-ServerStableDeviceRescueTest-2006233988-project-member] Attempting to import store swift {{(pid=99047) _load_store /opt/stack/data/venv/lib/python3.12/site-packages/glance_store/backend.py:215}}
May 26 12:15:32.717050 np0000001415 devstack@g-api.service[99047]: DEBUG glance_store.capabilities [None req-4c622554-7464-4329-8b8d-419e26c54810 tempest-ServerStableDeviceRescueTest-2006233988 tempest-ServerStableDeviceRescueTest-2006233988-project-member] Store glance_store._drivers.swift.store.SingleTenantStore doesn't support updating dynamic storage capabilities. Please overwrite 'update_capabilities' method of the store to implement updating logics if needed. {{(pid=99047) update_capabilities /opt/stack/data/venv/lib/python3.12/site-packages/glance_store/capabilities.py:91}}
May 26 12:15:32.717145 np0000001415 devstack@g-api.service[99047]: DEBUG glance_store.driver [None req-4c622554-7464-4329-8b8d-419e26c54810 tempest-ServerStableDeviceRescueTest-2006233988 tempest-ServerStableDeviceRescueTest-2006233988-project-member] Late loading location class glance_store._drivers.swift.store.StoreLocation {{(pid=99047) get_store_location_class /opt/stack/data/venv/lib/python3.12/site-packages/glance_store/driver.py:134}}
May 26 12:15:32.717228 np0000001415 devstack@g-api.service[99047]: DEBUG glance_store.location [None req-4c622554-7464-4329-8b8d-419e26c54810 tempest-ServerStableDeviceRescueTest-2006233988 tempest-ServerStableDeviceRescueTest-2006233988-project-member] Registering scheme swift+https with {'store': , 'location_class': , 'store_entry': 'swift'} {{(pid=99047) register_scheme_map /opt/stack/data/venv/lib/python3.12/site-packages/glance_store/location.py:146}}
May 26 12:15:32.717311 np0000001415 devstack@g-api.service[99047]: DEBUG glance_store.location [None req-4c622554-7464-4329-8b8d-419e26c54810 tempest-ServerStableDeviceRescueTest-2006233988 tempest-ServerStableDeviceRescueTest-2006233988-project-member] Registering scheme swift+https with {'store': , 'location_class': , 'store_entry': 'swift'} {{(pid=99047) register_scheme_map /opt/stack/data/venv/lib/python3.12/site-packages/glance_store/location.py:146}}
May 26 12:15:32.717378 np0000001415 devstack@g-api.service[99047]: DEBUG glance_store.location [None req-4c622554-7464-4329-8b8d-419e26c54810 tempest-ServerStableDeviceRescueTest-2006233988 tempest-ServerStableDeviceRescueTest-2006233988-project-member] Registering scheme swift with {'store': , 'location_class': , 'store_entry': 'swift'} {{(pid=99047) register_scheme_map /opt/stack/data/venv/lib/python3.12/site-packages/glance_store/location.py:146}}
May 26 12:15:32.717449 np0000001415 devstack@g-api.service[99047]: DEBUG glance_store.location [None req-4c622554-7464-4329-8b8d-419e26c54810 tempest-ServerStableDeviceRescueTest-2006233988 tempest-ServerStableDeviceRescueTest-2006233988-project-member] Registering scheme swift+https with {'store': , 'location_class': , 'store_entry': 'swift'} {{(pid=99047) register_scheme_map /opt/stack/data/venv/lib/python3.12/site-packages/glance_store/location.py:146}}
May 26 12:15:32.717517 np0000001415 devstack@g-api.service[99047]: DEBUG glance_store.location [None req-4c622554-7464-4329-8b8d-419e26c54810 tempest-ServerStableDeviceRescueTest-2006233988 tempest-ServerStableDeviceRescueTest-2006233988-project-member] Registering scheme swift with {'store': , 'location_class': , 'store_entry': 'swift'} {{(pid=99047) register_scheme_map /opt/stack/data/venv/lib/python3.12/site-packages/glance_store/location.py:146}}
May 26 12:15:32.717583 np0000001415 devstack@g-api.service[99047]: DEBUG glance_store.location [None req-4c622554-7464-4329-8b8d-419e26c54810 tempest-ServerStableDeviceRescueTest-2006233988 tempest-ServerStableDeviceRescueTest-2006233988-project-member] Registering scheme swift+http with {'store': , 'location_class': , 'store_entry': 'swift'} {{(pid=99047) register_scheme_map /opt/stack/data/venv/lib/python3.12/site-packages/glance_store/location.py:146}}
May 26 12:15:32.717660 np0000001415 devstack@g-api.service[99047]: DEBUG glance_store.location [None req-4c622554-7464-4329-8b8d-419e26c54810 tempest-ServerStableDeviceRescueTest-2006233988 tempest-ServerStableDeviceRescueTest-2006233988-project-member] Registering scheme swift+https with {'store': , 'location_class': , 'store_entry': 'swift'} {{(pid=99047) register_scheme_map /opt/stack/data/venv/lib/python3.12/site-packages/glance_store/location.py:146}}
May 26 12:15:32.717770 np0000001415 devstack@g-api.service[99047]: DEBUG glance_store.location [None req-4c622554-7464-4329-8b8d-419e26c54810 tempest-ServerStableDeviceRescueTest-2006233988 tempest-ServerStableDeviceRescueTest-2006233988-project-member] Registering scheme swift with {'store': , 'location_class': , 'store_entry': 'swift'} {{(pid=99047) register_scheme_map /opt/stack/data/venv/lib/python3.12/site-packages/glance_store/location.py:146}}
