Jun 21 16:11:59.499727 np0000003344 devstack@g-api.service[102088]: DEBUG glance_store.location [-] Registering scheme swift+config with {'store': , 'location_class': , 'store_entry': 'swift'} {{(pid=102088) register_scheme_map /opt/stack/data/venv/lib/python3.12/site-packages/glance_store/location.py:146}}
Jun 21 16:11:59.499785 np0000003344 devstack@g-api.service[102088]: DEBUG glance_store.backend [-] Attempting to import store http {{(pid=102088) _load_store /opt/stack/data/venv/lib/python3.12/site-packages/glance_store/backend.py:215}}
Jun 21 16:11:59.500027 np0000003344 devstack@g-api.service[102088]: DEBUG glance_store.capabilities [-] Store glance_store._drivers.http.Store doesn't support updating dynamic storage capabilities. Please overwrite 'update_capabilities' method of the store to implement updating logics if needed. {{(pid=102088) update_capabilities /opt/stack/data/venv/lib/python3.12/site-packages/glance_store/capabilities.py:91}}
Jun 21 16:11:59.500082 np0000003344 devstack@g-api.service[102088]: DEBUG glance_store.backend [-] Registering store http with schemes ('http', 'https') {{(pid=102088) create_stores /opt/stack/data/venv/lib/python3.12/site-packages/glance_store/backend.py:261}}
Jun 21 16:11:59.500170 np0000003344 devstack@g-api.service[102088]: DEBUG glance_store.driver [-] Late loading location class glance_store._drivers.http.StoreLocation {{(pid=102088) get_store_location_class /opt/stack/data/venv/lib/python3.12/site-packages/glance_store/driver.py:134}}
Jun 21 16:11:59.500267 np0000003344 devstack@g-api.service[102088]: DEBUG glance_store.location [-] Registering scheme http with {'store': , 'location_class': , 'store_entry': 'http'} {{(pid=102088) register_scheme_map /opt/stack/data/venv/lib/python3.12/site-packages/glance_store/location.py:146}}
Jun 21 16:11:59.500340 np0000003344 devstack@g-api.service[102088]: DEBUG glance_store.location [-] Registering scheme https with {'store': , 'location_class': , 'store_entry': 'http'} {{(pid=102088) register_scheme_map /opt/stack/data/venv/lib/python3.12/site-packages/glance_store/location.py:146}}
Jun 21 16:11:59.500417 np0000003344 devstack@g-api.service[102088]: DEBUG glance_store.backend [-] Attempting to import store file {{(pid=102088) _load_store /opt/stack/data/venv/lib/python3.12/site-packages/glance_store/backend.py:215}}
Jun 21 16:11:59.500904 np0000003344 devstack@g-api.service[102088]: DEBUG glance_store.capabilities [-] Store glance_store._drivers.filesystem.Store doesn't support updating dynamic storage capabilities. Please overwrite 'update_capabilities' method of the store to implement updating logics if needed. {{(pid=102088) update_capabilities /opt/stack/data/venv/lib/python3.12/site-packages/glance_store/capabilities.py:91}}
Jun 21 16:11:59.500967 np0000003344 devstack@g-api.service[102088]: DEBUG glance_store.backend [-] Registering store file with schemes ('file', 'filesystem') {{(pid=102088) create_stores /opt/stack/data/venv/lib/python3.12/site-packages/glance_store/backend.py:261}}
Jun 21 16:11:59.501054 np0000003344 devstack@g-api.service[102088]: DEBUG glance_store.driver [-] Late loading location class glance_store._drivers.filesystem.StoreLocation {{(pid=102088) get_store_location_class /opt/stack/data/venv/lib/python3.12/site-packages/glance_store/driver.py:134}}
Jun 21 16:11:59.501130 np0000003344 devstack@g-api.service[102088]: DEBUG glance_store.location [-] Registering scheme file with {'store': , 'location_class': , 'store_entry': 'file'} {{(pid=102088) register_scheme_map /opt/stack/data/venv/lib/python3.12/site-packages/glance_store/location.py:146}}
Jun 21 16:11:59.501204 np0000003344 devstack@g-api.service[102088]: DEBUG glance_store.location [-] Registering scheme filesystem with {'store': , 'location_class': , 'store_entry': 'file'} {{(pid=102088) register_scheme_map /opt/stack/data/venv/lib/python3.12/site-packages/glance_store/location.py:146}}
Jun 21 16:11:59.501357 np0000003344 devstack@g-api.service[102088]: DEBUG glance_store.backend [-] Attempting to import store swift {{(pid=102088) _load_store /opt/stack/data/venv/lib/python3.12/site-packages/glance_store/backend.py:215}}
Jun 21 16:11:59.502662 np0000003344 devstack@g-api.service[102088]: DEBUG glance_store.capabilities [-] Store glance_store._drivers.swift.store.SingleTenantStore doesn't support updating dynamic storage capabilities. Please overwrite 'update_capabilities' method of the store to implement updating logics if needed. {{(pid=102088) update_capabilities /opt/stack/data/venv/lib/python3.12/site-packages/glance_store/capabilities.py:91}}
Jun 21 16:11:59.502736 np0000003344 devstack@g-api.service[102088]: DEBUG glance_store.driver [-] Late loading location class glance_store._drivers.swift.store.StoreLocation {{(pid=102088) get_store_location_class /opt/stack/data/venv/lib/python3.12/site-packages/glance_store/driver.py:134}}
Jun 21 16:11:59.502831 np0000003344 devstack@g-api.service[102088]: DEBUG glance_store.location [-] Registering scheme swift+https with {'store': , 'location_class': , 'store_entry': 'swift'} {{(pid=102088) register_scheme_map /opt/stack/data/venv/lib/python3.12/site-packages/glance_store/location.py:146}}
Jun 21 16:11:59.502916 np0000003344 devstack@g-api.service[102088]: DEBUG glance_store.location [-] Registering scheme swift+https with {'store': , 'location_class': , 'store_entry': 'swift'} {{(pid=102088) register_scheme_map /opt/stack/data/venv/lib/python3.12/site-packages/glance_store/location.py:146}}
Jun 21 16:11:59.502984 np0000003344 devstack@g-api.service[102088]: DEBUG glance_store.location [-] Registering scheme swift with {'store': , 'location_class': , 'store_entry': 'swift'} {{(pid=102088) register_scheme_map /opt/stack/data/venv/lib/python3.12/site-packages/glance_store/location.py:146}}
Jun 21 16:11:59.503068 np0000003344 devstack@g-api.service[102088]: DEBUG glance_store.location [-] Registering scheme swift+https with {'store': , 'location_class': , 'store_entry': 'swift'} {{(pid=102088) register_scheme_map /opt/stack/data/venv/lib/python3.12/site-packages/glance_store/location.py:146}}
Jun 21 16:11:59.503144 np0000003344 devstack@g-api.service[102088]: DEBUG glance_store.location [-] Registering scheme swift with {'store': , 'location_class': , 'store_entry': 'swift'} {{(pid=102088) register_scheme_map /opt/stack/data/venv/lib/python3.12/site-packages/glance_store/location.py:146}}
Jun 21 16:11:59.503236 np0000003344 devstack@g-api.service[102088]: DEBUG glance_store.location [-] Registering scheme swift+http with {'store': , 'location_class': , 'store_entry': 'swift'} {{(pid=102088) register_scheme_map /opt/stack/data/venv/lib/python3.12/site-packages/glance_store/location.py:146}}
Jun 21 16:11:59.503323 np0000003344 devstack@g-api.service[102088]: DEBUG glance_store.location [-] Registering scheme swift+https with {'store': , 'location_class': , 'store_entry': 'swift'} {{(pid=102088) register_scheme_map /opt/stack/data/venv/lib/python3.12/site-packages/glance_store/location.py:146}}
Jun 21 16:11:59.503398 np0000003344 devstack@g-api.service[102088]: DEBUG glance_store.location [-] Registering scheme swift with {'store': , 'location_class': , 'store_entry': 'swift'} {{(pid=102088) register_scheme_map /opt/stack/data/venv/lib/python3.12/site-packages/glance_store/location.py:146}}
Jun 21 16:11:59.503476 np0000003344 devstack@g-api.service[102088]: DEBUG glance_store.location [-] Registering scheme swift+http with {'store': , 'location_class': , 'store_entry': 'swift'} {{(pid=102088) register_scheme_map /opt/stack/data/venv/lib/python3.12/site-packages/glance_store/location.py:146}}
Jun 21 16:11:59.503561 np0000003344 devstack@g-api.service[102088]: DEBUG glance_store.location [-] Registering scheme swift+config with {'store': , 'location_class': , 'store_entry': 'swift'} {{(pid=102088) register_scheme_map /opt/stack/data/venv/lib/python3.12/site-packages/glance_store/location.py:146}}
Jun 21 16:11:59.503850 np0000003344 devstack@g-api.service[102088]: DEBUG glance.sqlite_migration [-] SQLite caching database not located, skipping migration {{(pid=102088) get_db_path /opt/stack/glance/glance/sqlite_migration.py:68}}
Jun 21 16:11:59.504066 np0000003344 devstack@g-api.service[102088]: WARNING glance.common.wsgi_app [-] Import methods are enabled but staging directory /tmp/staging/ does not exist; Imports will fail!
Jun 21 16:11:59.760807 np0000003344 devstack@g-api.service[102090]: DEBUG glance.common.config [None req-c517640a-3853-4656-88cb-fe1d9f179d10 None None] Loading glance-api-keystone+cachemanagement from /etc/glance/glance-api-paste.ini {{(pid=102090) load_paste_app /opt/stack/glance/glance/common/config.py:758}}
Jun 21 16:11:59.762503 np0000003344 devstack@g-api.service[102088]: DEBUG glance.common.config [None req-9affaacc-4d13-4f15-b45f-52c066982a21 None None] Loading glance-api-keystone+cachemanagement from /etc/glance/glance-api-paste.ini {{(pid=102088) load_paste_app /opt/stack/glance/glance/common/config.py:758}}
Jun 21 16:11:59.776399 np0000003344 devstack@g-api.service[102089]: DEBUG glance.common.config [None req-d36d1fbb-39cf-49cd-bfad-53cacee5c236 None None] Loading glance-api-keystone+cachemanagement from /etc/glance/glance-api-paste.ini {{(pid=102089) load_paste_app /opt/stack/glance/glance/common/config.py:758}}
Jun 21 16:12:00.359728 np0000003344 devstack@g-api.service[102089]: INFO glance.image_cache [None req-d36d1fbb-39cf-49cd-bfad-53cacee5c236 None None] Image cache loaded driver 'centralized_db'.
Jun 21 16:12:00.362196 np0000003344 devstack@g-api.service[102088]: INFO glance.image_cache [None req-9affaacc-4d13-4f15-b45f-52c066982a21 None None] Image cache loaded driver 'centralized_db'.
Jun 21 16:12:00.379550 np0000003344 devstack@g-api.service[102090]: INFO glance.image_cache [None req-c517640a-3853-4656-88cb-fe1d9f179d10 None None] Image cache loaded driver 'centralized_db'.
Jun 21 16:12:00.406203 np0000003344 devstack@g-api.service[102089]: INFO dbcounter [None req-d36d1fbb-39cf-49cd-bfad-53cacee5c236 None None] Registered counter for database glance
Jun 21 16:12:00.407301 np0000003344 devstack@g-api.service[102088]: INFO dbcounter [None req-9affaacc-4d13-4f15-b45f-52c066982a21 None None] Registered counter for database glance
Jun 21 16:12:00.425555 np0000003344 devstack@g-api.service[102090]: INFO dbcounter [None req-c517640a-3853-4656-88cb-fe1d9f179d10 None None] Registered counter for database glance
Jun 21 16:12:00.449520 np0000003344 devstack@g-api.service[102088]: DEBUG oslo_db.sqlalchemy.engines [None req-9affaacc-4d13-4f15-b45f-52c066982a21 None None] MySQL server mode set to STRICT_TRANS_TABLES,STRICT_ALL_TABLES,NO_ZERO_IN_DATE,NO_ZERO_DATE,ERROR_FOR_DIVISION_BY_ZERO,TRADITIONAL,NO_ENGINE_SUBSTITUTION {{(pid=102088) _check_effective_sql_mode /opt/stack/data/venv/lib/python3.12/site-packages/oslo_db/sqlalchemy/engines.py:325}}
Jun 21 16:12:00.452865 np0000003344 devstack@g-api.service[102089]: DEBUG oslo_db.sqlalchemy.engines [None req-d36d1fbb-39cf-49cd-bfad-53cacee5c236 None None] MySQL server mode set to STRICT_TRANS_TABLES,STRICT_ALL_TABLES,NO_ZERO_IN_DATE,NO_ZERO_DATE,ERROR_FOR_DIVISION_BY_ZERO,TRADITIONAL,NO_ENGINE_SUBSTITUTION {{(pid=102089) _check_effective_sql_mode /opt/stack/data/venv/lib/python3.12/site-packages/oslo_db/sqlalchemy/engines.py:325}}
Jun 21 16:12:00.468848 np0000003344 devstack@g-api.service[102090]: DEBUG oslo_db.sqlalchemy.engines [None req-c517640a-3853-4656-88cb-fe1d9f179d10 None None] MySQL server mode set to STRICT_TRANS_TABLES,STRICT_ALL_TABLES,NO_ZERO_IN_DATE,NO_ZERO_DATE,ERROR_FOR_DIVISION_BY_ZERO,TRADITIONAL,NO_ENGINE_SUBSTITUTION {{(pid=102090) _check_effective_sql_mode /opt/stack/data/venv/lib/python3.12/site-packages/oslo_db/sqlalchemy/engines.py:325}}
Jun 21 16:12:00.469127 np0000003344 devstack@g-api.service[102088]: DEBUG dbcounter [-] [102088] Writer thread running {{(pid=102088) stat_writer /opt/stack/data/venv/lib/python3.12/site-packages/dbcounter.py:102}}
Jun 21 16:12:00.474488 np0000003344 devstack@g-api.service[102089]: DEBUG dbcounter [-] [102089] Writer thread running {{(pid=102089) stat_writer /opt/stack/data/venv/lib/python3.12/site-packages/dbcounter.py:102}}
Jun 21 16:12:00.478641 np0000003344 devstack@g-api.service[102089]: DEBUG glance.image_cache.drivers.centralized_db [None req-d36d1fbb-39cf-49cd-bfad-53cacee5c236 None None] Node reference is already recorded, ignoring it {{(pid=102089) configure /opt/stack/glance/glance/image_cache/drivers/centralized_db.py:71}}
Jun 21 16:12:00.480804 np0000003344 devstack@g-api.service[102088]: INFO glance.image_cache [None req-9affaacc-4d13-4f15-b45f-52c066982a21 None None] Image cache loaded driver 'centralized_db'.
Jun 21 16:12:00.484105 np0000003344 devstack@g-api.service[102089]: INFO glance.image_cache [None req-d36d1fbb-39cf-49cd-bfad-53cacee5c236 None None] Image cache loaded driver 'centralized_db'.
Jun 21 16:12:00.489007 np0000003344 devstack@g-api.service[102088]: DEBUG glance.image_cache.drivers.centralized_db [None req-9affaacc-4d13-4f15-b45f-52c066982a21 None None] Node reference is already recorded, ignoring it {{(pid=102088) configure /opt/stack/glance/glance/image_cache/drivers/centralized_db.py:71}}
Jun 21 16:12:00.489752 np0000003344 devstack@g-api.service[102090]: DEBUG dbcounter [-] [102090] Writer thread running {{(pid=102090) stat_writer /opt/stack/data/venv/lib/python3.12/site-packages/dbcounter.py:102}}
Jun 21 16:12:00.491584 np0000003344 devstack@g-api.service[102089]: DEBUG glance.image_cache.drivers.centralized_db [None req-d36d1fbb-39cf-49cd-bfad-53cacee5c236 None None] Node reference is already recorded, ignoring it {{(pid=102089) configure /opt/stack/glance/glance/image_cache/drivers/centralized_db.py:71}}
Jun 21 16:12:00.492144 np0000003344 devstack@g-api.service[102090]: DEBUG glance.image_cache.drivers.centralized_db [None req-c517640a-3853-4656-88cb-fe1d9f179d10 None None] Node reference is already recorded, ignoring it {{(pid=102090) configure /opt/stack/glance/glance/image_cache/drivers/centralized_db.py:71}}
Jun 21 16:12:00.497099 np0000003344 devstack@g-api.service[102090]: INFO glance.image_cache [None req-c517640a-3853-4656-88cb-fe1d9f179d10 None None] Image cache loaded driver 'centralized_db'.
Jun 21 16:12:00.498111 np0000003344 devstack@g-api.service[102089]: DEBUG glance.api.v2.cached_images [None req-d36d1fbb-39cf-49cd-bfad-53cacee5c236 None None] Started cache worker thread {{(pid=102089) __init__ /opt/stack/glance/glance/api/v2/cached_images.py:69}}
Jun 21 16:12:00.498867 np0000003344 devstack@g-api.service[102089]: INFO glance.image_cache [None req-d36d1fbb-39cf-49cd-bfad-53cacee5c236 None None] Image cache loaded driver 'centralized_db'.
Jun 21 16:12:00.504785 np0000003344 devstack@g-api.service[102090]: DEBUG glance.image_cache.drivers.centralized_db [None req-c517640a-3853-4656-88cb-fe1d9f179d10 None None] Node reference is already recorded, ignoring it {{(pid=102090) configure /opt/stack/glance/glance/image_cache/drivers/centralized_db.py:71}}
Jun 21 16:12:00.586649 np0000003344 devstack@g-api.service[102088]: DEBUG glance.api.v2.cached_images [None req-9affaacc-4d13-4f15-b45f-52c066982a21 None None] Started cache worker thread {{(pid=102088) __init__ /opt/stack/glance/glance/api/v2/cached_images.py:69}}
Jun 21 16:12:00.587242 np0000003344 devstack@g-api.service[102088]: INFO glance.image_cache [None req-9affaacc-4d13-4f15-b45f-52c066982a21 None None] Image cache loaded driver 'centralized_db'.
Jun 21 16:12:00.593592 np0000003344 devstack@g-api.service[102088]: DEBUG glance.image_cache.drivers.centralized_db [None req-9affaacc-4d13-4f15-b45f-52c066982a21 None None] Node reference is already recorded, ignoring it {{(pid=102088) configure /opt/stack/glance/glance/image_cache/drivers/centralized_db.py:71}}
Jun 21 16:12:00.597974 np0000003344 devstack@g-api.service[102088]: INFO glance.api.middleware.cache_manage [None req-9affaacc-4d13-4f15-b45f-52c066982a21 None None] Initialized image cache management middleware
Jun 21 16:12:00.598139 np0000003344 devstack@g-api.service[102088]: INFO glance.image_cache [None req-9affaacc-4d13-4f15-b45f-52c066982a21 None None] Image cache loaded driver 'centralized_db'.
Jun 21 16:12:00.602684 np0000003344 devstack@g-api.service[102090]: DEBUG glance.api.v2.cached_images [None req-c517640a-3853-4656-88cb-fe1d9f179d10 None None] Started cache worker thread {{(pid=102090) __init__ /opt/stack/glance/glance/api/v2/cached_images.py:69}}
Jun 21 16:12:00.603404 np0000003344 devstack@g-api.service[102090]: INFO glance.image_cache [None req-c517640a-3853-4656-88cb-fe1d9f179d10 None None] Image cache loaded driver 'centralized_db'.
Jun 21 16:12:00.605324 np0000003344 devstack@g-api.service[102089]: DEBUG glance.image_cache.drivers.centralized_db [None req-d36d1fbb-39cf-49cd-bfad-53cacee5c236 None None] Node reference is already recorded, ignoring it {{(pid=102089) configure /opt/stack/glance/glance/image_cache/drivers/centralized_db.py:71}}
Jun 21 16:12:00.605766 np0000003344 devstack@g-api.service[102088]: DEBUG glance.image_cache.drivers.centralized_db [None req-9affaacc-4d13-4f15-b45f-52c066982a21 None None] Node reference is already recorded, ignoring it {{(pid=102088) configure /opt/stack/glance/glance/image_cache/drivers/centralized_db.py:71}}
Jun 21 16:12:00.609564 np0000003344 devstack@g-api.service[102088]: INFO glance.api.middleware.cache [None req-9affaacc-4d13-4f15-b45f-52c066982a21 None None] Initialized image cache middleware
Jun 21 16:12:00.610101 np0000003344 devstack@g-api.service[102090]: DEBUG glance.image_cache.drivers.centralized_db [None req-c517640a-3853-4656-88cb-fe1d9f179d10 None None] Node reference is already recorded, ignoring it {{(pid=102090) configure /opt/stack/glance/glance/image_cache/drivers/centralized_db.py:71}}
Jun 21 16:12:00.612080 np0000003344 devstack@g-api.service[102089]: INFO glance.api.middleware.cache_manage [None req-d36d1fbb-39cf-49cd-bfad-53cacee5c236 None None] Initialized image cache management middleware
Jun 21 16:12:00.612289 np0000003344 devstack@g-api.service[102089]: INFO glance.image_cache [None req-d36d1fbb-39cf-49cd-bfad-53cacee5c236 None None] Image cache loaded driver 'centralized_db'.
Jun 21 16:12:00.614611 np0000003344 devstack@g-api.service[102090]: INFO glance.api.middleware.cache_manage [None req-c517640a-3853-4656-88cb-fe1d9f179d10 None None] Initialized image cache management middleware
Jun 21 16:12:00.614791 np0000003344 devstack@g-api.service[102090]: INFO glance.image_cache [None req-c517640a-3853-4656-88cb-fe1d9f179d10 None None] Image cache loaded driver 'centralized_db'.
Jun 21 16:12:00.621473 np0000003344 devstack@g-api.service[102088]: DEBUG glance.common.config [None req-9affaacc-4d13-4f15-b45f-52c066982a21 None None] ******************************************************************************** {{(pid=102088) log_opt_values /opt/stack/data/venv/lib/python3.12/site-packages/oslo_config/cfg.py:3226}}
Jun 21 16:12:00.621607 np0000003344 devstack@g-api.service[102089]: DEBUG glance.image_cache.drivers.centralized_db [None req-d36d1fbb-39cf-49cd-bfad-53cacee5c236 None None] Node reference is already recorded, ignoring it {{(pid=102089) configure /opt/stack/glance/glance/image_cache/drivers/centralized_db.py:71}}
Jun 21 16:12:00.621642 np0000003344 devstack@g-api.service[102088]: DEBUG glance.common.config [None req-9affaacc-4d13-4f15-b45f-52c066982a21 None None] Configuration options gathered from: {{(pid=102088) log_opt_values /opt/stack/data/venv/lib/python3.12/site-packages/oslo_config/cfg.py:3227}}
Jun 21 16:12:00.621874 np0000003344 devstack@g-api.service[102090]: DEBUG glance.image_cache.drivers.centralized_db [None req-c517640a-3853-4656-88cb-fe1d9f179d10 None None] Node reference is already recorded, ignoring it {{(pid=102090) configure /opt/stack/glance/glance/image_cache/drivers/centralized_db.py:71}}
Jun 21 16:12:00.622120 np0000003344 devstack@g-api.service[102088]: DEBUG glance.common.config [None req-9affaacc-4d13-4f15-b45f-52c066982a21 None None] command line args: [] {{(pid=102088) log_opt_values /opt/stack/data/venv/lib/python3.12/site-packages/oslo_config/cfg.py:3228}}
Jun 21 16:12:00.622275 np0000003344 devstack@g-api.service[102088]: DEBUG glance.common.config [None req-9affaacc-4d13-4f15-b45f-52c066982a21 None None] config files: ['/etc/glance/glance-image-import.conf', '/etc/glance/glance-api.conf'] {{(pid=102088) log_opt_values /opt/stack/data/venv/lib/python3.12/site-packages/oslo_config/cfg.py:3229}}
Jun 21 16:12:00.622362 np0000003344 devstack@g-api.service[102088]: DEBUG glance.common.config [None req-9affaacc-4d13-4f15-b45f-52c066982a21 None None] ================================================================================ {{(pid=102088) log_opt_values /opt/stack/data/venv/lib/python3.12/site-packages/oslo_config/cfg.py:3234}}
Jun 21 16:12:00.622500 np0000003344 devstack@g-api.service[102088]: DEBUG glance.common.config [None req-9affaacc-4d13-4f15-b45f-52c066982a21 None None] allow_anonymous_access = False {{(pid=102088) log_opt_values /opt/stack/data/venv/lib/python3.12/site-packages/oslo_config/cfg.py:3242}}
Jun 21 16:12:00.622612 np0000003344 devstack@g-api.service[102088]: DEBUG glance.common.config [None req-9affaacc-4d13-4f15-b45f-52c066982a21 None None] api_limit_max = 1000 {{(pid=102088) log_opt_values /opt/stack/data/venv/lib/python3.12/site-packages/oslo_config/cfg.py:3242}}
Jun 21 16:12:00.622707 np0000003344 devstack@g-api.service[102088]: DEBUG glance.common.config [None req-9affaacc-4d13-4f15-b45f-52c066982a21 None None] backlog = 4096 {{(pid=102088) log_opt_values /opt/stack/data/venv/lib/python3.12/site-packages/oslo_config/cfg.py:3242}}
Jun 21 16:12:00.622832 np0000003344 devstack@g-api.service[102088]: DEBUG glance.common.config [None req-9affaacc-4d13-4f15-b45f-52c066982a21 None None] bind_host = 0.0.0.0 {{(pid=102088) log_opt_values /opt/stack/data/venv/lib/python3.12/site-packages/oslo_config/cfg.py:3242}}
Jun 21 16:12:00.622933 np0000003344 devstack@g-api.service[102088]: DEBUG glance.common.config [None req-9affaacc-4d13-4f15-b45f-52c066982a21 None None] bind_port = 19292 {{(pid=102088) log_opt_values /opt/stack/data/venv/lib/python3.12/site-packages/oslo_config/cfg.py:3242}}
Jun 21 16:12:00.623024 np0000003344 devstack@g-api.service[102088]: DEBUG glance.common.config [None req-9affaacc-4d13-4f15-b45f-52c066982a21 None None] client_socket_timeout = 900 {{(pid=102088) log_opt_values /opt/stack/data/venv/lib/python3.12/site-packages/oslo_config/cfg.py:3242}}
Jun 21 16:12:00.623116 np0000003344 devstack@g-api.service[102088]: DEBUG glance.common.config [None req-9affaacc-4d13-4f15-b45f-52c066982a21 None None] config_dir = [] {{(pid=102088) log_opt_values /opt/stack/data/venv/lib/python3.12/site-packages/oslo_config/cfg.py:3242}}
Jun 21 16:12:00.623183 np0000003344 devstack@g-api.service[102088]: DEBUG glance.common.config [None req-9affaacc-4d13-4f15-b45f-52c066982a21 None None] config_file = ['/etc/glance/glance-image-import.conf', '/etc/glance/glance-api.conf'] {{(pid=102088) log_opt_values /opt/stack/data/venv/lib/python3.12/site-packages/oslo_config/cfg.py:3242}}
Jun 21 16:12:00.623290 np0000003344 devstack@g-api.service[102088]: DEBUG glance.common.config [None req-9affaacc-4d13-4f15-b45f-52c066982a21 None None] config_source = [] {{(pid=102088) log_opt_values /opt/stack/data/venv/lib/python3.12/site-packages/oslo_config/cfg.py:3242}}
Jun 21 16:12:00.623409 np0000003344 devstack@g-api.service[102088]: DEBUG glance.common.config [None req-9affaacc-4d13-4f15-b45f-52c066982a21 None None] control_exchange = glance {{(pid=102088) log_opt_values /opt/stack/data/venv/lib/python3.12/site-packages/oslo_config/cfg.py:3242}}
Jun 21 16:12:00.623489 np0000003344 devstack@g-api.service[102088]: DEBUG glance.common.config [None req-9affaacc-4d13-4f15-b45f-52c066982a21 None None] debug = True {{(pid=102088) log_opt_values /opt/stack/data/venv/lib/python3.12/site-packages/oslo_config/cfg.py:3242}}
Jun 21 16:12:00.623655 np0000003344 devstack@g-api.service[102088]: DEBUG glance.common.config [None req-9affaacc-4d13-4f15-b45f-52c066982a21 None None] default_log_levels = ['amqp=WARN', 'boto=WARN', 'sqlalchemy=WARN', 'suds=INFO', 'oslo.messaging=INFO', 'oslo_messaging=INFO', 'iso8601=WARN', 'requests.packages.urllib3.connectionpool=WARN', 'urllib3.connectionpool=WARN', 'websocket=WARN', 'requests.packages.urllib3.util.retry=WARN', 'urllib3.util.retry=WARN', 'keystonemiddleware=WARN', 'routes.middleware=WARN', 'stevedore=WARN', 'taskflow=WARN', 'keystoneauth=WARN', 'oslo.cache=INFO', 'oslo_policy=INFO', 'dogpile.core.dogpile=INFO'] {{(pid=102088) log_opt_values /opt/stack/data/venv/lib/python3.12/site-packages/oslo_config/cfg.py:3242}}
Jun 21 16:12:00.623747 np0000003344 devstack@g-api.service[102088]: DEBUG glance.common.config [None req-9affaacc-4d13-4f15-b45f-52c066982a21 None None] default_publisher_id = image.localhost {{(pid=102088) log_opt_values /opt/stack/data/venv/lib/python3.12/site-packages/oslo_config/cfg.py:3242}}
Jun 21 16:12:00.623858 np0000003344 devstack@g-api.service[102088]: DEBUG glance.common.config [None req-9affaacc-4d13-4f15-b45f-52c066982a21 None None] delayed_delete = False {{(pid=102088) log_opt_values /opt/stack/data/venv/lib/python3.12/site-packages/oslo_config/cfg.py:3242}}
Jun 21 16:12:00.623959 np0000003344 devstack@g-api.service[102088]: DEBUG glance.common.config [None req-9affaacc-4d13-4f15-b45f-52c066982a21 None None] digest_algorithm = sha256 {{(pid=102088) log_opt_values /opt/stack/data/venv/lib/python3.12/site-packages/oslo_config/cfg.py:3242}}
Jun 21 16:12:00.624070 np0000003344 devstack@g-api.service[102088]: DEBUG glance.common.config [None req-9affaacc-4d13-4f15-b45f-52c066982a21 None None] disabled_notifications = [] {{(pid=102088) log_opt_values /opt/stack/data/venv/lib/python3.12/site-packages/oslo_config/cfg.py:3242}}
Jun 21 16:12:00.624159 np0000003344 devstack@g-api.service[102088]: DEBUG glance.common.config [None req-9affaacc-4d13-4f15-b45f-52c066982a21 None None] do_secure_hash = True {{(pid=102088) log_opt_values /opt/stack/data/venv/lib/python3.12/site-packages/oslo_config/cfg.py:3242}}
Jun 21 16:12:00.624260 np0000003344 devstack@g-api.service[102088]: DEBUG glance.common.config [None req-9affaacc-4d13-4f15-b45f-52c066982a21 None None] enabled_backends = None {{(pid=102088) log_opt_values /opt/stack/data/venv/lib/python3.12/site-packages/oslo_config/cfg.py:3242}}
Jun 21 16:12:00.624380 np0000003344 devstack@g-api.service[102088]: DEBUG glance.common.config [None req-9affaacc-4d13-4f15-b45f-52c066982a21 None None] enabled_import_methods = ['glance-direct', 'web-download', 'copy-image'] {{(pid=102088) log_opt_values /opt/stack/data/venv/lib/python3.12/site-packages/oslo_config/cfg.py:3242}}
Jun 21 16:12:00.624486 np0000003344 devstack@g-api.service[102088]: DEBUG glance.common.config [None req-9affaacc-4d13-4f15-b45f-52c066982a21 None None] fatal_deprecations = False {{(pid=102088) log_opt_values /opt/stack/data/venv/lib/python3.12/site-packages/oslo_config/cfg.py:3242}}
Jun 21 16:12:00.624596 np0000003344 devstack@g-api.service[102088]: DEBUG glance.common.config [None req-9affaacc-4d13-4f15-b45f-52c066982a21 None None] hashing_algorithm = sha512 {{(pid=102088) log_opt_values /opt/stack/data/venv/lib/python3.12/site-packages/oslo_config/cfg.py:3242}}
Jun 21 16:12:00.624677 np0000003344 devstack@g-api.service[102088]: DEBUG glance.common.config [None req-9affaacc-4d13-4f15-b45f-52c066982a21 None None] http_keepalive = True {{(pid=102088) log_opt_values /opt/stack/data/venv/lib/python3.12/site-packages/oslo_config/cfg.py:3242}}
Jun 21 16:12:00.624758 np0000003344 devstack@g-api.service[102088]: DEBUG glance.common.config [None req-9affaacc-4d13-4f15-b45f-52c066982a21 None None] http_retries = 3 {{(pid=102088) log_opt_values /opt/stack/data/venv/lib/python3.12/site-packages/oslo_config/cfg.py:3242}}
Jun 21 16:12:00.624848 np0000003344 devstack@g-api.service[102088]: DEBUG glance.common.config [None req-9affaacc-4d13-4f15-b45f-52c066982a21 None None] image_cache_dir = /opt/stack/data/glance/cache/ {{(pid=102088) log_opt_values /opt/stack/data/venv/lib/python3.12/site-packages/oslo_config/cfg.py:3242}}
Jun 21 16:12:00.624939 np0000003344 devstack@g-api.service[102088]: DEBUG glance.common.config [None req-9affaacc-4d13-4f15-b45f-52c066982a21 None None] image_cache_driver = centralized_db {{(pid=102088) log_opt_values /opt/stack/data/venv/lib/python3.12/site-packages/oslo_config/cfg.py:3242}}
Jun 21 16:12:00.625040 np0000003344 devstack@g-api.service[102088]: DEBUG glance.common.config [None req-9affaacc-4d13-4f15-b45f-52c066982a21 None None] image_cache_max_size = 10737418240 {{(pid=102088) log_opt_values /opt/stack/data/venv/lib/python3.12/site-packages/oslo_config/cfg.py:3242}}
Jun 21 16:12:00.625214 np0000003344 devstack@g-api.service[102088]: DEBUG glance.common.config [None req-9affaacc-4d13-4f15-b45f-52c066982a21 None None] image_cache_sqlite_db = cache.db {{(pid=102088) log_opt_values /opt/stack/data/venv/lib/python3.12/site-packages/oslo_config/cfg.py:3242}}
Jun 21 16:12:00.625214 np0000003344 devstack@g-api.service[102088]: DEBUG glance.common.config [None req-9affaacc-4d13-4f15-b45f-52c066982a21 None None] image_cache_stall_time = 86400 {{(pid=102088) log_opt_values /opt/stack/data/venv/lib/python3.12/site-packages/oslo_config/cfg.py:3242}}
Jun 21 16:12:00.625324 np0000003344 devstack@g-api.service[102088]: DEBUG glance.common.config [None req-9affaacc-4d13-4f15-b45f-52c066982a21 None None] image_location_quota = 10 {{(pid=102088) log_opt_values /opt/stack/data/venv/lib/python3.12/site-packages/oslo_config/cfg.py:3242}}
Jun 21 16:12:00.625431 np0000003344 devstack@g-api.service[102088]: DEBUG glance.common.config [None req-9affaacc-4d13-4f15-b45f-52c066982a21 None None] image_member_quota = 128 {{(pid=102088) log_opt_values /opt/stack/data/venv/lib/python3.12/site-packages/oslo_config/cfg.py:3242}}
Jun 21 16:12:00.625542 np0000003344 devstack@g-api.service[102088]: DEBUG glance.common.config [None req-9affaacc-4d13-4f15-b45f-52c066982a21 None None] image_property_quota = 128 {{(pid=102088) log_opt_values /opt/stack/data/venv/lib/python3.12/site-packages/oslo_config/cfg.py:3242}}
Jun 21 16:12:00.625634 np0000003344 devstack@g-api.service[102088]: DEBUG glance.common.config [None req-9affaacc-4d13-4f15-b45f-52c066982a21 None None] image_size_cap = 1099511627776 {{(pid=102088) log_opt_values /opt/stack/data/venv/lib/python3.12/site-packages/oslo_config/cfg.py:3242}}
Jun 21 16:12:00.625717 np0000003344 devstack@g-api.service[102088]: DEBUG glance.common.config [None req-9affaacc-4d13-4f15-b45f-52c066982a21 None None] image_tag_quota = 128 {{(pid=102088) log_opt_values /opt/stack/data/venv/lib/python3.12/site-packages/oslo_config/cfg.py:3242}}
Jun 21 16:12:00.625835 np0000003344 devstack@g-api.service[102088]: DEBUG glance.common.config [None req-9affaacc-4d13-4f15-b45f-52c066982a21 None None] instance_format = [instance: %(uuid)s] {{(pid=102088) log_opt_values /opt/stack/data/venv/lib/python3.12/site-packages/oslo_config/cfg.py:3242}}
Jun 21 16:12:00.625932 np0000003344 devstack@g-api.service[102088]: DEBUG glance.common.config [None req-9affaacc-4d13-4f15-b45f-52c066982a21 None None] instance_uuid_format = [instance: %(uuid)s] {{(pid=102088) log_opt_values /opt/stack/data/venv/lib/python3.12/site-packages/oslo_config/cfg.py:3242}}
Jun 21 16:12:00.626019 np0000003344 devstack@g-api.service[102088]: DEBUG glance.common.config [None req-9affaacc-4d13-4f15-b45f-52c066982a21 None None] limit_param_default = 25 {{(pid=102088) log_opt_values /opt/stack/data/venv/lib/python3.12/site-packages/oslo_config/cfg.py:3242}}
Jun 21 16:12:00.626129 np0000003344 devstack@g-api.service[102088]: DEBUG glance.common.config [None req-9affaacc-4d13-4f15-b45f-52c066982a21 None None] log_color = False {{(pid=102088) log_opt_values /opt/stack/data/venv/lib/python3.12/site-packages/oslo_config/cfg.py:3242}}
Jun 21 16:12:00.626239 np0000003344 devstack@g-api.service[102088]: DEBUG glance.common.config [None req-9affaacc-4d13-4f15-b45f-52c066982a21 None None] log_config_append = None {{(pid=102088) log_opt_values /opt/stack/data/venv/lib/python3.12/site-packages/oslo_config/cfg.py:3242}}
Jun 21 16:12:00.626374 np0000003344 devstack@g-api.service[102088]: DEBUG glance.common.config [None req-9affaacc-4d13-4f15-b45f-52c066982a21 None None] log_date_format = %Y-%m-%d %H:%M:%S {{(pid=102088) log_opt_values /opt/stack/data/venv/lib/python3.12/site-packages/oslo_config/cfg.py:3242}}
Jun 21 16:12:00.626487 np0000003344 devstack@g-api.service[102088]: DEBUG glance.common.config [None req-9affaacc-4d13-4f15-b45f-52c066982a21 None None] log_dir = None {{(pid=102088) log_opt_values /opt/stack/data/venv/lib/python3.12/site-packages/oslo_config/cfg.py:3242}}
Jun 21 16:12:00.626595 np0000003344 devstack@g-api.service[102088]: DEBUG glance.common.config [None req-9affaacc-4d13-4f15-b45f-52c066982a21 None None] log_file = None {{(pid=102088) log_opt_values /opt/stack/data/venv/lib/python3.12/site-packages/oslo_config/cfg.py:3242}}
Jun 21 16:12:00.626683 np0000003344 devstack@g-api.service[102088]: DEBUG glance.common.config [None req-9affaacc-4d13-4f15-b45f-52c066982a21 None None] log_rotate_interval = 1 {{(pid=102088) log_opt_values /opt/stack/data/venv/lib/python3.12/site-packages/oslo_config/cfg.py:3242}}
Jun 21 16:12:00.626776 np0000003344 devstack@g-api.service[102088]: DEBUG glance.common.config [None req-9affaacc-4d13-4f15-b45f-52c066982a21 None None] log_rotate_interval_type = days {{(pid=102088) log_opt_values /opt/stack/data/venv/lib/python3.12/site-packages/oslo_config/cfg.py:3242}}
Jun 21 16:12:00.626866 np0000003344 devstack@g-api.service[102088]: DEBUG glance.common.config [None req-9affaacc-4d13-4f15-b45f-52c066982a21 None None] log_rotation_type = none {{(pid=102088) log_opt_values /opt/stack/data/venv/lib/python3.12/site-packages/oslo_config/cfg.py:3242}}
Jun 21 16:12:00.626953 np0000003344 devstack@g-api.service[102089]: INFO glance.api.middleware.cache [None req-d36d1fbb-39cf-49cd-bfad-53cacee5c236 None None] Initialized image cache middleware
Jun 21 16:12:00.627002 np0000003344 devstack@g-api.service[102088]: DEBUG glance.common.config [None req-9affaacc-4d13-4f15-b45f-52c066982a21 None None] logging_context_format_string = %(color)s%(levelname)s %(name)s [%(global_request_id)s %(request_id)s %(project_name)s %(user_name)s%(color)s] %(instance)s%(color)s%(message)s {{(pid=102088) log_opt_values /opt/stack/data/venv/lib/python3.12/site-packages/oslo_config/cfg.py:3242}}
Jun 21 16:12:00.627002 np0000003344 devstack@g-api.service[102088]: DEBUG glance.common.config [None req-9affaacc-4d13-4f15-b45f-52c066982a21 None None] logging_debug_format_suffix = {{(pid=%(process)d) %(funcName)s %(pathname)s:%(lineno)d}} {{(pid=102088) log_opt_values /opt/stack/data/venv/lib/python3.12/site-packages/oslo_config/cfg.py:3242}}
Jun 21 16:12:00.627106 np0000003344 devstack@g-api.service[102088]: DEBUG glance.common.config [None req-9affaacc-4d13-4f15-b45f-52c066982a21 None None] logging_default_format_string = %(color)s%(levelname)s %(name)s [-%(color)s] %(instance)s%(color)s%(message)s {{(pid=102088) log_opt_values /opt/stack/data/venv/lib/python3.12/site-packages/oslo_config/cfg.py:3242}}
Jun 21 16:12:00.627199 np0000003344 devstack@g-api.service[102088]: DEBUG glance.common.config [None req-9affaacc-4d13-4f15-b45f-52c066982a21 None None] logging_exception_prefix = ERROR %(name)s %(instance)s {{(pid=102088) log_opt_values /opt/stack/data/venv/lib/python3.12/site-packages/oslo_config/cfg.py:3242}}
Jun 21 16:12:00.627266 np0000003344 devstack@g-api.service[102090]: INFO glance.api.middleware.cache [None req-c517640a-3853-4656-88cb-fe1d9f179d10 None None] Initialized image cache middleware
Jun 21 16:12:00.627306 np0000003344 devstack@g-api.service[102088]: DEBUG glance.common.config [None req-9affaacc-4d13-4f15-b45f-52c066982a21 None None] logging_user_identity_format = %(user)s %(project)s %(domain)s %(system_scope)s %(user_domain)s %(project_domain)s {{(pid=102088) log_opt_values /opt/stack/data/venv/lib/python3.12/site-packages/oslo_config/cfg.py:3242}}
Jun 21 16:12:00.627365 np0000003344 devstack@g-api.service[102088]: DEBUG glance.common.config [None req-9affaacc-4d13-4f15-b45f-52c066982a21 None None] max_header_line = 16384 {{(pid=102088) log_opt_values /opt/stack/data/venv/lib/python3.12/site-packages/oslo_config/cfg.py:3242}}
Jun 21 16:12:00.627497 np0000003344 devstack@g-api.service[102088]: DEBUG glance.common.config [None req-9affaacc-4d13-4f15-b45f-52c066982a21 None None] max_logfile_count = 30 {{(pid=102088) log_opt_values /opt/stack/data/venv/lib/python3.12/site-packages/oslo_config/cfg.py:3242}}
Jun 21 16:12:00.627617 np0000003344 devstack@g-api.service[102088]: DEBUG glance.common.config [None req-9affaacc-4d13-4f15-b45f-52c066982a21 None None] max_logfile_size_mb = 200 {{(pid=102088) log_opt_values /opt/stack/data/venv/lib/python3.12/site-packages/oslo_config/cfg.py:3242}}
Jun 21 16:12:00.627676 np0000003344 devstack@g-api.service[102088]: DEBUG glance.common.config [None req-9affaacc-4d13-4f15-b45f-52c066982a21 None None] max_request_id_length = 64 {{(pid=102088) log_opt_values /opt/stack/data/venv/lib/python3.12/site-packages/oslo_config/cfg.py:3242}}
Jun 21 16:12:00.627764 np0000003344 devstack@g-api.service[102088]: DEBUG glance.common.config [None req-9affaacc-4d13-4f15-b45f-52c066982a21 None None] metadata_encryption_key = **** {{(pid=102088) log_opt_values /opt/stack/data/venv/lib/python3.12/site-packages/oslo_config/cfg.py:3242}}
Jun 21 16:12:00.627883 np0000003344 devstack@g-api.service[102088]: DEBUG glance.common.config [None req-9affaacc-4d13-4f15-b45f-52c066982a21 None None] node_staging_uri = file:///tmp/staging/ {{(pid=102088) log_opt_values /opt/stack/data/venv/lib/python3.12/site-packages/oslo_config/cfg.py:3242}}
Jun 21 16:12:00.627976 np0000003344 devstack@g-api.service[102088]: DEBUG glance.common.config [None req-9affaacc-4d13-4f15-b45f-52c066982a21 None None] property_protection_file = None {{(pid=102088) log_opt_values /opt/stack/data/venv/lib/python3.12/site-packages/oslo_config/cfg.py:3242}}
Jun 21 16:12:00.628061 np0000003344 devstack@g-api.service[102088]: DEBUG glance.common.config [None req-9affaacc-4d13-4f15-b45f-52c066982a21 None None] property_protection_rule_format = roles {{(pid=102088) log_opt_values /opt/stack/data/venv/lib/python3.12/site-packages/oslo_config/cfg.py:3242}}
Jun 21 16:12:00.628171 np0000003344 devstack@g-api.service[102088]: DEBUG glance.common.config [None req-9affaacc-4d13-4f15-b45f-52c066982a21 None None] public_endpoint = https://10.4.3.139/image {{(pid=102088) log_opt_values /opt/stack/data/venv/lib/python3.12/site-packages/oslo_config/cfg.py:3242}}
Jun 21 16:12:00.628271 np0000003344 devstack@g-api.service[102088]: DEBUG glance.common.config [None req-9affaacc-4d13-4f15-b45f-52c066982a21 None None] publish_errors = False {{(pid=102088) log_opt_values /opt/stack/data/venv/lib/python3.12/site-packages/oslo_config/cfg.py:3242}}
Jun 21 16:12:00.628356 np0000003344 devstack@g-api.service[102088]: DEBUG glance.common.config [None req-9affaacc-4d13-4f15-b45f-52c066982a21 None None] pydev_worker_debug_host = None {{(pid=102088) log_opt_values /opt/stack/data/venv/lib/python3.12/site-packages/oslo_config/cfg.py:3242}}
Jun 21 16:12:00.628456 np0000003344 devstack@g-api.service[102088]: DEBUG glance.common.config [None req-9affaacc-4d13-4f15-b45f-52c066982a21 None None] pydev_worker_debug_port = 5678 {{(pid=102088) log_opt_values /opt/stack/data/venv/lib/python3.12/site-packages/oslo_config/cfg.py:3242}}
Jun 21 16:12:00.628571 np0000003344 devstack@g-api.service[102088]: DEBUG glance.common.config [None req-9affaacc-4d13-4f15-b45f-52c066982a21 None None] rate_limit_burst = 0 {{(pid=102088) log_opt_values /opt/stack/data/venv/lib/python3.12/site-packages/oslo_config/cfg.py:3242}}
Jun 21 16:12:00.628662 np0000003344 devstack@g-api.service[102088]: DEBUG glance.common.config [None req-9affaacc-4d13-4f15-b45f-52c066982a21 None None] rate_limit_except_level = CRITICAL {{(pid=102088) log_opt_values /opt/stack/data/venv/lib/python3.12/site-packages/oslo_config/cfg.py:3242}}
Jun 21 16:12:00.628745 np0000003344 devstack@g-api.service[102088]: DEBUG glance.common.config [None req-9affaacc-4d13-4f15-b45f-52c066982a21 None None] rate_limit_interval = 0 {{(pid=102088) log_opt_values /opt/stack/data/venv/lib/python3.12/site-packages/oslo_config/cfg.py:3242}}
Jun 21 16:12:00.628827 np0000003344 devstack@g-api.service[102088]: DEBUG glance.common.config [None req-9affaacc-4d13-4f15-b45f-52c066982a21 None None] scrub_pool_size = 1 {{(pid=102088) log_opt_values /opt/stack/data/venv/lib/python3.12/site-packages/oslo_config/cfg.py:3242}}
Jun 21 16:12:00.628921 np0000003344 devstack@g-api.service[102088]: DEBUG glance.common.config [None req-9affaacc-4d13-4f15-b45f-52c066982a21 None None] scrub_time = 0 {{(pid=102088) log_opt_values /opt/stack/data/venv/lib/python3.12/site-packages/oslo_config/cfg.py:3242}}
Jun 21 16:12:00.629025 np0000003344 devstack@g-api.service[102088]: DEBUG glance.common.config [None req-9affaacc-4d13-4f15-b45f-52c066982a21 None None] shell_completion = None {{(pid=102088) log_opt_values /opt/stack/data/venv/lib/python3.12/site-packages/oslo_config/cfg.py:3242}}
Jun 21 16:12:00.629138 np0000003344 devstack@g-api.service[102088]: DEBUG glance.common.config [None req-9affaacc-4d13-4f15-b45f-52c066982a21 None None] show_image_direct_url = False {{(pid=102088) log_opt_values /opt/stack/data/venv/lib/python3.12/site-packages/oslo_config/cfg.py:3242}}
Jun 21 16:12:00.629366 np0000003344 devstack@g-api.service[102088]: WARNING oslo_config.cfg [None req-9affaacc-4d13-4f15-b45f-52c066982a21 None None] Deprecated: Option "show_multiple_locations" from group "DEFAULT" is deprecated for removal (Use of this option, deprecated since Newton, is a security risk and will be removed once we figure out a way to satisfy those use cases that currently require it. An earlier announcement that the same functionality can be achieved with greater granularity by using policies is incorrect. You cannot work around this option via policy configuration at the present time, though that is the direction we believe the fix will take. Please keep an eye on the Glance release notes to stay up to date on progress in addressing this issue.). Its value may be silently ignored in the future.
Jun 21 16:12:00.629490 np0000003344 devstack@g-api.service[102088]: DEBUG glance.common.config [None req-9affaacc-4d13-4f15-b45f-52c066982a21 None None] show_multiple_locations = False {{(pid=102088) log_opt_values /opt/stack/data/venv/lib/python3.12/site-packages/oslo_config/cfg.py:3242}}
Jun 21 16:12:00.629608 np0000003344 devstack@g-api.service[102088]: DEBUG glance.common.config [None req-9affaacc-4d13-4f15-b45f-52c066982a21 None None] syslog_log_facility = LOG_USER {{(pid=102088) log_opt_values /opt/stack/data/venv/lib/python3.12/site-packages/oslo_config/cfg.py:3242}}
Jun 21 16:12:00.629694 np0000003344 devstack@g-api.service[102088]: DEBUG glance.common.config [None req-9affaacc-4d13-4f15-b45f-52c066982a21 None None] tcp_keepidle = 600 {{(pid=102088) log_opt_values /opt/stack/data/venv/lib/python3.12/site-packages/oslo_config/cfg.py:3242}}
Jun 21 16:12:00.629788 np0000003344 devstack@g-api.service[102088]: DEBUG glance.common.config [None req-9affaacc-4d13-4f15-b45f-52c066982a21 None None] transport_url = **** {{(pid=102088) log_opt_values /opt/stack/data/venv/lib/python3.12/site-packages/oslo_config/cfg.py:3242}}
Jun 21 16:12:00.629901 np0000003344 devstack@g-api.service[102088]: DEBUG glance.common.config [None req-9affaacc-4d13-4f15-b45f-52c066982a21 None None] use_journal = False {{(pid=102088) log_opt_values /opt/stack/data/venv/lib/python3.12/site-packages/oslo_config/cfg.py:3242}}
Jun 21 16:12:00.629986 np0000003344 devstack@g-api.service[102088]: DEBUG glance.common.config [None req-9affaacc-4d13-4f15-b45f-52c066982a21 None None] use_json = False {{(pid=102088) log_opt_values /opt/stack/data/venv/lib/python3.12/site-packages/oslo_config/cfg.py:3242}}
Jun 21 16:12:00.630074 np0000003344 devstack@g-api.service[102088]: DEBUG glance.common.config [None req-9affaacc-4d13-4f15-b45f-52c066982a21 None None] use_keystone_limits = True {{(pid=102088) log_opt_values /opt/stack/data/venv/lib/python3.12/site-packages/oslo_config/cfg.py:3242}}
Jun 21 16:12:00.630173 np0000003344 devstack@g-api.service[102088]: DEBUG glance.common.config [None req-9affaacc-4d13-4f15-b45f-52c066982a21 None None] use_stderr = False {{(pid=102088) log_opt_values /opt/stack/data/venv/lib/python3.12/site-packages/oslo_config/cfg.py:3242}}
Jun 21 16:12:00.630285 np0000003344 devstack@g-api.service[102088]: DEBUG glance.common.config [None req-9affaacc-4d13-4f15-b45f-52c066982a21 None None] use_syslog = False {{(pid=102088) log_opt_values /opt/stack/data/venv/lib/python3.12/site-packages/oslo_config/cfg.py:3242}}
Jun 21 16:12:00.630388 np0000003344 devstack@g-api.service[102088]: DEBUG glance.common.config [None req-9affaacc-4d13-4f15-b45f-52c066982a21 None None] user_storage_quota = 0 {{(pid=102088) log_opt_values /opt/stack/data/venv/lib/python3.12/site-packages/oslo_config/cfg.py:3242}}
Jun 21 16:12:00.630496 np0000003344 devstack@g-api.service[102088]: DEBUG glance.common.config [None req-9affaacc-4d13-4f15-b45f-52c066982a21 None None] worker_self_reference_url = http://127.0.0.1:60999 {{(pid=102088) log_opt_values /opt/stack/data/venv/lib/python3.12/site-packages/oslo_config/cfg.py:3242}}
Jun 21 16:12:00.630619 np0000003344 devstack@g-api.service[102088]: DEBUG glance.common.config [None req-9affaacc-4d13-4f15-b45f-52c066982a21 None None] workers = None {{(pid=102088) log_opt_values /opt/stack/data/venv/lib/python3.12/site-packages/oslo_config/cfg.py:3242}}
Jun 21 16:12:00.630724 np0000003344 devstack@g-api.service[102088]: DEBUG glance.common.config [None req-9affaacc-4d13-4f15-b45f-52c066982a21 None None] oslo_concurrency.disable_process_locking = False {{(pid=102088) log_opt_values /opt/stack/data/venv/lib/python3.12/site-packages/oslo_config/cfg.py:3253}}
Jun 21 16:12:00.630825 np0000003344 devstack@g-api.service[102088]: DEBUG glance.common.config [None req-9affaacc-4d13-4f15-b45f-52c066982a21 None None] oslo_concurrency.lock_path = /opt/stack/data/glance/locks {{(pid=102088) log_opt_values /opt/stack/data/venv/lib/python3.12/site-packages/oslo_config/cfg.py:3253}}
Jun 21 16:12:00.630922 np0000003344 devstack@g-api.service[102088]: DEBUG glance.common.config [None req-9affaacc-4d13-4f15-b45f-52c066982a21 None None] oslo_middleware.enable_proxy_headers_parsing = False {{(pid=102088) log_opt_values /opt/stack/data/venv/lib/python3.12/site-packages/oslo_config/cfg.py:3253}}
Jun 21 16:12:00.631014 np0000003344 devstack@g-api.service[102088]: DEBUG glance.common.config [None req-9affaacc-4d13-4f15-b45f-52c066982a21 None None] oslo_middleware.http_basic_auth_user_file = /etc/htpasswd {{(pid=102088) log_opt_values /opt/stack/data/venv/lib/python3.12/site-packages/oslo_config/cfg.py:3253}}
Jun 21 16:12:00.631106 np0000003344 devstack@g-api.service[102088]: DEBUG glance.common.config [None req-9affaacc-4d13-4f15-b45f-52c066982a21 None None] paste_deploy.config_file = None {{(pid=102088) log_opt_values /opt/stack/data/venv/lib/python3.12/site-packages/oslo_config/cfg.py:3253}}
Jun 21 16:12:00.631216 np0000003344 devstack@g-api.service[102088]: DEBUG glance.common.config [None req-9affaacc-4d13-4f15-b45f-52c066982a21 None None] paste_deploy.flavor = keystone+cachemanagement {{(pid=102088) log_opt_values /opt/stack/data/venv/lib/python3.12/site-packages/oslo_config/cfg.py:3253}}
Jun 21 16:12:00.631373 np0000003344 devstack@g-api.service[102088]: DEBUG glance.common.config [None req-9affaacc-4d13-4f15-b45f-52c066982a21 None None] image_format.container_formats = ['ami', 'ari', 'aki', 'bare', 'ovf', 'ova', 'docker', 'compressed'] {{(pid=102088) log_opt_values /opt/stack/data/venv/lib/python3.12/site-packages/oslo_config/cfg.py:3253}}
Jun 21 16:12:00.631514 np0000003344 devstack@g-api.service[102088]: DEBUG glance.common.config [None req-9affaacc-4d13-4f15-b45f-52c066982a21 None None] image_format.disk_formats = ['ami', 'ari', 'aki', 'vhd', 'vhdx', 'vmdk', 'raw', 'qcow2', 'vdi', 'iso', 'ploop'] {{(pid=102088) log_opt_values /opt/stack/data/venv/lib/python3.12/site-packages/oslo_config/cfg.py:3253}}
Jun 21 16:12:00.631666 np0000003344 devstack@g-api.service[102088]: DEBUG glance.common.config [None req-9affaacc-4d13-4f15-b45f-52c066982a21 None None] image_format.gpt_safety_checks_nonfatal = [] {{(pid=102088) log_opt_values /opt/stack/data/venv/lib/python3.12/site-packages/oslo_config/cfg.py:3253}}
Jun 21 16:12:00.631810 np0000003344 devstack@g-api.service[102088]: DEBUG glance.common.config [None req-9affaacc-4d13-4f15-b45f-52c066982a21 None None] image_format.require_image_format_match = True {{(pid=102088) log_opt_values /opt/stack/data/venv/lib/python3.12/site-packages/oslo_config/cfg.py:3253}}
Jun 21 16:12:00.631964 np0000003344 devstack@g-api.service[102088]: DEBUG glance.common.config [None req-9affaacc-4d13-4f15-b45f-52c066982a21 None None] image_format.vmdk_allowed_types = ['streamOptimized', 'monolithicSparse'] {{(pid=102088) log_opt_values /opt/stack/data/venv/lib/python3.12/site-packages/oslo_config/cfg.py:3253}}
Jun 21 16:12:00.632116 np0000003344 devstack@g-api.service[102088]: DEBUG glance.common.config [None req-9affaacc-4d13-4f15-b45f-52c066982a21 None None] task.task_executor = taskflow {{(pid=102088) log_opt_values /opt/stack/data/venv/lib/python3.12/site-packages/oslo_config/cfg.py:3253}}
