Jun 21 16:11:37.697539 np0000003344 devstack@n-api-meta.service[95199]: DEBUG nova.api.openstack.wsgi_app [None req-b52696c2-ce51-44c6-aedb-c85fa8b43e03 None None] barbican_service_user.certfile = None {{(pid=95199) log_opt_values /opt/stack/data/venv/lib/python3.12/site-packages/oslo_config/cfg.py:3253}}
Jun 21 16:11:37.697653 np0000003344 devstack@n-api-meta.service[95199]: DEBUG nova.api.openstack.wsgi_app [None req-b52696c2-ce51-44c6-aedb-c85fa8b43e03 None None] barbican_service_user.collect_timing = False {{(pid=95199) log_opt_values /opt/stack/data/venv/lib/python3.12/site-packages/oslo_config/cfg.py:3253}}
Jun 21 16:11:37.697763 np0000003344 devstack@n-api-meta.service[95199]: DEBUG nova.api.openstack.wsgi_app [None req-b52696c2-ce51-44c6-aedb-c85fa8b43e03 None None] barbican_service_user.insecure = False {{(pid=95199) log_opt_values /opt/stack/data/venv/lib/python3.12/site-packages/oslo_config/cfg.py:3253}}
Jun 21 16:11:37.697871 np0000003344 devstack@n-api-meta.service[95199]: DEBUG nova.api.openstack.wsgi_app [None req-b52696c2-ce51-44c6-aedb-c85fa8b43e03 None None] barbican_service_user.keyfile = None {{(pid=95199) log_opt_values /opt/stack/data/venv/lib/python3.12/site-packages/oslo_config/cfg.py:3253}}
Jun 21 16:11:37.698002 np0000003344 devstack@n-api-meta.service[95199]: DEBUG nova.api.openstack.wsgi_app [None req-b52696c2-ce51-44c6-aedb-c85fa8b43e03 None None] barbican_service_user.split_loggers = False {{(pid=95199) log_opt_values /opt/stack/data/venv/lib/python3.12/site-packages/oslo_config/cfg.py:3253}}
Jun 21 16:11:37.698130 np0000003344 devstack@n-api-meta.service[95199]: DEBUG nova.api.openstack.wsgi_app [None req-b52696c2-ce51-44c6-aedb-c85fa8b43e03 None None] barbican_service_user.timeout = None {{(pid=95199) log_opt_values /opt/stack/data/venv/lib/python3.12/site-packages/oslo_config/cfg.py:3253}}
Jun 21 16:11:37.698271 np0000003344 devstack@n-api-meta.service[95199]: DEBUG nova.api.openstack.wsgi_app [None req-b52696c2-ce51-44c6-aedb-c85fa8b43e03 None None] vault.approle_role_id = **** {{(pid=95199) log_opt_values /opt/stack/data/venv/lib/python3.12/site-packages/oslo_config/cfg.py:3253}}
Jun 21 16:11:37.698396 np0000003344 devstack@n-api-meta.service[95199]: DEBUG nova.api.openstack.wsgi_app [None req-b52696c2-ce51-44c6-aedb-c85fa8b43e03 None None] vault.approle_secret_id = **** {{(pid=95199) log_opt_values /opt/stack/data/venv/lib/python3.12/site-packages/oslo_config/cfg.py:3253}}
Jun 21 16:11:37.698428 np0000003344 devstack@n-api-meta.service[95197]: DEBUG oslo_db.sqlalchemy.engines [None req-068fdfbf-f1ac-4466-8802-3d6844fc893a None None] MySQL server mode set to STRICT_TRANS_TABLES,STRICT_ALL_TABLES,NO_ZERO_IN_DATE,NO_ZERO_DATE,ERROR_FOR_DIVISION_BY_ZERO,TRADITIONAL,NO_ENGINE_SUBSTITUTION {{(pid=95197) _check_effective_sql_mode /opt/stack/data/venv/lib/python3.12/site-packages/oslo_db/sqlalchemy/engines.py:325}}
Jun 21 16:11:37.698521 np0000003344 devstack@n-api-meta.service[95199]: DEBUG nova.api.openstack.wsgi_app [None req-b52696c2-ce51-44c6-aedb-c85fa8b43e03 None None] vault.kv_mountpoint = secret {{(pid=95199) log_opt_values /opt/stack/data/venv/lib/python3.12/site-packages/oslo_config/cfg.py:3253}}
Jun 21 16:11:37.698632 np0000003344 devstack@n-api-meta.service[95199]: DEBUG nova.api.openstack.wsgi_app [None req-b52696c2-ce51-44c6-aedb-c85fa8b43e03 None None] vault.kv_path = None {{(pid=95199) log_opt_values /opt/stack/data/venv/lib/python3.12/site-packages/oslo_config/cfg.py:3253}}
Jun 21 16:11:37.698812 np0000003344 devstack@n-api-meta.service[95199]: DEBUG nova.api.openstack.wsgi_app [None req-b52696c2-ce51-44c6-aedb-c85fa8b43e03 None None] vault.kv_version = 2 {{(pid=95199) log_opt_values /opt/stack/data/venv/lib/python3.12/site-packages/oslo_config/cfg.py:3253}}
Jun 21 16:11:37.699012 np0000003344 devstack@n-api-meta.service[95199]: DEBUG nova.api.openstack.wsgi_app [None req-b52696c2-ce51-44c6-aedb-c85fa8b43e03 None None] vault.namespace = None {{(pid=95199) log_opt_values /opt/stack/data/venv/lib/python3.12/site-packages/oslo_config/cfg.py:3253}}
Jun 21 16:11:37.699180 np0000003344 devstack@n-api-meta.service[95199]: DEBUG nova.api.openstack.wsgi_app [None req-b52696c2-ce51-44c6-aedb-c85fa8b43e03 None None] vault.root_token_id = **** {{(pid=95199) log_opt_values /opt/stack/data/venv/lib/python3.12/site-packages/oslo_config/cfg.py:3253}}
Jun 21 16:11:37.699380 np0000003344 devstack@n-api-meta.service[95199]: DEBUG nova.api.openstack.wsgi_app [None req-b52696c2-ce51-44c6-aedb-c85fa8b43e03 None None] vault.ssl_ca_crt_file = None {{(pid=95199) log_opt_values /opt/stack/data/venv/lib/python3.12/site-packages/oslo_config/cfg.py:3253}}
Jun 21 16:11:37.699546 np0000003344 devstack@n-api-meta.service[95199]: DEBUG nova.api.openstack.wsgi_app [None req-b52696c2-ce51-44c6-aedb-c85fa8b43e03 None None] vault.timeout = 60.0 {{(pid=95199) log_opt_values /opt/stack/data/venv/lib/python3.12/site-packages/oslo_config/cfg.py:3253}}
Jun 21 16:11:37.699666 np0000003344 devstack@n-api-meta.service[95199]: DEBUG nova.api.openstack.wsgi_app [None req-b52696c2-ce51-44c6-aedb-c85fa8b43e03 None None] vault.use_ssl = False {{(pid=95199) log_opt_values /opt/stack/data/venv/lib/python3.12/site-packages/oslo_config/cfg.py:3253}}
Jun 21 16:11:37.699906 np0000003344 devstack@n-api-meta.service[95199]: DEBUG nova.api.openstack.wsgi_app [None req-b52696c2-ce51-44c6-aedb-c85fa8b43e03 None None] vault.vault_url = http://127.0.0.1:8200 {{(pid=95199) log_opt_values /opt/stack/data/venv/lib/python3.12/site-packages/oslo_config/cfg.py:3253}}
Jun 21 16:11:37.700034 np0000003344 devstack@n-api-meta.service[95199]: DEBUG nova.api.openstack.wsgi_app [None req-b52696c2-ce51-44c6-aedb-c85fa8b43e03 None None] keystone.cafile = None {{(pid=95199) log_opt_values /opt/stack/data/venv/lib/python3.12/site-packages/oslo_config/cfg.py:3253}}
Jun 21 16:11:37.700151 np0000003344 devstack@n-api-meta.service[95199]: DEBUG nova.api.openstack.wsgi_app [None req-b52696c2-ce51-44c6-aedb-c85fa8b43e03 None None] keystone.certfile = None {{(pid=95199) log_opt_values /opt/stack/data/venv/lib/python3.12/site-packages/oslo_config/cfg.py:3253}}
Jun 21 16:11:37.700298 np0000003344 devstack@n-api-meta.service[95199]: DEBUG nova.api.openstack.wsgi_app [None req-b52696c2-ce51-44c6-aedb-c85fa8b43e03 None None] keystone.collect_timing = False {{(pid=95199) log_opt_values /opt/stack/data/venv/lib/python3.12/site-packages/oslo_config/cfg.py:3253}}
Jun 21 16:11:37.700421 np0000003344 devstack@n-api-meta.service[95199]: DEBUG nova.api.openstack.wsgi_app [None req-b52696c2-ce51-44c6-aedb-c85fa8b43e03 None None] keystone.connect_retries = None {{(pid=95199) log_opt_values /opt/stack/data/venv/lib/python3.12/site-packages/oslo_config/cfg.py:3253}}
Jun 21 16:11:37.700533 np0000003344 devstack@n-api-meta.service[95199]: DEBUG nova.api.openstack.wsgi_app [None req-b52696c2-ce51-44c6-aedb-c85fa8b43e03 None None] keystone.connect_retry_delay = None {{(pid=95199) log_opt_values /opt/stack/data/venv/lib/python3.12/site-packages/oslo_config/cfg.py:3253}}
Jun 21 16:11:37.700642 np0000003344 devstack@n-api-meta.service[95199]: DEBUG nova.api.openstack.wsgi_app [None req-b52696c2-ce51-44c6-aedb-c85fa8b43e03 None None] keystone.endpoint_override = None {{(pid=95199) log_opt_values /opt/stack/data/venv/lib/python3.12/site-packages/oslo_config/cfg.py:3253}}
Jun 21 16:11:37.700789 np0000003344 devstack@n-api-meta.service[95199]: DEBUG nova.api.openstack.wsgi_app [None req-b52696c2-ce51-44c6-aedb-c85fa8b43e03 None None] keystone.insecure = False {{(pid=95199) log_opt_values /opt/stack/data/venv/lib/python3.12/site-packages/oslo_config/cfg.py:3253}}
Jun 21 16:11:37.700870 np0000003344 devstack@n-api-meta.service[95199]: DEBUG nova.api.openstack.wsgi_app [None req-b52696c2-ce51-44c6-aedb-c85fa8b43e03 None None] keystone.keyfile = None {{(pid=95199) log_opt_values /opt/stack/data/venv/lib/python3.12/site-packages/oslo_config/cfg.py:3253}}
Jun 21 16:11:37.700993 np0000003344 devstack@n-api-meta.service[95199]: DEBUG nova.api.openstack.wsgi_app [None req-b52696c2-ce51-44c6-aedb-c85fa8b43e03 None None] keystone.max_version = None {{(pid=95199) log_opt_values /opt/stack/data/venv/lib/python3.12/site-packages/oslo_config/cfg.py:3253}}
Jun 21 16:11:37.701104 np0000003344 devstack@n-api-meta.service[95199]: DEBUG nova.api.openstack.wsgi_app [None req-b52696c2-ce51-44c6-aedb-c85fa8b43e03 None None] keystone.min_version = None {{(pid=95199) log_opt_values /opt/stack/data/venv/lib/python3.12/site-packages/oslo_config/cfg.py:3253}}
Jun 21 16:11:37.701213 np0000003344 devstack@n-api-meta.service[95199]: DEBUG nova.api.openstack.wsgi_app [None req-b52696c2-ce51-44c6-aedb-c85fa8b43e03 None None] keystone.region_name = None {{(pid=95199) log_opt_values /opt/stack/data/venv/lib/python3.12/site-packages/oslo_config/cfg.py:3253}}
Jun 21 16:11:37.701366 np0000003344 devstack@n-api-meta.service[95199]: DEBUG nova.api.openstack.wsgi_app [None req-b52696c2-ce51-44c6-aedb-c85fa8b43e03 None None] keystone.retriable_status_codes = None {{(pid=95199) log_opt_values /opt/stack/data/venv/lib/python3.12/site-packages/oslo_config/cfg.py:3253}}
Jun 21 16:11:37.701481 np0000003344 devstack@n-api-meta.service[95199]: DEBUG nova.api.openstack.wsgi_app [None req-b52696c2-ce51-44c6-aedb-c85fa8b43e03 None None] keystone.service_name = None {{(pid=95199) log_opt_values /opt/stack/data/venv/lib/python3.12/site-packages/oslo_config/cfg.py:3253}}
Jun 21 16:11:37.701569 np0000003344 devstack@n-api-meta.service[95198]: DEBUG nova.api.openstack.wsgi_app [None req-f3a28011-c884-4520-93bb-2dc764ac26d8 None None] ******************************************************************************** {{(pid=95198) log_opt_values /opt/stack/data/venv/lib/python3.12/site-packages/oslo_config/cfg.py:3226}}
Jun 21 16:11:37.701616 np0000003344 devstack@n-api-meta.service[95199]: DEBUG nova.api.openstack.wsgi_app [None req-b52696c2-ce51-44c6-aedb-c85fa8b43e03 None None] keystone.service_type = identity {{(pid=95199) log_opt_values /opt/stack/data/venv/lib/python3.12/site-packages/oslo_config/cfg.py:3253}}
Jun 21 16:11:37.701712 np0000003344 devstack@n-api-meta.service[95199]: DEBUG nova.api.openstack.wsgi_app [None req-b52696c2-ce51-44c6-aedb-c85fa8b43e03 None None] keystone.split_loggers = False {{(pid=95199) log_opt_values /opt/stack/data/venv/lib/python3.12/site-packages/oslo_config/cfg.py:3253}}
Jun 21 16:11:37.701824 np0000003344 devstack@n-api-meta.service[95199]: DEBUG nova.api.openstack.wsgi_app [None req-b52696c2-ce51-44c6-aedb-c85fa8b43e03 None None] keystone.status_code_retries = None {{(pid=95199) log_opt_values /opt/stack/data/venv/lib/python3.12/site-packages/oslo_config/cfg.py:3253}}
Jun 21 16:11:37.701855 np0000003344 devstack@n-api-meta.service[95198]: DEBUG nova.api.openstack.wsgi_app [None req-f3a28011-c884-4520-93bb-2dc764ac26d8 None None] Configuration options gathered from: {{(pid=95198) log_opt_values /opt/stack/data/venv/lib/python3.12/site-packages/oslo_config/cfg.py:3227}}
Jun 21 16:11:37.701946 np0000003344 devstack@n-api-meta.service[95199]: DEBUG nova.api.openstack.wsgi_app [None req-b52696c2-ce51-44c6-aedb-c85fa8b43e03 None None] keystone.status_code_retry_delay = None {{(pid=95199) log_opt_values /opt/stack/data/venv/lib/python3.12/site-packages/oslo_config/cfg.py:3253}}
Jun 21 16:11:37.702057 np0000003344 devstack@n-api-meta.service[95199]: DEBUG nova.api.openstack.wsgi_app [None req-b52696c2-ce51-44c6-aedb-c85fa8b43e03 None None] keystone.timeout = None {{(pid=95199) log_opt_values /opt/stack/data/venv/lib/python3.12/site-packages/oslo_config/cfg.py:3253}}
Jun 21 16:11:37.702127 np0000003344 devstack@n-api-meta.service[95198]: DEBUG nova.api.openstack.wsgi_app [None req-f3a28011-c884-4520-93bb-2dc764ac26d8 None None] command line args: [] {{(pid=95198) log_opt_values /opt/stack/data/venv/lib/python3.12/site-packages/oslo_config/cfg.py:3228}}
Jun 21 16:11:37.702190 np0000003344 devstack@n-api-meta.service[95199]: DEBUG nova.api.openstack.wsgi_app [None req-b52696c2-ce51-44c6-aedb-c85fa8b43e03 None None] keystone.valid_interfaces = ['internal', 'public'] {{(pid=95199) log_opt_values /opt/stack/data/venv/lib/python3.12/site-packages/oslo_config/cfg.py:3253}}
Jun 21 16:11:37.702340 np0000003344 devstack@n-api-meta.service[95199]: DEBUG nova.api.openstack.wsgi_app [None req-b52696c2-ce51-44c6-aedb-c85fa8b43e03 None None] keystone.version = None {{(pid=95199) log_opt_values /opt/stack/data/venv/lib/python3.12/site-packages/oslo_config/cfg.py:3253}}
Jun 21 16:11:37.702453 np0000003344 devstack@n-api-meta.service[95198]: DEBUG nova.api.openstack.wsgi_app [None req-f3a28011-c884-4520-93bb-2dc764ac26d8 None None] config files: ['/etc/nova/api-paste.ini', '/etc/nova/nova.conf'] {{(pid=95198) log_opt_values /opt/stack/data/venv/lib/python3.12/site-packages/oslo_config/cfg.py:3229}}
Jun 21 16:11:37.702485 np0000003344 devstack@n-api-meta.service[95199]: DEBUG nova.api.openstack.wsgi_app [None req-b52696c2-ce51-44c6-aedb-c85fa8b43e03 None None] libvirt.ceph_mount_options = None {{(pid=95199) log_opt_values /opt/stack/data/venv/lib/python3.12/site-packages/oslo_config/cfg.py:3253}}
Jun 21 16:11:37.702656 np0000003344 devstack@n-api-meta.service[95199]: DEBUG nova.api.openstack.wsgi_app [None req-b52696c2-ce51-44c6-aedb-c85fa8b43e03 None None] libvirt.ceph_mount_point_base = /opt/stack/data/nova/mnt {{(pid=95199) log_opt_values /opt/stack/data/venv/lib/python3.12/site-packages/oslo_config/cfg.py:3253}}
Jun 21 16:11:37.702693 np0000003344 devstack@n-api-meta.service[95198]: DEBUG nova.api.openstack.wsgi_app [None req-f3a28011-c884-4520-93bb-2dc764ac26d8 None None] ================================================================================ {{(pid=95198) log_opt_values /opt/stack/data/venv/lib/python3.12/site-packages/oslo_config/cfg.py:3234}}
Jun 21 16:11:37.702779 np0000003344 devstack@n-api-meta.service[95199]: DEBUG nova.api.openstack.wsgi_app [None req-b52696c2-ce51-44c6-aedb-c85fa8b43e03 None None] libvirt.connection_uri = {{(pid=95199) log_opt_values /opt/stack/data/venv/lib/python3.12/site-packages/oslo_config/cfg.py:3253}}
Jun 21 16:11:37.702913 np0000003344 devstack@n-api-meta.service[95199]: DEBUG nova.api.openstack.wsgi_app [None req-b52696c2-ce51-44c6-aedb-c85fa8b43e03 None None] libvirt.cpu_mode = custom {{(pid=95199) log_opt_values /opt/stack/data/venv/lib/python3.12/site-packages/oslo_config/cfg.py:3253}}
Jun 21 16:11:37.703019 np0000003344 devstack@n-api-meta.service[95198]: DEBUG nova.api.openstack.wsgi_app [None req-f3a28011-c884-4520-93bb-2dc764ac26d8 None None] allow_resize_to_same_host = True {{(pid=95198) log_opt_values /opt/stack/data/venv/lib/python3.12/site-packages/oslo_config/cfg.py:3242}}
Jun 21 16:11:37.703056 np0000003344 devstack@n-api-meta.service[95199]: DEBUG nova.api.openstack.wsgi_app [None req-b52696c2-ce51-44c6-aedb-c85fa8b43e03 None None] libvirt.cpu_model_extra_flags = [] {{(pid=95199) log_opt_values /opt/stack/data/venv/lib/python3.12/site-packages/oslo_config/cfg.py:3253}}
Jun 21 16:11:37.703154 np0000003344 devstack@n-api-meta.service[95199]: DEBUG nova.api.openstack.wsgi_app [None req-b52696c2-ce51-44c6-aedb-c85fa8b43e03 None None] libvirt.cpu_models = ['Nehalem'] {{(pid=95199) log_opt_values /opt/stack/data/venv/lib/python3.12/site-packages/oslo_config/cfg.py:3253}}
Jun 21 16:11:37.703304 np0000003344 devstack@n-api-meta.service[95199]: DEBUG nova.api.openstack.wsgi_app [None req-b52696c2-ce51-44c6-aedb-c85fa8b43e03 None None] libvirt.cpu_power_governor_high = performance {{(pid=95199) log_opt_values /opt/stack/data/venv/lib/python3.12/site-packages/oslo_config/cfg.py:3253}}
Jun 21 16:11:37.703336 np0000003344 devstack@n-api-meta.service[95198]: DEBUG nova.api.openstack.wsgi_app [None req-f3a28011-c884-4520-93bb-2dc764ac26d8 None None] arq_binding_timeout = 300 {{(pid=95198) log_opt_values /opt/stack/data/venv/lib/python3.12/site-packages/oslo_config/cfg.py:3242}}
Jun 21 16:11:37.703429 np0000003344 devstack@n-api-meta.service[95199]: DEBUG nova.api.openstack.wsgi_app [None req-b52696c2-ce51-44c6-aedb-c85fa8b43e03 None None] libvirt.cpu_power_governor_low = powersave {{(pid=95199) log_opt_values /opt/stack/data/venv/lib/python3.12/site-packages/oslo_config/cfg.py:3253}}
Jun 21 16:11:37.703572 np0000003344 devstack@n-api-meta.service[95199]: DEBUG nova.api.openstack.wsgi_app [None req-b52696c2-ce51-44c6-aedb-c85fa8b43e03 None None] libvirt.cpu_power_management = False {{(pid=95199) log_opt_values /opt/stack/data/venv/lib/python3.12/site-packages/oslo_config/cfg.py:3253}}
Jun 21 16:11:37.703603 np0000003344 devstack@n-api-meta.service[95198]: DEBUG nova.api.openstack.wsgi_app [None req-f3a28011-c884-4520-93bb-2dc764ac26d8 None None] block_device_allocate_retries = 60 {{(pid=95198) log_opt_values /opt/stack/data/venv/lib/python3.12/site-packages/oslo_config/cfg.py:3242}}
Jun 21 16:11:37.703770 np0000003344 devstack@n-api-meta.service[95199]: DEBUG nova.api.openstack.wsgi_app [None req-b52696c2-ce51-44c6-aedb-c85fa8b43e03 None None] libvirt.cpu_power_management_strategy = cpu_state {{(pid=95199) log_opt_values /opt/stack/data/venv/lib/python3.12/site-packages/oslo_config/cfg.py:3253}}
Jun 21 16:11:37.703820 np0000003344 devstack@n-api-meta.service[95197]: DEBUG dbcounter [-] [95197] Writer thread running {{(pid=95197) stat_writer /opt/stack/data/venv/lib/python3.12/site-packages/dbcounter.py:102}}
Jun 21 16:11:37.703850 np0000003344 devstack@n-api-meta.service[95198]: DEBUG nova.api.openstack.wsgi_app [None req-f3a28011-c884-4520-93bb-2dc764ac26d8 None None] block_device_allocate_retries_interval = 3 {{(pid=95198) log_opt_values /opt/stack/data/venv/lib/python3.12/site-packages/oslo_config/cfg.py:3242}}
Jun 21 16:11:37.703972 np0000003344 devstack@n-api-meta.service[95199]: DEBUG nova.api.openstack.wsgi_app [None req-b52696c2-ce51-44c6-aedb-c85fa8b43e03 None None] libvirt.device_detach_attempts = 8 {{(pid=95199) log_opt_values /opt/stack/data/venv/lib/python3.12/site-packages/oslo_config/cfg.py:3253}}
Jun 21 16:11:37.704107 np0000003344 devstack@n-api-meta.service[95198]: DEBUG nova.api.openstack.wsgi_app [None req-f3a28011-c884-4520-93bb-2dc764ac26d8 None None] cell_worker_thread_pool_size = 5 {{(pid=95198) log_opt_values /opt/stack/data/venv/lib/python3.12/site-packages/oslo_config/cfg.py:3242}}
Jun 21 16:11:37.704145 np0000003344 devstack@n-api-meta.service[95199]: DEBUG nova.api.openstack.wsgi_app [None req-b52696c2-ce51-44c6-aedb-c85fa8b43e03 None None] libvirt.device_detach_timeout = 20 {{(pid=95199) log_opt_values /opt/stack/data/venv/lib/python3.12/site-packages/oslo_config/cfg.py:3253}}
Jun 21 16:11:37.704263 np0000003344 devstack@n-api-meta.service[95199]: DEBUG nova.api.openstack.wsgi_app [None req-b52696c2-ce51-44c6-aedb-c85fa8b43e03 None None] libvirt.disk_cachemodes = [] {{(pid=95199) log_opt_values /opt/stack/data/venv/lib/python3.12/site-packages/oslo_config/cfg.py:3253}}
Jun 21 16:11:37.704398 np0000003344 devstack@n-api-meta.service[95199]: DEBUG nova.api.openstack.wsgi_app [None req-b52696c2-ce51-44c6-aedb-c85fa8b43e03 None None] libvirt.disk_prefix = None {{(pid=95199) log_opt_values /opt/stack/data/venv/lib/python3.12/site-packages/oslo_config/cfg.py:3253}}
Jun 21 16:11:37.704430 np0000003344 devstack@n-api-meta.service[95198]: DEBUG nova.api.openstack.wsgi_app [None req-f3a28011-c884-4520-93bb-2dc764ac26d8 None None] cert = self.pem {{(pid=95198) log_opt_values /opt/stack/data/venv/lib/python3.12/site-packages/oslo_config/cfg.py:3242}}
Jun 21 16:11:37.704540 np0000003344 devstack@n-api-meta.service[95199]: DEBUG nova.api.openstack.wsgi_app [None req-b52696c2-ce51-44c6-aedb-c85fa8b43e03 None None] libvirt.enabled_perf_events = [] {{(pid=95199) log_opt_values /opt/stack/data/venv/lib/python3.12/site-packages/oslo_config/cfg.py:3253}}
Jun 21 16:11:37.704595 np0000003344 devstack@n-api-meta.service[95198]: DEBUG nova.api.openstack.wsgi_app [None req-f3a28011-c884-4520-93bb-2dc764ac26d8 None None] compute_driver = libvirt.LibvirtDriver {{(pid=95198) log_opt_values /opt/stack/data/venv/lib/python3.12/site-packages/oslo_config/cfg.py:3242}}
Jun 21 16:11:37.704631 np0000003344 devstack@n-api-meta.service[95199]: DEBUG nova.api.openstack.wsgi_app [None req-b52696c2-ce51-44c6-aedb-c85fa8b43e03 None None] libvirt.file_backed_memory = 0 {{(pid=95199) log_opt_values /opt/stack/data/venv/lib/python3.12/site-packages/oslo_config/cfg.py:3253}}
Jun 21 16:11:37.704735 np0000003344 devstack@n-api-meta.service[95199]: DEBUG nova.api.openstack.wsgi_app [None req-b52696c2-ce51-44c6-aedb-c85fa8b43e03 None None] libvirt.gid_maps = [] {{(pid=95199) log_opt_values /opt/stack/data/venv/lib/python3.12/site-packages/oslo_config/cfg.py:3253}}
Jun 21 16:11:37.704761 np0000003344 devstack@n-api-meta.service[95198]: DEBUG nova.api.openstack.wsgi_app [None req-f3a28011-c884-4520-93bb-2dc764ac26d8 None None] compute_monitors = [] {{(pid=95198) log_opt_values /opt/stack/data/venv/lib/python3.12/site-packages/oslo_config/cfg.py:3242}}
Jun 21 16:11:37.704847 np0000003344 devstack@n-api-meta.service[95199]: DEBUG nova.api.openstack.wsgi_app [None req-b52696c2-ce51-44c6-aedb-c85fa8b43e03 None None] libvirt.hw_disk_discard = None {{(pid=95199) log_opt_values /opt/stack/data/venv/lib/python3.12/site-packages/oslo_config/cfg.py:3253}}
Jun 21 16:11:37.704957 np0000003344 devstack@n-api-meta.service[95198]: DEBUG nova.api.openstack.wsgi_app [None req-f3a28011-c884-4520-93bb-2dc764ac26d8 None None] config_dir = [] {{(pid=95198) log_opt_values /opt/stack/data/venv/lib/python3.12/site-packages/oslo_config/cfg.py:3242}}
Jun 21 16:11:37.704983 np0000003344 devstack@n-api-meta.service[95199]: DEBUG nova.api.openstack.wsgi_app [None req-b52696c2-ce51-44c6-aedb-c85fa8b43e03 None None] libvirt.hw_machine_type = None {{(pid=95199) log_opt_values /opt/stack/data/venv/lib/python3.12/site-packages/oslo_config/cfg.py:3253}}
Jun 21 16:11:37.705087 np0000003344 devstack@n-api-meta.service[95199]: DEBUG nova.api.openstack.wsgi_app [None req-b52696c2-ce51-44c6-aedb-c85fa8b43e03 None None] libvirt.images_rbd_ceph_conf = {{(pid=95199) log_opt_values /opt/stack/data/venv/lib/python3.12/site-packages/oslo_config/cfg.py:3253}}
Jun 21 16:11:37.705138 np0000003344 devstack@n-api-meta.service[95198]: DEBUG nova.api.openstack.wsgi_app [None req-f3a28011-c884-4520-93bb-2dc764ac26d8 None None] config_drive_format = iso9660 {{(pid=95198) log_opt_values /opt/stack/data/venv/lib/python3.12/site-packages/oslo_config/cfg.py:3242}}
Jun 21 16:11:37.705220 np0000003344 devstack@n-api-meta.service[95199]: DEBUG nova.api.openstack.wsgi_app [None req-b52696c2-ce51-44c6-aedb-c85fa8b43e03 None None] libvirt.images_rbd_glance_copy_poll_interval = 15 {{(pid=95199) log_opt_values /opt/stack/data/venv/lib/python3.12/site-packages/oslo_config/cfg.py:3253}}
Jun 21 16:11:37.705305 np0000003344 devstack@n-api-meta.service[95198]: DEBUG nova.api.openstack.wsgi_app [None req-f3a28011-c884-4520-93bb-2dc764ac26d8 None None] config_file = ['/etc/nova/api-paste.ini', '/etc/nova/nova.conf'] {{(pid=95198) log_opt_values /opt/stack/data/venv/lib/python3.12/site-packages/oslo_config/cfg.py:3242}}
Jun 21 16:11:37.705334 np0000003344 devstack@n-api-meta.service[95199]: DEBUG nova.api.openstack.wsgi_app [None req-b52696c2-ce51-44c6-aedb-c85fa8b43e03 None None] libvirt.images_rbd_glance_copy_timeout = 600 {{(pid=95199) log_opt_values /opt/stack/data/venv/lib/python3.12/site-packages/oslo_config/cfg.py:3253}}
Jun 21 16:11:37.705462 np0000003344 devstack@n-api-meta.service[95199]: DEBUG nova.api.openstack.wsgi_app [None req-b52696c2-ce51-44c6-aedb-c85fa8b43e03 None None] libvirt.images_rbd_glance_store_name = {{(pid=95199) log_opt_values /opt/stack/data/venv/lib/python3.12/site-packages/oslo_config/cfg.py:3253}}
Jun 21 16:11:37.705488 np0000003344 devstack@n-api-meta.service[95198]: DEBUG nova.api.openstack.wsgi_app [None req-f3a28011-c884-4520-93bb-2dc764ac26d8 None None] config_source = [] {{(pid=95198) log_opt_values /opt/stack/data/venv/lib/python3.12/site-packages/oslo_config/cfg.py:3242}}
Jun 21 16:11:37.705586 np0000003344 devstack@n-api-meta.service[95199]: DEBUG nova.api.openstack.wsgi_app [None req-b52696c2-ce51-44c6-aedb-c85fa8b43e03 None None] libvirt.images_rbd_pool = rbd {{(pid=95199) log_opt_values /opt/stack/data/venv/lib/python3.12/site-packages/oslo_config/cfg.py:3253}}
Jun 21 16:11:37.705638 np0000003344 devstack@n-api-meta.service[95198]: DEBUG nova.api.openstack.wsgi_app [None req-f3a28011-c884-4520-93bb-2dc764ac26d8 None None] console_host = np0000003344 {{(pid=95198) log_opt_values /opt/stack/data/venv/lib/python3.12/site-packages/oslo_config/cfg.py:3242}}
Jun 21 16:11:37.705711 np0000003344 devstack@n-api-meta.service[95199]: DEBUG nova.api.openstack.wsgi_app [None req-b52696c2-ce51-44c6-aedb-c85fa8b43e03 None None] libvirt.images_type = default {{(pid=95199) log_opt_values /opt/stack/data/venv/lib/python3.12/site-packages/oslo_config/cfg.py:3253}}
Jun 21 16:11:37.705807 np0000003344 devstack@n-api-meta.service[95198]: DEBUG nova.api.openstack.wsgi_app [None req-f3a28011-c884-4520-93bb-2dc764ac26d8 None None] control_exchange = nova {{(pid=95198) log_opt_values /opt/stack/data/venv/lib/python3.12/site-packages/oslo_config/cfg.py:3242}}
Jun 21 16:11:37.705834 np0000003344 devstack@n-api-meta.service[95199]: DEBUG nova.api.openstack.wsgi_app [None req-b52696c2-ce51-44c6-aedb-c85fa8b43e03 None None] libvirt.images_volume_group = None {{(pid=95199) log_opt_values /opt/stack/data/venv/lib/python3.12/site-packages/oslo_config/cfg.py:3253}}
Jun 21 16:11:37.705946 np0000003344 devstack@n-api-meta.service[95199]: DEBUG nova.api.openstack.wsgi_app [None req-b52696c2-ce51-44c6-aedb-c85fa8b43e03 None None] libvirt.inject_key = False {{(pid=95199) log_opt_values /opt/stack/data/venv/lib/python3.12/site-packages/oslo_config/cfg.py:3253}}
Jun 21 16:11:37.706058 np0000003344 devstack@n-api-meta.service[95199]: DEBUG nova.api.openstack.wsgi_app [None req-b52696c2-ce51-44c6-aedb-c85fa8b43e03 None None] libvirt.inject_partition = -2 {{(pid=95199) log_opt_values /opt/stack/data/venv/lib/python3.12/site-packages/oslo_config/cfg.py:3253}}
Jun 21 16:11:37.706188 np0000003344 devstack@n-api-meta.service[95199]: DEBUG nova.api.openstack.wsgi_app [None req-b52696c2-ce51-44c6-aedb-c85fa8b43e03 None None] libvirt.inject_password = False {{(pid=95199) log_opt_values /opt/stack/data/venv/lib/python3.12/site-packages/oslo_config/cfg.py:3253}}
Jun 21 16:11:37.706285 np0000003344 devstack@n-api-meta.service[95198]: DEBUG nova.api.openstack.wsgi_app [None req-f3a28011-c884-4520-93bb-2dc764ac26d8 None None] cpu_allocation_ratio = None {{(pid=95198) log_opt_values /opt/stack/data/venv/lib/python3.12/site-packages/oslo_config/cfg.py:3242}}
Jun 21 16:11:37.706350 np0000003344 devstack@n-api-meta.service[95199]: DEBUG nova.api.openstack.wsgi_app [None req-b52696c2-ce51-44c6-aedb-c85fa8b43e03 None None] libvirt.iscsi_iface = None {{(pid=95199) log_opt_values /opt/stack/data/venv/lib/python3.12/site-packages/oslo_config/cfg.py:3253}}
Jun 21 16:11:37.706465 np0000003344 devstack@n-api-meta.service[95199]: DEBUG nova.api.openstack.wsgi_app [None req-b52696c2-ce51-44c6-aedb-c85fa8b43e03 None None] libvirt.iser_use_multipath = False {{(pid=95199) log_opt_values /opt/stack/data/venv/lib/python3.12/site-packages/oslo_config/cfg.py:3253}}
Jun 21 16:11:37.706567 np0000003344 devstack@n-api-meta.service[95198]: DEBUG nova.api.openstack.wsgi_app [None req-f3a28011-c884-4520-93bb-2dc764ac26d8 None None] daemon = False {{(pid=95198) log_opt_values /opt/stack/data/venv/lib/python3.12/site-packages/oslo_config/cfg.py:3242}}
Jun 21 16:11:37.706598 np0000003344 devstack@n-api-meta.service[95199]: DEBUG nova.api.openstack.wsgi_app [None req-b52696c2-ce51-44c6-aedb-c85fa8b43e03 None None] libvirt.live_migration_bandwidth = 0 {{(pid=95199) log_opt_values /opt/stack/data/venv/lib/python3.12/site-packages/oslo_config/cfg.py:3253}}
Jun 21 16:11:37.706687 np0000003344 devstack@n-api-meta.service[95199]: DEBUG nova.api.openstack.wsgi_app [None req-b52696c2-ce51-44c6-aedb-c85fa8b43e03 None None] libvirt.live_migration_completion_timeout = 800 {{(pid=95199) log_opt_values /opt/stack/data/venv/lib/python3.12/site-packages/oslo_config/cfg.py:3253}}
Jun 21 16:11:37.706731 np0000003344 devstack@n-api-meta.service[95197]: INFO dbcounter [None req-068fdfbf-f1ac-4466-8802-3d6844fc893a None None] Registered counter for database nova_cell0
Jun 21 16:11:37.706800 np0000003344 devstack@n-api-meta.service[95199]: DEBUG nova.api.openstack.wsgi_app [None req-b52696c2-ce51-44c6-aedb-c85fa8b43e03 None None] libvirt.live_migration_downtime = 500 {{(pid=95199) log_opt_values /opt/stack/data/venv/lib/python3.12/site-packages/oslo_config/cfg.py:3253}}
Jun 21 16:11:37.706901 np0000003344 devstack@n-api-meta.service[95198]: DEBUG nova.api.openstack.wsgi_app [None req-f3a28011-c884-4520-93bb-2dc764ac26d8 None None] debug = True {{(pid=95198) log_opt_values /opt/stack/data/venv/lib/python3.12/site-packages/oslo_config/cfg.py:3242}}
Jun 21 16:11:37.706932 np0000003344 devstack@n-api-meta.service[95199]: DEBUG nova.api.openstack.wsgi_app [None req-b52696c2-ce51-44c6-aedb-c85fa8b43e03 None None] libvirt.live_migration_downtime_delay = 75 {{(pid=95199) log_opt_values /opt/stack/data/venv/lib/python3.12/site-packages/oslo_config/cfg.py:3253}}
Jun 21 16:11:37.707032 np0000003344 devstack@n-api-meta.service[95199]: DEBUG nova.api.openstack.wsgi_app [None req-b52696c2-ce51-44c6-aedb-c85fa8b43e03 None None] libvirt.live_migration_downtime_steps = 10 {{(pid=95199) log_opt_values /opt/stack/data/venv/lib/python3.12/site-packages/oslo_config/cfg.py:3253}}
Jun 21 16:11:37.707157 np0000003344 devstack@n-api-meta.service[95199]: DEBUG nova.api.openstack.wsgi_app [None req-b52696c2-ce51-44c6-aedb-c85fa8b43e03 None None] libvirt.live_migration_inbound_addr = None {{(pid=95199) log_opt_values /opt/stack/data/venv/lib/python3.12/site-packages/oslo_config/cfg.py:3253}}
Jun 21 16:11:37.707194 np0000003344 devstack@n-api-meta.service[95198]: DEBUG nova.api.openstack.wsgi_app [None req-f3a28011-c884-4520-93bb-2dc764ac26d8 None None] default_access_ip_network_name = None {{(pid=95198) log_opt_values /opt/stack/data/venv/lib/python3.12/site-packages/oslo_config/cfg.py:3242}}
Jun 21 16:11:37.707303 np0000003344 devstack@n-api-meta.service[95199]: DEBUG nova.api.openstack.wsgi_app [None req-b52696c2-ce51-44c6-aedb-c85fa8b43e03 None None] libvirt.live_migration_monitor_interval = 5 {{(pid=95199) log_opt_values /opt/stack/data/venv/lib/python3.12/site-packages/oslo_config/cfg.py:3253}}
Jun 21 16:11:37.707420 np0000003344 devstack@n-api-meta.service[95199]: DEBUG nova.api.openstack.wsgi_app [None req-b52696c2-ce51-44c6-aedb-c85fa8b43e03 None None] libvirt.live_migration_parallel_connections = 1 {{(pid=95199) log_opt_values /opt/stack/data/venv/lib/python3.12/site-packages/oslo_config/cfg.py:3253}}
Jun 21 16:11:37.707497 np0000003344 devstack@n-api-meta.service[95198]: DEBUG nova.api.openstack.wsgi_app [None req-f3a28011-c884-4520-93bb-2dc764ac26d8 None None] default_availability_zone = nova {{(pid=95198) log_opt_values /opt/stack/data/venv/lib/python3.12/site-packages/oslo_config/cfg.py:3242}}
Jun 21 16:11:37.707528 np0000003344 devstack@n-api-meta.service[95199]: DEBUG nova.api.openstack.wsgi_app [None req-b52696c2-ce51-44c6-aedb-c85fa8b43e03 None None] libvirt.live_migration_permit_auto_converge = False {{(pid=95199) log_opt_values /opt/stack/data/venv/lib/python3.12/site-packages/oslo_config/cfg.py:3253}}
Jun 21 16:11:37.707642 np0000003344 devstack@n-api-meta.service[95199]: DEBUG nova.api.openstack.wsgi_app [None req-b52696c2-ce51-44c6-aedb-c85fa8b43e03 None None] libvirt.live_migration_permit_post_copy = False {{(pid=95199) log_opt_values /opt/stack/data/venv/lib/python3.12/site-packages/oslo_config/cfg.py:3253}}
Jun 21 16:11:37.707752 np0000003344 devstack@n-api-meta.service[95199]: DEBUG nova.api.openstack.wsgi_app [None req-b52696c2-ce51-44c6-aedb-c85fa8b43e03 None None] libvirt.live_migration_scheme = None {{(pid=95199) log_opt_values /opt/stack/data/venv/lib/python3.12/site-packages/oslo_config/cfg.py:3253}}
Jun 21 16:11:37.707786 np0000003344 devstack@n-api-meta.service[95198]: DEBUG nova.api.openstack.wsgi_app [None req-f3a28011-c884-4520-93bb-2dc764ac26d8 None None] default_ephemeral_format = ext4 {{(pid=95198) log_opt_values /opt/stack/data/venv/lib/python3.12/site-packages/oslo_config/cfg.py:3242}}
Jun 21 16:11:37.707871 np0000003344 devstack@n-api-meta.service[95199]: DEBUG nova.api.openstack.wsgi_app [None req-b52696c2-ce51-44c6-aedb-c85fa8b43e03 None None] libvirt.live_migration_timeout_action = abort {{(pid=95199) log_opt_values /opt/stack/data/venv/lib/python3.12/site-packages/oslo_config/cfg.py:3253}}
Jun 21 16:11:37.707993 np0000003344 devstack@n-api-meta.service[95199]: DEBUG nova.api.openstack.wsgi_app [None req-b52696c2-ce51-44c6-aedb-c85fa8b43e03 None None] libvirt.live_migration_tunnelled = False {{(pid=95199) log_opt_values /opt/stack/data/venv/lib/python3.12/site-packages/oslo_config/cfg.py:3253}}
Jun 21 16:11:37.708073 np0000003344 devstack@n-api-meta.service[95198]: DEBUG nova.api.openstack.wsgi_app [None req-f3a28011-c884-4520-93bb-2dc764ac26d8 None None] default_green_pool_size = 1000 {{(pid=95198) log_opt_values /opt/stack/data/venv/lib/python3.12/site-packages/oslo_config/cfg.py:3242}}
Jun 21 16:11:37.708392 np0000003344 devstack@n-api-meta.service[95199]: WARNING oslo_config.cfg [None req-b52696c2-ce51-44c6-aedb-c85fa8b43e03 None None] Deprecated: Option "live_migration_uri" from group "libvirt" is deprecated for removal (
Jun 21 16:11:37.708392 np0000003344 devstack@n-api-meta.service[95199]: live_migration_uri is deprecated for removal in favor of two other options that
Jun 21 16:11:37.708392 np0000003344 devstack@n-api-meta.service[95199]: allow to change live migration scheme and target URI: ``live_migration_scheme``
Jun 21 16:11:37.708392 np0000003344 devstack@n-api-meta.service[95199]: and ``live_migration_inbound_addr`` respectively.
Jun 21 16:11:37.708392 np0000003344 devstack@n-api-meta.service[95199]: ). Its value may be silently ignored in the future.
Jun 21 16:11:37.708547 np0000003344 devstack@n-api-meta.service[95198]: DEBUG nova.api.openstack.wsgi_app [None req-f3a28011-c884-4520-93bb-2dc764ac26d8 None None] default_log_levels = ['amqp=WARN', 'boto=WARN', 'sqlalchemy=WARN', 'suds=INFO', 'oslo.messaging=INFO', 'oslo_messaging=INFO', 'iso8601=WARN', 'requests.packages.urllib3.connectionpool=WARN', 'urllib3.connectionpool=WARN', 'websocket=WARN', 'requests.packages.urllib3.util.retry=WARN', 'urllib3.util.retry=WARN', 'keystonemiddleware=WARN', 'routes.middleware=WARN', 'stevedore=WARN', 'taskflow=WARN', 'keystoneauth=WARN', 'oslo.cache=INFO', 'oslo_policy=INFO', 'dogpile.core.dogpile=INFO', 'glanceclient=WARN', 'oslo.privsep.daemon=INFO'] {{(pid=95198) log_opt_values /opt/stack/data/venv/lib/python3.12/site-packages/oslo_config/cfg.py:3242}}
Jun 21 16:11:37.708636 np0000003344 devstack@n-api-meta.service[95199]: DEBUG nova.api.openstack.wsgi_app [None req-b52696c2-ce51-44c6-aedb-c85fa8b43e03 None None] libvirt.live_migration_uri = qemu+ssh://stack@%s/system {{(pid=95199) log_opt_values /opt/stack/data/venv/lib/python3.12/site-packages/oslo_config/cfg.py:3253}}
Jun 21 16:11:37.708742 np0000003344 devstack@n-api-meta.service[95199]: DEBUG nova.api.openstack.wsgi_app [None req-b52696c2-ce51-44c6-aedb-c85fa8b43e03 None None] libvirt.live_migration_with_native_tls = False {{(pid=95199) log_opt_values /opt/stack/data/venv/lib/python3.12/site-packages/oslo_config/cfg.py:3253}}
Jun 21 16:11:37.708777 np0000003344 devstack@n-api-meta.service[95198]: DEBUG nova.api.openstack.wsgi_app [None req-f3a28011-c884-4520-93bb-2dc764ac26d8 None None] default_schedule_zone = None {{(pid=95198) log_opt_values /opt/stack/data/venv/lib/python3.12/site-packages/oslo_config/cfg.py:3242}}
Jun 21 16:11:37.708905 np0000003344 devstack@n-api-meta.service[95199]: DEBUG nova.api.openstack.wsgi_app [None req-b52696c2-ce51-44c6-aedb-c85fa8b43e03 None None] libvirt.max_queues = None {{(pid=95199) log_opt_values /opt/stack/data/venv/lib/python3.12/site-packages/oslo_config/cfg.py:3253}}
Jun 21 16:11:37.709026 np0000003344 devstack@n-api-meta.service[95198]: DEBUG nova.api.openstack.wsgi_app [None req-f3a28011-c884-4520-93bb-2dc764ac26d8 None None] default_thread_pool_size = 10 {{(pid=95198) log_opt_values /opt/stack/data/venv/lib/python3.12/site-packages/oslo_config/cfg.py:3242}}
Jun 21 16:11:37.709058 np0000003344 devstack@n-api-meta.service[95199]: DEBUG nova.api.openstack.wsgi_app [None req-b52696c2-ce51-44c6-aedb-c85fa8b43e03 None None] libvirt.mem_stats_period_seconds = 10 {{(pid=95199) log_opt_values /opt/stack/data/venv/lib/python3.12/site-packages/oslo_config/cfg.py:3253}}
Jun 21 16:11:37.709268 np0000003344 devstack@n-api-meta.service[95199]: DEBUG nova.api.openstack.wsgi_app [None req-b52696c2-ce51-44c6-aedb-c85fa8b43e03 None None] libvirt.migration_inbound_addr = 10.4.3.139 {{(pid=95199) log_opt_values /opt/stack/data/venv/lib/python3.12/site-packages/oslo_config/cfg.py:3253}}
Jun 21 16:11:37.709309 np0000003344 devstack@n-api-meta.service[95198]: DEBUG nova.api.openstack.wsgi_app [None req-f3a28011-c884-4520-93bb-2dc764ac26d8 None None] disk_allocation_ratio = None {{(pid=95198) log_opt_values /opt/stack/data/venv/lib/python3.12/site-packages/oslo_config/cfg.py:3242}}
Jun 21 16:11:37.709402 np0000003344 devstack@n-api-meta.service[95199]: DEBUG nova.api.openstack.wsgi_app [None req-b52696c2-ce51-44c6-aedb-c85fa8b43e03 None None] libvirt.nfs_mount_options = None {{(pid=95199) log_opt_values /opt/stack/data/venv/lib/python3.12/site-packages/oslo_config/cfg.py:3253}}
Jun 21 16:11:37.709546 np0000003344 devstack@n-api-meta.service[95198]: DEBUG nova.api.openstack.wsgi_app [None req-f3a28011-c884-4520-93bb-2dc764ac26d8 None None] enable_new_services = True {{(pid=95198) log_opt_values /opt/stack/data/venv/lib/python3.12/site-packages/oslo_config/cfg.py:3242}}
Jun 21 16:11:37.709596 np0000003344 devstack@n-api-meta.service[95199]: DEBUG nova.api.openstack.wsgi_app [None req-b52696c2-ce51-44c6-aedb-c85fa8b43e03 None None] libvirt.nfs_mount_point_base = /opt/stack/data/nova/mnt {{(pid=95199) log_opt_values /opt/stack/data/venv/lib/python3.12/site-packages/oslo_config/cfg.py:3253}}
Jun 21 16:11:37.709677 np0000003344 devstack@n-api-meta.service[95199]: DEBUG nova.api.openstack.wsgi_app [None req-b52696c2-ce51-44c6-aedb-c85fa8b43e03 None None] libvirt.num_aoe_discover_tries = 3 {{(pid=95199) log_opt_values /opt/stack/data/venv/lib/python3.12/site-packages/oslo_config/cfg.py:3253}}
Jun 21 16:11:37.709792 np0000003344 devstack@n-api-meta.service[95199]: DEBUG nova.api.openstack.wsgi_app [None req-b52696c2-ce51-44c6-aedb-c85fa8b43e03 None None] libvirt.num_iser_scan_tries = 5 {{(pid=95199) log_opt_values /opt/stack/data/venv/lib/python3.12/site-packages/oslo_config/cfg.py:3253}}
Jun 21 16:11:37.709834 np0000003344 devstack@n-api-meta.service[95198]: DEBUG nova.api.openstack.wsgi_app [None req-f3a28011-c884-4520-93bb-2dc764ac26d8 None None] flat_injected = False {{(pid=95198) log_opt_values /opt/stack/data/venv/lib/python3.12/site-packages/oslo_config/cfg.py:3242}}
Jun 21 16:11:37.709910 np0000003344 devstack@n-api-meta.service[95199]: DEBUG nova.api.openstack.wsgi_app [None req-b52696c2-ce51-44c6-aedb-c85fa8b43e03 None None] libvirt.num_memory_encrypted_guests = None {{(pid=95199) log_opt_values /opt/stack/data/venv/lib/python3.12/site-packages/oslo_config/cfg.py:3253}}
Jun 21 16:11:37.710023 np0000003344 devstack@n-api-meta.service[95199]: DEBUG nova.api.openstack.wsgi_app [None req-b52696c2-ce51-44c6-aedb-c85fa8b43e03 None None] libvirt.num_nvme_discover_tries = 5 {{(pid=95199) log_opt_values /opt/stack/data/venv/lib/python3.12/site-packages/oslo_config/cfg.py:3253}}
Jun 21 16:11:37.710127 np0000003344 devstack@n-api-meta.service[95198]: DEBUG nova.api.openstack.wsgi_app [None req-f3a28011-c884-4520-93bb-2dc764ac26d8 None None] force_config_drive = True {{(pid=95198) log_opt_values /opt/stack/data/venv/lib/python3.12/site-packages/oslo_config/cfg.py:3242}}
Jun 21 16:11:37.710159 np0000003344 devstack@n-api-meta.service[95199]: DEBUG nova.api.openstack.wsgi_app [None req-b52696c2-ce51-44c6-aedb-c85fa8b43e03 None None] libvirt.num_pcie_ports = 0 {{(pid=95199) log_opt_values /opt/stack/data/venv/lib/python3.12/site-packages/oslo_config/cfg.py:3253}}
Jun 21 16:11:37.710265 np0000003344 devstack@n-api-meta.service[95199]: DEBUG nova.api.openstack.wsgi_app [None req-b52696c2-ce51-44c6-aedb-c85fa8b43e03 None None] libvirt.num_volume_scan_tries = 5 {{(pid=95199) log_opt_values /opt/stack/data/venv/lib/python3.12/site-packages/oslo_config/cfg.py:3253}}
Jun 21 16:11:37.710392 np0000003344 devstack@n-api-meta.service[95199]: DEBUG nova.api.openstack.wsgi_app [None req-b52696c2-ce51-44c6-aedb-c85fa8b43e03 None None] libvirt.pmem_namespaces = [] {{(pid=95199) log_opt_values /opt/stack/data/venv/lib/python3.12/site-packages/oslo_config/cfg.py:3253}}
Jun 21 16:11:37.710423 np0000003344 devstack@n-api-meta.service[95198]: DEBUG nova.api.openstack.wsgi_app [None req-f3a28011-c884-4520-93bb-2dc764ac26d8 None None] force_raw_images = True {{(pid=95198) log_opt_values /opt/stack/data/venv/lib/python3.12/site-packages/oslo_config/cfg.py:3242}}
Jun 21 16:11:37.710508 np0000003344 devstack@n-api-meta.service[95199]: DEBUG nova.api.openstack.wsgi_app [None req-b52696c2-ce51-44c6-aedb-c85fa8b43e03 None None] libvirt.quobyte_client_cfg = None {{(pid=95199) log_opt_values /opt/stack/data/venv/lib/python3.12/site-packages/oslo_config/cfg.py:3253}}
Jun 21 16:11:37.710659 np0000003344 devstack@n-api-meta.service[95199]: DEBUG nova.api.openstack.wsgi_app [None req-b52696c2-ce51-44c6-aedb-c85fa8b43e03 None None] libvirt.quobyte_mount_point_base = /opt/stack/data/nova/mnt {{(pid=95199) log_opt_values /opt/stack/data/venv/lib/python3.12/site-packages/oslo_config/cfg.py:3253}}
Jun 21 16:11:37.710709 np0000003344 devstack@n-api-meta.service[95198]: DEBUG nova.api.openstack.wsgi_app [None req-f3a28011-c884-4520-93bb-2dc764ac26d8 None None] graceful_shutdown_timeout = 5 {{(pid=95198) log_opt_values /opt/stack/data/venv/lib/python3.12/site-packages/oslo_config/cfg.py:3242}}
Jun 21 16:11:37.710770 np0000003344 devstack@n-api-meta.service[95199]: DEBUG nova.api.openstack.wsgi_app [None req-b52696c2-ce51-44c6-aedb-c85fa8b43e03 None None] libvirt.rbd_connect_timeout = 5 {{(pid=95199) log_opt_values /opt/stack/data/venv/lib/python3.12/site-packages/oslo_config/cfg.py:3253}}
Jun 21 16:11:37.710891 np0000003344 devstack@n-api-meta.service[95199]: DEBUG nova.api.openstack.wsgi_app [None req-b52696c2-ce51-44c6-aedb-c85fa8b43e03 None None] libvirt.rbd_destroy_volume_retries = 12 {{(pid=95199) log_opt_values /opt/stack/data/venv/lib/python3.12/site-packages/oslo_config/cfg.py:3253}}
Jun 21 16:11:37.710998 np0000003344 devstack@n-api-meta.service[95198]: DEBUG nova.api.openstack.wsgi_app [None req-f3a28011-c884-4520-93bb-2dc764ac26d8 None None] heal_instance_info_cache_interval = -1 {{(pid=95198) log_opt_values /opt/stack/data/venv/lib/python3.12/site-packages/oslo_config/cfg.py:3242}}
Jun 21 16:11:37.711035 np0000003344 devstack@n-api-meta.service[95199]: DEBUG nova.api.openstack.wsgi_app [None req-b52696c2-ce51-44c6-aedb-c85fa8b43e03 None None] libvirt.rbd_destroy_volume_retry_interval = 5 {{(pid=95199) log_opt_values /opt/stack/data/venv/lib/python3.12/site-packages/oslo_config/cfg.py:3253}}
Jun 21 16:11:37.711105 np0000003344 devstack@n-api-meta.service[95199]: DEBUG nova.api.openstack.wsgi_app [None req-b52696c2-ce51-44c6-aedb-c85fa8b43e03 None None] libvirt.rbd_secret_uuid = None {{(pid=95199) log_opt_values /opt/stack/data/venv/lib/python3.12/site-packages/oslo_config/cfg.py:3253}}
Jun 21 16:11:37.711241 np0000003344 devstack@n-api-meta.service[95199]: DEBUG nova.api.openstack.wsgi_app [None req-b52696c2-ce51-44c6-aedb-c85fa8b43e03 None None] libvirt.rbd_user = None {{(pid=95199) log_opt_values /opt/stack/data/venv/lib/python3.12/site-packages/oslo_config/cfg.py:3253}}
Jun 21 16:11:37.711370 np0000003344 devstack@n-api-meta.service[95198]: DEBUG nova.api.openstack.wsgi_app [None req-f3a28011-c884-4520-93bb-2dc764ac26d8 None None] host = np0000003344 {{(pid=95198) log_opt_values /opt/stack/data/venv/lib/python3.12/site-packages/oslo_config/cfg.py:3242}}
Jun 21 16:11:37.711415 np0000003344 devstack@n-api-meta.service[95199]: DEBUG nova.api.openstack.wsgi_app [None req-b52696c2-ce51-44c6-aedb-c85fa8b43e03 None None] libvirt.realtime_scheduler_priority = 1 {{(pid=95199) log_opt_values /opt/stack/data/venv/lib/python3.12/site-packages/oslo_config/cfg.py:3253}}
Jun 21 16:11:37.711494 np0000003344 devstack@n-api-meta.service[95199]: DEBUG nova.api.openstack.wsgi_app [None req-b52696c2-ce51-44c6-aedb-c85fa8b43e03 None None] libvirt.remote_filesystem_transport = ssh {{(pid=95199) log_opt_values /opt/stack/data/venv/lib/python3.12/site-packages/oslo_config/cfg.py:3253}}
Jun 21 16:11:37.711606 np0000003344 devstack@n-api-meta.service[95199]: DEBUG nova.api.openstack.wsgi_app [None req-b52696c2-ce51-44c6-aedb-c85fa8b43e03 None None] libvirt.rescue_image_id = None {{(pid=95199) log_opt_values /opt/stack/data/venv/lib/python3.12/site-packages/oslo_config/cfg.py:3253}}
Jun 21 16:11:37.711674 np0000003344 devstack@n-api-meta.service[95198]: DEBUG nova.api.openstack.wsgi_app [None req-f3a28011-c884-4520-93bb-2dc764ac26d8 None None] initial_cpu_allocation_ratio = 4.0 {{(pid=95198) log_opt_values /opt/stack/data/venv/lib/python3.12/site-packages/oslo_config/cfg.py:3242}}
Jun 21 16:11:37.711715 np0000003344 devstack@n-api-meta.service[95199]: DEBUG nova.api.openstack.wsgi_app [None req-b52696c2-ce51-44c6-aedb-c85fa8b43e03 None None] libvirt.rescue_kernel_id = None {{(pid=95199) log_opt_values /opt/stack/data/venv/lib/python3.12/site-packages/oslo_config/cfg.py:3253}}
Jun 21 16:11:37.711818 np0000003344 devstack@n-api-meta.service[95199]: DEBUG nova.api.openstack.wsgi_app [None req-b52696c2-ce51-44c6-aedb-c85fa8b43e03 None None] libvirt.rescue_ramdisk_id = None {{(pid=95199) log_opt_values /opt/stack/data/venv/lib/python3.12/site-packages/oslo_config/cfg.py:3253}}
Jun 21 16:11:37.711951 np0000003344 devstack@n-api-meta.service[95199]: DEBUG nova.api.openstack.wsgi_app [None req-b52696c2-ce51-44c6-aedb-c85fa8b43e03 None None] libvirt.rng_dev_path = /dev/urandom {{(pid=95199) log_opt_values /opt/stack/data/venv/lib/python3.12/site-packages/oslo_config/cfg.py:3253}}
Jun 21 16:11:37.711986 np0000003344 devstack@n-api-meta.service[95198]: DEBUG nova.api.openstack.wsgi_app [None req-f3a28011-c884-4520-93bb-2dc764ac26d8 None None] initial_disk_allocation_ratio = 1.0 {{(pid=95198) log_opt_values /opt/stack/data/venv/lib/python3.12/site-packages/oslo_config/cfg.py:3242}}
Jun 21 16:11:37.712063 np0000003344 devstack@n-api-meta.service[95199]: DEBUG nova.api.openstack.wsgi_app [None req-b52696c2-ce51-44c6-aedb-c85fa8b43e03 None None] libvirt.rx_queue_size = None {{(pid=95199) log_opt_values /opt/stack/data/venv/lib/python3.12/site-packages/oslo_config/cfg.py:3253}}
Jun 21 16:11:37.712171 np0000003344 devstack@n-api-meta.service[95198]: DEBUG nova.api.openstack.wsgi_app [None req-f3a28011-c884-4520-93bb-2dc764ac26d8 None None] initial_ram_allocation_ratio = 1.0 {{(pid=95198) log_opt_values /opt/stack/data/venv/lib/python3.12/site-packages/oslo_config/cfg.py:3242}}
Jun 21 16:11:37.712213 np0000003344 devstack@n-api-meta.service[95199]: DEBUG nova.api.openstack.wsgi_app [None req-b52696c2-ce51-44c6-aedb-c85fa8b43e03 None None] libvirt.smbfs_mount_options = {{(pid=95199) log_opt_values /opt/stack/data/venv/lib/python3.12/site-packages/oslo_config/cfg.py:3253}}
Jun 21 16:11:37.712390 np0000003344 devstack@n-api-meta.service[95199]: DEBUG nova.api.openstack.wsgi_app [None req-b52696c2-ce51-44c6-aedb-c85fa8b43e03 None None] libvirt.smbfs_mount_point_base = /opt/stack/data/nova/mnt {{(pid=95199) log_opt_values /opt/stack/data/venv/lib/python3.12/site-packages/oslo_config/cfg.py:3253}}
Jun 21 16:11:37.712419 np0000003344 devstack@n-api-meta.service[95198]: DEBUG nova.api.openstack.wsgi_app [None req-f3a28011-c884-4520-93bb-2dc764ac26d8 None None] injected_network_template = /opt/stack/nova/nova/virt/interfaces.template {{(pid=95198) log_opt_values /opt/stack/data/venv/lib/python3.12/site-packages/oslo_config/cfg.py:3242}}
Jun 21 16:11:37.712566 np0000003344 devstack@n-api-meta.service[95199]: DEBUG nova.api.openstack.wsgi_app [None req-b52696c2-ce51-44c6-aedb-c85fa8b43e03 None None] libvirt.snapshot_compression = False {{(pid=95199) log_opt_values /opt/stack/data/venv/lib/python3.12/site-packages/oslo_config/cfg.py:3253}}
Jun 21 16:11:37.712600 np0000003344 devstack@n-api-meta.service[95198]: DEBUG nova.api.openstack.wsgi_app [None req-f3a28011-c884-4520-93bb-2dc764ac26d8 None None] instance_build_timeout = 0 {{(pid=95198) log_opt_values /opt/stack/data/venv/lib/python3.12/site-packages/oslo_config/cfg.py:3242}}
Jun 21 16:11:37.712739 np0000003344 devstack@n-api-meta.service[95198]: DEBUG nova.api.openstack.wsgi_app [None req-f3a28011-c884-4520-93bb-2dc764ac26d8 None None] instance_delete_interval = 300 {{(pid=95198) log_opt_values /opt/stack/data/venv/lib/python3.12/site-packages/oslo_config/cfg.py:3242}}
Jun 21 16:11:37.712771 np0000003344 devstack@n-api-meta.service[95199]: DEBUG nova.api.openstack.wsgi_app [None req-b52696c2-ce51-44c6-aedb-c85fa8b43e03 None None] libvirt.snapshot_image_format = None {{(pid=95199) log_opt_values /opt/stack/data/venv/lib/python3.12/site-packages/oslo_config/cfg.py:3253}}
Jun 21 16:11:37.712919 np0000003344 devstack@n-api-meta.service[95198]: DEBUG nova.api.openstack.wsgi_app [None req-f3a28011-c884-4520-93bb-2dc764ac26d8 None None] instance_format = [instance: %(uuid)s] {{(pid=95198) log_opt_values /opt/stack/data/venv/lib/python3.12/site-packages/oslo_config/cfg.py:3242}}
