Jul 23 09:26:47.480173 np0000005744 systemd[1]: Starting devstack@n-api-meta.service - Devstack devstack@n-api-meta.service...
Jul 23 09:26:47.485377 np0000005744 devstack@n-api-meta.service[96038]: [uWSGI] getting INI configuration from /etc/nova/nova-metadata-uwsgi.ini
Jul 23 09:26:47.487635 np0000005744 devstack@n-api-meta.service[96038]: *** Starting uWSGI 2.0.24-debian (64bit) on [Thu Jul 23 09:26:47 2026] ***
Jul 23 09:26:47.487635 np0000005744 devstack@n-api-meta.service[96038]: compiled with version: 13.2.0 on 17 April 2024 16:23:48
Jul 23 09:26:47.487635 np0000005744 devstack@n-api-meta.service[96038]: os: Linux-6.8.0-100-generic #100-Ubuntu SMP PREEMPT_DYNAMIC Tue Jan 13 16:40:06 UTC 2026
Jul 23 09:26:47.487635 np0000005744 devstack@n-api-meta.service[96038]: nodename: np0000005744
Jul 23 09:26:47.487635 np0000005744 devstack@n-api-meta.service[96038]: machine: x86_64
Jul 23 09:26:47.487635 np0000005744 devstack@n-api-meta.service[96038]: clock source: unix
Jul 23 09:26:47.487635 np0000005744 devstack@n-api-meta.service[96038]: pcre jit disabled
Jul 23 09:26:47.487635 np0000005744 devstack@n-api-meta.service[96038]: detected number of CPU cores: 16
Jul 23 09:26:47.487635 np0000005744 devstack@n-api-meta.service[96038]: current working directory: /
Jul 23 09:26:47.487635 np0000005744 devstack@n-api-meta.service[96038]: detected binary path: /usr/bin/uwsgi-core
Jul 23 09:26:47.487635 np0000005744 devstack@n-api-meta.service[96038]: your processes number limit is 257052
Jul 23 09:26:47.487635 np0000005744 devstack@n-api-meta.service[96038]: your memory page size is 4096 bytes
Jul 23 09:26:47.487635 np0000005744 devstack@n-api-meta.service[96038]: detected max file descriptor number: 2048
Jul 23 09:26:47.487635 np0000005744 devstack@n-api-meta.service[96038]: lock engine: pthread robust mutexes
Jul 23 09:26:47.488021 np0000005744 devstack@n-api-meta.service[96038]: thunder lock: enabled
Jul 23 09:26:47.488060 np0000005744 devstack@n-api-meta.service[96038]: uWSGI http bound on 0.0.0.0:8775 fd 5
Jul 23 09:26:47.488092 np0000005744 devstack@n-api-meta.service[96038]: uwsgi socket 0 bound to TCP address 127.0.0.1:39923 (port auto-assigned) fd 4
Jul 23 09:26:47.488116 np0000005744 devstack@n-api-meta.service[96038]: Python version: 3.12.3 (main, Jun 19 2026, 12:46:00) [GCC 13.3.0]
Jul 23 09:26:47.488116 np0000005744 devstack@n-api-meta.service[96038]: PEP 405 virtualenv detected: /opt/stack/data/venv
Jul 23 09:26:47.488116 np0000005744 devstack@n-api-meta.service[96038]: Set PythonHome to /opt/stack/data/venv
Jul 23 09:26:47.520609 np0000005744 devstack@n-api-meta.service[96038]: Python main interpreter initialized at 0x7fb8796a4668
Jul 23 09:26:47.520609 np0000005744 devstack@n-api-meta.service[96038]: python threads support enabled
Jul 23 09:26:47.520609 np0000005744 devstack@n-api-meta.service[96038]: your server socket listen backlog is limited to 100 connections
Jul 23 09:26:47.520609 np0000005744 devstack@n-api-meta.service[96038]: your mercy for graceful operations on workers is 80 seconds
Jul 23 09:26:47.521125 np0000005744 devstack@n-api-meta.service[96038]: mapped 671795 bytes (656 KB) for 4 cores
Jul 23 09:26:47.521256 np0000005744 devstack@n-api-meta.service[96038]: *** Operational MODE: preforking ***
Jul 23 09:26:47.521441 np0000005744 devstack@n-api-meta.service[96038]: *** uWSGI is running in multiple interpreter mode ***
Jul 23 09:26:47.521441 np0000005744 devstack@n-api-meta.service[96038]: spawned uWSGI master process (pid: 96038)
Jul 23 09:26:47.521607 np0000005744 systemd[1]: Started devstack@n-api-meta.service - Devstack devstack@n-api-meta.service.
Jul 23 09:26:47.522005 np0000005744 devstack@n-api-meta.service[96038]: spawned uWSGI worker 1 (pid: 96039, cores: 1)
Jul 23 09:26:47.522459 np0000005744 devstack@n-api-meta.service[96038]: spawned uWSGI worker 2 (pid: 96040, cores: 1)
Jul 23 09:26:47.523173 np0000005744 devstack@n-api-meta.service[96038]: spawned uWSGI worker 3 (pid: 96041, cores: 1)
Jul 23 09:26:47.523732 np0000005744 devstack@n-api-meta.service[96038]: spawned uWSGI worker 4 (pid: 96042, cores: 1)
Jul 23 09:26:47.524326 np0000005744 devstack@n-api-meta.service[96038]: spawned uWSGI http 1 (pid: 96043)
Jul 23 09:26:47.524326 np0000005744 devstack@n-api-meta.service[96038]: running "unix_signal:15 gracefully_kill_them_all" (master-start)...
Jul 23 09:26:49.135368 np0000005744 devstack@n-api-meta.service[96041]: INFO dbcounter [None req-9dae0f5c-fa96-476e-b92a-83435b293a9f None None] Registered counter for database nova_api
Jul 23 09:26:49.168434 np0000005744 devstack@n-api-meta.service[96040]: INFO dbcounter [None req-b3219238-9324-4a3c-b762-c079d8cf50e8 None None] Registered counter for database nova_api
Jul 23 09:26:49.177894 np0000005744 devstack@n-api-meta.service[96041]: DEBUG oslo_db.sqlalchemy.engines [None req-9dae0f5c-fa96-476e-b92a-83435b293a9f None None] MySQL server mode set to STRICT_TRANS_TABLES,STRICT_ALL_TABLES,NO_ZERO_IN_DATE,NO_ZERO_DATE,ERROR_FOR_DIVISION_BY_ZERO,TRADITIONAL,NO_ENGINE_SUBSTITUTION {{(pid=96041) _check_effective_sql_mode /opt/stack/data/venv/lib/python3.12/site-packages/oslo_db/sqlalchemy/engines.py:325}}
Jul 23 09:26:49.190947 np0000005744 devstack@n-api-meta.service[96039]: INFO dbcounter [None req-ad57ff8e-b620-4648-b696-beb6f437da48 None None] Registered counter for database nova_api
Jul 23 09:26:49.207020 np0000005744 devstack@n-api-meta.service[96041]: DEBUG dbcounter [-] [96041] Writer thread running {{(pid=96041) stat_writer /opt/stack/data/venv/lib/python3.12/site-packages/dbcounter.py:102}}
Jul 23 09:26:49.209352 np0000005744 devstack@n-api-meta.service[96041]: DEBUG nova.context [None req-9dae0f5c-fa96-476e-b92a-83435b293a9f None None] Found 2 cells: 00000000-0000-0000-0000-000000000000(cell0),a5b3b0d2-4dfc-4519-a7dd-874e81fdff65(cell1) {{(pid=96041) load_cells /opt/stack/nova/nova/context.py:509}}
Jul 23 09:26:49.209596 np0000005744 devstack@n-api-meta.service[96041]: INFO nova.utils [None req-9dae0f5c-fa96-476e-b92a-83435b293a9f None None] The cell worker thread pool MainProcess.cell_worker is initialized
Jul 23 09:26:49.211242 np0000005744 devstack@n-api-meta.service[96041]: DEBUG oslo_concurrency.lockutils [None req-9dae0f5c-fa96-476e-b92a-83435b293a9f None None] Acquiring lock "00000000-0000-0000-0000-000000000000" by "nova.context.set_target_cell..get_or_set_cached_cell_and_set_connections" {{(pid=96041) inner /opt/stack/data/venv/lib/python3.12/site-packages/oslo_concurrency/lockutils.py:512}}
Jul 23 09:26:49.211389 np0000005744 devstack@n-api-meta.service[96041]: DEBUG oslo_concurrency.lockutils [None req-9dae0f5c-fa96-476e-b92a-83435b293a9f None None] Lock "00000000-0000-0000-0000-000000000000" acquired by "nova.context.set_target_cell..get_or_set_cached_cell_and_set_connections" :: waited 0.000s {{(pid=96041) inner /opt/stack/data/venv/lib/python3.12/site-packages/oslo_concurrency/lockutils.py:525}}
Jul 23 09:26:49.211754 np0000005744 devstack@n-api-meta.service[96041]: DEBUG oslo_concurrency.lockutils [None req-9dae0f5c-fa96-476e-b92a-83435b293a9f None None] Lock "00000000-0000-0000-0000-000000000000" "released" by "nova.context.set_target_cell..get_or_set_cached_cell_and_set_connections" :: held 0.000s {{(pid=96041) inner /opt/stack/data/venv/lib/python3.12/site-packages/oslo_concurrency/lockutils.py:544}}
Jul 23 09:26:49.212409 np0000005744 devstack@n-api-meta.service[96041]: DEBUG oslo_concurrency.lockutils [None req-9dae0f5c-fa96-476e-b92a-83435b293a9f None None] Acquiring lock "a5b3b0d2-4dfc-4519-a7dd-874e81fdff65" by "nova.context.set_target_cell..get_or_set_cached_cell_and_set_connections" {{(pid=96041) inner /opt/stack/data/venv/lib/python3.12/site-packages/oslo_concurrency/lockutils.py:512}}
Jul 23 09:26:49.212567 np0000005744 devstack@n-api-meta.service[96041]: DEBUG oslo_concurrency.lockutils [None req-9dae0f5c-fa96-476e-b92a-83435b293a9f None None] Lock "a5b3b0d2-4dfc-4519-a7dd-874e81fdff65" acquired by "nova.context.set_target_cell..get_or_set_cached_cell_and_set_connections" :: waited 0.000s {{(pid=96041) inner /opt/stack/data/venv/lib/python3.12/site-packages/oslo_concurrency/lockutils.py:525}}
Jul 23 09:26:49.213360 np0000005744 devstack@n-api-meta.service[96041]: DEBUG oslo_concurrency.lockutils [None req-9dae0f5c-fa96-476e-b92a-83435b293a9f None None] Lock "a5b3b0d2-4dfc-4519-a7dd-874e81fdff65" "released" by "nova.context.set_target_cell..get_or_set_cached_cell_and_set_connections" :: held 0.001s {{(pid=96041) inner /opt/stack/data/venv/lib/python3.12/site-packages/oslo_concurrency/lockutils.py:544}}
Jul 23 09:26:49.215392 np0000005744 devstack@n-api-meta.service[96041]: INFO dbcounter [None req-9dae0f5c-fa96-476e-b92a-83435b293a9f None None] Registered counter for database nova_cell0
Jul 23 09:26:49.218468 np0000005744 devstack@n-api-meta.service[96041]: INFO dbcounter [None req-9dae0f5c-fa96-476e-b92a-83435b293a9f None None] Registered counter for database nova_cell1
Jul 23 09:26:49.218676 np0000005744 devstack@n-api-meta.service[96040]: DEBUG oslo_db.sqlalchemy.engines [None req-b3219238-9324-4a3c-b762-c079d8cf50e8 None None] MySQL server mode set to STRICT_TRANS_TABLES,STRICT_ALL_TABLES,NO_ZERO_IN_DATE,NO_ZERO_DATE,ERROR_FOR_DIVISION_BY_ZERO,TRADITIONAL,NO_ENGINE_SUBSTITUTION {{(pid=96040) _check_effective_sql_mode /opt/stack/data/venv/lib/python3.12/site-packages/oslo_db/sqlalchemy/engines.py:325}}
Jul 23 09:26:49.236398 np0000005744 devstack@n-api-meta.service[96042]: INFO dbcounter [None req-6797a9bd-0c35-45f4-ab70-36f2814069fb None None] Registered counter for database nova_api
Jul 23 09:26:49.236790 np0000005744 devstack@n-api-meta.service[96039]: DEBUG oslo_db.sqlalchemy.engines [None req-ad57ff8e-b620-4648-b696-beb6f437da48 None None] MySQL server mode set to STRICT_TRANS_TABLES,STRICT_ALL_TABLES,NO_ZERO_IN_DATE,NO_ZERO_DATE,ERROR_FOR_DIVISION_BY_ZERO,TRADITIONAL,NO_ENGINE_SUBSTITUTION {{(pid=96039) _check_effective_sql_mode /opt/stack/data/venv/lib/python3.12/site-packages/oslo_db/sqlalchemy/engines.py:325}}
Jul 23 09:26:49.259356 np0000005744 devstack@n-api-meta.service[96040]: DEBUG dbcounter [-] [96040] Writer thread running {{(pid=96040) stat_writer /opt/stack/data/venv/lib/python3.12/site-packages/dbcounter.py:102}}
Jul 23 09:26:49.262885 np0000005744 devstack@n-api-meta.service[96041]: DEBUG oslo_db.sqlalchemy.engines [None req-9dae0f5c-fa96-476e-b92a-83435b293a9f None None] MySQL server mode set to STRICT_TRANS_TABLES,STRICT_ALL_TABLES,NO_ZERO_IN_DATE,NO_ZERO_DATE,ERROR_FOR_DIVISION_BY_ZERO,TRADITIONAL,NO_ENGINE_SUBSTITUTION {{(pid=96041) _check_effective_sql_mode /opt/stack/data/venv/lib/python3.12/site-packages/oslo_db/sqlalchemy/engines.py:325}}
Jul 23 09:26:49.262996 np0000005744 devstack@n-api-meta.service[96040]: DEBUG nova.context [None req-b3219238-9324-4a3c-b762-c079d8cf50e8 None None] Found 2 cells: 00000000-0000-0000-0000-000000000000(cell0),a5b3b0d2-4dfc-4519-a7dd-874e81fdff65(cell1) {{(pid=96040) load_cells /opt/stack/nova/nova/context.py:509}}
Jul 23 09:26:49.262996 np0000005744 devstack@n-api-meta.service[96040]: INFO nova.utils [None req-b3219238-9324-4a3c-b762-c079d8cf50e8 None None] The cell worker thread pool MainProcess.cell_worker is initialized
Jul 23 09:26:49.265341 np0000005744 devstack@n-api-meta.service[96040]: DEBUG oslo_concurrency.lockutils [None req-b3219238-9324-4a3c-b762-c079d8cf50e8 None None] Acquiring lock "00000000-0000-0000-0000-000000000000" by "nova.context.set_target_cell..get_or_set_cached_cell_and_set_connections" {{(pid=96040) inner /opt/stack/data/venv/lib/python3.12/site-packages/oslo_concurrency/lockutils.py:512}}
Jul 23 09:26:49.265580 np0000005744 devstack@n-api-meta.service[96040]: DEBUG oslo_concurrency.lockutils [None req-b3219238-9324-4a3c-b762-c079d8cf50e8 None None] Lock "00000000-0000-0000-0000-000000000000" acquired by "nova.context.set_target_cell..get_or_set_cached_cell_and_set_connections" :: waited 0.000s {{(pid=96040) inner /opt/stack/data/venv/lib/python3.12/site-packages/oslo_concurrency/lockutils.py:525}}
Jul 23 09:26:49.266132 np0000005744 devstack@n-api-meta.service[96040]: DEBUG oslo_concurrency.lockutils [None req-b3219238-9324-4a3c-b762-c079d8cf50e8 None None] Lock "00000000-0000-0000-0000-000000000000" "released" by "nova.context.set_target_cell..get_or_set_cached_cell_and_set_connections" :: held 0.001s {{(pid=96040) inner /opt/stack/data/venv/lib/python3.12/site-packages/oslo_concurrency/lockutils.py:544}}
Jul 23 09:26:49.266985 np0000005744 devstack@n-api-meta.service[96040]: DEBUG oslo_concurrency.lockutils [None req-b3219238-9324-4a3c-b762-c079d8cf50e8 None None] Acquiring lock "a5b3b0d2-4dfc-4519-a7dd-874e81fdff65" by "nova.context.set_target_cell..get_or_set_cached_cell_and_set_connections" {{(pid=96040) inner /opt/stack/data/venv/lib/python3.12/site-packages/oslo_concurrency/lockutils.py:512}}
Jul 23 09:26:49.267213 np0000005744 devstack@n-api-meta.service[96040]: DEBUG oslo_concurrency.lockutils [None req-b3219238-9324-4a3c-b762-c079d8cf50e8 None None] Lock "a5b3b0d2-4dfc-4519-a7dd-874e81fdff65" acquired by "nova.context.set_target_cell..get_or_set_cached_cell_and_set_connections" :: waited 0.000s {{(pid=96040) inner /opt/stack/data/venv/lib/python3.12/site-packages/oslo_concurrency/lockutils.py:525}}
Jul 23 09:26:49.268460 np0000005744 devstack@n-api-meta.service[96040]: DEBUG oslo_concurrency.lockutils [None req-b3219238-9324-4a3c-b762-c079d8cf50e8 None None] Lock "a5b3b0d2-4dfc-4519-a7dd-874e81fdff65" "released" by "nova.context.set_target_cell..get_or_set_cached_cell_and_set_connections" :: held 0.001s {{(pid=96040) inner /opt/stack/data/venv/lib/python3.12/site-packages/oslo_concurrency/lockutils.py:544}}
Jul 23 09:26:49.269626 np0000005744 devstack@n-api-meta.service[96039]: DEBUG dbcounter [-] [96039] Writer thread running {{(pid=96039) stat_writer /opt/stack/data/venv/lib/python3.12/site-packages/dbcounter.py:102}}
Jul 23 09:26:49.270353 np0000005744 devstack@n-api-meta.service[96040]: INFO dbcounter [None req-b3219238-9324-4a3c-b762-c079d8cf50e8 None None] Registered counter for database nova_cell0
Jul 23 09:26:49.270982 np0000005744 devstack@n-api-meta.service[96041]: DEBUG oslo_db.sqlalchemy.engines [None req-9dae0f5c-fa96-476e-b92a-83435b293a9f None None] MySQL server mode set to STRICT_TRANS_TABLES,STRICT_ALL_TABLES,NO_ZERO_IN_DATE,NO_ZERO_DATE,ERROR_FOR_DIVISION_BY_ZERO,TRADITIONAL,NO_ENGINE_SUBSTITUTION {{(pid=96041) _check_effective_sql_mode /opt/stack/data/venv/lib/python3.12/site-packages/oslo_db/sqlalchemy/engines.py:325}}
Jul 23 09:26:49.272351 np0000005744 devstack@n-api-meta.service[96039]: DEBUG nova.context [None req-ad57ff8e-b620-4648-b696-beb6f437da48 None None] Found 2 cells: 00000000-0000-0000-0000-000000000000(cell0),a5b3b0d2-4dfc-4519-a7dd-874e81fdff65(cell1) {{(pid=96039) load_cells /opt/stack/nova/nova/context.py:509}}
Jul 23 09:26:49.272653 np0000005744 devstack@n-api-meta.service[96039]: INFO nova.utils [None req-ad57ff8e-b620-4648-b696-beb6f437da48 None None] The cell worker thread pool MainProcess.cell_worker is initialized
Jul 23 09:26:49.273234 np0000005744 devstack@n-api-meta.service[96040]: INFO dbcounter [None req-b3219238-9324-4a3c-b762-c079d8cf50e8 None None] Registered counter for database nova_cell1
Jul 23 09:26:49.274605 np0000005744 devstack@n-api-meta.service[96039]: DEBUG oslo_concurrency.lockutils [None req-ad57ff8e-b620-4648-b696-beb6f437da48 None None] Acquiring lock "00000000-0000-0000-0000-000000000000" by "nova.context.set_target_cell..get_or_set_cached_cell_and_set_connections" {{(pid=96039) inner /opt/stack/data/venv/lib/python3.12/site-packages/oslo_concurrency/lockutils.py:512}}
Jul 23 09:26:49.274793 np0000005744 devstack@n-api-meta.service[96039]: DEBUG oslo_concurrency.lockutils [None req-ad57ff8e-b620-4648-b696-beb6f437da48 None None] Lock "00000000-0000-0000-0000-000000000000" acquired by "nova.context.set_target_cell..get_or_set_cached_cell_and_set_connections" :: waited 0.000s {{(pid=96039) inner /opt/stack/data/venv/lib/python3.12/site-packages/oslo_concurrency/lockutils.py:525}}
Jul 23 09:26:49.275266 np0000005744 devstack@n-api-meta.service[96039]: DEBUG oslo_concurrency.lockutils [None req-ad57ff8e-b620-4648-b696-beb6f437da48 None None] Lock "00000000-0000-0000-0000-000000000000" "released" by "nova.context.set_target_cell..get_or_set_cached_cell_and_set_connections" :: held 0.000s {{(pid=96039) inner /opt/stack/data/venv/lib/python3.12/site-packages/oslo_concurrency/lockutils.py:544}}
Jul 23 09:26:49.275967 np0000005744 devstack@n-api-meta.service[96039]: DEBUG oslo_concurrency.lockutils [None req-ad57ff8e-b620-4648-b696-beb6f437da48 None None] Acquiring lock "a5b3b0d2-4dfc-4519-a7dd-874e81fdff65" by "nova.context.set_target_cell..get_or_set_cached_cell_and_set_connections" {{(pid=96039) inner /opt/stack/data/venv/lib/python3.12/site-packages/oslo_concurrency/lockutils.py:512}}
Jul 23 09:26:49.277569 np0000005744 devstack@n-api-meta.service[96039]: INFO dbcounter [None req-ad57ff8e-b620-4648-b696-beb6f437da48 None None] Registered counter for database nova_cell0
Jul 23 09:26:49.278624 np0000005744 devstack@n-api-meta.service[96039]: DEBUG oslo_concurrency.lockutils [None req-ad57ff8e-b620-4648-b696-beb6f437da48 None None] Lock "a5b3b0d2-4dfc-4519-a7dd-874e81fdff65" acquired by "nova.context.set_target_cell..get_or_set_cached_cell_and_set_connections" :: waited 0.001s {{(pid=96039) inner /opt/stack/data/venv/lib/python3.12/site-packages/oslo_concurrency/lockutils.py:525}}
Jul 23 09:26:49.279518 np0000005744 devstack@n-api-meta.service[96039]: DEBUG oslo_concurrency.lockutils [None req-ad57ff8e-b620-4648-b696-beb6f437da48 None None] Lock "a5b3b0d2-4dfc-4519-a7dd-874e81fdff65" "released" by "nova.context.set_target_cell..get_or_set_cached_cell_and_set_connections" :: held 0.002s {{(pid=96039) inner /opt/stack/data/venv/lib/python3.12/site-packages/oslo_concurrency/lockutils.py:544}}
Jul 23 09:26:49.282866 np0000005744 devstack@n-api-meta.service[96039]: INFO dbcounter [None req-ad57ff8e-b620-4648-b696-beb6f437da48 None None] Registered counter for database nova_cell1
Jul 23 09:26:49.303436 np0000005744 devstack@n-api-meta.service[96042]: DEBUG oslo_db.sqlalchemy.engines [None req-6797a9bd-0c35-45f4-ab70-36f2814069fb None None] MySQL server mode set to STRICT_TRANS_TABLES,STRICT_ALL_TABLES,NO_ZERO_IN_DATE,NO_ZERO_DATE,ERROR_FOR_DIVISION_BY_ZERO,TRADITIONAL,NO_ENGINE_SUBSTITUTION {{(pid=96042) _check_effective_sql_mode /opt/stack/data/venv/lib/python3.12/site-packages/oslo_db/sqlalchemy/engines.py:325}}
Jul 23 09:26:49.314934 np0000005744 devstack@n-api-meta.service[96040]: DEBUG oslo_db.sqlalchemy.engines [None req-b3219238-9324-4a3c-b762-c079d8cf50e8 None None] MySQL server mode set to STRICT_TRANS_TABLES,STRICT_ALL_TABLES,NO_ZERO_IN_DATE,NO_ZERO_DATE,ERROR_FOR_DIVISION_BY_ZERO,TRADITIONAL,NO_ENGINE_SUBSTITUTION {{(pid=96040) _check_effective_sql_mode /opt/stack/data/venv/lib/python3.12/site-packages/oslo_db/sqlalchemy/engines.py:325}}
Jul 23 09:26:49.318929 np0000005744 devstack@n-api-meta.service[96040]: DEBUG oslo_db.sqlalchemy.engines [None req-b3219238-9324-4a3c-b762-c079d8cf50e8 None None] MySQL server mode set to STRICT_TRANS_TABLES,STRICT_ALL_TABLES,NO_ZERO_IN_DATE,NO_ZERO_DATE,ERROR_FOR_DIVISION_BY_ZERO,TRADITIONAL,NO_ENGINE_SUBSTITUTION {{(pid=96040) _check_effective_sql_mode /opt/stack/data/venv/lib/python3.12/site-packages/oslo_db/sqlalchemy/engines.py:325}}
Jul 23 09:26:49.332733 np0000005744 devstack@n-api-meta.service[96042]: DEBUG dbcounter [-] [96042] Writer thread running {{(pid=96042) stat_writer /opt/stack/data/venv/lib/python3.12/site-packages/dbcounter.py:102}}
Jul 23 09:26:49.332925 np0000005744 devstack@n-api-meta.service[96039]: DEBUG oslo_db.sqlalchemy.engines [None req-ad57ff8e-b620-4648-b696-beb6f437da48 None None] MySQL server mode set to STRICT_TRANS_TABLES,STRICT_ALL_TABLES,NO_ZERO_IN_DATE,NO_ZERO_DATE,ERROR_FOR_DIVISION_BY_ZERO,TRADITIONAL,NO_ENGINE_SUBSTITUTION {{(pid=96039) _check_effective_sql_mode /opt/stack/data/venv/lib/python3.12/site-packages/oslo_db/sqlalchemy/engines.py:325}}
Jul 23 09:26:49.337361 np0000005744 devstack@n-api-meta.service[96039]: DEBUG oslo_db.sqlalchemy.engines [None req-ad57ff8e-b620-4648-b696-beb6f437da48 None None] MySQL server mode set to STRICT_TRANS_TABLES,STRICT_ALL_TABLES,NO_ZERO_IN_DATE,NO_ZERO_DATE,ERROR_FOR_DIVISION_BY_ZERO,TRADITIONAL,NO_ENGINE_SUBSTITUTION {{(pid=96039) _check_effective_sql_mode /opt/stack/data/venv/lib/python3.12/site-packages/oslo_db/sqlalchemy/engines.py:325}}
Jul 23 09:26:49.337442 np0000005744 devstack@n-api-meta.service[96042]: DEBUG nova.context [None req-6797a9bd-0c35-45f4-ab70-36f2814069fb None None] Found 2 cells: 00000000-0000-0000-0000-000000000000(cell0),a5b3b0d2-4dfc-4519-a7dd-874e81fdff65(cell1) {{(pid=96042) load_cells /opt/stack/nova/nova/context.py:509}}
Jul 23 09:26:49.337702 np0000005744 devstack@n-api-meta.service[96042]: INFO nova.utils [None req-6797a9bd-0c35-45f4-ab70-36f2814069fb None None] The cell worker thread pool MainProcess.cell_worker is initialized
Jul 23 09:26:49.339576 np0000005744 devstack@n-api-meta.service[96042]: DEBUG oslo_concurrency.lockutils [None req-6797a9bd-0c35-45f4-ab70-36f2814069fb None None] Acquiring lock "00000000-0000-0000-0000-000000000000" by "nova.context.set_target_cell..get_or_set_cached_cell_and_set_connections" {{(pid=96042) inner /opt/stack/data/venv/lib/python3.12/site-packages/oslo_concurrency/lockutils.py:512}}
Jul 23 09:26:49.339747 np0000005744 devstack@n-api-meta.service[96042]: DEBUG oslo_concurrency.lockutils [None req-6797a9bd-0c35-45f4-ab70-36f2814069fb None None] Lock "00000000-0000-0000-0000-000000000000" acquired by "nova.context.set_target_cell..get_or_set_cached_cell_and_set_connections" :: waited 0.000s {{(pid=96042) inner /opt/stack/data/venv/lib/python3.12/site-packages/oslo_concurrency/lockutils.py:525}}
Jul 23 09:26:49.340152 np0000005744 devstack@n-api-meta.service[96042]: DEBUG oslo_concurrency.lockutils [None req-6797a9bd-0c35-45f4-ab70-36f2814069fb None None] Lock "00000000-0000-0000-0000-000000000000" "released" by "nova.context.set_target_cell..get_or_set_cached_cell_and_set_connections" :: held 0.000s {{(pid=96042) inner /opt/stack/data/venv/lib/python3.12/site-packages/oslo_concurrency/lockutils.py:544}}
Jul 23 09:26:49.340826 np0000005744 devstack@n-api-meta.service[96042]: DEBUG oslo_concurrency.lockutils [None req-6797a9bd-0c35-45f4-ab70-36f2814069fb None None] Acquiring lock "a5b3b0d2-4dfc-4519-a7dd-874e81fdff65" by "nova.context.set_target_cell..get_or_set_cached_cell_and_set_connections" {{(pid=96042) inner /opt/stack/data/venv/lib/python3.12/site-packages/oslo_concurrency/lockutils.py:512}}
Jul 23 09:26:49.342469 np0000005744 devstack@n-api-meta.service[96042]: INFO dbcounter [None req-6797a9bd-0c35-45f4-ab70-36f2814069fb None None] Registered counter for database nova_cell0
Jul 23 09:26:49.343658 np0000005744 devstack@n-api-meta.service[96042]: DEBUG oslo_concurrency.lockutils [None req-6797a9bd-0c35-45f4-ab70-36f2814069fb None None] Lock "a5b3b0d2-4dfc-4519-a7dd-874e81fdff65" acquired by "nova.context.set_target_cell..get_or_set_cached_cell_and_set_connections" :: waited 0.001s {{(pid=96042) inner /opt/stack/data/venv/lib/python3.12/site-packages/oslo_concurrency/lockutils.py:525}}
Jul 23 09:26:49.345035 np0000005744 devstack@n-api-meta.service[96042]: DEBUG oslo_concurrency.lockutils [None req-6797a9bd-0c35-45f4-ab70-36f2814069fb None None] Lock "a5b3b0d2-4dfc-4519-a7dd-874e81fdff65" "released" by "nova.context.set_target_cell..get_or_set_cached_cell_and_set_connections" :: held 0.003s {{(pid=96042) inner /opt/stack/data/venv/lib/python3.12/site-packages/oslo_concurrency/lockutils.py:544}}
Jul 23 09:26:49.347072 np0000005744 devstack@n-api-meta.service[96042]: INFO dbcounter [None req-6797a9bd-0c35-45f4-ab70-36f2814069fb None None] Registered counter for database nova_cell1
Jul 23 09:26:49.349589 np0000005744 devstack@n-api-meta.service[96041]: DEBUG dbcounter [-] [96041] Writer thread running {{(pid=96041) stat_writer /opt/stack/data/venv/lib/python3.12/site-packages/dbcounter.py:102}}
Jul 23 09:26:49.356870 np0000005744 devstack@n-api-meta.service[96041]: DEBUG dbcounter [-] [96041] Writer thread running {{(pid=96041) stat_writer /opt/stack/data/venv/lib/python3.12/site-packages/dbcounter.py:102}}
Jul 23 09:26:49.359830 np0000005744 devstack@n-api-meta.service[96041]: INFO dbcounter [None req-9dae0f5c-fa96-476e-b92a-83435b293a9f None None] Registered counter for database nova_cell0
Jul 23 09:26:49.393363 np0000005744 devstack@n-api-meta.service[96042]: DEBUG oslo_db.sqlalchemy.engines [None req-6797a9bd-0c35-45f4-ab70-36f2814069fb None None] MySQL server mode set to STRICT_TRANS_TABLES,STRICT_ALL_TABLES,NO_ZERO_IN_DATE,NO_ZERO_DATE,ERROR_FOR_DIVISION_BY_ZERO,TRADITIONAL,NO_ENGINE_SUBSTITUTION {{(pid=96042) _check_effective_sql_mode /opt/stack/data/venv/lib/python3.12/site-packages/oslo_db/sqlalchemy/engines.py:325}}
Jul 23 09:26:49.401898 np0000005744 devstack@n-api-meta.service[96040]: DEBUG dbcounter [-] [96040] Writer thread running {{(pid=96040) stat_writer /opt/stack/data/venv/lib/python3.12/site-packages/dbcounter.py:102}}
Jul 23 09:26:49.405032 np0000005744 devstack@n-api-meta.service[96042]: DEBUG oslo_db.sqlalchemy.engines [None req-6797a9bd-0c35-45f4-ab70-36f2814069fb None None] MySQL server mode set to STRICT_TRANS_TABLES,STRICT_ALL_TABLES,NO_ZERO_IN_DATE,NO_ZERO_DATE,ERROR_FOR_DIVISION_BY_ZERO,TRADITIONAL,NO_ENGINE_SUBSTITUTION {{(pid=96042) _check_effective_sql_mode /opt/stack/data/venv/lib/python3.12/site-packages/oslo_db/sqlalchemy/engines.py:325}}
Jul 23 09:26:49.406121 np0000005744 devstack@n-api-meta.service[96040]: DEBUG dbcounter [-] [96040] Writer thread running {{(pid=96040) stat_writer /opt/stack/data/venv/lib/python3.12/site-packages/dbcounter.py:102}}
Jul 23 09:26:49.410243 np0000005744 devstack@n-api-meta.service[96040]: INFO dbcounter [None req-b3219238-9324-4a3c-b762-c079d8cf50e8 None None] Registered counter for database nova_cell0
Jul 23 09:26:49.414191 np0000005744 devstack@n-api-meta.service[96041]: DEBUG oslo_db.sqlalchemy.engines [None req-9dae0f5c-fa96-476e-b92a-83435b293a9f None None] MySQL server mode set to STRICT_TRANS_TABLES,STRICT_ALL_TABLES,NO_ZERO_IN_DATE,NO_ZERO_DATE,ERROR_FOR_DIVISION_BY_ZERO,TRADITIONAL,NO_ENGINE_SUBSTITUTION {{(pid=96041) _check_effective_sql_mode /opt/stack/data/venv/lib/python3.12/site-packages/oslo_db/sqlalchemy/engines.py:325}}
Jul 23 09:26:49.421336 np0000005744 devstack@n-api-meta.service[96041]: DEBUG dbcounter [-] [96041] Writer thread running {{(pid=96041) stat_writer /opt/stack/data/venv/lib/python3.12/site-packages/dbcounter.py:102}}
Jul 23 09:26:49.451413 np0000005744 devstack@n-api-meta.service[96039]: DEBUG dbcounter [-] [96039] Writer thread running {{(pid=96039) stat_writer /opt/stack/data/venv/lib/python3.12/site-packages/dbcounter.py:102}}
Jul 23 09:26:49.454863 np0000005744 devstack@n-api-meta.service[96039]: DEBUG dbcounter [-] [96039] Writer thread running {{(pid=96039) stat_writer /opt/stack/data/venv/lib/python3.12/site-packages/dbcounter.py:102}}
Jul 23 09:26:49.458690 np0000005744 devstack@n-api-meta.service[96039]: INFO dbcounter [None req-ad57ff8e-b620-4648-b696-beb6f437da48 None None] Registered counter for database nova_cell0
Jul 23 09:26:49.463739 np0000005744 devstack@n-api-meta.service[96040]: DEBUG oslo_db.sqlalchemy.engines [None req-b3219238-9324-4a3c-b762-c079d8cf50e8 None None] MySQL server mode set to STRICT_TRANS_TABLES,STRICT_ALL_TABLES,NO_ZERO_IN_DATE,NO_ZERO_DATE,ERROR_FOR_DIVISION_BY_ZERO,TRADITIONAL,NO_ENGINE_SUBSTITUTION {{(pid=96040) _check_effective_sql_mode /opt/stack/data/venv/lib/python3.12/site-packages/oslo_db/sqlalchemy/engines.py:325}}
Jul 23 09:26:49.467864 np0000005744 devstack@n-api-meta.service[96041]: WARNING nova.api.metadata.handler [None req-9dae0f5c-fa96-476e-b92a-83435b293a9f None None] metadata_proxy_shared_secret is not configured, the metadata information returned by the proxy cannot be trusted
Jul 23 09:26:49.471060 np0000005744 devstack@n-api-meta.service[96041]: DEBUG nova.api.openstack.wsgi_app [None req-9dae0f5c-fa96-476e-b92a-83435b293a9f None None] ******************************************************************************** {{(pid=96041) log_opt_values /opt/stack/data/venv/lib/python3.12/site-packages/oslo_config/cfg.py:3226}}
Jul 23 09:26:49.471206 np0000005744 devstack@n-api-meta.service[96041]: DEBUG nova.api.openstack.wsgi_app [None req-9dae0f5c-fa96-476e-b92a-83435b293a9f None None] Configuration options gathered from: {{(pid=96041) log_opt_values /opt/stack/data/venv/lib/python3.12/site-packages/oslo_config/cfg.py:3227}}
Jul 23 09:26:49.471337 np0000005744 devstack@n-api-meta.service[96041]: DEBUG nova.api.openstack.wsgi_app [None req-9dae0f5c-fa96-476e-b92a-83435b293a9f None None] command line args: [] {{(pid=96041) log_opt_values /opt/stack/data/venv/lib/python3.12/site-packages/oslo_config/cfg.py:3228}}
Jul 23 09:26:49.471474 np0000005744 devstack@n-api-meta.service[96040]: DEBUG dbcounter [-] [96040] Writer thread running {{(pid=96040) stat_writer /opt/stack/data/venv/lib/python3.12/site-packages/dbcounter.py:102}}
Jul 23 09:26:49.471534 np0000005744 devstack@n-api-meta.service[96041]: DEBUG nova.api.openstack.wsgi_app [None req-9dae0f5c-fa96-476e-b92a-83435b293a9f None None] config files: ['/etc/nova/api-paste.ini', '/etc/nova/nova.conf'] {{(pid=96041) log_opt_values /opt/stack/data/venv/lib/python3.12/site-packages/oslo_config/cfg.py:3229}}
Jul 23 09:26:49.471663 np0000005744 devstack@n-api-meta.service[96041]: DEBUG nova.api.openstack.wsgi_app [None req-9dae0f5c-fa96-476e-b92a-83435b293a9f None None] ================================================================================ {{(pid=96041) log_opt_values /opt/stack/data/venv/lib/python3.12/site-packages/oslo_config/cfg.py:3234}}
Jul 23 09:26:49.471858 np0000005744 devstack@n-api-meta.service[96041]: DEBUG nova.api.openstack.wsgi_app [None req-9dae0f5c-fa96-476e-b92a-83435b293a9f None None] allow_resize_to_same_host = True {{(pid=96041) log_opt_values /opt/stack/data/venv/lib/python3.12/site-packages/oslo_config/cfg.py:3242}}
Jul 23 09:26:49.472035 np0000005744 devstack@n-api-meta.service[96041]: DEBUG nova.api.openstack.wsgi_app [None req-9dae0f5c-fa96-476e-b92a-83435b293a9f None None] arq_binding_timeout = 300 {{(pid=96041) log_opt_values /opt/stack/data/venv/lib/python3.12/site-packages/oslo_config/cfg.py:3242}}
Jul 23 09:26:49.472220 np0000005744 devstack@n-api-meta.service[96041]: DEBUG nova.api.openstack.wsgi_app [None req-9dae0f5c-fa96-476e-b92a-83435b293a9f None None] block_device_allocate_retries = 60 {{(pid=96041) log_opt_values /opt/stack/data/venv/lib/python3.12/site-packages/oslo_config/cfg.py:3242}}
Jul 23 09:26:49.472395 np0000005744 devstack@n-api-meta.service[96041]: DEBUG nova.api.openstack.wsgi_app [None req-9dae0f5c-fa96-476e-b92a-83435b293a9f None None] block_device_allocate_retries_interval = 3 {{(pid=96041) log_opt_values /opt/stack/data/venv/lib/python3.12/site-packages/oslo_config/cfg.py:3242}}
Jul 23 09:26:49.472585 np0000005744 devstack@n-api-meta.service[96041]: DEBUG nova.api.openstack.wsgi_app [None req-9dae0f5c-fa96-476e-b92a-83435b293a9f None None] cell_worker_thread_pool_size = 5 {{(pid=96041) log_opt_values /opt/stack/data/venv/lib/python3.12/site-packages/oslo_config/cfg.py:3242}}
Jul 23 09:26:49.472768 np0000005744 devstack@n-api-meta.service[96041]: DEBUG nova.api.openstack.wsgi_app [None req-9dae0f5c-fa96-476e-b92a-83435b293a9f None None] cert = self.pem {{(pid=96041) log_opt_values /opt/stack/data/venv/lib/python3.12/site-packages/oslo_config/cfg.py:3242}}
Jul 23 09:26:49.472974 np0000005744 devstack@n-api-meta.service[96041]: DEBUG nova.api.openstack.wsgi_app [None req-9dae0f5c-fa96-476e-b92a-83435b293a9f None None] compute_driver = libvirt.LibvirtDriver {{(pid=96041) log_opt_values /opt/stack/data/venv/lib/python3.12/site-packages/oslo_config/cfg.py:3242}}
Jul 23 09:26:49.473165 np0000005744 devstack@n-api-meta.service[96041]: DEBUG nova.api.openstack.wsgi_app [None req-9dae0f5c-fa96-476e-b92a-83435b293a9f None None] compute_monitors = [] {{(pid=96041) log_opt_values /opt/stack/data/venv/lib/python3.12/site-packages/oslo_config/cfg.py:3242}}
Jul 23 09:26:49.473363 np0000005744 devstack@n-api-meta.service[96041]: DEBUG nova.api.openstack.wsgi_app [None req-9dae0f5c-fa96-476e-b92a-83435b293a9f None None] concurrency_backend = auto {{(pid=96041) log_opt_values /opt/stack/data/venv/lib/python3.12/site-packages/oslo_config/cfg.py:3242}}
Jul 23 09:26:49.473564 np0000005744 devstack@n-api-meta.service[96041]: DEBUG nova.api.openstack.wsgi_app [None req-9dae0f5c-fa96-476e-b92a-83435b293a9f None None] config_dir = [] {{(pid=96041) log_opt_values /opt/stack/data/venv/lib/python3.12/site-packages/oslo_config/cfg.py:3242}}
Jul 23 09:26:49.473745 np0000005744 devstack@n-api-meta.service[96041]: DEBUG nova.api.openstack.wsgi_app [None req-9dae0f5c-fa96-476e-b92a-83435b293a9f None None] config_drive_format = iso9660 {{(pid=96041) log_opt_values /opt/stack/data/venv/lib/python3.12/site-packages/oslo_config/cfg.py:3242}}
Jul 23 09:26:49.473924 np0000005744 devstack@n-api-meta.service[96041]: DEBUG nova.api.openstack.wsgi_app [None req-9dae0f5c-fa96-476e-b92a-83435b293a9f None None] config_file = ['/etc/nova/api-paste.ini', '/etc/nova/nova.conf'] {{(pid=96041) log_opt_values /opt/stack/data/venv/lib/python3.12/site-packages/oslo_config/cfg.py:3242}}
Jul 23 09:26:49.474086 np0000005744 devstack@n-api-meta.service[96041]: DEBUG nova.api.openstack.wsgi_app [None req-9dae0f5c-fa96-476e-b92a-83435b293a9f None None] config_source = [] {{(pid=96041) log_opt_values /opt/stack/data/venv/lib/python3.12/site-packages/oslo_config/cfg.py:3242}}
Jul 23 09:26:49.474270 np0000005744 devstack@n-api-meta.service[96041]: DEBUG nova.api.openstack.wsgi_app [None req-9dae0f5c-fa96-476e-b92a-83435b293a9f None None] console_host = np0000005744 {{(pid=96041) log_opt_values /opt/stack/data/venv/lib/python3.12/site-packages/oslo_config/cfg.py:3242}}
Jul 23 09:26:49.474475 np0000005744 devstack@n-api-meta.service[96041]: DEBUG nova.api.openstack.wsgi_app [None req-9dae0f5c-fa96-476e-b92a-83435b293a9f None None] control_exchange = nova {{(pid=96041) log_opt_values /opt/stack/data/venv/lib/python3.12/site-packages/oslo_config/cfg.py:3242}}
Jul 23 09:26:49.474648 np0000005744 devstack@n-api-meta.service[96041]: DEBUG nova.api.openstack.wsgi_app [None req-9dae0f5c-fa96-476e-b92a-83435b293a9f None None] cpu_allocation_ratio = None {{(pid=96041) log_opt_values /opt/stack/data/venv/lib/python3.12/site-packages/oslo_config/cfg.py:3242}}
Jul 23 09:26:49.474823 np0000005744 devstack@n-api-meta.service[96041]: DEBUG nova.api.openstack.wsgi_app [None req-9dae0f5c-fa96-476e-b92a-83435b293a9f None None] daemon = False {{(pid=96041) log_opt_values /opt/stack/data/venv/lib/python3.12/site-packages/oslo_config/cfg.py:3242}}
Jul 23 09:26:49.475038 np0000005744 devstack@n-api-meta.service[96041]: DEBUG nova.api.openstack.wsgi_app [None req-9dae0f5c-fa96-476e-b92a-83435b293a9f None None] debug = True {{(pid=96041) log_opt_values /opt/stack/data/venv/lib/python3.12/site-packages/oslo_config/cfg.py:3242}}
Jul 23 09:26:49.475212 np0000005744 devstack@n-api-meta.service[96041]: DEBUG nova.api.openstack.wsgi_app [None req-9dae0f5c-fa96-476e-b92a-83435b293a9f None None] default_access_ip_network_name = None {{(pid=96041) log_opt_values /opt/stack/data/venv/lib/python3.12/site-packages/oslo_config/cfg.py:3242}}
Jul 23 09:26:49.475401 np0000005744 devstack@n-api-meta.service[96041]: DEBUG nova.api.openstack.wsgi_app [None req-9dae0f5c-fa96-476e-b92a-83435b293a9f None None] default_availability_zone = nova {{(pid=96041) log_opt_values /opt/stack/data/venv/lib/python3.12/site-packages/oslo_config/cfg.py:3242}}
Jul 23 09:26:49.475478 np0000005744 devstack@n-api-meta.service[96042]: DEBUG dbcounter [-] [96042] Writer thread running {{(pid=96042) stat_writer /opt/stack/data/venv/lib/python3.12/site-packages/dbcounter.py:102}}
Jul 23 09:26:49.475607 np0000005744 devstack@n-api-meta.service[96041]: DEBUG nova.api.openstack.wsgi_app [None req-9dae0f5c-fa96-476e-b92a-83435b293a9f None None] default_ephemeral_format = ext4 {{(pid=96041) log_opt_values /opt/stack/data/venv/lib/python3.12/site-packages/oslo_config/cfg.py:3242}}
Jul 23 09:26:49.475789 np0000005744 devstack@n-api-meta.service[96041]: DEBUG nova.api.openstack.wsgi_app [None req-9dae0f5c-fa96-476e-b92a-83435b293a9f None None] default_green_pool_size = 1000 {{(pid=96041) log_opt_values /opt/stack/data/venv/lib/python3.12/site-packages/oslo_config/cfg.py:3242}}
Jul 23 09:26:49.476117 np0000005744 devstack@n-api-meta.service[96041]: DEBUG nova.api.openstack.wsgi_app [None req-9dae0f5c-fa96-476e-b92a-83435b293a9f None None] default_log_levels = ['amqp=WARN', 'boto=WARN', 'sqlalchemy=WARN', 'suds=INFO', 'oslo.messaging=INFO', 'oslo_messaging=INFO', 'iso8601=WARN', 'requests.packages.urllib3.connectionpool=WARN', 'urllib3.connectionpool=WARN', 'websocket=WARN', 'requests.packages.urllib3.util.retry=WARN', 'urllib3.util.retry=WARN', 'keystonemiddleware=WARN', 'routes.middleware=WARN', 'stevedore=WARN', 'taskflow=WARN', 'keystoneauth=WARN', 'oslo.cache=INFO', 'oslo_policy=INFO', 'dogpile.core.dogpile=INFO', 'glanceclient=WARN', 'oslo.privsep.daemon=INFO'] {{(pid=96041) log_opt_values /opt/stack/data/venv/lib/python3.12/site-packages/oslo_config/cfg.py:3242}}
Jul 23 09:26:49.476298 np0000005744 devstack@n-api-meta.service[96041]: DEBUG nova.api.openstack.wsgi_app [None req-9dae0f5c-fa96-476e-b92a-83435b293a9f None None] default_schedule_zone = None {{(pid=96041) log_opt_values /opt/stack/data/venv/lib/python3.12/site-packages/oslo_config/cfg.py:3242}}
Jul 23 09:26:49.476497 np0000005744 devstack@n-api-meta.service[96041]: DEBUG nova.api.openstack.wsgi_app [None req-9dae0f5c-fa96-476e-b92a-83435b293a9f None None] default_thread_pool_size = 10 {{(pid=96041) log_opt_values /opt/stack/data/venv/lib/python3.12/site-packages/oslo_config/cfg.py:3242}}
Jul 23 09:26:49.476656 np0000005744 devstack@n-api-meta.service[96041]: DEBUG nova.api.openstack.wsgi_app [None req-9dae0f5c-fa96-476e-b92a-83435b293a9f None None] disk_allocation_ratio = None {{(pid=96041) log_opt_values /opt/stack/data/venv/lib/python3.12/site-packages/oslo_config/cfg.py:3242}}
Jul 23 09:26:49.476826 np0000005744 devstack@n-api-meta.service[96041]: DEBUG nova.api.openstack.wsgi_app [None req-9dae0f5c-fa96-476e-b92a-83435b293a9f None None] enable_new_services = True {{(pid=96041) log_opt_values /opt/stack/data/venv/lib/python3.12/site-packages/oslo_config/cfg.py:3242}}
Jul 23 09:26:49.477028 np0000005744 devstack@n-api-meta.service[96041]: DEBUG nova.api.openstack.wsgi_app [None req-9dae0f5c-fa96-476e-b92a-83435b293a9f None None] flat_injected = False {{(pid=96041) log_opt_values /opt/stack/data/venv/lib/python3.12/site-packages/oslo_config/cfg.py:3242}}
Jul 23 09:26:49.477216 np0000005744 devstack@n-api-meta.service[96041]: DEBUG nova.api.openstack.wsgi_app [None req-9dae0f5c-fa96-476e-b92a-83435b293a9f None None] force_config_drive = True {{(pid=96041) log_opt_values /opt/stack/data/venv/lib/python3.12/site-packages/oslo_config/cfg.py:3242}}
Jul 23 09:26:49.477391 np0000005744 devstack@n-api-meta.service[96041]: DEBUG nova.api.openstack.wsgi_app [None req-9dae0f5c-fa96-476e-b92a-83435b293a9f None None] force_raw_images = True {{(pid=96041) log_opt_values /opt/stack/data/venv/lib/python3.12/site-packages/oslo_config/cfg.py:3242}}
Jul 23 09:26:49.477611 np0000005744 devstack@n-api-meta.service[96041]: DEBUG nova.api.openstack.wsgi_app [None req-9dae0f5c-fa96-476e-b92a-83435b293a9f None None] graceful_shutdown_timeout = 5 {{(pid=96041) log_opt_values /opt/stack/data/venv/lib/python3.12/site-packages/oslo_config/cfg.py:3242}}
Jul 23 09:26:49.477797 np0000005744 devstack@n-api-meta.service[96041]: DEBUG nova.api.openstack.wsgi_app [None req-9dae0f5c-fa96-476e-b92a-83435b293a9f None None] heal_instance_info_cache_interval = -1 {{(pid=96041) log_opt_values /opt/stack/data/venv/lib/python3.12/site-packages/oslo_config/cfg.py:3242}}
Jul 23 09:26:49.478067 np0000005744 devstack@n-api-meta.service[96041]: DEBUG nova.api.openstack.wsgi_app [None req-9dae0f5c-fa96-476e-b92a-83435b293a9f None None] host = np0000005744 {{(pid=96041) log_opt_values /opt/stack/data/venv/lib/python3.12/site-packages/oslo_config/cfg.py:3242}}
Jul 23 09:26:49.478251 np0000005744 devstack@n-api-meta.service[96041]: DEBUG nova.api.openstack.wsgi_app [None req-9dae0f5c-fa96-476e-b92a-83435b293a9f None None] initial_cpu_allocation_ratio = 4.0 {{(pid=96041) log_opt_values /opt/stack/data/venv/lib/python3.12/site-packages/oslo_config/cfg.py:3242}}
Jul 23 09:26:49.478434 np0000005744 devstack@n-api-meta.service[96041]: DEBUG nova.api.openstack.wsgi_app [None req-9dae0f5c-fa96-476e-b92a-83435b293a9f None None] initial_disk_allocation_ratio = 1.0 {{(pid=96041) log_opt_values /opt/stack/data/venv/lib/python3.12/site-packages/oslo_config/cfg.py:3242}}
Jul 23 09:26:49.478622 np0000005744 devstack@n-api-meta.service[96041]: DEBUG nova.api.openstack.wsgi_app [None req-9dae0f5c-fa96-476e-b92a-83435b293a9f None None] initial_ram_allocation_ratio = 1.0 {{(pid=96041) log_opt_values /opt/stack/data/venv/lib/python3.12/site-packages/oslo_config/cfg.py:3242}}
Jul 23 09:26:49.478893 np0000005744 devstack@n-api-meta.service[96041]: DEBUG nova.api.openstack.wsgi_app [None req-9dae0f5c-fa96-476e-b92a-83435b293a9f None None] injected_network_template = /opt/stack/nova/nova/virt/interfaces.template {{(pid=96041) log_opt_values /opt/stack/data/venv/lib/python3.12/site-packages/oslo_config/cfg.py:3242}}
Jul 23 09:26:49.479077 np0000005744 devstack@n-api-meta.service[96041]: DEBUG nova.api.openstack.wsgi_app [None req-9dae0f5c-fa96-476e-b92a-83435b293a9f None None] instance_build_timeout = 0 {{(pid=96041) log_opt_values /opt/stack/data/venv/lib/python3.12/site-packages/oslo_config/cfg.py:3242}}
Jul 23 09:26:49.479257 np0000005744 devstack@n-api-meta.service[96041]: DEBUG nova.api.openstack.wsgi_app [None req-9dae0f5c-fa96-476e-b92a-83435b293a9f None None] instance_delete_interval = 300 {{(pid=96041) log_opt_values /opt/stack/data/venv/lib/python3.12/site-packages/oslo_config/cfg.py:3242}}
Jul 23 09:26:49.479460 np0000005744 devstack@n-api-meta.service[96041]: DEBUG nova.api.openstack.wsgi_app [None req-9dae0f5c-fa96-476e-b92a-83435b293a9f None None] instance_format = [instance: %(uuid)s] {{(pid=96041) log_opt_values /opt/stack/data/venv/lib/python3.12/site-packages/oslo_config/cfg.py:3242}}
Jul 23 09:26:49.479646 np0000005744 devstack@n-api-meta.service[96041]: DEBUG nova.api.openstack.wsgi_app [None req-9dae0f5c-fa96-476e-b92a-83435b293a9f None None] instance_name_template = instance-%08x {{(pid=96041) log_opt_values /opt/stack/data/venv/lib/python3.12/site-packages/oslo_config/cfg.py:3242}}
Jul 23 09:26:49.479825 np0000005744 devstack@n-api-meta.service[96041]: DEBUG nova.api.openstack.wsgi_app [None req-9dae0f5c-fa96-476e-b92a-83435b293a9f None None] instance_usage_audit = False {{(pid=96041) log_opt_values /opt/stack/data/venv/lib/python3.12/site-packages/oslo_config/cfg.py:3242}}
Jul 23 09:26:49.480041 np0000005744 devstack@n-api-meta.service[96041]: DEBUG nova.api.openstack.wsgi_app [None req-9dae0f5c-fa96-476e-b92a-83435b293a9f None None] instance_usage_audit_period = month {{(pid=96041) log_opt_values /opt/stack/data/venv/lib/python3.12/site-packages/oslo_config/cfg.py:3242}}
Jul 23 09:26:49.480236 np0000005744 devstack@n-api-meta.service[96041]: DEBUG nova.api.openstack.wsgi_app [None req-9dae0f5c-fa96-476e-b92a-83435b293a9f None None] instance_uuid_format = [instance: %(uuid)s] {{(pid=96041) log_opt_values /opt/stack/data/venv/lib/python3.12/site-packages/oslo_config/cfg.py:3242}}
Jul 23 09:26:49.480432 np0000005744 devstack@n-api-meta.service[96041]: DEBUG nova.api.openstack.wsgi_app [None req-9dae0f5c-fa96-476e-b92a-83435b293a9f None None] instances_path = /opt/stack/data/nova/instances {{(pid=96041) log_opt_values /opt/stack/data/venv/lib/python3.12/site-packages/oslo_config/cfg.py:3242}}
Jul 23 09:26:49.480643 np0000005744 devstack@n-api-meta.service[96041]: DEBUG nova.api.openstack.wsgi_app [None req-9dae0f5c-fa96-476e-b92a-83435b293a9f None None] internal_service_availability_zone = internal {{(pid=96041) log_opt_values /opt/stack/data/venv/lib/python3.12/site-packages/oslo_config/cfg.py:3242}}
Jul 23 09:26:49.480729 np0000005744 devstack@n-api-meta.service[96042]: DEBUG dbcounter [-] [96042] Writer thread running {{(pid=96042) stat_writer /opt/stack/data/venv/lib/python3.12/site-packages/dbcounter.py:102}}
Jul 23 09:26:49.480828 np0000005744 devstack@n-api-meta.service[96041]: DEBUG nova.api.openstack.wsgi_app [None req-9dae0f5c-fa96-476e-b92a-83435b293a9f None None] key = None {{(pid=96041) log_opt_values /opt/stack/data/venv/lib/python3.12/site-packages/oslo_config/cfg.py:3242}}
Jul 23 09:26:49.481035 np0000005744 devstack@n-api-meta.service[96041]: DEBUG nova.api.openstack.wsgi_app [None req-9dae0f5c-fa96-476e-b92a-83435b293a9f None None] live_migration_retry_count = 30 {{(pid=96041) log_opt_values /opt/stack/data/venv/lib/python3.12/site-packages/oslo_config/cfg.py:3242}}
Jul 23 09:26:49.481227 np0000005744 devstack@n-api-meta.service[96041]: DEBUG nova.api.openstack.wsgi_app [None req-9dae0f5c-fa96-476e-b92a-83435b293a9f None None] log_color = False {{(pid=96041) log_opt_values /opt/stack/data/venv/lib/python3.12/site-packages/oslo_config/cfg.py:3242}}
Jul 23 09:26:49.481400 np0000005744 devstack@n-api-meta.service[96041]: DEBUG nova.api.openstack.wsgi_app [None req-9dae0f5c-fa96-476e-b92a-83435b293a9f None None] log_config_append = None {{(pid=96041) log_opt_values /opt/stack/data/venv/lib/python3.12/site-packages/oslo_config/cfg.py:3242}}
Jul 23 09:26:49.481597 np0000005744 devstack@n-api-meta.service[96041]: DEBUG nova.api.openstack.wsgi_app [None req-9dae0f5c-fa96-476e-b92a-83435b293a9f None None] log_date_format = %Y-%m-%d %H:%M:%S {{(pid=96041) log_opt_values /opt/stack/data/venv/lib/python3.12/site-packages/oslo_config/cfg.py:3242}}
Jul 23 09:26:49.481768 np0000005744 devstack@n-api-meta.service[96041]: DEBUG nova.api.openstack.wsgi_app [None req-9dae0f5c-fa96-476e-b92a-83435b293a9f None None] log_dir = None {{(pid=96041) log_opt_values /opt/stack/data/venv/lib/python3.12/site-packages/oslo_config/cfg.py:3242}}
Jul 23 09:26:49.481959 np0000005744 devstack@n-api-meta.service[96041]: DEBUG nova.api.openstack.wsgi_app [None req-9dae0f5c-fa96-476e-b92a-83435b293a9f None None] log_file = None {{(pid=96041) log_opt_values /opt/stack/data/venv/lib/python3.12/site-packages/oslo_config/cfg.py:3242}}
Jul 23 09:26:49.482099 np0000005744 devstack@n-api-meta.service[96041]: DEBUG nova.api.openstack.wsgi_app [None req-9dae0f5c-fa96-476e-b92a-83435b293a9f None None] log_options = True {{(pid=96041) log_opt_values /opt/stack/data/venv/lib/python3.12/site-packages/oslo_config/cfg.py:3242}}
Jul 23 09:26:49.482267 np0000005744 devstack@n-api-meta.service[96041]: DEBUG nova.api.openstack.wsgi_app [None req-9dae0f5c-fa96-476e-b92a-83435b293a9f None None] log_rotate_interval = 1 {{(pid=96041) log_opt_values /opt/stack/data/venv/lib/python3.12/site-packages/oslo_config/cfg.py:3242}}
Jul 23 09:26:49.482465 np0000005744 devstack@n-api-meta.service[96041]: DEBUG nova.api.openstack.wsgi_app [None req-9dae0f5c-fa96-476e-b92a-83435b293a9f None None] log_rotate_interval_type = days {{(pid=96041) log_opt_values /opt/stack/data/venv/lib/python3.12/site-packages/oslo_config/cfg.py:3242}}
Jul 23 09:26:49.482667 np0000005744 devstack@n-api-meta.service[96041]: DEBUG nova.api.openstack.wsgi_app [None req-9dae0f5c-fa96-476e-b92a-83435b293a9f None None] log_rotation_type = none {{(pid=96041) log_opt_values /opt/stack/data/venv/lib/python3.12/site-packages/oslo_config/cfg.py:3242}}
Jul 23 09:26:49.482824 np0000005744 devstack@n-api-meta.service[96041]: DEBUG nova.api.openstack.wsgi_app [None req-9dae0f5c-fa96-476e-b92a-83435b293a9f None None] logging_context_format_string = %(color)s%(levelname)s %(name)s [%(global_request_id)s %(request_id)s %(project_name)s %(user_name)s%(color)s] %(instance)s%(color)s%(message)s {{(pid=96041) log_opt_values /opt/stack/data/venv/lib/python3.12/site-packages/oslo_config/cfg.py:3242}}
Jul 23 09:26:49.483002 np0000005744 devstack@n-api-meta.service[96041]: DEBUG nova.api.openstack.wsgi_app [None req-9dae0f5c-fa96-476e-b92a-83435b293a9f None None] logging_debug_format_suffix = {{(pid=%(process)d) %(funcName)s %(pathname)s:%(lineno)d}} {{(pid=96041) log_opt_values /opt/stack/data/venv/lib/python3.12/site-packages/oslo_config/cfg.py:3242}}
Jul 23 09:26:49.483202 np0000005744 devstack@n-api-meta.service[96041]: DEBUG nova.api.openstack.wsgi_app [None req-9dae0f5c-fa96-476e-b92a-83435b293a9f None None] logging_default_format_string = %(color)s%(levelname)s %(name)s [-%(color)s] %(instance)s%(color)s%(message)s {{(pid=96041) log_opt_values /opt/stack/data/venv/lib/python3.12/site-packages/oslo_config/cfg.py:3242}}
Jul 23 09:26:49.483284 np0000005744 devstack@n-api-meta.service[96042]: INFO dbcounter [None req-6797a9bd-0c35-45f4-ab70-36f2814069fb None None] Registered counter for database nova_cell0
Jul 23 09:26:49.483391 np0000005744 devstack@n-api-meta.service[96041]: DEBUG nova.api.openstack.wsgi_app [None req-9dae0f5c-fa96-476e-b92a-83435b293a9f None None] logging_exception_prefix = ERROR %(name)s %(instance)s {{(pid=96041) log_opt_values /opt/stack/data/venv/lib/python3.12/site-packages/oslo_config/cfg.py:3242}}
Jul 23 09:26:49.483556 np0000005744 devstack@n-api-meta.service[96041]: DEBUG nova.api.openstack.wsgi_app [None req-9dae0f5c-fa96-476e-b92a-83435b293a9f None None] logging_user_identity_format = %(user)s %(project)s %(domain)s %(system_scope)s %(user_domain)s %(project_domain)s {{(pid=96041) log_opt_values /opt/stack/data/venv/lib/python3.12/site-packages/oslo_config/cfg.py:3242}}
