Jul 23 09:26:48.977295 np0000005744 nova-scheduler[96621]: DEBUG cotyledon.oslo_config_glue [-] workarounds.handle_virt_lifecycle_events = True {{(pid=96621) log_opt_values /opt/stack/data/venv/lib/python3.12/site-packages/oslo_config/cfg.py:3253}}
Jul 23 09:26:48.977492 np0000005744 nova-scheduler[96621]: DEBUG cotyledon.oslo_config_glue [-] workarounds.libvirt_disable_apic = False {{(pid=96621) log_opt_values /opt/stack/data/venv/lib/python3.12/site-packages/oslo_config/cfg.py:3253}}
Jul 23 09:26:48.977492 np0000005744 nova-scheduler[96621]: DEBUG cotyledon.oslo_config_glue [-] workarounds.never_download_image_if_on_rbd = False {{(pid=96621) log_opt_values /opt/stack/data/venv/lib/python3.12/site-packages/oslo_config/cfg.py:3253}}
Jul 23 09:26:48.977492 np0000005744 nova-scheduler[96621]: DEBUG cotyledon.oslo_config_glue [-] workarounds.qemu_monitor_announce_self_count = 3 {{(pid=96621) log_opt_values /opt/stack/data/venv/lib/python3.12/site-packages/oslo_config/cfg.py:3253}}
Jul 23 09:26:48.977492 np0000005744 nova-scheduler[96621]: DEBUG cotyledon.oslo_config_glue [-] workarounds.qemu_monitor_announce_self_interval = 1 {{(pid=96621) log_opt_values /opt/stack/data/venv/lib/python3.12/site-packages/oslo_config/cfg.py:3253}}
Jul 23 09:26:48.977492 np0000005744 nova-scheduler[96621]: DEBUG cotyledon.oslo_config_glue [-] workarounds.reserve_disk_resource_for_image_cache = False {{(pid=96621) log_opt_values /opt/stack/data/venv/lib/python3.12/site-packages/oslo_config/cfg.py:3253}}
Jul 23 09:26:48.977492 np0000005744 nova-scheduler[96621]: DEBUG cotyledon.oslo_config_glue [-] workarounds.skip_cpu_compare_at_startup = False {{(pid=96621) log_opt_values /opt/stack/data/venv/lib/python3.12/site-packages/oslo_config/cfg.py:3253}}
Jul 23 09:26:48.977492 np0000005744 nova-scheduler[96621]: DEBUG cotyledon.oslo_config_glue [-] workarounds.skip_cpu_compare_on_dest = False {{(pid=96621) log_opt_values /opt/stack/data/venv/lib/python3.12/site-packages/oslo_config/cfg.py:3253}}
Jul 23 09:26:48.977492 np0000005744 nova-scheduler[96621]: DEBUG cotyledon.oslo_config_glue [-] workarounds.skip_hypervisor_version_check_on_lm = False {{(pid=96621) log_opt_values /opt/stack/data/venv/lib/python3.12/site-packages/oslo_config/cfg.py:3253}}
Jul 23 09:26:48.977492 np0000005744 nova-scheduler[96621]: DEBUG cotyledon.oslo_config_glue [-] workarounds.skip_reserve_in_use_ironic_nodes = False {{(pid=96621) log_opt_values /opt/stack/data/venv/lib/python3.12/site-packages/oslo_config/cfg.py:3253}}
Jul 23 09:26:48.977675 np0000005744 nova-scheduler[96621]: DEBUG cotyledon.oslo_config_glue [-] workarounds.unified_limits_count_pcpu_as_vcpu = False {{(pid=96621) log_opt_values /opt/stack/data/venv/lib/python3.12/site-packages/oslo_config/cfg.py:3253}}
Jul 23 09:26:48.977675 np0000005744 nova-scheduler[96621]: DEBUG cotyledon.oslo_config_glue [-] workarounds.wait_for_vif_plugged_event_during_hard_reboot = [] {{(pid=96621) log_opt_values /opt/stack/data/venv/lib/python3.12/site-packages/oslo_config/cfg.py:3253}}
Jul 23 09:26:48.977675 np0000005744 nova-scheduler[96621]: DEBUG cotyledon.oslo_config_glue [-] wsgi.api_paste_config = /etc/nova/api-paste.ini {{(pid=96621) log_opt_values /opt/stack/data/venv/lib/python3.12/site-packages/oslo_config/cfg.py:3253}}
Jul 23 09:26:48.977675 np0000005744 nova-scheduler[96621]: DEBUG cotyledon.oslo_config_glue [-] wsgi.secure_proxy_ssl_header = None {{(pid=96621) log_opt_values /opt/stack/data/venv/lib/python3.12/site-packages/oslo_config/cfg.py:3253}}
Jul 23 09:26:48.977675 np0000005744 nova-scheduler[96621]: DEBUG cotyledon.oslo_config_glue [-] zvm.ca_file = None {{(pid=96621) log_opt_values /opt/stack/data/venv/lib/python3.12/site-packages/oslo_config/cfg.py:3253}}
Jul 23 09:26:48.977675 np0000005744 nova-scheduler[96621]: DEBUG cotyledon.oslo_config_glue [-] zvm.cloud_connector_url = None {{(pid=96621) log_opt_values /opt/stack/data/venv/lib/python3.12/site-packages/oslo_config/cfg.py:3253}}
Jul 23 09:26:48.977675 np0000005744 nova-scheduler[96621]: DEBUG cotyledon.oslo_config_glue [-] zvm.image_tmp_path = /opt/stack/data/nova/images {{(pid=96621) log_opt_values /opt/stack/data/venv/lib/python3.12/site-packages/oslo_config/cfg.py:3253}}
Jul 23 09:26:48.977675 np0000005744 nova-scheduler[96621]: DEBUG cotyledon.oslo_config_glue [-] zvm.reachable_timeout = 300 {{(pid=96621) log_opt_values /opt/stack/data/venv/lib/python3.12/site-packages/oslo_config/cfg.py:3253}}
Jul 23 09:26:48.977675 np0000005744 nova-scheduler[96621]: DEBUG cotyledon.oslo_config_glue [-] oslo_versionedobjects.fatal_exception_format_errors = False {{(pid=96621) log_opt_values /opt/stack/data/venv/lib/python3.12/site-packages/oslo_config/cfg.py:3253}}
Jul 23 09:26:48.977860 np0000005744 nova-scheduler[96621]: DEBUG cotyledon.oslo_config_glue [-] oslo_middleware.http_basic_auth_user_file = /etc/htpasswd {{(pid=96621) log_opt_values /opt/stack/data/venv/lib/python3.12/site-packages/oslo_config/cfg.py:3253}}
Jul 23 09:26:48.977860 np0000005744 nova-scheduler[96621]: DEBUG cotyledon.oslo_config_glue [-] oslo_messaging_metrics.metrics_buffer_size = 1000 {{(pid=96621) log_opt_values /opt/stack/data/venv/lib/python3.12/site-packages/oslo_config/cfg.py:3253}}
Jul 23 09:26:48.977860 np0000005744 nova-scheduler[96621]: DEBUG cotyledon.oslo_config_glue [-] oslo_messaging_metrics.metrics_enabled = False {{(pid=96621) log_opt_values /opt/stack/data/venv/lib/python3.12/site-packages/oslo_config/cfg.py:3253}}
Jul 23 09:26:48.977860 np0000005744 nova-scheduler[96621]: DEBUG cotyledon.oslo_config_glue [-] oslo_messaging_metrics.metrics_process_name = {{(pid=96621) log_opt_values /opt/stack/data/venv/lib/python3.12/site-packages/oslo_config/cfg.py:3253}}
Jul 23 09:26:48.977860 np0000005744 nova-scheduler[96621]: DEBUG cotyledon.oslo_config_glue [-] oslo_messaging_metrics.metrics_socket_file = /var/tmp/metrics_collector.sock {{(pid=96621) log_opt_values /opt/stack/data/venv/lib/python3.12/site-packages/oslo_config/cfg.py:3253}}
Jul 23 09:26:48.977860 np0000005744 nova-scheduler[96621]: DEBUG cotyledon.oslo_config_glue [-] oslo_messaging_metrics.metrics_thread_stop_timeout = 10 {{(pid=96621) log_opt_values /opt/stack/data/venv/lib/python3.12/site-packages/oslo_config/cfg.py:3253}}
Jul 23 09:26:48.977860 np0000005744 nova-scheduler[96621]: DEBUG cotyledon.oslo_config_glue [-] profiler.connection_string = messaging:// {{(pid=96621) log_opt_values /opt/stack/data/venv/lib/python3.12/site-packages/oslo_config/cfg.py:3253}}
Jul 23 09:26:48.977860 np0000005744 nova-scheduler[96621]: DEBUG cotyledon.oslo_config_glue [-] profiler.enabled = False {{(pid=96621) log_opt_values /opt/stack/data/venv/lib/python3.12/site-packages/oslo_config/cfg.py:3253}}
Jul 23 09:26:48.977860 np0000005744 nova-scheduler[96621]: DEBUG cotyledon.oslo_config_glue [-] profiler.es_doc_type = notification {{(pid=96621) log_opt_values /opt/stack/data/venv/lib/python3.12/site-packages/oslo_config/cfg.py:3253}}
Jul 23 09:26:48.978065 np0000005744 nova-scheduler[96621]: DEBUG cotyledon.oslo_config_glue [-] profiler.es_scroll_size = 10000 {{(pid=96621) log_opt_values /opt/stack/data/venv/lib/python3.12/site-packages/oslo_config/cfg.py:3253}}
Jul 23 09:26:48.978065 np0000005744 nova-scheduler[96621]: DEBUG cotyledon.oslo_config_glue [-] profiler.es_scroll_time = 2m {{(pid=96621) log_opt_values /opt/stack/data/venv/lib/python3.12/site-packages/oslo_config/cfg.py:3253}}
Jul 23 09:26:48.978065 np0000005744 nova-scheduler[96621]: DEBUG cotyledon.oslo_config_glue [-] profiler.filter_error_trace = False {{(pid=96621) log_opt_values /opt/stack/data/venv/lib/python3.12/site-packages/oslo_config/cfg.py:3253}}
Jul 23 09:26:48.978065 np0000005744 nova-scheduler[96621]: DEBUG cotyledon.oslo_config_glue [-] profiler.hmac_keys = **** {{(pid=96621) log_opt_values /opt/stack/data/venv/lib/python3.12/site-packages/oslo_config/cfg.py:3253}}
Jul 23 09:26:48.978065 np0000005744 nova-scheduler[96621]: DEBUG cotyledon.oslo_config_glue [-] profiler.sentinel_service_name = mymaster {{(pid=96621) log_opt_values /opt/stack/data/venv/lib/python3.12/site-packages/oslo_config/cfg.py:3253}}
Jul 23 09:26:48.978065 np0000005744 nova-scheduler[96621]: DEBUG cotyledon.oslo_config_glue [-] profiler.socket_timeout = 0.1 {{(pid=96621) log_opt_values /opt/stack/data/venv/lib/python3.12/site-packages/oslo_config/cfg.py:3253}}
Jul 23 09:26:48.978065 np0000005744 nova-scheduler[96621]: DEBUG cotyledon.oslo_config_glue [-] profiler.trace_requests = False {{(pid=96621) log_opt_values /opt/stack/data/venv/lib/python3.12/site-packages/oslo_config/cfg.py:3253}}
Jul 23 09:26:48.978065 np0000005744 nova-scheduler[96621]: DEBUG cotyledon.oslo_config_glue [-] profiler.trace_sqlalchemy = False {{(pid=96621) log_opt_values /opt/stack/data/venv/lib/python3.12/site-packages/oslo_config/cfg.py:3253}}
Jul 23 09:26:48.978065 np0000005744 nova-scheduler[96621]: DEBUG cotyledon.oslo_config_glue [-] profiler_jaeger.process_tags = {} {{(pid=96621) log_opt_values /opt/stack/data/venv/lib/python3.12/site-packages/oslo_config/cfg.py:3253}}
Jul 23 09:26:48.978240 np0000005744 nova-scheduler[96621]: DEBUG cotyledon.oslo_config_glue [-] profiler_jaeger.service_name_prefix = None {{(pid=96621) log_opt_values /opt/stack/data/venv/lib/python3.12/site-packages/oslo_config/cfg.py:3253}}
Jul 23 09:26:48.978240 np0000005744 nova-scheduler[96621]: DEBUG cotyledon.oslo_config_glue [-] profiler_otlp.service_name_prefix = None {{(pid=96621) log_opt_values /opt/stack/data/venv/lib/python3.12/site-packages/oslo_config/cfg.py:3253}}
Jul 23 09:26:48.978240 np0000005744 nova-scheduler[96621]: DEBUG cotyledon.oslo_config_glue [-] oslo_messaging_rabbit.amqp_auto_delete = False {{(pid=96621) log_opt_values /opt/stack/data/venv/lib/python3.12/site-packages/oslo_config/cfg.py:3253}}
Jul 23 09:26:48.978240 np0000005744 nova-scheduler[96621]: DEBUG cotyledon.oslo_config_glue [-] oslo_messaging_rabbit.amqp_durable_queues = False {{(pid=96621) log_opt_values /opt/stack/data/venv/lib/python3.12/site-packages/oslo_config/cfg.py:3253}}
Jul 23 09:26:48.978240 np0000005744 nova-scheduler[96621]: DEBUG cotyledon.oslo_config_glue [-] oslo_messaging_rabbit.conn_pool_min_size = 2 {{(pid=96621) log_opt_values /opt/stack/data/venv/lib/python3.12/site-packages/oslo_config/cfg.py:3253}}
Jul 23 09:26:48.978240 np0000005744 nova-scheduler[96621]: DEBUG cotyledon.oslo_config_glue [-] oslo_messaging_rabbit.conn_pool_ttl = 1200 {{(pid=96621) log_opt_values /opt/stack/data/venv/lib/python3.12/site-packages/oslo_config/cfg.py:3253}}
Jul 23 09:26:48.978240 np0000005744 nova-scheduler[96621]: DEBUG cotyledon.oslo_config_glue [-] oslo_messaging_rabbit.direct_mandatory_flag = True {{(pid=96621) log_opt_values /opt/stack/data/venv/lib/python3.12/site-packages/oslo_config/cfg.py:3253}}
Jul 23 09:26:48.978240 np0000005744 nova-scheduler[96621]: DEBUG cotyledon.oslo_config_glue [-] oslo_messaging_rabbit.enable_cancel_on_failover = False {{(pid=96621) log_opt_values /opt/stack/data/venv/lib/python3.12/site-packages/oslo_config/cfg.py:3253}}
Jul 23 09:26:48.978240 np0000005744 nova-scheduler[96621]: DEBUG cotyledon.oslo_config_glue [-] oslo_messaging_rabbit.heartbeat_rate = 3 {{(pid=96621) log_opt_values /opt/stack/data/venv/lib/python3.12/site-packages/oslo_config/cfg.py:3253}}
Jul 23 09:26:48.978413 np0000005744 nova-scheduler[96621]: DEBUG cotyledon.oslo_config_glue [-] oslo_messaging_rabbit.heartbeat_timeout_threshold = 60 {{(pid=96621) log_opt_values /opt/stack/data/venv/lib/python3.12/site-packages/oslo_config/cfg.py:3253}}
Jul 23 09:26:48.978413 np0000005744 nova-scheduler[96621]: DEBUG cotyledon.oslo_config_glue [-] oslo_messaging_rabbit.hostname = np0000005744 {{(pid=96621) log_opt_values /opt/stack/data/venv/lib/python3.12/site-packages/oslo_config/cfg.py:3253}}
Jul 23 09:26:48.978413 np0000005744 nova-scheduler[96621]: DEBUG cotyledon.oslo_config_glue [-] oslo_messaging_rabbit.kombu_compression = None {{(pid=96621) log_opt_values /opt/stack/data/venv/lib/python3.12/site-packages/oslo_config/cfg.py:3253}}
Jul 23 09:26:48.978413 np0000005744 nova-scheduler[96621]: DEBUG cotyledon.oslo_config_glue [-] oslo_messaging_rabbit.kombu_failover_strategy = round-robin {{(pid=96621) log_opt_values /opt/stack/data/venv/lib/python3.12/site-packages/oslo_config/cfg.py:3253}}
Jul 23 09:26:48.978413 np0000005744 nova-scheduler[96621]: DEBUG cotyledon.oslo_config_glue [-] oslo_messaging_rabbit.kombu_missing_consumer_retry_timeout = 60 {{(pid=96621) log_opt_values /opt/stack/data/venv/lib/python3.12/site-packages/oslo_config/cfg.py:3253}}
Jul 23 09:26:48.978413 np0000005744 nova-scheduler[96621]: DEBUG cotyledon.oslo_config_glue [-] oslo_messaging_rabbit.kombu_reconnect_delay = 1.0 {{(pid=96621) log_opt_values /opt/stack/data/venv/lib/python3.12/site-packages/oslo_config/cfg.py:3253}}
Jul 23 09:26:48.978413 np0000005744 nova-scheduler[96621]: DEBUG cotyledon.oslo_config_glue [-] oslo_messaging_rabbit.kombu_reconnect_splay = 0.0 {{(pid=96621) log_opt_values /opt/stack/data/venv/lib/python3.12/site-packages/oslo_config/cfg.py:3253}}
Jul 23 09:26:48.978413 np0000005744 nova-scheduler[96621]: DEBUG cotyledon.oslo_config_glue [-] oslo_messaging_rabbit.processname = nova-scheduler {{(pid=96621) log_opt_values /opt/stack/data/venv/lib/python3.12/site-packages/oslo_config/cfg.py:3253}}
Jul 23 09:26:48.978413 np0000005744 nova-scheduler[96621]: DEBUG cotyledon.oslo_config_glue [-] oslo_messaging_rabbit.rabbit_ha_queues = False {{(pid=96621) log_opt_values /opt/stack/data/venv/lib/python3.12/site-packages/oslo_config/cfg.py:3253}}
Jul 23 09:26:48.978667 np0000005744 nova-scheduler[96621]: DEBUG cotyledon.oslo_config_glue [-] oslo_messaging_rabbit.rabbit_interval_max = 30 {{(pid=96621) log_opt_values /opt/stack/data/venv/lib/python3.12/site-packages/oslo_config/cfg.py:3253}}
Jul 23 09:26:48.978667 np0000005744 nova-scheduler[96621]: DEBUG cotyledon.oslo_config_glue [-] oslo_messaging_rabbit.rabbit_login_method = AMQPLAIN {{(pid=96621) log_opt_values /opt/stack/data/venv/lib/python3.12/site-packages/oslo_config/cfg.py:3253}}
Jul 23 09:26:48.978667 np0000005744 nova-scheduler[96621]: DEBUG cotyledon.oslo_config_glue [-] oslo_messaging_rabbit.rabbit_qos_prefetch_count = 0 {{(pid=96621) log_opt_values /opt/stack/data/venv/lib/python3.12/site-packages/oslo_config/cfg.py:3253}}
Jul 23 09:26:48.978667 np0000005744 nova-scheduler[96621]: DEBUG cotyledon.oslo_config_glue [-] oslo_messaging_rabbit.rabbit_quorum_delivery_limit = 0 {{(pid=96621) log_opt_values /opt/stack/data/venv/lib/python3.12/site-packages/oslo_config/cfg.py:3253}}
Jul 23 09:26:48.978667 np0000005744 nova-scheduler[96621]: DEBUG cotyledon.oslo_config_glue [-] oslo_messaging_rabbit.rabbit_quorum_max_memory_bytes = 0 {{(pid=96621) log_opt_values /opt/stack/data/venv/lib/python3.12/site-packages/oslo_config/cfg.py:3253}}
Jul 23 09:26:48.978667 np0000005744 nova-scheduler[96621]: DEBUG cotyledon.oslo_config_glue [-] oslo_messaging_rabbit.rabbit_quorum_max_memory_length = 0 {{(pid=96621) log_opt_values /opt/stack/data/venv/lib/python3.12/site-packages/oslo_config/cfg.py:3253}}
Jul 23 09:26:48.978667 np0000005744 nova-scheduler[96621]: DEBUG cotyledon.oslo_config_glue [-] oslo_messaging_rabbit.rabbit_quorum_queue = False {{(pid=96621) log_opt_values /opt/stack/data/venv/lib/python3.12/site-packages/oslo_config/cfg.py:3253}}
Jul 23 09:26:48.978667 np0000005744 nova-scheduler[96621]: DEBUG cotyledon.oslo_config_glue [-] oslo_messaging_rabbit.rabbit_retry_backoff = 2 {{(pid=96621) log_opt_values /opt/stack/data/venv/lib/python3.12/site-packages/oslo_config/cfg.py:3253}}
Jul 23 09:26:48.978667 np0000005744 nova-scheduler[96621]: DEBUG cotyledon.oslo_config_glue [-] oslo_messaging_rabbit.rabbit_retry_interval = 1 {{(pid=96621) log_opt_values /opt/stack/data/venv/lib/python3.12/site-packages/oslo_config/cfg.py:3253}}
Jul 23 09:26:48.978872 np0000005744 nova-scheduler[96621]: DEBUG cotyledon.oslo_config_glue [-] oslo_messaging_rabbit.rabbit_stream_fanout = False {{(pid=96621) log_opt_values /opt/stack/data/venv/lib/python3.12/site-packages/oslo_config/cfg.py:3253}}
Jul 23 09:26:48.978872 np0000005744 nova-scheduler[96621]: DEBUG cotyledon.oslo_config_glue [-] oslo_messaging_rabbit.rabbit_transient_queues_ttl = 1800 {{(pid=96621) log_opt_values /opt/stack/data/venv/lib/python3.12/site-packages/oslo_config/cfg.py:3253}}
Jul 23 09:26:48.978872 np0000005744 nova-scheduler[96621]: DEBUG cotyledon.oslo_config_glue [-] oslo_messaging_rabbit.rabbit_transient_quorum_queue = False {{(pid=96621) log_opt_values /opt/stack/data/venv/lib/python3.12/site-packages/oslo_config/cfg.py:3253}}
Jul 23 09:26:48.978872 np0000005744 nova-scheduler[96621]: DEBUG cotyledon.oslo_config_glue [-] oslo_messaging_rabbit.rpc_conn_pool_size = 30 {{(pid=96621) log_opt_values /opt/stack/data/venv/lib/python3.12/site-packages/oslo_config/cfg.py:3253}}
Jul 23 09:26:48.978872 np0000005744 nova-scheduler[96621]: DEBUG cotyledon.oslo_config_glue [-] oslo_messaging_rabbit.ssl = False {{(pid=96621) log_opt_values /opt/stack/data/venv/lib/python3.12/site-packages/oslo_config/cfg.py:3253}}
Jul 23 09:26:48.978872 np0000005744 nova-scheduler[96621]: DEBUG cotyledon.oslo_config_glue [-] oslo_messaging_rabbit.ssl_ca_file = {{(pid=96621) log_opt_values /opt/stack/data/venv/lib/python3.12/site-packages/oslo_config/cfg.py:3253}}
Jul 23 09:26:48.978872 np0000005744 nova-scheduler[96621]: DEBUG cotyledon.oslo_config_glue [-] oslo_messaging_rabbit.ssl_cert_file = {{(pid=96621) log_opt_values /opt/stack/data/venv/lib/python3.12/site-packages/oslo_config/cfg.py:3253}}
Jul 23 09:26:48.978872 np0000005744 nova-scheduler[96621]: DEBUG cotyledon.oslo_config_glue [-] oslo_messaging_rabbit.ssl_enforce_fips_mode = False {{(pid=96621) log_opt_values /opt/stack/data/venv/lib/python3.12/site-packages/oslo_config/cfg.py:3253}}
Jul 23 09:26:48.978872 np0000005744 nova-scheduler[96621]: DEBUG cotyledon.oslo_config_glue [-] oslo_messaging_rabbit.ssl_enforce_hostname_verification = True {{(pid=96621) log_opt_values /opt/stack/data/venv/lib/python3.12/site-packages/oslo_config/cfg.py:3253}}
Jul 23 09:26:48.979079 np0000005744 nova-scheduler[96621]: DEBUG cotyledon.oslo_config_glue [-] oslo_messaging_rabbit.ssl_key_file = {{(pid=96621) log_opt_values /opt/stack/data/venv/lib/python3.12/site-packages/oslo_config/cfg.py:3253}}
Jul 23 09:26:48.979079 np0000005744 nova-scheduler[96621]: DEBUG cotyledon.oslo_config_glue [-] oslo_messaging_rabbit.ssl_version = {{(pid=96621) log_opt_values /opt/stack/data/venv/lib/python3.12/site-packages/oslo_config/cfg.py:3253}}
Jul 23 09:26:48.979079 np0000005744 nova-scheduler[96621]: DEBUG cotyledon.oslo_config_glue [-] oslo_messaging_rabbit.use_queue_manager = False {{(pid=96621) log_opt_values /opt/stack/data/venv/lib/python3.12/site-packages/oslo_config/cfg.py:3253}}
Jul 23 09:26:48.979079 np0000005744 nova-scheduler[96621]: DEBUG cotyledon.oslo_config_glue [-] oslo_messaging_notifications.driver = ['messagingv2'] {{(pid=96621) log_opt_values /opt/stack/data/venv/lib/python3.12/site-packages/oslo_config/cfg.py:3253}}
Jul 23 09:26:48.979079 np0000005744 nova-scheduler[96621]: DEBUG cotyledon.oslo_config_glue [-] oslo_messaging_notifications.retry = -1 {{(pid=96621) log_opt_values /opt/stack/data/venv/lib/python3.12/site-packages/oslo_config/cfg.py:3253}}
Jul 23 09:26:48.979079 np0000005744 nova-scheduler[96621]: DEBUG cotyledon.oslo_config_glue [-] oslo_messaging_notifications.topics = ['notifications'] {{(pid=96621) log_opt_values /opt/stack/data/venv/lib/python3.12/site-packages/oslo_config/cfg.py:3253}}
Jul 23 09:26:48.979079 np0000005744 nova-scheduler[96621]: DEBUG cotyledon.oslo_config_glue [-] oslo_messaging_notifications.transport_url = **** {{(pid=96621) log_opt_values /opt/stack/data/venv/lib/python3.12/site-packages/oslo_config/cfg.py:3253}}
Jul 23 09:26:48.979079 np0000005744 nova-scheduler[96621]: DEBUG cotyledon.oslo_config_glue [-] oslo_limit.auth_section = None {{(pid=96621) log_opt_values /opt/stack/data/venv/lib/python3.12/site-packages/oslo_config/cfg.py:3253}}
Jul 23 09:26:48.979079 np0000005744 nova-scheduler[96621]: DEBUG cotyledon.oslo_config_glue [-] oslo_limit.auth_type = None {{(pid=96621) log_opt_values /opt/stack/data/venv/lib/python3.12/site-packages/oslo_config/cfg.py:3253}}
Jul 23 09:26:48.979252 np0000005744 nova-scheduler[96621]: DEBUG cotyledon.oslo_config_glue [-] oslo_limit.cafile = None {{(pid=96621) log_opt_values /opt/stack/data/venv/lib/python3.12/site-packages/oslo_config/cfg.py:3253}}
Jul 23 09:26:48.979252 np0000005744 nova-scheduler[96621]: DEBUG cotyledon.oslo_config_glue [-] oslo_limit.certfile = None {{(pid=96621) log_opt_values /opt/stack/data/venv/lib/python3.12/site-packages/oslo_config/cfg.py:3253}}
Jul 23 09:26:48.979252 np0000005744 nova-scheduler[96621]: DEBUG cotyledon.oslo_config_glue [-] oslo_limit.collect_timing = False {{(pid=96621) log_opt_values /opt/stack/data/venv/lib/python3.12/site-packages/oslo_config/cfg.py:3253}}
Jul 23 09:26:48.979252 np0000005744 nova-scheduler[96621]: DEBUG cotyledon.oslo_config_glue [-] oslo_limit.connect_retries = None {{(pid=96621) log_opt_values /opt/stack/data/venv/lib/python3.12/site-packages/oslo_config/cfg.py:3253}}
Jul 23 09:26:48.979252 np0000005744 nova-scheduler[96621]: DEBUG cotyledon.oslo_config_glue [-] oslo_limit.connect_retry_delay = None {{(pid=96621) log_opt_values /opt/stack/data/venv/lib/python3.12/site-packages/oslo_config/cfg.py:3253}}
Jul 23 09:26:48.979252 np0000005744 nova-scheduler[96621]: DEBUG cotyledon.oslo_config_glue [-] oslo_limit.endpoint_id = None {{(pid=96621) log_opt_values /opt/stack/data/venv/lib/python3.12/site-packages/oslo_config/cfg.py:3253}}
Jul 23 09:26:48.979252 np0000005744 nova-scheduler[96621]: DEBUG cotyledon.oslo_config_glue [-] oslo_limit.endpoint_interface = public {{(pid=96621) log_opt_values /opt/stack/data/venv/lib/python3.12/site-packages/oslo_config/cfg.py:3253}}
Jul 23 09:26:48.979252 np0000005744 nova-scheduler[96621]: DEBUG cotyledon.oslo_config_glue [-] oslo_limit.endpoint_override = None {{(pid=96621) log_opt_values /opt/stack/data/venv/lib/python3.12/site-packages/oslo_config/cfg.py:3253}}
Jul 23 09:26:48.979252 np0000005744 nova-scheduler[96621]: DEBUG cotyledon.oslo_config_glue [-] oslo_limit.endpoint_region_name = None {{(pid=96621) log_opt_values /opt/stack/data/venv/lib/python3.12/site-packages/oslo_config/cfg.py:3253}}
Jul 23 09:26:48.979434 np0000005744 nova-scheduler[96621]: DEBUG cotyledon.oslo_config_glue [-] oslo_limit.endpoint_service_name = None {{(pid=96621) log_opt_values /opt/stack/data/venv/lib/python3.12/site-packages/oslo_config/cfg.py:3253}}
Jul 23 09:26:48.979434 np0000005744 nova-scheduler[96621]: DEBUG cotyledon.oslo_config_glue [-] oslo_limit.endpoint_service_type = None {{(pid=96621) log_opt_values /opt/stack/data/venv/lib/python3.12/site-packages/oslo_config/cfg.py:3253}}
Jul 23 09:26:48.979434 np0000005744 nova-scheduler[96621]: DEBUG cotyledon.oslo_config_glue [-] oslo_limit.insecure = False {{(pid=96621) log_opt_values /opt/stack/data/venv/lib/python3.12/site-packages/oslo_config/cfg.py:3253}}
Jul 23 09:26:48.979434 np0000005744 nova-scheduler[96621]: DEBUG cotyledon.oslo_config_glue [-] oslo_limit.keyfile = None {{(pid=96621) log_opt_values /opt/stack/data/venv/lib/python3.12/site-packages/oslo_config/cfg.py:3253}}
Jul 23 09:26:48.979434 np0000005744 nova-scheduler[96621]: DEBUG cotyledon.oslo_config_glue [-] oslo_limit.max_version = None {{(pid=96621) log_opt_values /opt/stack/data/venv/lib/python3.12/site-packages/oslo_config/cfg.py:3253}}
Jul 23 09:26:48.979434 np0000005744 nova-scheduler[96621]: DEBUG cotyledon.oslo_config_glue [-] oslo_limit.min_version = None {{(pid=96621) log_opt_values /opt/stack/data/venv/lib/python3.12/site-packages/oslo_config/cfg.py:3253}}
Jul 23 09:26:48.979434 np0000005744 nova-scheduler[96621]: DEBUG cotyledon.oslo_config_glue [-] oslo_limit.region_name = None {{(pid=96621) log_opt_values /opt/stack/data/venv/lib/python3.12/site-packages/oslo_config/cfg.py:3253}}
Jul 23 09:26:48.979434 np0000005744 nova-scheduler[96621]: DEBUG cotyledon.oslo_config_glue [-] oslo_limit.retriable_status_codes = None {{(pid=96621) log_opt_values /opt/stack/data/venv/lib/python3.12/site-packages/oslo_config/cfg.py:3253}}
Jul 23 09:26:48.979434 np0000005744 nova-scheduler[96621]: DEBUG cotyledon.oslo_config_glue [-] oslo_limit.service_name = None {{(pid=96621) log_opt_values /opt/stack/data/venv/lib/python3.12/site-packages/oslo_config/cfg.py:3253}}
Jul 23 09:26:48.979648 np0000005744 nova-scheduler[96621]: DEBUG cotyledon.oslo_config_glue [-] oslo_limit.service_type = None {{(pid=96621) log_opt_values /opt/stack/data/venv/lib/python3.12/site-packages/oslo_config/cfg.py:3253}}
Jul 23 09:26:48.979648 np0000005744 nova-scheduler[96621]: DEBUG cotyledon.oslo_config_glue [-] oslo_limit.split_loggers = False {{(pid=96621) log_opt_values /opt/stack/data/venv/lib/python3.12/site-packages/oslo_config/cfg.py:3253}}
Jul 23 09:26:48.979648 np0000005744 nova-scheduler[96621]: DEBUG cotyledon.oslo_config_glue [-] oslo_limit.status_code_retries = None {{(pid=96621) log_opt_values /opt/stack/data/venv/lib/python3.12/site-packages/oslo_config/cfg.py:3253}}
Jul 23 09:26:48.979648 np0000005744 nova-scheduler[96621]: DEBUG cotyledon.oslo_config_glue [-] oslo_limit.status_code_retry_delay = None {{(pid=96621) log_opt_values /opt/stack/data/venv/lib/python3.12/site-packages/oslo_config/cfg.py:3253}}
Jul 23 09:26:48.979648 np0000005744 nova-scheduler[96621]: DEBUG cotyledon.oslo_config_glue [-] oslo_limit.timeout = None {{(pid=96621) log_opt_values /opt/stack/data/venv/lib/python3.12/site-packages/oslo_config/cfg.py:3253}}
Jul 23 09:26:48.979648 np0000005744 nova-scheduler[96621]: DEBUG cotyledon.oslo_config_glue [-] oslo_limit.valid_interfaces = None {{(pid=96621) log_opt_values /opt/stack/data/venv/lib/python3.12/site-packages/oslo_config/cfg.py:3253}}
Jul 23 09:26:48.979648 np0000005744 nova-scheduler[96621]: DEBUG cotyledon.oslo_config_glue [-] oslo_limit.version = None {{(pid=96621) log_opt_values /opt/stack/data/venv/lib/python3.12/site-packages/oslo_config/cfg.py:3253}}
Jul 23 09:26:48.979648 np0000005744 nova-scheduler[96621]: DEBUG cotyledon.oslo_config_glue [-] oslo_reports.file_event_handler = None {{(pid=96621) log_opt_values /opt/stack/data/venv/lib/python3.12/site-packages/oslo_config/cfg.py:3253}}
Jul 23 09:26:48.979648 np0000005744 nova-scheduler[96621]: DEBUG cotyledon.oslo_config_glue [-] oslo_reports.file_event_handler_interval = 1 {{(pid=96621) log_opt_values /opt/stack/data/venv/lib/python3.12/site-packages/oslo_config/cfg.py:3253}}
Jul 23 09:26:48.979831 np0000005744 nova-scheduler[96621]: DEBUG cotyledon.oslo_config_glue [-] oslo_reports.log_dir = None {{(pid=96621) log_opt_values /opt/stack/data/venv/lib/python3.12/site-packages/oslo_config/cfg.py:3253}}
Jul 23 09:26:48.979831 np0000005744 nova-scheduler[96621]: DEBUG cotyledon.oslo_config_glue [-] ******************************************************************************** {{(pid=96621) log_opt_values /opt/stack/data/venv/lib/python3.12/site-packages/oslo_config/cfg.py:3260}}
Jul 23 09:26:48.979831 np0000005744 nova-scheduler[96621]: DEBUG cotyledon._service_worker [-] Run service ServiceWrapper(2) [96621] {{(pid=96621) wait_forever /opt/stack/data/venv/lib/python3.12/site-packages/cotyledon/_service_worker.py:218}}
Jul 23 09:26:48.979831 np0000005744 nova-scheduler[96621]: INFO nova.service [-] Starting scheduler node (version 33.1.0)
Jul 23 09:26:48.979927 np0000005744 nova-scheduler[96619]: DEBUG oslo_db.sqlalchemy.engines [None req-855947b3-2702-4949-8141-f84f37f3c12b None None] MySQL server mode set to STRICT_TRANS_TABLES,STRICT_ALL_TABLES,NO_ZERO_IN_DATE,NO_ZERO_DATE,ERROR_FOR_DIVISION_BY_ZERO,TRADITIONAL,NO_ENGINE_SUBSTITUTION {{(pid=96619) _check_effective_sql_mode /opt/stack/data/venv/lib/python3.12/site-packages/oslo_db/sqlalchemy/engines.py:325}}
Jul 23 09:26:48.980035 np0000005744 nova-scheduler[96621]: INFO dbcounter [None req-2504f0cc-fc6a-4a4c-a5bb-b176f30381db None None] Registered counter for database nova_cell0
Jul 23 09:26:48.988188 np0000005744 nova-scheduler[96619]: DEBUG dbcounter [-] [96619] Writer thread running {{(pid=96619) stat_writer /opt/stack/data/venv/lib/python3.12/site-packages/dbcounter.py:102}}
Jul 23 09:26:48.990795 np0000005744 nova-scheduler[96617]: DEBUG oslo_db.sqlalchemy.engines [None req-f3bdad00-cbb4-4b6d-a353-5b2bb6077b4d None None] MySQL server mode set to STRICT_TRANS_TABLES,STRICT_ALL_TABLES,NO_ZERO_IN_DATE,NO_ZERO_DATE,ERROR_FOR_DIVISION_BY_ZERO,TRADITIONAL,NO_ENGINE_SUBSTITUTION {{(pid=96617) _check_effective_sql_mode /opt/stack/data/venv/lib/python3.12/site-packages/oslo_db/sqlalchemy/engines.py:325}}
Jul 23 09:26:49.000060 np0000005744 nova-scheduler[96617]: DEBUG dbcounter [-] [96617] Writer thread running {{(pid=96617) stat_writer /opt/stack/data/venv/lib/python3.12/site-packages/dbcounter.py:102}}
Jul 23 09:26:49.003527 np0000005744 nova-scheduler[96623]: DEBUG oslo_db.sqlalchemy.engines [None req-ed926f26-c038-4245-af75-a4b8727902e0 None None] MySQL server mode set to STRICT_TRANS_TABLES,STRICT_ALL_TABLES,NO_ZERO_IN_DATE,NO_ZERO_DATE,ERROR_FOR_DIVISION_BY_ZERO,TRADITIONAL,NO_ENGINE_SUBSTITUTION {{(pid=96623) _check_effective_sql_mode /opt/stack/data/venv/lib/python3.12/site-packages/oslo_db/sqlalchemy/engines.py:325}}
Jul 23 09:26:49.014732 np0000005744 nova-scheduler[96623]: DEBUG dbcounter [-] [96623] Writer thread running {{(pid=96623) stat_writer /opt/stack/data/venv/lib/python3.12/site-packages/dbcounter.py:102}}
Jul 23 09:26:49.023594 np0000005744 nova-scheduler[96619]: DEBUG nova.service [None req-855947b3-2702-4949-8141-f84f37f3c12b None None] Creating RPC server for service: nova-scheduler on topic: scheduler {{(pid=96619) start /opt/stack/nova/nova/service.py:196}}
Jul 23 09:26:49.024274 np0000005744 nova-scheduler[96621]: DEBUG oslo_db.sqlalchemy.engines [None req-2504f0cc-fc6a-4a4c-a5bb-b176f30381db None None] MySQL server mode set to STRICT_TRANS_TABLES,STRICT_ALL_TABLES,NO_ZERO_IN_DATE,NO_ZERO_DATE,ERROR_FOR_DIVISION_BY_ZERO,TRADITIONAL,NO_ENGINE_SUBSTITUTION {{(pid=96621) _check_effective_sql_mode /opt/stack/data/venv/lib/python3.12/site-packages/oslo_db/sqlalchemy/engines.py:325}}
Jul 23 09:26:49.026597 np0000005744 nova-scheduler[96617]: DEBUG nova.service [None req-f3bdad00-cbb4-4b6d-a353-5b2bb6077b4d None None] Creating RPC server for service: nova-scheduler on topic: scheduler {{(pid=96617) start /opt/stack/nova/nova/service.py:196}}
Jul 23 09:26:49.030941 np0000005744 nova-scheduler[96623]: DEBUG nova.service [None req-ed926f26-c038-4245-af75-a4b8727902e0 None None] Creating RPC server for service: nova-scheduler on topic: scheduler {{(pid=96623) start /opt/stack/nova/nova/service.py:196}}
Jul 23 09:26:49.035308 np0000005744 nova-scheduler[96621]: DEBUG dbcounter [-] [96621] Writer thread running {{(pid=96621) stat_writer /opt/stack/data/venv/lib/python3.12/site-packages/dbcounter.py:102}}
Jul 23 09:26:49.038818 np0000005744 nova-scheduler[96621]: DEBUG nova.service [None req-2504f0cc-fc6a-4a4c-a5bb-b176f30381db None None] Creating RPC server for service: nova-scheduler on topic: scheduler {{(pid=96621) start /opt/stack/nova/nova/service.py:196}}
Jul 23 09:26:49.052101 np0000005744 nova-scheduler[96619]: DEBUG nova.service [None req-855947b3-2702-4949-8141-f84f37f3c12b None None] Join ServiceGroup membership for this service scheduler {{(pid=96619) start /opt/stack/nova/nova/service.py:222}}
Jul 23 09:26:49.052264 np0000005744 nova-scheduler[96623]: DEBUG nova.service [None req-ed926f26-c038-4245-af75-a4b8727902e0 None None] Join ServiceGroup membership for this service scheduler {{(pid=96623) start /opt/stack/nova/nova/service.py:222}}
Jul 23 09:26:49.052321 np0000005744 nova-scheduler[96619]: DEBUG nova.servicegroup.drivers.db [None req-855947b3-2702-4949-8141-f84f37f3c12b None None] DB_Driver: join new ServiceGroup member np0000005744 to the scheduler group, service = {{(pid=96619) join /opt/stack/nova/nova/servicegroup/drivers/db.py:44}}
Jul 23 09:26:49.052421 np0000005744 nova-scheduler[96623]: DEBUG nova.servicegroup.drivers.db [None req-ed926f26-c038-4245-af75-a4b8727902e0 None None] DB_Driver: join new ServiceGroup member np0000005744 to the scheduler group, service = {{(pid=96623) join /opt/stack/nova/nova/servicegroup/drivers/db.py:44}}
Jul 23 09:26:49.054725 np0000005744 nova-scheduler[96617]: DEBUG nova.service [None req-f3bdad00-cbb4-4b6d-a353-5b2bb6077b4d None None] Join ServiceGroup membership for this service scheduler {{(pid=96617) start /opt/stack/nova/nova/service.py:222}}
Jul 23 09:26:49.054925 np0000005744 nova-scheduler[96617]: DEBUG nova.servicegroup.drivers.db [None req-f3bdad00-cbb4-4b6d-a353-5b2bb6077b4d None None] DB_Driver: join new ServiceGroup member np0000005744 to the scheduler group, service = {{(pid=96617) join /opt/stack/nova/nova/servicegroup/drivers/db.py:44}}
Jul 23 09:26:49.059688 np0000005744 nova-scheduler[96621]: DEBUG nova.service [None req-2504f0cc-fc6a-4a4c-a5bb-b176f30381db None None] Join ServiceGroup membership for this service scheduler {{(pid=96621) start /opt/stack/nova/nova/service.py:222}}
Jul 23 09:26:49.059865 np0000005744 nova-scheduler[96621]: DEBUG nova.servicegroup.drivers.db [None req-2504f0cc-fc6a-4a4c-a5bb-b176f30381db None None] DB_Driver: join new ServiceGroup member np0000005744 to the scheduler group, service = {{(pid=96621) join /opt/stack/nova/nova/servicegroup/drivers/db.py:44}}
Jul 23 09:26:54.065165 np0000005744 nova-scheduler[96619]: DEBUG oslo.service.backend._threading.loopingcall [-] Fixed interval looping call 'nova.servicegroup.drivers.db.DbDriver._report_state' sleeping for 119.99 seconds {{(pid=96619) _run_loop /opt/stack/data/venv/lib/python3.12/site-packages/oslo_service/backend/_threading/loopingcall.py:125}}
Jul 23 09:26:54.066127 np0000005744 nova-scheduler[96623]: DEBUG oslo.service.backend._threading.loopingcall [-] Fixed interval looping call 'nova.servicegroup.drivers.db.DbDriver._report_state' sleeping for 119.99 seconds {{(pid=96623) _run_loop /opt/stack/data/venv/lib/python3.12/site-packages/oslo_service/backend/_threading/loopingcall.py:125}}
Jul 23 09:26:54.066787 np0000005744 nova-scheduler[96617]: DEBUG oslo.service.backend._threading.loopingcall [-] Fixed interval looping call 'nova.servicegroup.drivers.db.DbDriver._report_state' sleeping for 119.99 seconds {{(pid=96617) _run_loop /opt/stack/data/venv/lib/python3.12/site-packages/oslo_service/backend/_threading/loopingcall.py:125}}
Jul 23 09:26:54.071678 np0000005744 nova-scheduler[96621]: DEBUG oslo.service.backend._threading.loopingcall [-] Fixed interval looping call 'nova.servicegroup.drivers.db.DbDriver._report_state' sleeping for 119.99 seconds {{(pid=96621) _run_loop /opt/stack/data/venv/lib/python3.12/site-packages/oslo_service/backend/_threading/loopingcall.py:125}}
Jul 23 09:26:57.528644 np0000005744 nova-scheduler[95409]: DEBUG dbcounter [-] [95409] Writing DB stats nova_api:SELECT=3 {{(pid=95409) stat_writer /opt/stack/data/venv/lib/python3.12/site-packages/dbcounter.py:115}}
Jul 23 09:26:57.654575 np0000005744 nova-scheduler[95409]: DEBUG dbcounter [-] [95409] Writing DB stats nova_cell0:SELECT=1 {{(pid=95409) stat_writer /opt/stack/data/venv/lib/python3.12/site-packages/dbcounter.py:115}}
Jul 23 09:26:57.660460 np0000005744 nova-scheduler[95409]: DEBUG dbcounter [-] [95409] Writing DB stats nova_cell1:SELECT=1 {{(pid=95409) stat_writer /opt/stack/data/venv/lib/python3.12/site-packages/dbcounter.py:115}}
Jul 23 09:27:04.061481 np0000005744 nova-scheduler[96619]: DEBUG dbcounter [-] [96619] Writing DB stats nova_cell0:SELECT=4,nova_cell0:INSERT=1,nova_cell0:UPDATE=1 {{(pid=96619) stat_writer /opt/stack/data/venv/lib/python3.12/site-packages/dbcounter.py:115}}
Jul 23 09:27:04.063034 np0000005744 nova-scheduler[96623]: DEBUG dbcounter [-] [96623] Writing DB stats nova_cell0:SELECT=5,nova_cell0:INSERT=1,nova_cell0:UPDATE=1 {{(pid=96623) stat_writer /opt/stack/data/venv/lib/python3.12/site-packages/dbcounter.py:115}}
Jul 23 09:27:04.066871 np0000005744 nova-scheduler[96617]: DEBUG dbcounter [-] [96617] Writing DB stats nova_cell0:SELECT=5,nova_cell0:INSERT=1,nova_cell0:UPDATE=1 {{(pid=96617) stat_writer /opt/stack/data/venv/lib/python3.12/site-packages/dbcounter.py:115}}
Jul 23 09:27:04.068625 np0000005744 nova-scheduler[96621]: DEBUG dbcounter [-] [96621] Writing DB stats nova_cell0:SELECT=3 {{(pid=96621) stat_writer /opt/stack/data/venv/lib/python3.12/site-packages/dbcounter.py:115}}
Jul 23 09:27:13.061617 np0000005744 nova-scheduler[96621]: DEBUG oslo.service.backend._threading.loopingcall [None req-d7e03865-75e6-4f63-b27c-be50cfcba367 None None] Dynamic interval looping call 'nova.service.Service.periodic_tasks' sleeping for 60.00 seconds {{(pid=96621) _run_loop /opt/stack/data/venv/lib/python3.12/site-packages/oslo_service/backend/_threading/loopingcall.py:125}}
Jul 23 09:27:16.055248 np0000005744 nova-scheduler[96619]: DEBUG oslo.service.backend._threading.loopingcall [None req-22c98d78-fbe8-421b-b9c8-8fe6e5497d05 None None] Dynamic interval looping call 'nova.service.Service.periodic_tasks' sleeping for 60.00 seconds {{(pid=96619) _run_loop /opt/stack/data/venv/lib/python3.12/site-packages/oslo_service/backend/_threading/loopingcall.py:125}}
Jul 23 09:27:24.056931 np0000005744 nova-scheduler[96617]: DEBUG oslo.service.backend._threading.loopingcall [None req-f4097ee0-9968-4d9c-a5b2-02bcde8846f4 None None] Dynamic interval looping call 'nova.service.Service.periodic_tasks' sleeping for 60.00 seconds {{(pid=96617) _run_loop /opt/stack/data/venv/lib/python3.12/site-packages/oslo_service/backend/_threading/loopingcall.py:125}}
Jul 23 09:27:37.054343 np0000005744 nova-scheduler[96623]: DEBUG oslo.service.backend._threading.loopingcall [None req-658e20ea-57ae-4f5d-88f6-53bb4b62514d None None] Dynamic interval looping call 'nova.service.Service.periodic_tasks' sleeping for 60.00 seconds {{(pid=96623) _run_loop /opt/stack/data/venv/lib/python3.12/site-packages/oslo_service/backend/_threading/loopingcall.py:125}}
Jul 23 09:28:13.062049 np0000005744 nova-scheduler[96621]: DEBUG oslo.service.backend._threading.loopingcall [None req-d7e03865-75e6-4f63-b27c-be50cfcba367 None None] Dynamic interval looping call 'nova.service.Service.periodic_tasks' sleeping for 60.00 seconds {{(pid=96621) _run_loop /opt/stack/data/venv/lib/python3.12/site-packages/oslo_service/backend/_threading/loopingcall.py:125}}
Jul 23 09:28:16.055792 np0000005744 nova-scheduler[96619]: DEBUG oslo.service.backend._threading.loopingcall [None req-22c98d78-fbe8-421b-b9c8-8fe6e5497d05 None None] Dynamic interval looping call 'nova.service.Service.periodic_tasks' sleeping for 60.00 seconds {{(pid=96619) _run_loop /opt/stack/data/venv/lib/python3.12/site-packages/oslo_service/backend/_threading/loopingcall.py:125}}
Jul 23 09:28:24.057629 np0000005744 nova-scheduler[96617]: DEBUG oslo.service.backend._threading.loopingcall [None req-f4097ee0-9968-4d9c-a5b2-02bcde8846f4 None None] Dynamic interval looping call 'nova.service.Service.periodic_tasks' sleeping for 60.00 seconds {{(pid=96617) _run_loop /opt/stack/data/venv/lib/python3.12/site-packages/oslo_service/backend/_threading/loopingcall.py:125}}
Jul 23 09:28:37.055017 np0000005744 nova-scheduler[96623]: DEBUG oslo.service.backend._threading.loopingcall [None req-658e20ea-57ae-4f5d-88f6-53bb4b62514d None None] Dynamic interval looping call 'nova.service.Service.periodic_tasks' sleeping for 60.00 seconds {{(pid=96623) _run_loop /opt/stack/data/venv/lib/python3.12/site-packages/oslo_service/backend/_threading/loopingcall.py:125}}
Jul 23 09:28:54.070641 np0000005744 nova-scheduler[96619]: DEBUG oslo.service.backend._threading.loopingcall [-] Fixed interval looping call 'nova.servicegroup.drivers.db.DbDriver._report_state' sleeping for 119.99 seconds {{(pid=96619) _run_loop /opt/stack/data/venv/lib/python3.12/site-packages/oslo_service/backend/_threading/loopingcall.py:125}}
Jul 23 09:28:54.071711 np0000005744 nova-scheduler[96623]: DEBUG oslo.service.backend._threading.loopingcall [-] Fixed interval looping call 'nova.servicegroup.drivers.db.DbDriver._report_state' sleeping for 119.98 seconds {{(pid=96623) _run_loop /opt/stack/data/venv/lib/python3.12/site-packages/oslo_service/backend/_threading/loopingcall.py:125}}
Jul 23 09:28:54.072701 np0000005744 nova-scheduler[96617]: DEBUG oslo.service.backend._threading.loopingcall [-] Fixed interval looping call 'nova.servicegroup.drivers.db.DbDriver._report_state' sleeping for 119.98 seconds {{(pid=96617) _run_loop /opt/stack/data/venv/lib/python3.12/site-packages/oslo_service/backend/_threading/loopingcall.py:125}}
Jul 23 09:28:54.074282 np0000005744 nova-scheduler[96621]: DEBUG oslo.service.backend._threading.loopingcall [-] Fixed interval looping call 'nova.servicegroup.drivers.db.DbDriver._report_state' sleeping for 119.99 seconds {{(pid=96621) _run_loop /opt/stack/data/venv/lib/python3.12/site-packages/oslo_service/backend/_threading/loopingcall.py:125}}
Jul 23 09:29:04.060901 np0000005744 nova-scheduler[96619]: DEBUG dbcounter [-] [96619] Writing DB stats nova_cell0:SELECT=1,nova_cell0:UPDATE=1 {{(pid=96619) stat_writer /opt/stack/data/venv/lib/python3.12/site-packages/dbcounter.py:115}}
Jul 23 09:29:04.061304 np0000005744 nova-scheduler[96623]: DEBUG dbcounter [-] [96623] Writing DB stats nova_cell0:SELECT=1,nova_cell0:UPDATE=1 {{(pid=96623) stat_writer /opt/stack/data/venv/lib/python3.12/site-packages/dbcounter.py:115}}
Jul 23 09:29:04.062073 np0000005744 nova-scheduler[96617]: DEBUG dbcounter [-] [96617] Writing DB stats nova_cell0:SELECT=1,nova_cell0:UPDATE=1 {{(pid=96617) stat_writer /opt/stack/data/venv/lib/python3.12/site-packages/dbcounter.py:115}}
Jul 23 09:29:04.070276 np0000005744 nova-scheduler[96621]: DEBUG dbcounter [-] [96621] Writing DB stats nova_cell0:SELECT=1,nova_cell0:UPDATE=1 {{(pid=96621) stat_writer /opt/stack/data/venv/lib/python3.12/site-packages/dbcounter.py:115}}
Jul 23 09:29:12.405322 np0000005744 nova-scheduler[96623]: DEBUG nova.scheduler.manager [None req-03cf4bb1-84c8-4b2c-af07-36707dc094ea tempest-ServerRescueNegativeTestJSON-196579648 tempest-ServerRescueNegativeTestJSON-196579648-project-member] Starting to schedule for instances: ['64aaf2ca-e1ac-414a-9dcb-52ecec4b2f9b'] {{(pid=96623) select_destinations /opt/stack/nova/nova/scheduler/manager.py:209}}
Jul 23 09:29:12.406198 np0000005744 nova-scheduler[96623]: DEBUG nova.scheduler.request_filter [None req-03cf4bb1-84c8-4b2c-af07-36707dc094ea tempest-ServerRescueNegativeTestJSON-196579648 tempest-ServerRescueNegativeTestJSON-196579648-project-member] compute_status_filter request filter added forbidden trait COMPUTE_STATUS_DISABLED {{(pid=96623) compute_status_filter /opt/stack/nova/nova/scheduler/request_filter.py:253}}
Jul 23 09:29:12.406697 np0000005744 nova-scheduler[96623]: DEBUG nova.scheduler.request_filter [None req-03cf4bb1-84c8-4b2c-af07-36707dc094ea tempest-ServerRescueNegativeTestJSON-196579648 tempest-ServerRescueNegativeTestJSON-196579648-project-member] Request filter 'compute_status_filter' took 0.0 seconds {{(pid=96623) wrapper /opt/stack/nova/nova/scheduler/request_filter.py:46}}
Jul 23 09:29:12.406949 np0000005744 nova-scheduler[96623]: DEBUG nova.scheduler.request_filter [None req-03cf4bb1-84c8-4b2c-af07-36707dc094ea tempest-ServerRescueNegativeTestJSON-196579648 tempest-ServerRescueNegativeTestJSON-196579648-project-member] Request filter 'accelerators_filter' took 0.0 seconds {{(pid=96623) wrapper /opt/stack/nova/nova/scheduler/request_filter.py:46}}
Jul 23 09:29:12.407145 np0000005744 nova-scheduler[96623]: DEBUG nova.scheduler.request_filter [None req-03cf4bb1-84c8-4b2c-af07-36707dc094ea tempest-ServerRescueNegativeTestJSON-196579648 tempest-ServerRescueNegativeTestJSON-196579648-project-member] Request filter 'packed_virtqueue_filter' took 0.0 seconds {{(pid=96623) wrapper /opt/stack/nova/nova/scheduler/request_filter.py:46}}
Jul 23 09:29:12.408504 np0000005744 nova-scheduler[96623]: DEBUG nova.scheduler.request_filter [None req-03cf4bb1-84c8-4b2c-af07-36707dc094ea tempest-ServerRescueNegativeTestJSON-196579648 tempest-ServerRescueNegativeTestJSON-196579648-project-member] Request filter 'remote_managed_ports_filter' took 0.0 seconds {{(pid=96623) wrapper /opt/stack/nova/nova/scheduler/request_filter.py:46}}
Jul 23 09:29:12.409110 np0000005744 nova-scheduler[96623]: DEBUG nova.scheduler.request_filter [None req-03cf4bb1-84c8-4b2c-af07-36707dc094ea tempest-ServerRescueNegativeTestJSON-196579648 tempest-ServerRescueNegativeTestJSON-196579648-project-member] ephemeral_encryption_filter skipped {{(pid=96623) ephemeral_encryption_filter /opt/stack/nova/nova/scheduler/request_filter.py:426}}
Jul 23 09:29:12.409290 np0000005744 nova-scheduler[96623]: DEBUG nova.scheduler.request_filter [None req-03cf4bb1-84c8-4b2c-af07-36707dc094ea tempest-ServerRescueNegativeTestJSON-196579648 tempest-ServerRescueNegativeTestJSON-196579648-project-member] virtio_sound_filter skipped {{(pid=96623) virtio_sound_filter /opt/stack/nova/nova/scheduler/request_filter.py:460}}
Jul 23 09:29:12.409500 np0000005744 nova-scheduler[96623]: DEBUG nova.scheduler.request_filter [None req-03cf4bb1-84c8-4b2c-af07-36707dc094ea tempest-ServerRescueNegativeTestJSON-196579648 tempest-ServerRescueNegativeTestJSON-196579648-project-member] tpm_secret_security_filter skipped {{(pid=96623) tpm_secret_security_filter /opt/stack/nova/nova/scheduler/request_filter.py:477}}
Jul 23 09:29:13.062701 np0000005744 nova-scheduler[96621]: DEBUG oslo.service.backend._threading.loopingcall [None req-d7e03865-75e6-4f63-b27c-be50cfcba367 None None] Dynamic interval looping call 'nova.service.Service.periodic_tasks' sleeping for 60.00 seconds {{(pid=96621) _run_loop /opt/stack/data/venv/lib/python3.12/site-packages/oslo_service/backend/_threading/loopingcall.py:125}}
Jul 23 09:29:13.125475 np0000005744 nova-scheduler[96623]: INFO nova.utils [None req-03cf4bb1-84c8-4b2c-af07-36707dc094ea tempest-ServerRescueNegativeTestJSON-196579648 tempest-ServerRescueNegativeTestJSON-196579648-project-member] The cell worker thread pool ForkProcess-4.cell_worker is initialized
Jul 23 09:29:13.125750 np0000005744 nova-scheduler[96623]: DEBUG oslo_concurrency.lockutils [None req-03cf4bb1-84c8-4b2c-af07-36707dc094ea tempest-ServerRescueNegativeTestJSON-196579648 tempest-ServerRescueNegativeTestJSON-196579648-project-member] Acquiring lock "a5b3b0d2-4dfc-4519-a7dd-874e81fdff65" by "nova.context.set_target_cell..get_or_set_cached_cell_and_set_connections" {{(pid=96623) inner /opt/stack/data/venv/lib/python3.12/site-packages/oslo_concurrency/lockutils.py:512}}
Jul 23 09:29:13.126001 np0000005744 nova-scheduler[96623]: DEBUG oslo_concurrency.lockutils [None req-03cf4bb1-84c8-4b2c-af07-36707dc094ea tempest-ServerRescueNegativeTestJSON-196579648 tempest-ServerRescueNegativeTestJSON-196579648-project-member] Lock "a5b3b0d2-4dfc-4519-a7dd-874e81fdff65" acquired by "nova.context.set_target_cell..get_or_set_cached_cell_and_set_connections" :: waited 0.000s {{(pid=96623) inner /opt/stack/data/venv/lib/python3.12/site-packages/oslo_concurrency/lockutils.py:525}}
Jul 23 09:29:13.127466 np0000005744 nova-scheduler[96623]: DEBUG oslo_concurrency.lockutils [None req-03cf4bb1-84c8-4b2c-af07-36707dc094ea tempest-ServerRescueNegativeTestJSON-196579648 tempest-ServerRescueNegativeTestJSON-196579648-project-member] Lock "a5b3b0d2-4dfc-4519-a7dd-874e81fdff65" "released" by "nova.context.set_target_cell..get_or_set_cached_cell_and_set_connections" :: held 0.001s {{(pid=96623) inner /opt/stack/data/venv/lib/python3.12/site-packages/oslo_concurrency/lockutils.py:544}}
Jul 23 09:29:13.130853 np0000005744 nova-scheduler[96623]: INFO dbcounter [None req-03cf4bb1-84c8-4b2c-af07-36707dc094ea tempest-ServerRescueNegativeTestJSON-196579648 tempest-ServerRescueNegativeTestJSON-196579648-project-member] Registered counter for database nova_cell1
Jul 23 09:29:13.187775 np0000005744 nova-scheduler[96623]: DEBUG oslo_db.sqlalchemy.engines [None req-03cf4bb1-84c8-4b2c-af07-36707dc094ea tempest-ServerRescueNegativeTestJSON-196579648 tempest-ServerRescueNegativeTestJSON-196579648-project-member] MySQL server mode set to STRICT_TRANS_TABLES,STRICT_ALL_TABLES,NO_ZERO_IN_DATE,NO_ZERO_DATE,ERROR_FOR_DIVISION_BY_ZERO,TRADITIONAL,NO_ENGINE_SUBSTITUTION {{(pid=96623) _check_effective_sql_mode /opt/stack/data/venv/lib/python3.12/site-packages/oslo_db/sqlalchemy/engines.py:325}}
Jul 23 09:29:13.195786 np0000005744 nova-scheduler[96623]: DEBUG dbcounter [-] [96623] Writer thread running {{(pid=96623) stat_writer /opt/stack/data/venv/lib/python3.12/site-packages/dbcounter.py:102}}
Jul 23 09:29:13.211347 np0000005744 nova-scheduler[96623]: DEBUG oslo_db.sqlalchemy.engines [None req-03cf4bb1-84c8-4b2c-af07-36707dc094ea tempest-ServerRescueNegativeTestJSON-196579648 tempest-ServerRescueNegativeTestJSON-196579648-project-member] Parent process 95409 forked (96623) with an open database connection, which is being discarded and recreated. {{(pid=96623) checkout /opt/stack/data/venv/lib/python3.12/site-packages/oslo_db/sqlalchemy/engines.py:402}}
Jul 23 09:29:13.263865 np0000005744 nova-scheduler[96623]: DEBUG dbcounter [-] [96623] Writer thread running {{(pid=96623) stat_writer /opt/stack/data/venv/lib/python3.12/site-packages/dbcounter.py:102}}
Jul 23 09:29:13.267689 np0000005744 nova-scheduler[96623]: DEBUG oslo_concurrency.lockutils [None req-03cf4bb1-84c8-4b2c-af07-36707dc094ea tempest-ServerRescueNegativeTestJSON-196579648 tempest-ServerRescueNegativeTestJSON-196579648-project-member] Acquiring lock "a5b3b0d2-4dfc-4519-a7dd-874e81fdff65" by "nova.context.set_target_cell..get_or_set_cached_cell_and_set_connections" {{(pid=96623) inner /opt/stack/data/venv/lib/python3.12/site-packages/oslo_concurrency/lockutils.py:512}}
