Jul 23 09:26:24.028988 np0000005744 devstack@neutron-api.service[90831]: DEBUG neutron_lib.callbacks.manager [None req-772d82c3-4c6f-4c1e-9c78-28b99aebcd31 None None] Subscribe: > router precommit_create 55550000, False {{(pid=90831) subscribe /opt/stack/data/venv/lib/python3.12/site-packages/neutron_lib/callbacks/manager.py:52}}
Jul 23 09:26:24.028988 np0000005744 devstack@neutron-api.service[90831]: DEBUG neutron_lib.callbacks.manager [None req-772d82c3-4c6f-4c1e-9c78-28b99aebcd31 None None] Subscribe: > router precommit_create 55550000, False {{(pid=90831) subscribe /opt/stack/data/venv/lib/python3.12/site-packages/neutron_lib/callbacks/manager.py:52}}
Jul 23 09:26:24.028988 np0000005744 devstack@neutron-api.service[90831]: DEBUG neutron_lib.callbacks.manager [None req-772d82c3-4c6f-4c1e-9c78-28b99aebcd31 None None] Subscribe: > router precommit_update 55550000, False {{(pid=90831) subscribe /opt/stack/data/venv/lib/python3.12/site-packages/neutron_lib/callbacks/manager.py:52}}
Jul 23 09:26:24.028988 np0000005744 devstack@neutron-api.service[90831]: DEBUG neutron_lib.callbacks.manager [None req-772d82c3-4c6f-4c1e-9c78-28b99aebcd31 None None] Subscribe: subnet after_update 55550000, False {{(pid=90831) subscribe /opt/stack/data/venv/lib/python3.12/site-packages/neutron_lib/callbacks/manager.py:52}}
Jul 23 09:26:24.029178 np0000005744 devstack@neutron-api.service[90829]: DEBUG neutron.api.extensions [None req-e69dbcb4-2bdf-4178-8abb-206a39428035 None None] Ext name="Address group" alias="address-group" description="Support address group" updated="2020-07-15T10:00:00-00:00" {{(pid=90829) _check_extension /opt/stack/neutron/neutron/api/extensions.py:415}}
Jul 23 09:26:24.029178 np0000005744 devstack@neutron-api.service[90829]: INFO neutron.api.extensions [None req-e69dbcb4-2bdf-4178-8abb-206a39428035 None None] Loaded extension: address-group
Jul 23 09:26:24.029313 np0000005744 devstack@neutron-api.service[90831]: DEBUG neutron.quota.resource_registry [None req-772d82c3-4c6f-4c1e-9c78-28b99aebcd31 None None] Tracking information for resource: router configured {{(pid=90831) set_tracked_resource /opt/stack/neutron/neutron/quota/resource_registry.py:203}}
Jul 23 09:26:24.029390 np0000005744 devstack@neutron-api.service[90829]: DEBUG neutron.api.extensions [None req-e69dbcb4-2bdf-4178-8abb-206a39428035 None None] Loading extension file: address_scope.py {{(pid=90829) _load_all_extensions_from_path /opt/stack/neutron/neutron/api/extensions.py:449}}
Jul 23 09:26:24.029523 np0000005744 devstack@neutron-api.service[90831]: DEBUG neutron.quota.resource_registry [None req-772d82c3-4c6f-4c1e-9c78-28b99aebcd31 None None] Tracking information for resource: floatingip configured {{(pid=90831) set_tracked_resource /opt/stack/neutron/neutron/quota/resource_registry.py:203}}
Jul 23 09:26:24.029523 np0000005744 devstack@neutron-api.service[90831]: INFO neutron.services.ovn_l3.plugin [None req-772d82c3-4c6f-4c1e-9c78-28b99aebcd31 None None] Starting OVNL3RouterPlugin
Jul 23 09:26:24.029636 np0000005744 devstack@neutron-api.service[90829]: DEBUG neutron.api.extensions [None req-e69dbcb4-2bdf-4178-8abb-206a39428035 None None] Ext name="Address scope" alias="address-scope" description="Address scopes extension." updated="2015-07-26T10:00:00-00:00" {{(pid=90829) _check_extension /opt/stack/neutron/neutron/api/extensions.py:415}}
Jul 23 09:26:24.029756 np0000005744 devstack@neutron-api.service[90830]: DEBUG neutron.services.provider_configuration [None req-0d4099d5-0dbf-41e4-bae1-3991ed033dfb None None] Service providers = [] {{(pid=90830) parse_service_provider_opt /opt/stack/neutron/neutron/services/provider_configuration.py:170}}
Jul 23 09:26:24.029834 np0000005744 devstack@neutron-api.service[90831]: DEBUG neutron_lib.callbacks.manager [None req-772d82c3-4c6f-4c1e-9c78-28b99aebcd31 None None] Subscribe: > port_forwarding_plugin after_init 55550000, False {{(pid=90831) subscribe /opt/stack/data/venv/lib/python3.12/site-packages/neutron_lib/callbacks/manager.py:52}}
Jul 23 09:26:24.029986 np0000005744 devstack@neutron-api.service[90830]: DEBUG neutron.db.servicetype_db [None req-0d4099d5-0dbf-41e4-bae1-3991ed033dfb None None] Adding provider configuration for service L3_ROUTER_NAT {{(pid=90830) add_provider_configuration /opt/stack/neutron/neutron/db/servicetype_db.py:45}}
Jul 23 09:26:24.030058 np0000005744 devstack@neutron-api.service[90829]: INFO neutron.api.extensions [None req-e69dbcb4-2bdf-4178-8abb-206a39428035 None None] Loaded extension: address-scope
Jul 23 09:26:24.030058 np0000005744 devstack@neutron-api.service[90829]: DEBUG neutron.api.extensions [None req-e69dbcb4-2bdf-4178-8abb-206a39428035 None None] Loading extension file: admin_state_down_before_update.py {{(pid=90829) _load_all_extensions_from_path /opt/stack/neutron/neutron/api/extensions.py:449}}
Jul 23 09:26:24.030783 np0000005744 devstack@neutron-api.service[90831]: DEBUG neutron_lib.callbacks.manager [None req-772d82c3-4c6f-4c1e-9c78-28b99aebcd31 None None] Subscribe: > router before_create 55550100, False {{(pid=90831) subscribe /opt/stack/data/venv/lib/python3.12/site-packages/neutron_lib/callbacks/manager.py:52}}
Jul 23 09:26:24.030874 np0000005744 devstack@neutron-api.service[90829]: DEBUG neutron.api.extensions [None req-e69dbcb4-2bdf-4178-8abb-206a39428035 None None] Ext name="Enforce Router's Admin State Down Before Update Extension" alias="router-admin-state-down-before-update" description="Ensure that the admin state of a router is DOWN (admin_state_up=False) before updating the distributed attribute" updated="2019-07-02T15:56:00" {{(pid=90829) _check_extension /opt/stack/neutron/neutron/api/extensions.py:415}}
Jul 23 09:26:24.030974 np0000005744 devstack@neutron-api.service[90831]: DEBUG neutron_lib.callbacks.manager [None req-772d82c3-4c6f-4c1e-9c78-28b99aebcd31 None None] Subscribe: > router precommit_delete 55550100, False {{(pid=90831) subscribe /opt/stack/data/venv/lib/python3.12/site-packages/neutron_lib/callbacks/manager.py:52}}
Jul 23 09:26:24.031047 np0000005744 devstack@neutron-api.service[90829]: INFO neutron.api.extensions [None req-e69dbcb4-2bdf-4178-8abb-206a39428035 None None] Extension router-admin-state-down-before-update not supported by any of loaded plugins
Jul 23 09:26:24.031177 np0000005744 devstack@neutron-api.service[90831]: DEBUG neutron_lib.callbacks.manager [None req-772d82c3-4c6f-4c1e-9c78-28b99aebcd31 None None] Subscribe: > router precommit_create 55550100, False {{(pid=90831) subscribe /opt/stack/data/venv/lib/python3.12/site-packages/neutron_lib/callbacks/manager.py:52}}
Jul 23 09:26:24.031268 np0000005744 devstack@neutron-api.service[90829]: DEBUG neutron.api.extensions [None req-e69dbcb4-2bdf-4178-8abb-206a39428035 None None] Loading extension file: agent.py {{(pid=90829) _load_all_extensions_from_path /opt/stack/neutron/neutron/api/extensions.py:449}}
Jul 23 09:26:24.031351 np0000005744 devstack@neutron-api.service[90831]: DEBUG neutron_lib.callbacks.manager [None req-772d82c3-4c6f-4c1e-9c78-28b99aebcd31 None None] Subscribe: > router precommit_update 55550100, False {{(pid=90831) subscribe /opt/stack/data/venv/lib/python3.12/site-packages/neutron_lib/callbacks/manager.py:52}}
Jul 23 09:26:24.031428 np0000005744 devstack@neutron-api.service[90829]: DEBUG neutron.api.extensions [None req-e69dbcb4-2bdf-4178-8abb-206a39428035 None None] Ext name="agent" alias="agent" description="The agent management extension." updated="2013-02-03T10:00:00-00:00" {{(pid=90829) _check_extension /opt/stack/neutron/neutron/api/extensions.py:415}}
Jul 23 09:26:24.031428 np0000005744 devstack@neutron-api.service[90829]: INFO neutron.api.extensions [None req-e69dbcb4-2bdf-4178-8abb-206a39428035 None None] Loaded extension: agent
Jul 23 09:26:24.031428 np0000005744 devstack@neutron-api.service[90829]: DEBUG neutron.api.extensions [None req-e69dbcb4-2bdf-4178-8abb-206a39428035 None None] Loading extension file: agent_resources_synced.py {{(pid=90829) _load_all_extensions_from_path /opt/stack/neutron/neutron/api/extensions.py:449}}
Jul 23 09:26:24.031809 np0000005744 devstack@neutron-api.service[90830]: DEBUG neutron_lib.callbacks.manager [None req-0d4099d5-0dbf-41e4-bae1-3991ed033dfb None None] Subscribe: > router precommit_create 55549900, False {{(pid=90830) subscribe /opt/stack/data/venv/lib/python3.12/site-packages/neutron_lib/callbacks/manager.py:52}}
Jul 23 09:26:24.031921 np0000005744 devstack@neutron-api.service[90829]: DEBUG neutron.api.extensions [None req-e69dbcb4-2bdf-4178-8abb-206a39428035 None None] Ext name="Agent's Resource View Synced to Placement" alias="agent-resources-synced" description="Stores success/failure of last sync to Placement" updated="2018-12-19T00:00:00-00:00" {{(pid=90829) _check_extension /opt/stack/neutron/neutron/api/extensions.py:415}}
Jul 23 09:26:24.032025 np0000005744 devstack@neutron-api.service[90830]: DEBUG neutron_lib.callbacks.manager [None req-0d4099d5-0dbf-41e4-bae1-3991ed033dfb None None] Subscribe: > router_interface after_create 55550000, False {{(pid=90830) subscribe /opt/stack/data/venv/lib/python3.12/site-packages/neutron_lib/callbacks/manager.py:52}}
Jul 23 09:26:24.032025 np0000005744 devstack@neutron-api.service[90830]: DEBUG neutron_lib.callbacks.manager [None req-0d4099d5-0dbf-41e4-bae1-3991ed033dfb None None] Subscribe: > floatingip after_create 55550000, False {{(pid=90830) subscribe /opt/stack/data/venv/lib/python3.12/site-packages/neutron_lib/callbacks/manager.py:52}}
Jul 23 09:26:24.032145 np0000005744 devstack@neutron-api.service[90829]: INFO neutron.api.extensions [None req-e69dbcb4-2bdf-4178-8abb-206a39428035 None None] Extension agent-resources-synced not supported by any of loaded plugins
Jul 23 09:26:24.032145 np0000005744 devstack@neutron-api.service[90829]: DEBUG neutron.api.extensions [None req-e69dbcb4-2bdf-4178-8abb-206a39428035 None None] Loading extension file: agent_sort_key.py {{(pid=90829) _load_all_extensions_from_path /opt/stack/neutron/neutron/api/extensions.py:449}}
Jul 23 09:26:24.032285 np0000005744 devstack@neutron-api.service[90830]: DEBUG neutron_lib.callbacks.manager [None req-0d4099d5-0dbf-41e4-bae1-3991ed033dfb None None] Subscribe: > floatingip precommit_create 55550000, False {{(pid=90830) subscribe /opt/stack/data/venv/lib/python3.12/site-packages/neutron_lib/callbacks/manager.py:52}}
Jul 23 09:26:24.032285 np0000005744 devstack@neutron-api.service[90830]: DEBUG neutron_lib.callbacks.manager [None req-0d4099d5-0dbf-41e4-bae1-3991ed033dfb None None] Subscribe: > floatingip precommit_update 55550000, False {{(pid=90830) subscribe /opt/stack/data/venv/lib/python3.12/site-packages/neutron_lib/callbacks/manager.py:52}}
Jul 23 09:26:24.032285 np0000005744 devstack@neutron-api.service[90830]: DEBUG neutron_lib.callbacks.manager [None req-0d4099d5-0dbf-41e4-bae1-3991ed033dfb None None] Subscribe: > floatingip after_delete 55550000, False {{(pid=90830) subscribe /opt/stack/data/venv/lib/python3.12/site-packages/neutron_lib/callbacks/manager.py:52}}
Jul 23 09:26:24.032441 np0000005744 devstack@neutron-api.service[90829]: DEBUG neutron.api.extensions [None req-e69dbcb4-2bdf-4178-8abb-206a39428035 None None] Ext name="Agents Sort Key" alias="agent_sort_key" description="Enabling the keyword sort_key for sorting in agents." updated="2013-02-03T10:00:00-00:00" {{(pid=90829) _check_extension /opt/stack/neutron/neutron/api/extensions.py:415}}
Jul 23 09:26:24.032551 np0000005744 devstack@neutron-api.service[90830]: DEBUG neutron_lib.callbacks.manager [None req-0d4099d5-0dbf-41e4-bae1-3991ed033dfb None None] Subscribe: > floatingip after_status_update 55550000, False {{(pid=90830) subscribe /opt/stack/data/venv/lib/python3.12/site-packages/neutron_lib/callbacks/manager.py:52}}
Jul 23 09:26:24.032551 np0000005744 devstack@neutron-api.service[90830]: DEBUG neutron_lib.callbacks.manager [None req-0d4099d5-0dbf-41e4-bae1-3991ed033dfb None None] Subscribe: > floatingip after_update 55550000, False {{(pid=90830) subscribe /opt/stack/data/venv/lib/python3.12/site-packages/neutron_lib/callbacks/manager.py:52}}
Jul 23 09:26:24.032658 np0000005744 devstack@neutron-api.service[90829]: INFO neutron.api.extensions [None req-e69dbcb4-2bdf-4178-8abb-206a39428035 None None] Extension agent_sort_key not supported by any of loaded plugins
Jul 23 09:26:24.032761 np0000005744 devstack@neutron-api.service[90830]: DEBUG neutron_lib.callbacks.manager [None req-0d4099d5-0dbf-41e4-bae1-3991ed033dfb None None] Subscribe: > port_forwarding after_create 55550000, False {{(pid=90830) subscribe /opt/stack/data/venv/lib/python3.12/site-packages/neutron_lib/callbacks/manager.py:52}}
Jul 23 09:26:24.032854 np0000005744 devstack@neutron-api.service[90829]: DEBUG neutron.api.extensions [None req-e69dbcb4-2bdf-4178-8abb-206a39428035 None None] Loading extension file: allowedaddresspairs.py {{(pid=90829) _load_all_extensions_from_path /opt/stack/neutron/neutron/api/extensions.py:449}}
Jul 23 09:26:24.032961 np0000005744 devstack@neutron-api.service[90830]: DEBUG neutron_lib.callbacks.manager [None req-0d4099d5-0dbf-41e4-bae1-3991ed033dfb None None] Subscribe: > router_interface after_delete 55550000, False {{(pid=90830) subscribe /opt/stack/data/venv/lib/python3.12/site-packages/neutron_lib/callbacks/manager.py:52}}
Jul 23 09:26:24.032961 np0000005744 devstack@neutron-api.service[90830]: DEBUG neutron_lib.callbacks.manager [None req-0d4099d5-0dbf-41e4-bae1-3991ed033dfb None None] Subscribe: > router after_create 55550000, False {{(pid=90830) subscribe /opt/stack/data/venv/lib/python3.12/site-packages/neutron_lib/callbacks/manager.py:52}}
Jul 23 09:26:24.032961 np0000005744 devstack@neutron-api.service[90830]: DEBUG neutron_lib.callbacks.manager [None req-0d4099d5-0dbf-41e4-bae1-3991ed033dfb None None] Subscribe: > router precommit_create 55550000, False {{(pid=90830) subscribe /opt/stack/data/venv/lib/python3.12/site-packages/neutron_lib/callbacks/manager.py:52}}
Jul 23 09:26:24.032961 np0000005744 devstack@neutron-api.service[90830]: DEBUG neutron_lib.callbacks.manager [None req-0d4099d5-0dbf-41e4-bae1-3991ed033dfb None None] Subscribe: > router after_delete 55550000, False {{(pid=90830) subscribe /opt/stack/data/venv/lib/python3.12/site-packages/neutron_lib/callbacks/manager.py:52}}
Jul 23 09:26:24.033161 np0000005744 devstack@neutron-api.service[90830]: DEBUG neutron_lib.callbacks.manager [None req-0d4099d5-0dbf-41e4-bae1-3991ed033dfb None None] Subscribe: > router after_update 55550000, False {{(pid=90830) subscribe /opt/stack/data/venv/lib/python3.12/site-packages/neutron_lib/callbacks/manager.py:52}}
Jul 23 09:26:24.033161 np0000005744 devstack@neutron-api.service[90830]: DEBUG neutron.services.service_base [None req-0d4099d5-0dbf-41e4-bae1-3991ed033dfb None None] Loaded 'neutron.services.ovn_l3.service_providers.ovn.OvnDriver' provider for service L3_ROUTER_NAT {{(pid=90830) load_drivers /opt/stack/neutron/neutron/services/service_base.py:49}}
Jul 23 09:26:24.033161 np0000005744 devstack@neutron-api.service[90830]: DEBUG neutron_lib.callbacks.manager [None req-0d4099d5-0dbf-41e4-bae1-3991ed033dfb None None] Subscribe: > process after_init 55550001, True {{(pid=90830) subscribe /opt/stack/data/venv/lib/python3.12/site-packages/neutron_lib/callbacks/manager.py:52}}
Jul 23 09:26:24.033345 np0000005744 devstack@neutron-api.service[90829]: DEBUG neutron.api.extensions [None req-e69dbcb4-2bdf-4178-8abb-206a39428035 None None] Ext name="Allowed Address Pairs" alias="allowed-address-pairs" description="Provides allowed address pairs" updated="2013-07-23T10:00:00-00:00" {{(pid=90829) _check_extension /opt/stack/neutron/neutron/api/extensions.py:415}}
Jul 23 09:26:24.033440 np0000005744 devstack@neutron-api.service[90830]: DEBUG neutron.manager [None req-0d4099d5-0dbf-41e4-bae1-3991ed033dfb None None] Successfully loaded L3_ROUTER_NAT plugin. Description: L3 Router Service Plugin for basic L3 forwarding using OVN {{(pid=90830) _create_and_add_service_plugin /opt/stack/neutron/neutron/manager.py:236}}
Jul 23 09:26:24.033555 np0000005744 devstack@neutron-api.service[90829]: INFO neutron.api.extensions [None req-e69dbcb4-2bdf-4178-8abb-206a39428035 None None] Loaded extension: allowed-address-pairs
Jul 23 09:26:24.033632 np0000005744 devstack@neutron-api.service[90830]: INFO neutron.manager [None req-0d4099d5-0dbf-41e4-bae1-3991ed033dfb None None] Loading Plugin: auto_allocate
Jul 23 09:26:24.033721 np0000005744 devstack@neutron-api.service[90829]: DEBUG neutron.api.extensions [None req-e69dbcb4-2bdf-4178-8abb-206a39428035 None None] Loading extension file: auto_allocated_topology.py {{(pid=90829) _load_all_extensions_from_path /opt/stack/neutron/neutron/api/extensions.py:449}}
Jul 23 09:26:24.033721 np0000005744 devstack@neutron-api.service[90829]: DEBUG neutron.api.extensions [None req-e69dbcb4-2bdf-4178-8abb-206a39428035 None None] Ext name="Auto Allocated Topology Services" alias="auto-allocated-topology" description="Auto Allocated Topology Services." updated="2016-01-01T00:00:00-00:00" {{(pid=90829) _check_extension /opt/stack/neutron/neutron/api/extensions.py:415}}
Jul 23 09:26:24.033721 np0000005744 devstack@neutron-api.service[90829]: INFO neutron.api.extensions [None req-e69dbcb4-2bdf-4178-8abb-206a39428035 None None] Loaded extension: auto-allocated-topology
Jul 23 09:26:24.033721 np0000005744 devstack@neutron-api.service[90829]: DEBUG neutron.api.extensions [None req-e69dbcb4-2bdf-4178-8abb-206a39428035 None None] Loading extension file: availability_zone.py {{(pid=90829) _load_all_extensions_from_path /opt/stack/neutron/neutron/api/extensions.py:449}}
Jul 23 09:26:24.033721 np0000005744 devstack@neutron-api.service[90829]: DEBUG neutron.api.extensions [None req-e69dbcb4-2bdf-4178-8abb-206a39428035 None None] Ext name="Availability Zone" alias="availability_zone" description="The availability zone extension." updated="2015-01-01T10:00:00-00:00" {{(pid=90829) _check_extension /opt/stack/neutron/neutron/api/extensions.py:415}}
Jul 23 09:26:24.033721 np0000005744 devstack@neutron-api.service[90829]: INFO neutron.api.extensions [None req-e69dbcb4-2bdf-4178-8abb-206a39428035 None None] Loaded extension: availability_zone
Jul 23 09:26:24.033955 np0000005744 devstack@neutron-api.service[90830]: DEBUG neutron_lib.callbacks.manager [None req-0d4099d5-0dbf-41e4-bae1-3991ed033dfb None None] Subscribe: network precommit_update 55550000, False {{(pid=90830) subscribe /opt/stack/data/venv/lib/python3.12/site-packages/neutron_lib/callbacks/manager.py:52}}
Jul 23 09:26:24.034065 np0000005744 devstack@neutron-api.service[90829]: DEBUG neutron.api.extensions [None req-e69dbcb4-2bdf-4178-8abb-206a39428035 None None] Loading extension file: availability_zone_filter.py {{(pid=90829) _load_all_extensions_from_path /opt/stack/neutron/neutron/api/extensions.py:449}}
Jul 23 09:26:24.034160 np0000005744 devstack@neutron-api.service[90830]: DEBUG neutron_lib.callbacks.manager [None req-0d4099d5-0dbf-41e4-bae1-3991ed033dfb None None] Subscribe: network precommit_create 55550000, False {{(pid=90830) subscribe /opt/stack/data/venv/lib/python3.12/site-packages/neutron_lib/callbacks/manager.py:52}}
Jul 23 09:26:24.034160 np0000005744 devstack@neutron-api.service[90830]: DEBUG neutron.manager [None req-0d4099d5-0dbf-41e4-bae1-3991ed033dfb None None] Successfully loaded auto-allocated-topology plugin. Description: Auto Allocated Topology - aka get me a network. {{(pid=90830) _create_and_add_service_plugin /opt/stack/neutron/neutron/manager.py:236}}
Jul 23 09:26:24.034160 np0000005744 devstack@neutron-api.service[90830]: INFO neutron.manager [None req-0d4099d5-0dbf-41e4-bae1-3991ed033dfb None None] Loading Plugin: tag
Jul 23 09:26:24.034308 np0000005744 devstack@neutron-api.service[90829]: DEBUG neutron.api.extensions [None req-e69dbcb4-2bdf-4178-8abb-206a39428035 None None] Ext name="Availability Zone Filter Extension" alias="availability_zone_filter" description="Add filter parameters to AvailabilityZone resource" updated="2018-06-22T10:00:00-00:00" {{(pid=90829) _check_extension /opt/stack/neutron/neutron/api/extensions.py:415}}
Jul 23 09:26:24.034308 np0000005744 devstack@neutron-api.service[90829]: INFO neutron.api.extensions [None req-e69dbcb4-2bdf-4178-8abb-206a39428035 None None] Extension availability_zone_filter not supported by any of loaded plugins
Jul 23 09:26:24.034308 np0000005744 devstack@neutron-api.service[90829]: DEBUG neutron.api.extensions [None req-e69dbcb4-2bdf-4178-8abb-206a39428035 None None] Loading extension file: data_plane_status.py {{(pid=90829) _load_all_extensions_from_path /opt/stack/neutron/neutron/api/extensions.py:449}}
Jul 23 09:26:24.034308 np0000005744 devstack@neutron-api.service[90829]: DEBUG neutron.api.extensions [None req-e69dbcb4-2bdf-4178-8abb-206a39428035 None None] Ext name="Port data plane status extension" alias="data-plane-status" description="Expose status of underlying data plane" updated="2017-01-24T10:00:00-00:00" {{(pid=90829) _check_extension /opt/stack/neutron/neutron/api/extensions.py:415}}
Jul 23 09:26:24.034472 np0000005744 devstack@neutron-api.service[90831]: DEBUG neutron.services.provider_configuration [None req-772d82c3-4c6f-4c1e-9c78-28b99aebcd31 None None] Service providers = [] {{(pid=90831) parse_service_provider_opt /opt/stack/neutron/neutron/services/provider_configuration.py:170}}
Jul 23 09:26:24.034587 np0000005744 devstack@neutron-api.service[90829]: INFO neutron.api.extensions [None req-e69dbcb4-2bdf-4178-8abb-206a39428035 None None] Extension data-plane-status not supported by any of loaded plugins
Jul 23 09:26:24.034665 np0000005744 devstack@neutron-api.service[90831]: DEBUG neutron.db.servicetype_db [None req-772d82c3-4c6f-4c1e-9c78-28b99aebcd31 None None] Adding provider configuration for service L3_ROUTER_NAT {{(pid=90831) add_provider_configuration /opt/stack/neutron/neutron/db/servicetype_db.py:45}}
Jul 23 09:26:24.034743 np0000005744 devstack@neutron-api.service[90829]: DEBUG neutron.api.extensions [None req-e69dbcb4-2bdf-4178-8abb-206a39428035 None None] Loading extension file: default_subnetpools.py {{(pid=90829) _load_all_extensions_from_path /opt/stack/neutron/neutron/api/extensions.py:449}}
Jul 23 09:26:24.034743 np0000005744 devstack@neutron-api.service[90829]: DEBUG neutron.api.extensions [None req-e69dbcb4-2bdf-4178-8abb-206a39428035 None None] Ext name="Default Subnetpools" alias="default-subnetpools" description="Provides ability to mark and use a subnetpool as the default." updated="2016-02-18T18:00:00-00:00" {{(pid=90829) _check_extension /opt/stack/neutron/neutron/api/extensions.py:415}}
Jul 23 09:26:24.034743 np0000005744 devstack@neutron-api.service[90829]: INFO neutron.api.extensions [None req-e69dbcb4-2bdf-4178-8abb-206a39428035 None None] Loaded extension: default-subnetpools
Jul 23 09:26:24.034743 np0000005744 devstack@neutron-api.service[90829]: DEBUG neutron.api.extensions [None req-e69dbcb4-2bdf-4178-8abb-206a39428035 None None] Loading extension file: dhcpagentscheduler.py {{(pid=90829) _load_all_extensions_from_path /opt/stack/neutron/neutron/api/extensions.py:449}}
Jul 23 09:26:24.034743 np0000005744 devstack@neutron-api.service[90829]: DEBUG neutron.api.extensions [None req-e69dbcb4-2bdf-4178-8abb-206a39428035 None None] Ext name="DHCP Agent Scheduler" alias="dhcp_agent_scheduler" description="Schedule networks among dhcp agents" updated="2013-02-07T10:00:00-00:00" {{(pid=90829) _check_extension /opt/stack/neutron/neutron/api/extensions.py:415}}
Jul 23 09:26:24.034743 np0000005744 devstack@neutron-api.service[90829]: INFO neutron.api.extensions [None req-e69dbcb4-2bdf-4178-8abb-206a39428035 None None] Loaded extension: dhcp_agent_scheduler
Jul 23 09:26:24.034743 np0000005744 devstack@neutron-api.service[90829]: DEBUG neutron.api.extensions [None req-e69dbcb4-2bdf-4178-8abb-206a39428035 None None] Loading extension file: dns.py {{(pid=90829) _load_all_extensions_from_path /opt/stack/neutron/neutron/api/extensions.py:449}}
Jul 23 09:26:24.035064 np0000005744 devstack@neutron-api.service[90829]: DEBUG neutron.api.extensions [None req-e69dbcb4-2bdf-4178-8abb-206a39428035 None None] Ext name="DNS Integration" alias="dns-integration" description="Provides integration with DNS." updated="2015-08-15T18:00:00-00:00" {{(pid=90829) _check_extension /opt/stack/neutron/neutron/api/extensions.py:415}}
Jul 23 09:26:24.035064 np0000005744 devstack@neutron-api.service[90829]: INFO neutron.api.extensions [None req-e69dbcb4-2bdf-4178-8abb-206a39428035 None None] Loaded extension: dns-integration
Jul 23 09:26:24.035064 np0000005744 devstack@neutron-api.service[90829]: DEBUG neutron.api.extensions [None req-e69dbcb4-2bdf-4178-8abb-206a39428035 None None] Loading extension file: dns_domain_ports.py {{(pid=90829) _load_all_extensions_from_path /opt/stack/neutron/neutron/api/extensions.py:449}}
Jul 23 09:26:24.035246 np0000005744 devstack@neutron-api.service[90830]: DEBUG neutron.manager [None req-0d4099d5-0dbf-41e4-bae1-3991ed033dfb None None] Successfully loaded TAG plugin. Description: Tag support {{(pid=90830) _create_and_add_service_plugin /opt/stack/neutron/neutron/manager.py:236}}
Jul 23 09:26:24.035324 np0000005744 devstack@neutron-api.service[90829]: DEBUG neutron.api.extensions [None req-e69dbcb4-2bdf-4178-8abb-206a39428035 None None] Ext name="dns_domain for ports" alias="dns-domain-ports" description="Allows the DNS domain to be specified for a network port." updated="2017-04-24T10:00:00-00:00" {{(pid=90829) _check_extension /opt/stack/neutron/neutron/api/extensions.py:415}}
Jul 23 09:26:24.035431 np0000005744 devstack@neutron-api.service[90830]: INFO neutron.manager [None req-0d4099d5-0dbf-41e4-bae1-3991ed033dfb None None] Loading Plugin: timestamp
Jul 23 09:26:24.035506 np0000005744 devstack@neutron-api.service[90831]: DEBUG neutron_lib.callbacks.manager [None req-772d82c3-4c6f-4c1e-9c78-28b99aebcd31 None None] Subscribe: > router precommit_create 55549900, False {{(pid=90831) subscribe /opt/stack/data/venv/lib/python3.12/site-packages/neutron_lib/callbacks/manager.py:52}}
Jul 23 09:26:24.035593 np0000005744 devstack@neutron-api.service[90829]: INFO neutron.api.extensions [None req-e69dbcb4-2bdf-4178-8abb-206a39428035 None None] Loaded extension: dns-domain-ports
Jul 23 09:26:24.035593 np0000005744 devstack@neutron-api.service[90829]: DEBUG neutron.api.extensions [None req-e69dbcb4-2bdf-4178-8abb-206a39428035 None None] Loading extension file: dns_integration_domain_keywords.py {{(pid=90829) _load_all_extensions_from_path /opt/stack/neutron/neutron/api/extensions.py:449}}
Jul 23 09:26:24.035709 np0000005744 devstack@neutron-api.service[90831]: DEBUG neutron_lib.callbacks.manager [None req-772d82c3-4c6f-4c1e-9c78-28b99aebcd31 None None] Subscribe: > router_interface after_create 55550000, False {{(pid=90831) subscribe /opt/stack/data/venv/lib/python3.12/site-packages/neutron_lib/callbacks/manager.py:52}}
Jul 23 09:26:24.035709 np0000005744 devstack@neutron-api.service[90831]: DEBUG neutron_lib.callbacks.manager [None req-772d82c3-4c6f-4c1e-9c78-28b99aebcd31 None None] Subscribe: > floatingip after_create 55550000, False {{(pid=90831) subscribe /opt/stack/data/venv/lib/python3.12/site-packages/neutron_lib/callbacks/manager.py:52}}
Jul 23 09:26:24.035919 np0000005744 devstack@neutron-api.service[90829]: DEBUG neutron.api.extensions [None req-e69dbcb4-2bdf-4178-8abb-206a39428035 None None] Ext name="DNS domain names with keywords allowed" alias="dns-integration-domain-keywords" description="Allows to use keywords like , , and as DNS domain name" updated="2020-06-15T18:00:00-00:00" {{(pid=90829) _check_extension /opt/stack/neutron/neutron/api/extensions.py:415}}
Jul 23 09:26:24.036003 np0000005744 devstack@neutron-api.service[90831]: DEBUG neutron_lib.callbacks.manager [None req-772d82c3-4c6f-4c1e-9c78-28b99aebcd31 None None] Subscribe: > floatingip precommit_create 55550000, False {{(pid=90831) subscribe /opt/stack/data/venv/lib/python3.12/site-packages/neutron_lib/callbacks/manager.py:52}}
Jul 23 09:26:24.036155 np0000005744 devstack@neutron-api.service[90829]: INFO neutron.api.extensions [None req-e69dbcb4-2bdf-4178-8abb-206a39428035 None None] Loaded extension: dns-integration-domain-keywords
Jul 23 09:26:24.036155 np0000005744 devstack@neutron-api.service[90829]: DEBUG neutron.api.extensions [None req-e69dbcb4-2bdf-4178-8abb-206a39428035 None None] Loading extension file: dvr.py {{(pid=90829) _load_all_extensions_from_path /opt/stack/neutron/neutron/api/extensions.py:449}}
Jul 23 09:26:24.036643 np0000005744 devstack@neutron-api.service[90831]: DEBUG neutron_lib.callbacks.manager [None req-772d82c3-4c6f-4c1e-9c78-28b99aebcd31 None None] Subscribe: > floatingip precommit_update 55550000, False {{(pid=90831) subscribe /opt/stack/data/venv/lib/python3.12/site-packages/neutron_lib/callbacks/manager.py:52}}
Jul 23 09:26:24.036643 np0000005744 devstack@neutron-api.service[90831]: DEBUG neutron_lib.callbacks.manager [None req-772d82c3-4c6f-4c1e-9c78-28b99aebcd31 None None] Subscribe: > floatingip after_delete 55550000, False {{(pid=90831) subscribe /opt/stack/data/venv/lib/python3.12/site-packages/neutron_lib/callbacks/manager.py:52}}
Jul 23 09:26:24.036872 np0000005744 devstack@neutron-api.service[90829]: DEBUG neutron.api.extensions [None req-e69dbcb4-2bdf-4178-8abb-206a39428035 None None] Ext name="Distributed Virtual Router" alias="dvr" description="Enables configuration of Distributed Virtual Routers." updated="2014-06-1T10:00:00-00:00" {{(pid=90829) _check_extension /opt/stack/neutron/neutron/api/extensions.py:415}}
Jul 23 09:26:24.037013 np0000005744 devstack@neutron-api.service[90831]: DEBUG neutron_lib.callbacks.manager [None req-772d82c3-4c6f-4c1e-9c78-28b99aebcd31 None None] Subscribe: > floatingip after_status_update 55550000, False {{(pid=90831) subscribe /opt/stack/data/venv/lib/python3.12/site-packages/neutron_lib/callbacks/manager.py:52}}
Jul 23 09:26:24.037199 np0000005744 devstack@neutron-api.service[90829]: INFO neutron.api.extensions [None req-e69dbcb4-2bdf-4178-8abb-206a39428035 None None] Extension dvr not supported by any of loaded plugins
Jul 23 09:26:24.037199 np0000005744 devstack@neutron-api.service[90829]: DEBUG neutron.api.extensions [None req-e69dbcb4-2bdf-4178-8abb-206a39428035 None None] Loading extension file: ecmp_routes.py {{(pid=90829) _load_all_extensions_from_path /opt/stack/neutron/neutron/api/extensions.py:449}}
Jul 23 09:26:24.037473 np0000005744 devstack@neutron-api.service[90831]: DEBUG neutron_lib.callbacks.manager [None req-772d82c3-4c6f-4c1e-9c78-28b99aebcd31 None None] Subscribe: > floatingip after_update 55550000, False {{(pid=90831) subscribe /opt/stack/data/venv/lib/python3.12/site-packages/neutron_lib/callbacks/manager.py:52}}
Jul 23 09:26:24.037660 np0000005744 devstack@neutron-api.service[90830]: DEBUG neutron.manager [None req-0d4099d5-0dbf-41e4-bae1-3991ed033dfb None None] Successfully loaded timestamp plugin. Description: Adds timestamps to Neutron resources with standard attributes {{(pid=90830) _create_and_add_service_plugin /opt/stack/neutron/neutron/manager.py:236}}
Jul 23 09:26:24.037814 np0000005744 devstack@neutron-api.service[90829]: DEBUG neutron.api.extensions [None req-e69dbcb4-2bdf-4178-8abb-206a39428035 None None] Ext name="Equal Cost Multipath Routing" alias="ecmp_routes" description="Allows traffic to reach thesame destination via multiple different links " updated="2020-11-26T18:00:00-00:00" {{(pid=90829) _check_extension /opt/stack/neutron/neutron/api/extensions.py:415}}
Jul 23 09:26:24.037962 np0000005744 devstack@neutron-api.service[90831]: DEBUG neutron_lib.callbacks.manager [None req-772d82c3-4c6f-4c1e-9c78-28b99aebcd31 None None] Subscribe: > port_forwarding after_create 55550000, False {{(pid=90831) subscribe /opt/stack/data/venv/lib/python3.12/site-packages/neutron_lib/callbacks/manager.py:52}}
Jul 23 09:26:24.038093 np0000005744 devstack@neutron-api.service[90830]: INFO neutron.manager [None req-0d4099d5-0dbf-41e4-bae1-3991ed033dfb None None] Loading Plugin: network_ip_availability
Jul 23 09:26:24.038240 np0000005744 devstack@neutron-api.service[90829]: INFO neutron.api.extensions [None req-e69dbcb4-2bdf-4178-8abb-206a39428035 None None] Extension ecmp_routes not supported by any of loaded plugins
Jul 23 09:26:24.038392 np0000005744 devstack@neutron-api.service[90831]: DEBUG neutron_lib.callbacks.manager [None req-772d82c3-4c6f-4c1e-9c78-28b99aebcd31 None None] Subscribe: > router_interface after_delete 55550000, False {{(pid=90831) subscribe /opt/stack/data/venv/lib/python3.12/site-packages/neutron_lib/callbacks/manager.py:52}}
Jul 23 09:26:24.038533 np0000005744 devstack@neutron-api.service[90829]: DEBUG neutron.api.extensions [None req-e69dbcb4-2bdf-4178-8abb-206a39428035 None None] Loading extension file: empty_string_filtering.py {{(pid=90829) _load_all_extensions_from_path /opt/stack/neutron/neutron/api/extensions.py:449}}
Jul 23 09:26:24.038671 np0000005744 devstack@neutron-api.service[90831]: DEBUG neutron_lib.callbacks.manager [None req-772d82c3-4c6f-4c1e-9c78-28b99aebcd31 None None] Subscribe: > router after_create 55550000, False {{(pid=90831) subscribe /opt/stack/data/venv/lib/python3.12/site-packages/neutron_lib/callbacks/manager.py:52}}
Jul 23 09:26:24.038824 np0000005744 devstack@neutron-api.service[90829]: DEBUG neutron.api.extensions [None req-e69dbcb4-2bdf-4178-8abb-206a39428035 None None] Ext name="Empty String Filtering Extension" alias="empty-string-filtering" description="Allow filtering by attributes with empty string value" updated="2018-05-01T10:00:00-00:00" {{(pid=90829) _check_extension /opt/stack/neutron/neutron/api/extensions.py:415}}
Jul 23 09:26:24.038978 np0000005744 devstack@neutron-api.service[90831]: DEBUG neutron_lib.callbacks.manager [None req-772d82c3-4c6f-4c1e-9c78-28b99aebcd31 None None] Subscribe: > router precommit_create 55550000, False {{(pid=90831) subscribe /opt/stack/data/venv/lib/python3.12/site-packages/neutron_lib/callbacks/manager.py:52}}
Jul 23 09:26:24.039145 np0000005744 devstack@neutron-api.service[90829]: INFO neutron.api.extensions [None req-e69dbcb4-2bdf-4178-8abb-206a39428035 None None] Loaded extension: empty-string-filtering
Jul 23 09:26:24.039277 np0000005744 devstack@neutron-api.service[90831]: DEBUG neutron_lib.callbacks.manager [None req-772d82c3-4c6f-4c1e-9c78-28b99aebcd31 None None] Subscribe: > router after_delete 55550000, False {{(pid=90831) subscribe /opt/stack/data/venv/lib/python3.12/site-packages/neutron_lib/callbacks/manager.py:52}}
Jul 23 09:26:24.039425 np0000005744 devstack@neutron-api.service[90829]: DEBUG neutron.api.extensions [None req-e69dbcb4-2bdf-4178-8abb-206a39428035 None None] Loading extension file: evpn.py {{(pid=90829) _load_all_extensions_from_path /opt/stack/neutron/neutron/api/extensions.py:449}}
Jul 23 09:26:24.039578 np0000005744 devstack@neutron-api.service[90831]: DEBUG neutron_lib.callbacks.manager [None req-772d82c3-4c6f-4c1e-9c78-28b99aebcd31 None None] Subscribe: > router after_update 55550000, False {{(pid=90831) subscribe /opt/stack/data/venv/lib/python3.12/site-packages/neutron_lib/callbacks/manager.py:52}}
Jul 23 09:26:24.039708 np0000005744 devstack@neutron-api.service[90829]: DEBUG neutron.api.extensions [None req-e69dbcb4-2bdf-4178-8abb-206a39428035 None None] Ext name="EVPN" alias="evpn" description="Router extension to support EVPN Type-5 route advertisement" updated="2026-04-28T00:00:00-00:00" {{(pid=90829) _check_extension /opt/stack/neutron/neutron/api/extensions.py:415}}
Jul 23 09:26:24.039851 np0000005744 devstack@neutron-api.service[90831]: DEBUG neutron.services.service_base [None req-772d82c3-4c6f-4c1e-9c78-28b99aebcd31 None None] Loaded 'neutron.services.ovn_l3.service_providers.ovn.OvnDriver' provider for service L3_ROUTER_NAT {{(pid=90831) load_drivers /opt/stack/neutron/neutron/services/service_base.py:49}}
Jul 23 09:26:24.039999 np0000005744 devstack@neutron-api.service[90829]: INFO neutron.api.extensions [None req-e69dbcb4-2bdf-4178-8abb-206a39428035 None None] Extension evpn not supported by any of loaded plugins
Jul 23 09:26:24.039999 np0000005744 devstack@neutron-api.service[90829]: DEBUG neutron.api.extensions [None req-e69dbcb4-2bdf-4178-8abb-206a39428035 None None] Loading extension file: expose_l3_conntrack_helper.py {{(pid=90829) _load_all_extensions_from_path /opt/stack/neutron/neutron/api/extensions.py:449}}
Jul 23 09:26:24.040185 np0000005744 devstack@neutron-api.service[90831]: DEBUG neutron_lib.callbacks.manager [None req-772d82c3-4c6f-4c1e-9c78-28b99aebcd31 None None] Subscribe: > process after_init 55550001, True {{(pid=90831) subscribe /opt/stack/data/venv/lib/python3.12/site-packages/neutron_lib/callbacks/manager.py:52}}
Jul 23 09:26:24.040366 np0000005744 devstack@neutron-api.service[90829]: DEBUG neutron.api.extensions [None req-e69dbcb4-2bdf-4178-8abb-206a39428035 None None] Ext name="Expose CT target rules for conntrack helper" alias="expose-l3-conntrack-helper" description="Expose allow adding CT target rules for conntrack helper" updated="2019-04-04T10:00:00-00:00" {{(pid=90829) _check_extension /opt/stack/neutron/neutron/api/extensions.py:415}}
Jul 23 09:26:24.040497 np0000005744 devstack@neutron-api.service[90831]: DEBUG neutron.manager [None req-772d82c3-4c6f-4c1e-9c78-28b99aebcd31 None None] Successfully loaded L3_ROUTER_NAT plugin. Description: L3 Router Service Plugin for basic L3 forwarding using OVN {{(pid=90831) _create_and_add_service_plugin /opt/stack/neutron/neutron/manager.py:236}}
Jul 23 09:26:24.040634 np0000005744 devstack@neutron-api.service[90829]: INFO neutron.api.extensions [None req-e69dbcb4-2bdf-4178-8abb-206a39428035 None None] Extension expose-l3-conntrack-helper not supported by any of loaded plugins
Jul 23 09:26:24.040634 np0000005744 devstack@neutron-api.service[90829]: DEBUG neutron.api.extensions [None req-e69dbcb4-2bdf-4178-8abb-206a39428035 None None] Loading extension file: expose_port_forwarding_in_fip.py {{(pid=90829) _load_all_extensions_from_path /opt/stack/neutron/neutron/api/extensions.py:449}}
Jul 23 09:26:24.040753 np0000005744 devstack@neutron-api.service[90831]: INFO neutron.manager [None req-772d82c3-4c6f-4c1e-9c78-28b99aebcd31 None None] Loading Plugin: auto_allocate
Jul 23 09:26:24.040831 np0000005744 devstack@neutron-api.service[90829]: DEBUG neutron.api.extensions [None req-e69dbcb4-2bdf-4178-8abb-206a39428035 None None] Ext name="Expose Floating IP port forwardings" alias="expose-port-forwarding-in-fip" description="Expose port forwarding fields in floating IP response" updated="2018-06-28T16:00:00-00:00" {{(pid=90829) _check_extension /opt/stack/neutron/neutron/api/extensions.py:415}}
Jul 23 09:26:24.041049 np0000005744 devstack@neutron-api.service[90830]: DEBUG neutron.manager [None req-0d4099d5-0dbf-41e4-bae1-3991ed033dfb None None] Successfully loaded network-ip-availability plugin. Description: Provides IP availability data for each network and subnet. {{(pid=90830) _create_and_add_service_plugin /opt/stack/neutron/neutron/manager.py:236}}
Jul 23 09:26:24.041229 np0000005744 devstack@neutron-api.service[90829]: INFO neutron.api.extensions [None req-e69dbcb4-2bdf-4178-8abb-206a39428035 None None] Extension expose-port-forwarding-in-fip not supported by any of loaded plugins
Jul 23 09:26:24.041229 np0000005744 devstack@neutron-api.service[90829]: DEBUG neutron.api.extensions [None req-e69dbcb4-2bdf-4178-8abb-206a39428035 None None] Loading extension file: external_net.py {{(pid=90829) _load_all_extensions_from_path /opt/stack/neutron/neutron/api/extensions.py:449}}
Jul 23 09:26:24.041426 np0000005744 devstack@neutron-api.service[90830]: INFO neutron.manager [None req-0d4099d5-0dbf-41e4-bae1-3991ed033dfb None None] Loading Plugin: flavors
Jul 23 09:26:24.041608 np0000005744 devstack@neutron-api.service[90829]: DEBUG neutron.api.extensions [None req-e69dbcb4-2bdf-4178-8abb-206a39428035 None None] Ext name="Neutron external network" alias="external-net" description="Adds external network attribute to network resource." updated="2013-01-14T10:00:00-00:00" {{(pid=90829) _check_extension /opt/stack/neutron/neutron/api/extensions.py:415}}
Jul 23 09:26:24.041608 np0000005744 devstack@neutron-api.service[90829]: INFO neutron.api.extensions [None req-e69dbcb4-2bdf-4178-8abb-206a39428035 None None] Loaded extension: external-net
Jul 23 09:26:24.041608 np0000005744 devstack@neutron-api.service[90829]: DEBUG neutron.api.extensions [None req-e69dbcb4-2bdf-4178-8abb-206a39428035 None None] Loading extension file: extra_dhcp_opt.py {{(pid=90829) _load_all_extensions_from_path /opt/stack/neutron/neutron/api/extensions.py:449}}
Jul 23 09:26:24.041608 np0000005744 devstack@neutron-api.service[90829]: DEBUG neutron.api.extensions [None req-e69dbcb4-2bdf-4178-8abb-206a39428035 None None] Ext name="Neutron Extra DHCP options" alias="extra_dhcp_opt" description="Extra options configuration for DHCP. For example PXE boot options to DHCP clients can be specified (e.g. tftp-server, server-ip-address, bootfile-name)" updated="2013-03-17T12:00:00-00:00" {{(pid=90829) _check_extension /opt/stack/neutron/neutron/api/extensions.py:415}}
Jul 23 09:26:24.041608 np0000005744 devstack@neutron-api.service[90829]: INFO neutron.api.extensions [None req-e69dbcb4-2bdf-4178-8abb-206a39428035 None None] Loaded extension: extra_dhcp_opt
Jul 23 09:26:24.041608 np0000005744 devstack@neutron-api.service[90829]: DEBUG neutron.api.extensions [None req-e69dbcb4-2bdf-4178-8abb-206a39428035 None None] Loading extension file: extraroute.py {{(pid=90829) _load_all_extensions_from_path /opt/stack/neutron/neutron/api/extensions.py:449}}
Jul 23 09:26:24.041902 np0000005744 devstack@neutron-api.service[90831]: DEBUG neutron_lib.callbacks.manager [None req-772d82c3-4c6f-4c1e-9c78-28b99aebcd31 None None] Subscribe: network precommit_update 55550000, False {{(pid=90831) subscribe /opt/stack/data/venv/lib/python3.12/site-packages/neutron_lib/callbacks/manager.py:52}}
Jul 23 09:26:24.042062 np0000005744 devstack@neutron-api.service[90830]: DEBUG neutron.manager [None req-0d4099d5-0dbf-41e4-bae1-3991ed033dfb None None] Successfully loaded FLAVORS plugin. Description: Neutron Flavors and Service Profiles manager plugin {{(pid=90830) _create_and_add_service_plugin /opt/stack/neutron/neutron/manager.py:236}}
Jul 23 09:26:24.042230 np0000005744 devstack@neutron-api.service[90829]: DEBUG neutron.api.extensions [None req-e69dbcb4-2bdf-4178-8abb-206a39428035 None None] Ext name="Neutron Extra Route" alias="extraroute" description="Extra routes configuration for L3 router" updated="2013-02-01T10:00:00-00:00" {{(pid=90829) _check_extension /opt/stack/neutron/neutron/api/extensions.py:415}}
Jul 23 09:26:24.042362 np0000005744 devstack@neutron-api.service[90831]: DEBUG neutron_lib.callbacks.manager [None req-772d82c3-4c6f-4c1e-9c78-28b99aebcd31 None None] Subscribe: network precommit_create 55550000, False {{(pid=90831) subscribe /opt/stack/data/venv/lib/python3.12/site-packages/neutron_lib/callbacks/manager.py:52}}
Jul 23 09:26:24.042488 np0000005744 devstack@neutron-api.service[90830]: INFO neutron.manager [None req-0d4099d5-0dbf-41e4-bae1-3991ed033dfb None None] Loading Plugin: revisions
Jul 23 09:26:24.042661 np0000005744 devstack@neutron-api.service[90829]: INFO neutron.api.extensions [None req-e69dbcb4-2bdf-4178-8abb-206a39428035 None None] Loaded extension: extraroute
Jul 23 09:26:24.042661 np0000005744 devstack@neutron-api.service[90829]: DEBUG neutron.api.extensions [None req-e69dbcb4-2bdf-4178-8abb-206a39428035 None None] Loading extension file: extraroute_atomic.py {{(pid=90829) _load_all_extensions_from_path /opt/stack/neutron/neutron/api/extensions.py:449}}
Jul 23 09:26:24.042816 np0000005744 devstack@neutron-api.service[90831]: DEBUG neutron.manager [None req-772d82c3-4c6f-4c1e-9c78-28b99aebcd31 None None] Successfully loaded auto-allocated-topology plugin. Description: Auto Allocated Topology - aka get me a network. {{(pid=90831) _create_and_add_service_plugin /opt/stack/neutron/neutron/manager.py:236}}
Jul 23 09:26:24.042960 np0000005744 devstack@neutron-api.service[90829]: DEBUG neutron.api.extensions [None req-e69dbcb4-2bdf-4178-8abb-206a39428035 None None] Ext name="Atomically add/remove extra routes" alias="extraroute-atomic" description="Edit extra routes of a router on server side by atomically adding/removing extra routes" updated="2019-07-10T00:00:00+00:00" {{(pid=90829) _check_extension /opt/stack/neutron/neutron/api/extensions.py:415}}
Jul 23 09:26:24.043091 np0000005744 devstack@neutron-api.service[90831]: INFO neutron.manager [None req-772d82c3-4c6f-4c1e-9c78-28b99aebcd31 None None] Loading Plugin: tag
Jul 23 09:26:24.043252 np0000005744 devstack@neutron-api.service[90829]: INFO neutron.api.extensions [None req-e69dbcb4-2bdf-4178-8abb-206a39428035 None None] Loaded extension: extraroute-atomic
Jul 23 09:26:24.043252 np0000005744 devstack@neutron-api.service[90829]: DEBUG neutron.api.extensions [None req-e69dbcb4-2bdf-4178-8abb-206a39428035 None None] Loading extension file: filter_validation.py {{(pid=90829) _load_all_extensions_from_path /opt/stack/neutron/neutron/api/extensions.py:449}}
Jul 23 09:26:24.043252 np0000005744 devstack@neutron-api.service[90829]: DEBUG neutron.api.extensions [None req-e69dbcb4-2bdf-4178-8abb-206a39428035 None None] Ext name="Filter parameters validation" alias="filter-validation" description="Provides validation on filter parameters." updated="2018-07-04T10:00:00-00:00" {{(pid=90829) _check_extension /opt/stack/neutron/neutron/api/extensions.py:415}}
Jul 23 09:26:24.043252 np0000005744 devstack@neutron-api.service[90829]: INFO neutron.api.extensions [None req-e69dbcb4-2bdf-4178-8abb-206a39428035 None None] Loaded extension: filter-validation
Jul 23 09:26:24.043252 np0000005744 devstack@neutron-api.service[90829]: DEBUG neutron.api.extensions [None req-e69dbcb4-2bdf-4178-8abb-206a39428035 None None] Loading extension file: fip_pf_description.py {{(pid=90829) _load_all_extensions_from_path /opt/stack/neutron/neutron/api/extensions.py:449}}
Jul 23 09:26:24.043518 np0000005744 devstack@neutron-api.service[90830]: DEBUG neutron.manager [None req-0d4099d5-0dbf-41e4-bae1-3991ed033dfb None None] Successfully loaded revision_plugin plugin. Description: Adds revision numbers to resources. {{(pid=90830) _create_and_add_service_plugin /opt/stack/neutron/neutron/manager.py:236}}
Jul 23 09:26:24.043518 np0000005744 devstack@neutron-api.service[90830]: DEBUG oslo_concurrency.lockutils [None req-0d4099d5-0dbf-41e4-bae1-3991ed033dfb None None] Lock "manager" "released" by "neutron.manager.NeutronManager._create_instance" :: held 3.982s {{(pid=90830) inner /opt/stack/data/venv/lib/python3.12/site-packages/oslo_concurrency/lockutils.py:544}}
Jul 23 09:26:24.043754 np0000005744 devstack@neutron-api.service[90829]: DEBUG neutron.api.extensions [None req-e69dbcb4-2bdf-4178-8abb-206a39428035 None None] Ext name="Floating IP Port Forwarding new attribute description" alias="floating-ip-port-forwarding-description" description="Add a description field to Port Forwarding rules" updated="2019-11-01T10:00:00-00:00" {{(pid=90829) _check_extension /opt/stack/neutron/neutron/api/extensions.py:415}}
Jul 23 09:26:24.043754 np0000005744 devstack@neutron-api.service[90829]: INFO neutron.api.extensions [None req-e69dbcb4-2bdf-4178-8abb-206a39428035 None None] Extension floating-ip-port-forwarding-description not supported by any of loaded plugins
Jul 23 09:26:24.043920 np0000005744 devstack@neutron-api.service[90830]: DEBUG neutron.api.extensions [None req-0d4099d5-0dbf-41e4-bae1-3991ed033dfb None None] get_extension_paths = OrderedDict({'/opt/stack/neutron/neutron/extensions': 1}) {{(pid=90830) get_extensions_path /opt/stack/neutron/neutron/api/extensions.py:640}}
Jul 23 09:26:24.044074 np0000005744 devstack@neutron-api.service[90829]: DEBUG neutron.api.extensions [None req-e69dbcb4-2bdf-4178-8abb-206a39428035 None None] Loading extension file: fip_pf_detail.py {{(pid=90829) _load_all_extensions_from_path /opt/stack/neutron/neutron/api/extensions.py:449}}
Jul 23 09:26:24.044225 np0000005744 devstack@neutron-api.service[90830]: INFO neutron.api.extensions [None req-0d4099d5-0dbf-41e4-bae1-3991ed033dfb None None] Initializing extension manager.
Jul 23 09:26:24.044394 np0000005744 devstack@neutron-api.service[90829]: DEBUG neutron.api.extensions [None req-e69dbcb4-2bdf-4178-8abb-206a39428035 None None] Ext name="Floating IP port forwarding detail" alias="floating-ip-port-forwarding-detail" description="Allow list floating ip return more port forwarding data, include'id' and 'internal_port_id'" updated="2022-05-06T10:00:00-00:00" {{(pid=90829) _check_extension /opt/stack/neutron/neutron/api/extensions.py:415}}
Jul 23 09:26:24.044637 np0000005744 devstack@neutron-api.service[90830]: DEBUG neutron.api.extensions [None req-0d4099d5-0dbf-41e4-bae1-3991ed033dfb None None] Loading extension file: __init__.py {{(pid=90830) _load_all_extensions_from_path /opt/stack/neutron/neutron/api/extensions.py:449}}
Jul 23 09:26:24.044817 np0000005744 devstack@neutron-api.service[90829]: INFO neutron.api.extensions [None req-e69dbcb4-2bdf-4178-8abb-206a39428035 None None] Loaded extension: floating-ip-port-forwarding-detail
Jul 23 09:26:24.045030 np0000005744 devstack@neutron-api.service[90830]: DEBUG neutron.api.extensions [None req-0d4099d5-0dbf-41e4-bae1-3991ed033dfb None None] Loading extension file: __pycache__ {{(pid=90830) _load_all_extensions_from_path /opt/stack/neutron/neutron/api/extensions.py:449}}
Jul 23 09:26:24.045030 np0000005744 devstack@neutron-api.service[90830]: DEBUG neutron.api.extensions [None req-0d4099d5-0dbf-41e4-bae1-3991ed033dfb None None] Loading extension file: aap_reject_multicast.py {{(pid=90830) _load_all_extensions_from_path /opt/stack/neutron/neutron/api/extensions.py:449}}
