Jun 30 19:13:40.985794 np0000004025 nova-scheduler[93241]: DEBUG cotyledon.oslo_config_glue [-] oslo_limit.collect_timing = False {{(pid=93241) log_opt_values /opt/stack/data/venv/lib/python3.12/site-packages/oslo_config/cfg.py:3253}}
Jun 30 19:13:40.985794 np0000004025 nova-scheduler[93241]: DEBUG cotyledon.oslo_config_glue [-] oslo_limit.connect_retries = None {{(pid=93241) log_opt_values /opt/stack/data/venv/lib/python3.12/site-packages/oslo_config/cfg.py:3253}}
Jun 30 19:13:40.985794 np0000004025 nova-scheduler[93241]: DEBUG cotyledon.oslo_config_glue [-] oslo_limit.connect_retry_delay = None {{(pid=93241) log_opt_values /opt/stack/data/venv/lib/python3.12/site-packages/oslo_config/cfg.py:3253}}
Jun 30 19:13:40.985794 np0000004025 nova-scheduler[93241]: DEBUG cotyledon.oslo_config_glue [-] oslo_limit.endpoint_id = None {{(pid=93241) log_opt_values /opt/stack/data/venv/lib/python3.12/site-packages/oslo_config/cfg.py:3253}}
Jun 30 19:13:40.985794 np0000004025 nova-scheduler[93241]: DEBUG cotyledon.oslo_config_glue [-] oslo_limit.endpoint_interface = public {{(pid=93241) log_opt_values /opt/stack/data/venv/lib/python3.12/site-packages/oslo_config/cfg.py:3253}}
Jun 30 19:13:40.986132 np0000004025 nova-scheduler[93241]: DEBUG cotyledon.oslo_config_glue [-] oslo_limit.endpoint_override = None {{(pid=93241) log_opt_values /opt/stack/data/venv/lib/python3.12/site-packages/oslo_config/cfg.py:3253}}
Jun 30 19:13:40.986132 np0000004025 nova-scheduler[93241]: DEBUG cotyledon.oslo_config_glue [-] oslo_limit.endpoint_region_name = None {{(pid=93241) log_opt_values /opt/stack/data/venv/lib/python3.12/site-packages/oslo_config/cfg.py:3253}}
Jun 30 19:13:40.986132 np0000004025 nova-scheduler[93241]: DEBUG cotyledon.oslo_config_glue [-] oslo_limit.endpoint_service_name = None {{(pid=93241) log_opt_values /opt/stack/data/venv/lib/python3.12/site-packages/oslo_config/cfg.py:3253}}
Jun 30 19:13:40.986132 np0000004025 nova-scheduler[93241]: DEBUG cotyledon.oslo_config_glue [-] oslo_limit.endpoint_service_type = None {{(pid=93241) log_opt_values /opt/stack/data/venv/lib/python3.12/site-packages/oslo_config/cfg.py:3253}}
Jun 30 19:13:40.986132 np0000004025 nova-scheduler[93241]: DEBUG cotyledon.oslo_config_glue [-] oslo_limit.insecure = False {{(pid=93241) log_opt_values /opt/stack/data/venv/lib/python3.12/site-packages/oslo_config/cfg.py:3253}}
Jun 30 19:13:40.986132 np0000004025 nova-scheduler[93241]: DEBUG cotyledon.oslo_config_glue [-] oslo_limit.keyfile = None {{(pid=93241) log_opt_values /opt/stack/data/venv/lib/python3.12/site-packages/oslo_config/cfg.py:3253}}
Jun 30 19:13:40.986132 np0000004025 nova-scheduler[93241]: DEBUG cotyledon.oslo_config_glue [-] oslo_limit.max_version = None {{(pid=93241) log_opt_values /opt/stack/data/venv/lib/python3.12/site-packages/oslo_config/cfg.py:3253}}
Jun 30 19:13:40.986132 np0000004025 nova-scheduler[93241]: DEBUG cotyledon.oslo_config_glue [-] oslo_limit.min_version = None {{(pid=93241) log_opt_values /opt/stack/data/venv/lib/python3.12/site-packages/oslo_config/cfg.py:3253}}
Jun 30 19:13:40.986132 np0000004025 nova-scheduler[93241]: DEBUG cotyledon.oslo_config_glue [-] oslo_limit.region_name = None {{(pid=93241) log_opt_values /opt/stack/data/venv/lib/python3.12/site-packages/oslo_config/cfg.py:3253}}
Jun 30 19:13:40.986360 np0000004025 nova-scheduler[93241]: DEBUG cotyledon.oslo_config_glue [-] oslo_limit.retriable_status_codes = None {{(pid=93241) log_opt_values /opt/stack/data/venv/lib/python3.12/site-packages/oslo_config/cfg.py:3253}}
Jun 30 19:13:40.986360 np0000004025 nova-scheduler[93241]: DEBUG cotyledon.oslo_config_glue [-] oslo_limit.service_name = None {{(pid=93241) log_opt_values /opt/stack/data/venv/lib/python3.12/site-packages/oslo_config/cfg.py:3253}}
Jun 30 19:13:40.986360 np0000004025 nova-scheduler[93241]: DEBUG cotyledon.oslo_config_glue [-] oslo_limit.service_type = None {{(pid=93241) log_opt_values /opt/stack/data/venv/lib/python3.12/site-packages/oslo_config/cfg.py:3253}}
Jun 30 19:13:40.986360 np0000004025 nova-scheduler[93241]: DEBUG cotyledon.oslo_config_glue [-] oslo_limit.split_loggers = False {{(pid=93241) log_opt_values /opt/stack/data/venv/lib/python3.12/site-packages/oslo_config/cfg.py:3253}}
Jun 30 19:13:40.986360 np0000004025 nova-scheduler[93241]: DEBUG cotyledon.oslo_config_glue [-] oslo_limit.status_code_retries = None {{(pid=93241) log_opt_values /opt/stack/data/venv/lib/python3.12/site-packages/oslo_config/cfg.py:3253}}
Jun 30 19:13:40.986360 np0000004025 nova-scheduler[93241]: DEBUG cotyledon.oslo_config_glue [-] oslo_limit.status_code_retry_delay = None {{(pid=93241) log_opt_values /opt/stack/data/venv/lib/python3.12/site-packages/oslo_config/cfg.py:3253}}
Jun 30 19:13:40.986360 np0000004025 nova-scheduler[93241]: DEBUG cotyledon.oslo_config_glue [-] oslo_limit.timeout = None {{(pid=93241) log_opt_values /opt/stack/data/venv/lib/python3.12/site-packages/oslo_config/cfg.py:3253}}
Jun 30 19:13:40.986360 np0000004025 nova-scheduler[93241]: DEBUG cotyledon.oslo_config_glue [-] oslo_limit.valid_interfaces = None {{(pid=93241) log_opt_values /opt/stack/data/venv/lib/python3.12/site-packages/oslo_config/cfg.py:3253}}
Jun 30 19:13:40.986360 np0000004025 nova-scheduler[93241]: DEBUG cotyledon.oslo_config_glue [-] oslo_limit.version = None {{(pid=93241) log_opt_values /opt/stack/data/venv/lib/python3.12/site-packages/oslo_config/cfg.py:3253}}
Jun 30 19:13:40.986704 np0000004025 nova-scheduler[93241]: DEBUG cotyledon.oslo_config_glue [-] oslo_reports.file_event_handler = None {{(pid=93241) log_opt_values /opt/stack/data/venv/lib/python3.12/site-packages/oslo_config/cfg.py:3253}}
Jun 30 19:13:40.986704 np0000004025 nova-scheduler[93241]: DEBUG cotyledon.oslo_config_glue [-] oslo_reports.file_event_handler_interval = 1 {{(pid=93241) log_opt_values /opt/stack/data/venv/lib/python3.12/site-packages/oslo_config/cfg.py:3253}}
Jun 30 19:13:40.986704 np0000004025 nova-scheduler[93241]: DEBUG cotyledon.oslo_config_glue [-] oslo_reports.log_dir = None {{(pid=93241) log_opt_values /opt/stack/data/venv/lib/python3.12/site-packages/oslo_config/cfg.py:3253}}
Jun 30 19:13:40.986704 np0000004025 nova-scheduler[93241]: DEBUG cotyledon.oslo_config_glue [-] ******************************************************************************** {{(pid=93241) log_opt_values /opt/stack/data/venv/lib/python3.12/site-packages/oslo_config/cfg.py:3260}}
Jun 30 19:13:40.986704 np0000004025 nova-scheduler[93241]: DEBUG cotyledon._service_worker [-] Run service ServiceWrapper(1) [93241] {{(pid=93241) wait_forever /opt/stack/data/venv/lib/python3.12/site-packages/cotyledon/_service_worker.py:218}}
Jun 30 19:13:40.986704 np0000004025 nova-scheduler[93241]: INFO nova.service [-] Starting scheduler node (version 33.1.0)
Jun 30 19:13:40.986877 np0000004025 nova-scheduler[93243]: INFO dbcounter [None req-083cccaf-87ba-4a07-b8a8-02a81f65b5d0 None None] Registered counter for database nova_cell0
Jun 30 19:13:40.986926 np0000004025 nova-scheduler[93241]: INFO dbcounter [None req-8c934839-a786-4c0e-a31a-28320bfb629b None None] Registered counter for database nova_cell0
Jun 30 19:13:40.986963 np0000004025 nova-scheduler[93239]: DEBUG oslo_db.sqlalchemy.engines [None req-09541d29-d40a-4442-8d3d-7ecf2752bf9c None None] MySQL server mode set to STRICT_TRANS_TABLES,STRICT_ALL_TABLES,NO_ZERO_IN_DATE,NO_ZERO_DATE,ERROR_FOR_DIVISION_BY_ZERO,TRADITIONAL,NO_ENGINE_SUBSTITUTION {{(pid=93239) _check_effective_sql_mode /opt/stack/data/venv/lib/python3.12/site-packages/oslo_db/sqlalchemy/engines.py:325}}
Jun 30 19:13:40.986963 np0000004025 nova-scheduler[93239]: DEBUG dbcounter [-] [93239] Writer thread running {{(pid=93239) stat_writer /opt/stack/data/venv/lib/python3.12/site-packages/dbcounter.py:102}}
Jun 30 19:13:40.997353 np0000004025 nova-scheduler[93239]: DEBUG nova.service [None req-09541d29-d40a-4442-8d3d-7ecf2752bf9c None None] Creating RPC server for service: nova-scheduler on topic: scheduler {{(pid=93239) start /opt/stack/nova/nova/service.py:196}}
Jun 30 19:13:40.999304 np0000004025 nova-scheduler[93241]: DEBUG oslo_db.sqlalchemy.engines [None req-8c934839-a786-4c0e-a31a-28320bfb629b None None] MySQL server mode set to STRICT_TRANS_TABLES,STRICT_ALL_TABLES,NO_ZERO_IN_DATE,NO_ZERO_DATE,ERROR_FOR_DIVISION_BY_ZERO,TRADITIONAL,NO_ENGINE_SUBSTITUTION {{(pid=93241) _check_effective_sql_mode /opt/stack/data/venv/lib/python3.12/site-packages/oslo_db/sqlalchemy/engines.py:325}}
Jun 30 19:13:41.010835 np0000004025 nova-scheduler[93241]: DEBUG dbcounter [-] [93241] Writer thread running {{(pid=93241) stat_writer /opt/stack/data/venv/lib/python3.12/site-packages/dbcounter.py:102}}
Jun 30 19:13:41.012345 np0000004025 nova-scheduler[93243]: DEBUG oslo_db.sqlalchemy.engines [None req-083cccaf-87ba-4a07-b8a8-02a81f65b5d0 None None] MySQL server mode set to STRICT_TRANS_TABLES,STRICT_ALL_TABLES,NO_ZERO_IN_DATE,NO_ZERO_DATE,ERROR_FOR_DIVISION_BY_ZERO,TRADITIONAL,NO_ENGINE_SUBSTITUTION {{(pid=93243) _check_effective_sql_mode /opt/stack/data/venv/lib/python3.12/site-packages/oslo_db/sqlalchemy/engines.py:325}}
Jun 30 19:13:41.015026 np0000004025 nova-scheduler[93241]: DEBUG nova.service [None req-8c934839-a786-4c0e-a31a-28320bfb629b None None] Creating RPC server for service: nova-scheduler on topic: scheduler {{(pid=93241) start /opt/stack/nova/nova/service.py:196}}
Jun 30 19:13:41.023785 np0000004025 nova-scheduler[93239]: DEBUG nova.service [None req-09541d29-d40a-4442-8d3d-7ecf2752bf9c None None] Join ServiceGroup membership for this service scheduler {{(pid=93239) start /opt/stack/nova/nova/service.py:222}}
Jun 30 19:13:41.024028 np0000004025 nova-scheduler[93239]: DEBUG nova.servicegroup.drivers.db [None req-09541d29-d40a-4442-8d3d-7ecf2752bf9c None None] DB_Driver: join new ServiceGroup member np0000004025 to the scheduler group, service = {{(pid=93239) join /opt/stack/nova/nova/servicegroup/drivers/db.py:44}}
Jun 30 19:13:41.025388 np0000004025 nova-scheduler[93243]: DEBUG dbcounter [-] [93243] Writer thread running {{(pid=93243) stat_writer /opt/stack/data/venv/lib/python3.12/site-packages/dbcounter.py:102}}
Jun 30 19:13:41.029043 np0000004025 nova-scheduler[93243]: DEBUG nova.service [None req-083cccaf-87ba-4a07-b8a8-02a81f65b5d0 None None] Creating RPC server for service: nova-scheduler on topic: scheduler {{(pid=93243) start /opt/stack/nova/nova/service.py:196}}
Jun 30 19:13:41.038847 np0000004025 nova-scheduler[93241]: DEBUG nova.service [None req-8c934839-a786-4c0e-a31a-28320bfb629b None None] Join ServiceGroup membership for this service scheduler {{(pid=93241) start /opt/stack/nova/nova/service.py:222}}
Jun 30 19:13:41.039195 np0000004025 nova-scheduler[93241]: DEBUG nova.servicegroup.drivers.db [None req-8c934839-a786-4c0e-a31a-28320bfb629b None None] DB_Driver: join new ServiceGroup member np0000004025 to the scheduler group, service = {{(pid=93241) join /opt/stack/nova/nova/servicegroup/drivers/db.py:44}}
Jun 30 19:13:41.047974 np0000004025 nova-scheduler[93243]: DEBUG nova.service [None req-083cccaf-87ba-4a07-b8a8-02a81f65b5d0 None None] Join ServiceGroup membership for this service scheduler {{(pid=93243) start /opt/stack/nova/nova/service.py:222}}
Jun 30 19:13:41.048224 np0000004025 nova-scheduler[93243]: DEBUG nova.servicegroup.drivers.db [None req-083cccaf-87ba-4a07-b8a8-02a81f65b5d0 None None] DB_Driver: join new ServiceGroup member np0000004025 to the scheduler group, service = {{(pid=93243) join /opt/stack/nova/nova/servicegroup/drivers/db.py:44}}
Jun 30 19:13:43.041985 np0000004025 nova-scheduler[93241]: DEBUG oslo.service.backend._threading.loopingcall [None req-11a44cf6-7ec9-4831-b643-83b9f25b1a5d None None] Dynamic interval looping call 'nova.service.Service.periodic_tasks' sleeping for 60.00 seconds {{(pid=93241) _run_loop /opt/stack/data/venv/lib/python3.12/site-packages/oslo_service/backend/_threading/loopingcall.py:125}}
Jun 30 19:13:46.038246 np0000004025 nova-scheduler[93239]: DEBUG oslo.service.backend._threading.loopingcall [-] Fixed interval looping call 'nova.servicegroup.drivers.db.DbDriver._report_state' sleeping for 119.99 seconds {{(pid=93239) _run_loop /opt/stack/data/venv/lib/python3.12/site-packages/oslo_service/backend/_threading/loopingcall.py:125}}
Jun 30 19:13:46.053398 np0000004025 nova-scheduler[93241]: DEBUG oslo.service.backend._threading.loopingcall [-] Fixed interval looping call 'nova.servicegroup.drivers.db.DbDriver._report_state' sleeping for 119.99 seconds {{(pid=93241) _run_loop /opt/stack/data/venv/lib/python3.12/site-packages/oslo_service/backend/_threading/loopingcall.py:125}}
Jun 30 19:13:46.061700 np0000004025 nova-scheduler[93243]: DEBUG oslo.service.backend._threading.loopingcall [-] Fixed interval looping call 'nova.servicegroup.drivers.db.DbDriver._report_state' sleeping for 119.99 seconds {{(pid=93243) _run_loop /opt/stack/data/venv/lib/python3.12/site-packages/oslo_service/backend/_threading/loopingcall.py:125}}
Jun 30 19:13:49.566717 np0000004025 nova-scheduler[92042]: DEBUG dbcounter [-] [92042] Writing DB stats nova_api:SELECT=3 {{(pid=92042) stat_writer /opt/stack/data/venv/lib/python3.12/site-packages/dbcounter.py:115}}
Jun 30 19:13:49.707330 np0000004025 nova-scheduler[92042]: DEBUG dbcounter [-] [92042] Writing DB stats nova_cell0:SELECT=1 {{(pid=92042) stat_writer /opt/stack/data/venv/lib/python3.12/site-packages/dbcounter.py:115}}
Jun 30 19:13:49.716564 np0000004025 nova-scheduler[92042]: DEBUG dbcounter [-] [92042] Writing DB stats nova_cell1:SELECT=1 {{(pid=92042) stat_writer /opt/stack/data/venv/lib/python3.12/site-packages/dbcounter.py:115}}
Jun 30 19:13:56.034425 np0000004025 nova-scheduler[93239]: DEBUG dbcounter [-] [93239] Writing DB stats nova_cell0:SELECT=4,nova_cell0:INSERT=1,nova_cell0:UPDATE=1 {{(pid=93239) stat_writer /opt/stack/data/venv/lib/python3.12/site-packages/dbcounter.py:115}}
Jun 30 19:13:56.050958 np0000004025 nova-scheduler[93241]: DEBUG dbcounter [-] [93241] Writing DB stats nova_cell0:SELECT=3 {{(pid=93241) stat_writer /opt/stack/data/venv/lib/python3.12/site-packages/dbcounter.py:115}}
Jun 30 19:13:56.058194 np0000004025 nova-scheduler[93243]: DEBUG dbcounter [-] [93243] Writing DB stats nova_cell0:SELECT=3 {{(pid=93243) stat_writer /opt/stack/data/venv/lib/python3.12/site-packages/dbcounter.py:115}}
Jun 30 19:14:11.026723 np0000004025 nova-scheduler[93239]: DEBUG oslo.service.backend._threading.loopingcall [None req-8a1a2b59-4761-4618-a837-aa00ce37e1aa None None] Dynamic interval looping call 'nova.service.Service.periodic_tasks' sleeping for 60.00 seconds {{(pid=93239) _run_loop /opt/stack/data/venv/lib/python3.12/site-packages/oslo_service/backend/_threading/loopingcall.py:125}}
Jun 30 19:14:13.050396 np0000004025 nova-scheduler[93243]: DEBUG oslo.service.backend._threading.loopingcall [None req-8c104465-4360-4c39-8a1e-da60423279bf None None] Dynamic interval looping call 'nova.service.Service.periodic_tasks' sleeping for 60.00 seconds {{(pid=93243) _run_loop /opt/stack/data/venv/lib/python3.12/site-packages/oslo_service/backend/_threading/loopingcall.py:125}}
Jun 30 19:14:43.042614 np0000004025 nova-scheduler[93241]: DEBUG oslo.service.backend._threading.loopingcall [None req-11a44cf6-7ec9-4831-b643-83b9f25b1a5d None None] Dynamic interval looping call 'nova.service.Service.periodic_tasks' sleeping for 60.00 seconds {{(pid=93241) _run_loop /opt/stack/data/venv/lib/python3.12/site-packages/oslo_service/backend/_threading/loopingcall.py:125}}
Jun 30 19:15:11.027195 np0000004025 nova-scheduler[93239]: DEBUG oslo.service.backend._threading.loopingcall [None req-8a1a2b59-4761-4618-a837-aa00ce37e1aa None None] Dynamic interval looping call 'nova.service.Service.periodic_tasks' sleeping for 60.00 seconds {{(pid=93239) _run_loop /opt/stack/data/venv/lib/python3.12/site-packages/oslo_service/backend/_threading/loopingcall.py:125}}
Jun 30 19:15:13.051119 np0000004025 nova-scheduler[93243]: DEBUG oslo.service.backend._threading.loopingcall [None req-8c104465-4360-4c39-8a1e-da60423279bf None None] Dynamic interval looping call 'nova.service.Service.periodic_tasks' sleeping for 60.00 seconds {{(pid=93243) _run_loop /opt/stack/data/venv/lib/python3.12/site-packages/oslo_service/backend/_threading/loopingcall.py:125}}
Jun 30 19:15:43.043240 np0000004025 nova-scheduler[93241]: DEBUG oslo.service.backend._threading.loopingcall [None req-11a44cf6-7ec9-4831-b643-83b9f25b1a5d None None] Dynamic interval looping call 'nova.service.Service.periodic_tasks' sleeping for 60.00 seconds {{(pid=93241) _run_loop /opt/stack/data/venv/lib/python3.12/site-packages/oslo_service/backend/_threading/loopingcall.py:125}}
Jun 30 19:15:46.034629 np0000004025 nova-scheduler[93239]: DEBUG oslo.service.backend._threading.loopingcall [-] Fixed interval looping call 'nova.servicegroup.drivers.db.DbDriver._report_state' sleeping for 119.99 seconds {{(pid=93239) _run_loop /opt/stack/data/venv/lib/python3.12/site-packages/oslo_service/backend/_threading/loopingcall.py:125}}
Jun 30 19:15:46.047927 np0000004025 nova-scheduler[93241]: DEBUG oslo.service.backend._threading.loopingcall [-] Fixed interval looping call 'nova.servicegroup.drivers.db.DbDriver._report_state' sleeping for 120.00 seconds {{(pid=93241) _run_loop /opt/stack/data/venv/lib/python3.12/site-packages/oslo_service/backend/_threading/loopingcall.py:125}}
Jun 30 19:15:46.055213 np0000004025 nova-scheduler[93243]: DEBUG oslo.service.backend._threading.loopingcall [-] Fixed interval looping call 'nova.servicegroup.drivers.db.DbDriver._report_state' sleeping for 120.00 seconds {{(pid=93243) _run_loop /opt/stack/data/venv/lib/python3.12/site-packages/oslo_service/backend/_threading/loopingcall.py:125}}
Jun 30 19:15:56.031490 np0000004025 nova-scheduler[93239]: DEBUG dbcounter [-] [93239] Writing DB stats nova_cell0:SELECT=1,nova_cell0:UPDATE=1 {{(pid=93239) stat_writer /opt/stack/data/venv/lib/python3.12/site-packages/dbcounter.py:115}}
Jun 30 19:15:56.045812 np0000004025 nova-scheduler[93241]: DEBUG dbcounter [-] [93241] Writing DB stats nova_cell0:SELECT=1 {{(pid=93241) stat_writer /opt/stack/data/venv/lib/python3.12/site-packages/dbcounter.py:115}}
Jun 30 19:15:56.053571 np0000004025 nova-scheduler[93243]: DEBUG dbcounter [-] [93243] Writing DB stats nova_cell0:SELECT=1 {{(pid=93243) stat_writer /opt/stack/data/venv/lib/python3.12/site-packages/dbcounter.py:115}}
Jun 30 19:16:11.027706 np0000004025 nova-scheduler[93239]: DEBUG oslo.service.backend._threading.loopingcall [None req-8a1a2b59-4761-4618-a837-aa00ce37e1aa None None] Dynamic interval looping call 'nova.service.Service.periodic_tasks' sleeping for 60.00 seconds {{(pid=93239) _run_loop /opt/stack/data/venv/lib/python3.12/site-packages/oslo_service/backend/_threading/loopingcall.py:125}}
Jun 30 19:16:13.051533 np0000004025 nova-scheduler[93243]: DEBUG oslo.service.backend._threading.loopingcall [None req-8c104465-4360-4c39-8a1e-da60423279bf None None] Dynamic interval looping call 'nova.service.Service.periodic_tasks' sleeping for 60.00 seconds {{(pid=93243) _run_loop /opt/stack/data/venv/lib/python3.12/site-packages/oslo_service/backend/_threading/loopingcall.py:125}}
Jun 30 19:16:39.962211 np0000004025 nova-scheduler[93239]: DEBUG nova.scheduler.manager [None req-002df1c6-695d-4066-b932-df7925a5c362 tempest-AttachVolumeNegativeTest-1805245828 tempest-AttachVolumeNegativeTest-1805245828-project-member] Starting to schedule for instances: ['bd60c001-712e-48fe-ad52-d28d5523cc1f'] {{(pid=93239) select_destinations /opt/stack/nova/nova/scheduler/manager.py:209}}
Jun 30 19:16:39.963835 np0000004025 nova-scheduler[93239]: DEBUG nova.scheduler.request_filter [None req-002df1c6-695d-4066-b932-df7925a5c362 tempest-AttachVolumeNegativeTest-1805245828 tempest-AttachVolumeNegativeTest-1805245828-project-member] compute_status_filter request filter added forbidden trait COMPUTE_STATUS_DISABLED {{(pid=93239) compute_status_filter /opt/stack/nova/nova/scheduler/request_filter.py:253}}
Jun 30 19:16:39.963933 np0000004025 nova-scheduler[93239]: DEBUG nova.scheduler.request_filter [None req-002df1c6-695d-4066-b932-df7925a5c362 tempest-AttachVolumeNegativeTest-1805245828 tempest-AttachVolumeNegativeTest-1805245828-project-member] Request filter 'compute_status_filter' took 0.0 seconds {{(pid=93239) wrapper /opt/stack/nova/nova/scheduler/request_filter.py:46}}
Jun 30 19:16:39.964486 np0000004025 nova-scheduler[93239]: DEBUG nova.scheduler.request_filter [None req-002df1c6-695d-4066-b932-df7925a5c362 tempest-AttachVolumeNegativeTest-1805245828 tempest-AttachVolumeNegativeTest-1805245828-project-member] Request filter 'accelerators_filter' took 0.0 seconds {{(pid=93239) wrapper /opt/stack/nova/nova/scheduler/request_filter.py:46}}
Jun 30 19:16:39.964486 np0000004025 nova-scheduler[93239]: DEBUG nova.scheduler.request_filter [None req-002df1c6-695d-4066-b932-df7925a5c362 tempest-AttachVolumeNegativeTest-1805245828 tempest-AttachVolumeNegativeTest-1805245828-project-member] Request filter 'packed_virtqueue_filter' took 0.0 seconds {{(pid=93239) wrapper /opt/stack/nova/nova/scheduler/request_filter.py:46}}
Jun 30 19:16:39.964750 np0000004025 nova-scheduler[93239]: DEBUG nova.scheduler.request_filter [None req-002df1c6-695d-4066-b932-df7925a5c362 tempest-AttachVolumeNegativeTest-1805245828 tempest-AttachVolumeNegativeTest-1805245828-project-member] Request filter 'remote_managed_ports_filter' took 0.0 seconds {{(pid=93239) wrapper /opt/stack/nova/nova/scheduler/request_filter.py:46}}
Jun 30 19:16:39.964924 np0000004025 nova-scheduler[93239]: DEBUG nova.scheduler.request_filter [None req-002df1c6-695d-4066-b932-df7925a5c362 tempest-AttachVolumeNegativeTest-1805245828 tempest-AttachVolumeNegativeTest-1805245828-project-member] ephemeral_encryption_filter skipped {{(pid=93239) ephemeral_encryption_filter /opt/stack/nova/nova/scheduler/request_filter.py:426}}
Jun 30 19:16:39.965351 np0000004025 nova-scheduler[93239]: DEBUG nova.scheduler.request_filter [None req-002df1c6-695d-4066-b932-df7925a5c362 tempest-AttachVolumeNegativeTest-1805245828 tempest-AttachVolumeNegativeTest-1805245828-project-member] virtio_sound_filter skipped {{(pid=93239) virtio_sound_filter /opt/stack/nova/nova/scheduler/request_filter.py:460}}
Jun 30 19:16:39.965474 np0000004025 nova-scheduler[93239]: DEBUG nova.scheduler.request_filter [None req-002df1c6-695d-4066-b932-df7925a5c362 tempest-AttachVolumeNegativeTest-1805245828 tempest-AttachVolumeNegativeTest-1805245828-project-member] tpm_secret_security_filter skipped {{(pid=93239) tpm_secret_security_filter /opt/stack/nova/nova/scheduler/request_filter.py:477}}
Jun 30 19:16:39.994550 np0000004025 nova-scheduler[93241]: DEBUG nova.scheduler.manager [None req-21f05879-0ee6-43cd-900a-5448bc905f00 tempest-ServerStableDeviceRescueTest-123314061 tempest-ServerStableDeviceRescueTest-123314061-project-member] Starting to schedule for instances: ['cb5fd56e-6c19-4d37-8cd9-a9e82fa1ec6f'] {{(pid=93241) select_destinations /opt/stack/nova/nova/scheduler/manager.py:209}}
Jun 30 19:16:39.995277 np0000004025 nova-scheduler[93241]: DEBUG nova.scheduler.request_filter [None req-21f05879-0ee6-43cd-900a-5448bc905f00 tempest-ServerStableDeviceRescueTest-123314061 tempest-ServerStableDeviceRescueTest-123314061-project-member] compute_status_filter request filter added forbidden trait COMPUTE_STATUS_DISABLED {{(pid=93241) compute_status_filter /opt/stack/nova/nova/scheduler/request_filter.py:253}}
Jun 30 19:16:39.995277 np0000004025 nova-scheduler[93241]: DEBUG nova.scheduler.request_filter [None req-21f05879-0ee6-43cd-900a-5448bc905f00 tempest-ServerStableDeviceRescueTest-123314061 tempest-ServerStableDeviceRescueTest-123314061-project-member] Request filter 'compute_status_filter' took 0.0 seconds {{(pid=93241) wrapper /opt/stack/nova/nova/scheduler/request_filter.py:46}}
Jun 30 19:16:39.996408 np0000004025 nova-scheduler[93241]: DEBUG nova.scheduler.request_filter [None req-21f05879-0ee6-43cd-900a-5448bc905f00 tempest-ServerStableDeviceRescueTest-123314061 tempest-ServerStableDeviceRescueTest-123314061-project-member] Request filter 'accelerators_filter' took 0.0 seconds {{(pid=93241) wrapper /opt/stack/nova/nova/scheduler/request_filter.py:46}}
Jun 30 19:16:39.996408 np0000004025 nova-scheduler[93241]: DEBUG nova.scheduler.request_filter [None req-21f05879-0ee6-43cd-900a-5448bc905f00 tempest-ServerStableDeviceRescueTest-123314061 tempest-ServerStableDeviceRescueTest-123314061-project-member] Request filter 'packed_virtqueue_filter' took 0.0 seconds {{(pid=93241) wrapper /opt/stack/nova/nova/scheduler/request_filter.py:46}}
Jun 30 19:16:39.996408 np0000004025 nova-scheduler[93241]: DEBUG nova.scheduler.request_filter [None req-21f05879-0ee6-43cd-900a-5448bc905f00 tempest-ServerStableDeviceRescueTest-123314061 tempest-ServerStableDeviceRescueTest-123314061-project-member] Request filter 'remote_managed_ports_filter' took 0.0 seconds {{(pid=93241) wrapper /opt/stack/nova/nova/scheduler/request_filter.py:46}}
Jun 30 19:16:39.996408 np0000004025 nova-scheduler[93241]: DEBUG nova.scheduler.request_filter [None req-21f05879-0ee6-43cd-900a-5448bc905f00 tempest-ServerStableDeviceRescueTest-123314061 tempest-ServerStableDeviceRescueTest-123314061-project-member] ephemeral_encryption_filter skipped {{(pid=93241) ephemeral_encryption_filter /opt/stack/nova/nova/scheduler/request_filter.py:426}}
Jun 30 19:16:39.996408 np0000004025 nova-scheduler[93241]: DEBUG nova.scheduler.request_filter [None req-21f05879-0ee6-43cd-900a-5448bc905f00 tempest-ServerStableDeviceRescueTest-123314061 tempest-ServerStableDeviceRescueTest-123314061-project-member] virtio_sound_filter skipped {{(pid=93241) virtio_sound_filter /opt/stack/nova/nova/scheduler/request_filter.py:460}}
Jun 30 19:16:39.996737 np0000004025 nova-scheduler[93241]: DEBUG nova.scheduler.request_filter [None req-21f05879-0ee6-43cd-900a-5448bc905f00 tempest-ServerStableDeviceRescueTest-123314061 tempest-ServerStableDeviceRescueTest-123314061-project-member] tpm_secret_security_filter skipped {{(pid=93241) tpm_secret_security_filter /opt/stack/nova/nova/scheduler/request_filter.py:477}}
Jun 30 19:16:40.605759 np0000004025 nova-scheduler[93239]: INFO nova.utils [None req-002df1c6-695d-4066-b932-df7925a5c362 tempest-AttachVolumeNegativeTest-1805245828 tempest-AttachVolumeNegativeTest-1805245828-project-member] The cell worker thread pool ForkProcess-1.cell_worker is initialized
Jun 30 19:16:40.605759 np0000004025 nova-scheduler[93239]: DEBUG oslo_concurrency.lockutils [None req-002df1c6-695d-4066-b932-df7925a5c362 tempest-AttachVolumeNegativeTest-1805245828 tempest-AttachVolumeNegativeTest-1805245828-project-member] Acquiring lock "5fb51114-8048-4df3-9873-f8354a0ac50f" by "nova.context.set_target_cell..get_or_set_cached_cell_and_set_connections" {{(pid=93239) inner /opt/stack/data/venv/lib/python3.12/site-packages/oslo_concurrency/lockutils.py:511}}
Jun 30 19:16:40.606163 np0000004025 nova-scheduler[93241]: INFO nova.utils [None req-21f05879-0ee6-43cd-900a-5448bc905f00 tempest-ServerStableDeviceRescueTest-123314061 tempest-ServerStableDeviceRescueTest-123314061-project-member] The cell worker thread pool ForkProcess-2.cell_worker is initialized
Jun 30 19:16:40.606740 np0000004025 nova-scheduler[93239]: DEBUG oslo_concurrency.lockutils [None req-002df1c6-695d-4066-b932-df7925a5c362 tempest-AttachVolumeNegativeTest-1805245828 tempest-AttachVolumeNegativeTest-1805245828-project-member] Lock "5fb51114-8048-4df3-9873-f8354a0ac50f" acquired by "nova.context.set_target_cell..get_or_set_cached_cell_and_set_connections" :: waited 0.000s {{(pid=93239) inner /opt/stack/data/venv/lib/python3.12/site-packages/oslo_concurrency/lockutils.py:524}}
Jun 30 19:16:40.606968 np0000004025 nova-scheduler[93241]: DEBUG oslo_concurrency.lockutils [None req-21f05879-0ee6-43cd-900a-5448bc905f00 tempest-ServerStableDeviceRescueTest-123314061 tempest-ServerStableDeviceRescueTest-123314061-project-member] Acquiring lock "5fb51114-8048-4df3-9873-f8354a0ac50f" by "nova.context.set_target_cell..get_or_set_cached_cell_and_set_connections" {{(pid=93241) inner /opt/stack/data/venv/lib/python3.12/site-packages/oslo_concurrency/lockutils.py:511}}
Jun 30 19:16:40.606968 np0000004025 nova-scheduler[93241]: DEBUG oslo_concurrency.lockutils [None req-21f05879-0ee6-43cd-900a-5448bc905f00 tempest-ServerStableDeviceRescueTest-123314061 tempest-ServerStableDeviceRescueTest-123314061-project-member] Lock "5fb51114-8048-4df3-9873-f8354a0ac50f" acquired by "nova.context.set_target_cell..get_or_set_cached_cell_and_set_connections" :: waited 0.000s {{(pid=93241) inner /opt/stack/data/venv/lib/python3.12/site-packages/oslo_concurrency/lockutils.py:524}}
Jun 30 19:16:40.608821 np0000004025 nova-scheduler[93239]: DEBUG oslo_concurrency.lockutils [None req-002df1c6-695d-4066-b932-df7925a5c362 tempest-AttachVolumeNegativeTest-1805245828 tempest-AttachVolumeNegativeTest-1805245828-project-member] Lock "5fb51114-8048-4df3-9873-f8354a0ac50f" "released" by "nova.context.set_target_cell..get_or_set_cached_cell_and_set_connections" :: held 0.002s {{(pid=93239) inner /opt/stack/data/venv/lib/python3.12/site-packages/oslo_concurrency/lockutils.py:543}}
Jun 30 19:16:40.609024 np0000004025 nova-scheduler[93241]: DEBUG oslo_concurrency.lockutils [None req-21f05879-0ee6-43cd-900a-5448bc905f00 tempest-ServerStableDeviceRescueTest-123314061 tempest-ServerStableDeviceRescueTest-123314061-project-member] Lock "5fb51114-8048-4df3-9873-f8354a0ac50f" "released" by "nova.context.set_target_cell..get_or_set_cached_cell_and_set_connections" :: held 0.002s {{(pid=93241) inner /opt/stack/data/venv/lib/python3.12/site-packages/oslo_concurrency/lockutils.py:543}}
Jun 30 19:16:40.610515 np0000004025 nova-scheduler[93239]: INFO dbcounter [None req-002df1c6-695d-4066-b932-df7925a5c362 tempest-AttachVolumeNegativeTest-1805245828 tempest-AttachVolumeNegativeTest-1805245828-project-member] Registered counter for database nova_cell1
Jun 30 19:16:40.611018 np0000004025 nova-scheduler[93241]: INFO dbcounter [None req-21f05879-0ee6-43cd-900a-5448bc905f00 tempest-ServerStableDeviceRescueTest-123314061 tempest-ServerStableDeviceRescueTest-123314061-project-member] Registered counter for database nova_cell1
Jun 30 19:16:40.658712 np0000004025 nova-scheduler[93239]: DEBUG oslo_db.sqlalchemy.engines [None req-002df1c6-695d-4066-b932-df7925a5c362 tempest-AttachVolumeNegativeTest-1805245828 tempest-AttachVolumeNegativeTest-1805245828-project-member] MySQL server mode set to STRICT_TRANS_TABLES,STRICT_ALL_TABLES,NO_ZERO_IN_DATE,NO_ZERO_DATE,ERROR_FOR_DIVISION_BY_ZERO,TRADITIONAL,NO_ENGINE_SUBSTITUTION {{(pid=93239) _check_effective_sql_mode /opt/stack/data/venv/lib/python3.12/site-packages/oslo_db/sqlalchemy/engines.py:325}}
Jun 30 19:16:40.659540 np0000004025 nova-scheduler[93241]: DEBUG oslo_db.sqlalchemy.engines [None req-21f05879-0ee6-43cd-900a-5448bc905f00 tempest-ServerStableDeviceRescueTest-123314061 tempest-ServerStableDeviceRescueTest-123314061-project-member] MySQL server mode set to STRICT_TRANS_TABLES,STRICT_ALL_TABLES,NO_ZERO_IN_DATE,NO_ZERO_DATE,ERROR_FOR_DIVISION_BY_ZERO,TRADITIONAL,NO_ENGINE_SUBSTITUTION {{(pid=93241) _check_effective_sql_mode /opt/stack/data/venv/lib/python3.12/site-packages/oslo_db/sqlalchemy/engines.py:325}}
Jun 30 19:16:40.661831 np0000004025 nova-scheduler[93239]: DEBUG dbcounter [-] [93239] Writer thread running {{(pid=93239) stat_writer /opt/stack/data/venv/lib/python3.12/site-packages/dbcounter.py:102}}
Jun 30 19:16:40.665174 np0000004025 nova-scheduler[93241]: DEBUG dbcounter [-] [93241] Writer thread running {{(pid=93241) stat_writer /opt/stack/data/venv/lib/python3.12/site-packages/dbcounter.py:102}}
Jun 30 19:16:40.674738 np0000004025 nova-scheduler[93239]: DEBUG oslo_db.sqlalchemy.engines [None req-002df1c6-695d-4066-b932-df7925a5c362 tempest-AttachVolumeNegativeTest-1805245828 tempest-AttachVolumeNegativeTest-1805245828-project-member] Parent process 92042 forked (93239) with an open database connection, which is being discarded and recreated. {{(pid=93239) checkout /opt/stack/data/venv/lib/python3.12/site-packages/oslo_db/sqlalchemy/engines.py:402}}
Jun 30 19:16:40.712039 np0000004025 nova-scheduler[93239]: DEBUG dbcounter [-] [93239] Writer thread running {{(pid=93239) stat_writer /opt/stack/data/venv/lib/python3.12/site-packages/dbcounter.py:102}}
Jun 30 19:16:40.715020 np0000004025 nova-scheduler[93239]: DEBUG oslo_concurrency.lockutils [None req-002df1c6-695d-4066-b932-df7925a5c362 tempest-AttachVolumeNegativeTest-1805245828 tempest-AttachVolumeNegativeTest-1805245828-project-member] Acquiring lock "5fb51114-8048-4df3-9873-f8354a0ac50f" by "nova.context.set_target_cell..get_or_set_cached_cell_and_set_connections" {{(pid=93239) inner /opt/stack/data/venv/lib/python3.12/site-packages/oslo_concurrency/lockutils.py:511}}
Jun 30 19:16:40.715168 np0000004025 nova-scheduler[93239]: DEBUG oslo_concurrency.lockutils [None req-002df1c6-695d-4066-b932-df7925a5c362 tempest-AttachVolumeNegativeTest-1805245828 tempest-AttachVolumeNegativeTest-1805245828-project-member] Lock "5fb51114-8048-4df3-9873-f8354a0ac50f" acquired by "nova.context.set_target_cell..get_or_set_cached_cell_and_set_connections" :: waited 0.000s {{(pid=93239) inner /opt/stack/data/venv/lib/python3.12/site-packages/oslo_concurrency/lockutils.py:524}}
Jun 30 19:16:40.715317 np0000004025 nova-scheduler[93239]: DEBUG oslo_concurrency.lockutils [None req-002df1c6-695d-4066-b932-df7925a5c362 tempest-AttachVolumeNegativeTest-1805245828 tempest-AttachVolumeNegativeTest-1805245828-project-member] Lock "5fb51114-8048-4df3-9873-f8354a0ac50f" "released" by "nova.context.set_target_cell..get_or_set_cached_cell_and_set_connections" :: held 0.000s {{(pid=93239) inner /opt/stack/data/venv/lib/python3.12/site-packages/oslo_concurrency/lockutils.py:543}}
Jun 30 19:16:40.719007 np0000004025 nova-scheduler[93239]: DEBUG oslo_concurrency.lockutils [None req-002df1c6-695d-4066-b932-df7925a5c362 tempest-AttachVolumeNegativeTest-1805245828 tempest-AttachVolumeNegativeTest-1805245828-project-member] Acquiring lock "np0000004025-np0000004025" by "nova.scheduler.host_manager.HostState.update.._locked_update" {{(pid=93239) inner /opt/stack/data/venv/lib/python3.12/site-packages/oslo_concurrency/lockutils.py:511}}
Jun 30 19:16:40.719252 np0000004025 nova-scheduler[93239]: DEBUG oslo_concurrency.lockutils [None req-002df1c6-695d-4066-b932-df7925a5c362 tempest-AttachVolumeNegativeTest-1805245828 tempest-AttachVolumeNegativeTest-1805245828-project-member] Lock "np0000004025-np0000004025" acquired by "nova.scheduler.host_manager.HostState.update.._locked_update" :: waited 0.000s {{(pid=93239) inner /opt/stack/data/venv/lib/python3.12/site-packages/oslo_concurrency/lockutils.py:524}}
Jun 30 19:16:40.721435 np0000004025 nova-scheduler[93239]: DEBUG nova.scheduler.host_manager [None req-002df1c6-695d-4066-b932-df7925a5c362 tempest-AttachVolumeNegativeTest-1805245828 tempest-AttachVolumeNegativeTest-1805245828-project-member] Update host state from compute node: ComputeNode(cpu_allocation_ratio=4.0,cpu_info='{"arch": "x86_64", "model": "EPYC-Milan", "vendor": "AMD", "topology": {"cells": 1, "sockets": 16, "cores": 1, "threads": 1}, "maxphysaddr": {"mode": "emulate", "bits": 40}, "features": ["pat", "mce", "xsaves", "avx2", "gds-no", "flushbyasid", "sep", "ibrs", "rdrand", "aes", "vme", "pge", "rdpid", "xsave", "bmi1", "osvw", "topoext", "sse", "syscall", "arat", "xsavec", "cmp_legacy", "pae", "nrip-save", "stibp", "xsaveopt", "fma", "invpcid", "clflush", "adx", "no-nested-data-bp", "ssbd", "erms", "pschange-mc-no", "vaes", "pse", "rdseed", "fsgsbase", "perfctr_core", "cmov", "amd-ssbd", "movbe", "sse4a", "cr8legacy", "wbnoinvd", "mca", "vmcb-clean", "mds-no", "mmxext", "lbrv", "misalignsse", "clzero", "mmx", "cx16", "rdtscp", "f16c", "skip-l1dfl-vmentry", "xgetbv1", "vpclmulqdq", "npt", "tsc-deadline", "lfence-always-serializing", "xsaveerptr", "fpu", "sse4.1", "stibp-always-on", "fsrm", "hypervisor", "abm", "smap", "arch-capabilities", "fxsr_opt", "clwb", "svm", "x2apic", "fxsr", "sha-ni", "clflushopt", "ibpb", "mtrr", "amd-psfd", "pdpe1gb", "avx", "cx8", "lm", "sse2", "tsc", "tsc-scale", "tsc_adjust", "v-vmsave-vmload", "pfthreshold", "pause-filter", "pni", "vgif", "lahf_lm", "pku", "pclmuldq", "ssse3", "sse4.2", "rdctl-no", "nx", "bmi2", "virt-ssbd", "popcnt", "apic", "null-sel-clr-base", "pcid", "spec-ctrl", "msr", "3dnowprefetch", "umip", "smep", "de", "pse36", "svme-addr-chk", "amd-stibp"]}',created_at=2026-06-30T19:14:08Z,current_workload=0,deleted=False,deleted_at=None,disk_allocation_ratio=1.0,disk_available_least=73,free_disk_gb=95,free_ram_mb=62765,host='np0000004025',host_ip=10.4.3.154,hypervisor_hostname='np0000004025',hypervisor_type='QEMU',hypervisor_version=8002002,id=1,local_gb=95,local_gb_used=0,mapped=1,memory_mb=63277,memory_mb_used=512,metrics='[]',numa_topology='{"nova_object.name": "NUMATopology", "nova_object.namespace": "nova", "nova_object.version": "1.2", "nova_object.data": {"cells": [{"nova_object.name": "NUMACell", "nova_object.namespace": "nova", "nova_object.version": "1.5", "nova_object.data": {"id": 0, "cpuset": [0, 1, 2, 3, 4, 5, 6, 7, 8, 9, 10, 11, 12, 13, 14, 15], "pcpuset": [0, 1, 2, 3, 4, 5, 6, 7, 8, 9, 10, 11, 12, 13, 14, 15], "memory": 63277, "cpu_usage": 0, "memory_usage": 0, "pinned_cpus": [], "siblings": [[6], [12], [2], [15], [5], [11], [8], [14], [4], [1], [7], [10], [0], [13], [3], [9]], "mempages": [{"nova_object.name": "NUMAPagesTopology", "nova_object.namespace": "nova", "nova_object.version": "1.1", "nova_object.data": {"size_kb": 4, "total": 16177930, "used": 0, "reserved": 0}, "nova_object.changes": ["used", "total", "size_kb", "reserved"]}, {"nova_object.name": "NUMAPagesTopology", "nova_object.namespace": "nova", "nova_object.version": "1.1", "nova_object.data": {"size_kb": 2048, "total": 41, "used": 0, "reserved": 0}, "nova_object.changes": ["used", "total", "size_kb", "reserved"]}, {"nova_object.name": "NUMAPagesTopology", "nova_object.namespace": "nova", "nova_object.version": "1.1", "nova_object.data": {"size_kb": 1048576, "total": 0, "used": 0, "reserved": 0}, "nova_object.changes": ["used", "total", "size_kb", "reserved"]}], "network_metadata": {"nova_object.name": "NetworkMetadata", "nova_object.namespace": "nova", "nova_object.version": "1.0", "nova_object.data": {"physnets": [], "tunneled": false}, "nova_object.changes": ["physnets", "tunneled"]}, "socket": null}, "nova_object.changes": ["network_metadata", "mempages", "siblings", "pcpuset", "pinned_cpus", "cpuset", "id", "cpu_usage", "socket", "memory_usage", "memory"]}]}, "nova_object.changes": ["cells"]}',pci_device_pools=PciDevicePoolList,ram_allocation_ratio=1.0,running_vms=0,service_id=2,stats={failed_builds='0',uptime=' 19:15:52 up 13 min, 2 users, load average: 1.27, 1.49, 0.84
Jun 30 19:16:40.721435 np0000004025 nova-scheduler[93239]: '},supported_hv_specs=[HVSpec,HVSpec,HVSpec,HVSpec,HVSpec,HVSpec,HVSpec,HVSpec,HVSpec,HVSpec,HVSpec,HVSpec,HVSpec,HVSpec,HVSpec,HVSpec,HVSpec,HVSpec,HVSpec,HVSpec,HVSpec,HVSpec,HVSpec,HVSpec,HVSpec],updated_at=2026-06-30T19:15:54Z,uuid=03d68f2f-d710-4336-a8d9-d611e91f81e7,vcpus=16,vcpus_used=0) {{(pid=93239) _locked_update /opt/stack/nova/nova/scheduler/host_manager.py:168}}
Jun 30 19:16:40.721435 np0000004025 nova-scheduler[93239]: DEBUG nova.scheduler.host_manager [None req-002df1c6-695d-4066-b932-df7925a5c362 tempest-AttachVolumeNegativeTest-1805245828 tempest-AttachVolumeNegativeTest-1805245828-project-member] Update host state with aggregates: [] {{(pid=93239) _locked_update /opt/stack/nova/nova/scheduler/host_manager.py:171}}
Jun 30 19:16:40.721435 np0000004025 nova-scheduler[93239]: DEBUG nova.scheduler.host_manager [None req-002df1c6-695d-4066-b932-df7925a5c362 tempest-AttachVolumeNegativeTest-1805245828 tempest-AttachVolumeNegativeTest-1805245828-project-member] Update host state with service dict: {'id': 2, 'uuid': 'be903ba0-21f2-4736-9de9-e3594de997c7', 'host': 'np0000004025', 'binary': 'nova-compute', 'topic': 'compute', 'report_count': 2, 'disabled': False, 'disabled_reason': None, 'last_seen_up': datetime.datetime(2026, 6, 30, 19, 16, 17, tzinfo=datetime.timezone.utc), 'forced_down': False, 'version': 72, 'created_at': datetime.datetime(2026, 6, 30, 19, 14, 7, tzinfo=datetime.timezone.utc), 'updated_at': datetime.datetime(2026, 6, 30, 19, 16, 17, tzinfo=datetime.timezone.utc), 'deleted_at': None, 'deleted': False} {{(pid=93239) _locked_update /opt/stack/nova/nova/scheduler/host_manager.py:174}}
Jun 30 19:16:40.721435 np0000004025 nova-scheduler[93239]: DEBUG nova.scheduler.host_manager [None req-002df1c6-695d-4066-b932-df7925a5c362 tempest-AttachVolumeNegativeTest-1805245828 tempest-AttachVolumeNegativeTest-1805245828-project-member] Update host state with instances: [] {{(pid=93239) _locked_update /opt/stack/nova/nova/scheduler/host_manager.py:177}}
Jun 30 19:16:40.721807 np0000004025 nova-scheduler[93239]: DEBUG oslo_concurrency.lockutils [None req-002df1c6-695d-4066-b932-df7925a5c362 tempest-AttachVolumeNegativeTest-1805245828 tempest-AttachVolumeNegativeTest-1805245828-project-member] Lock "np0000004025-np0000004025" "released" by "nova.scheduler.host_manager.HostState.update.._locked_update" :: held 0.002s {{(pid=93239) inner /opt/stack/data/venv/lib/python3.12/site-packages/oslo_concurrency/lockutils.py:543}}
Jun 30 19:16:40.721901 np0000004025 nova-scheduler[93239]: DEBUG nova.filters [None req-002df1c6-695d-4066-b932-df7925a5c362 tempest-AttachVolumeNegativeTest-1805245828 tempest-AttachVolumeNegativeTest-1805245828-project-member] Starting with 1 host(s) {{(pid=93239) get_filtered_objects /opt/stack/nova/nova/filters.py:70}}
Jun 30 19:16:40.722106 np0000004025 nova-scheduler[93239]: DEBUG nova.filters [None req-002df1c6-695d-4066-b932-df7925a5c362 tempest-AttachVolumeNegativeTest-1805245828 tempest-AttachVolumeNegativeTest-1805245828-project-member] Filter ComputeFilter returned 1 host(s) {{(pid=93239) get_filtered_objects /opt/stack/nova/nova/filters.py:102}}
Jun 30 19:16:40.722322 np0000004025 nova-scheduler[93239]: DEBUG nova.filters [None req-002df1c6-695d-4066-b932-df7925a5c362 tempest-AttachVolumeNegativeTest-1805245828 tempest-AttachVolumeNegativeTest-1805245828-project-member] Filter ComputeCapabilitiesFilter returned 1 host(s) {{(pid=93239) get_filtered_objects /opt/stack/nova/nova/filters.py:102}}
Jun 30 19:16:40.722580 np0000004025 nova-scheduler[93239]: DEBUG nova.filters [None req-002df1c6-695d-4066-b932-df7925a5c362 tempest-AttachVolumeNegativeTest-1805245828 tempest-AttachVolumeNegativeTest-1805245828-project-member] Filter ImagePropertiesFilter returned 1 host(s) {{(pid=93239) get_filtered_objects /opt/stack/nova/nova/filters.py:102}}
Jun 30 19:16:40.722940 np0000004025 nova-scheduler[93239]: DEBUG nova.filters [None req-002df1c6-695d-4066-b932-df7925a5c362 tempest-AttachVolumeNegativeTest-1805245828 tempest-AttachVolumeNegativeTest-1805245828-project-member] Filter ServerGroupAntiAffinityFilter returned 1 host(s) {{(pid=93239) get_filtered_objects /opt/stack/nova/nova/filters.py:102}}
Jun 30 19:16:40.723122 np0000004025 nova-scheduler[93239]: DEBUG nova.filters [None req-002df1c6-695d-4066-b932-df7925a5c362 tempest-AttachVolumeNegativeTest-1805245828 tempest-AttachVolumeNegativeTest-1805245828-project-member] Filter ServerGroupAffinityFilter returned 1 host(s) {{(pid=93239) get_filtered_objects /opt/stack/nova/nova/filters.py:102}}
Jun 30 19:16:40.723306 np0000004025 nova-scheduler[93239]: DEBUG nova.filters [None req-002df1c6-695d-4066-b932-df7925a5c362 tempest-AttachVolumeNegativeTest-1805245828 tempest-AttachVolumeNegativeTest-1805245828-project-member] Filter SameHostFilter returned 1 host(s) {{(pid=93239) get_filtered_objects /opt/stack/nova/nova/filters.py:102}}
Jun 30 19:16:40.723466 np0000004025 nova-scheduler[93239]: DEBUG nova.filters [None req-002df1c6-695d-4066-b932-df7925a5c362 tempest-AttachVolumeNegativeTest-1805245828 tempest-AttachVolumeNegativeTest-1805245828-project-member] Filter DifferentHostFilter returned 1 host(s) {{(pid=93239) get_filtered_objects /opt/stack/nova/nova/filters.py:102}}
Jun 30 19:16:40.723652 np0000004025 nova-scheduler[93239]: DEBUG nova.scheduler.manager [None req-002df1c6-695d-4066-b932-df7925a5c362 tempest-AttachVolumeNegativeTest-1805245828 tempest-AttachVolumeNegativeTest-1805245828-project-member] Filtered [(np0000004025, np0000004025) ram: 62765MB disk: 74752MB io_ops: 0 instances: 0, allocation_candidates: 1] {{(pid=93239) _get_sorted_hosts /opt/stack/nova/nova/scheduler/manager.py:742}}
Jun 30 19:16:40.724213 np0000004025 nova-scheduler[93239]: DEBUG nova.scheduler.manager [None req-002df1c6-695d-4066-b932-df7925a5c362 tempest-AttachVolumeNegativeTest-1805245828 tempest-AttachVolumeNegativeTest-1805245828-project-member] Weighed [WeighedHost [host: (np0000004025, np0000004025) ram: 62765MB disk: 74752MB io_ops: 0 instances: 0, allocation_candidates: 1, weight: 0.0]] {{(pid=93239) _get_sorted_hosts /opt/stack/nova/nova/scheduler/manager.py:764}}
Jun 30 19:16:40.724578 np0000004025 nova-scheduler[93239]: DEBUG nova.scheduler.utils [None req-002df1c6-695d-4066-b932-df7925a5c362 tempest-AttachVolumeNegativeTest-1805245828 tempest-AttachVolumeNegativeTest-1805245828-project-member] Attempting to claim resources in the placement API for instance bd60c001-712e-48fe-ad52-d28d5523cc1f {{(pid=93239) claim_resources /opt/stack/nova/nova/scheduler/utils.py:1345}}
Jun 30 19:16:40.737323 np0000004025 nova-scheduler[93241]: DEBUG dbcounter [-] [93241] Writer thread running {{(pid=93241) stat_writer /opt/stack/data/venv/lib/python3.12/site-packages/dbcounter.py:102}}
Jun 30 19:16:40.740964 np0000004025 nova-scheduler[93241]: DEBUG oslo_concurrency.lockutils [None req-21f05879-0ee6-43cd-900a-5448bc905f00 tempest-ServerStableDeviceRescueTest-123314061 tempest-ServerStableDeviceRescueTest-123314061-project-member] Acquiring lock "5fb51114-8048-4df3-9873-f8354a0ac50f" by "nova.context.set_target_cell..get_or_set_cached_cell_and_set_connections" {{(pid=93241) inner /opt/stack/data/venv/lib/python3.12/site-packages/oslo_concurrency/lockutils.py:511}}
Jun 30 19:16:40.741291 np0000004025 nova-scheduler[93241]: DEBUG oslo_concurrency.lockutils [None req-21f05879-0ee6-43cd-900a-5448bc905f00 tempest-ServerStableDeviceRescueTest-123314061 tempest-ServerStableDeviceRescueTest-123314061-project-member] Lock "5fb51114-8048-4df3-9873-f8354a0ac50f" acquired by "nova.context.set_target_cell..get_or_set_cached_cell_and_set_connections" :: waited 0.001s {{(pid=93241) inner /opt/stack/data/venv/lib/python3.12/site-packages/oslo_concurrency/lockutils.py:524}}
Jun 30 19:16:40.741509 np0000004025 nova-scheduler[93241]: DEBUG oslo_concurrency.lockutils [None req-21f05879-0ee6-43cd-900a-5448bc905f00 tempest-ServerStableDeviceRescueTest-123314061 tempest-ServerStableDeviceRescueTest-123314061-project-member] Lock "5fb51114-8048-4df3-9873-f8354a0ac50f" "released" by "nova.context.set_target_cell..get_or_set_cached_cell_and_set_connections" :: held 0.000s {{(pid=93241) inner /opt/stack/data/venv/lib/python3.12/site-packages/oslo_concurrency/lockutils.py:543}}
Jun 30 19:16:40.747808 np0000004025 nova-scheduler[93241]: DEBUG oslo_concurrency.lockutils [None req-21f05879-0ee6-43cd-900a-5448bc905f00 tempest-ServerStableDeviceRescueTest-123314061 tempest-ServerStableDeviceRescueTest-123314061-project-member] Acquiring lock "np0000004025-np0000004025" by "nova.scheduler.host_manager.HostState.update.._locked_update" {{(pid=93241) inner /opt/stack/data/venv/lib/python3.12/site-packages/oslo_concurrency/lockutils.py:511}}
Jun 30 19:16:40.748056 np0000004025 nova-scheduler[93241]: DEBUG oslo_concurrency.lockutils [None req-21f05879-0ee6-43cd-900a-5448bc905f00 tempest-ServerStableDeviceRescueTest-123314061 tempest-ServerStableDeviceRescueTest-123314061-project-member] Lock "np0000004025-np0000004025" acquired by "nova.scheduler.host_manager.HostState.update.._locked_update" :: waited 0.000s {{(pid=93241) inner /opt/stack/data/venv/lib/python3.12/site-packages/oslo_concurrency/lockutils.py:524}}
