Jun 30 19:14:43.213211 np0000004025 devstack@neutron-api.service[87387]: DEBUG neutron.common.ovn.hash_ring_manager [None req-8ff9b004-959c-429a-8533-1d9b1666f2a8 None None] Hash Ring loaded. 3 active nodes. 0 offline nodes {{(pid=87387) _load_hash_ring /opt/stack/neutron/neutron/common/ovn/hash_ring_manager.py:110}}
Jun 30 19:14:43.213211 np0000004025 devstack@neutron-api.service[87387]: DEBUG neutron.plugins.ml2.drivers.ovn.mech_driver.ovsdb.ovsdb_monitor [None req-8ff9b004-959c-429a-8533-1d9b1666f2a8 None None] Hash Ring: Node 2491d713f40c5173962cdc5d731b296e (host: np0000004025) handling event "update" for row fcb6f1fc-a0f6-4537-a629-95e8239c2993 (table: NB_Global) {{(pid=87387) notify /opt/stack/neutron/neutron/plugins/ml2/drivers/ovn/mech_driver/ovsdb/ovsdb_monitor.py:1015}}
Jun 30 19:14:43.214738 np0000004025 devstack@neutron-api.service[87387]: DEBUG neutron.plugins.ml2.drivers.ovn.mech_driver.ovsdb.ovsdb_monitor [None req-8ff9b004-959c-429a-8533-1d9b1666f2a8 None None] Hash Ring: Node 2491d713f40c5173962cdc5d731b296e (host: np0000004025) handling event "update" for row fcb6f1fc-a0f6-4537-a629-95e8239c2993 (table: NB_Global) {{(pid=87387) notify /opt/stack/neutron/neutron/plugins/ml2/drivers/ovn/mech_driver/ovsdb/ovsdb_monitor.py:1015}}
Jun 30 19:14:43.214855 np0000004025 devstack@neutron-api.service[87388]: DEBUG neutron.common.ovn.hash_ring_manager [None req-57d4f2fe-1dad-48dc-a756-14581141f0ed None None] Hash Ring loaded. 3 active nodes. 0 offline nodes {{(pid=87388) _load_hash_ring /opt/stack/neutron/neutron/common/ovn/hash_ring_manager.py:110}}
Jun 30 19:14:43.215596 np0000004025 devstack@neutron-api.service[87386]: DEBUG neutron.common.ovn.hash_ring_manager [None req-a8ad4567-7bef-4526-a2bc-c7ef7fceb581 None None] Hash Ring loaded. 3 active nodes. 0 offline nodes {{(pid=87386) _load_hash_ring /opt/stack/neutron/neutron/common/ovn/hash_ring_manager.py:110}}
Jun 30 19:14:43.216180 np0000004025 devstack@neutron-api.service[87387]: DEBUG neutron.plugins.ml2.drivers.ovn.mech_driver.ovsdb.ovsdb_monitor [None req-8ff9b004-959c-429a-8533-1d9b1666f2a8 None None] Hash Ring: Node 2491d713f40c5173962cdc5d731b296e (host: np0000004025) handling event "update" for row fcb6f1fc-a0f6-4537-a629-95e8239c2993 (table: NB_Global) {{(pid=87387) notify /opt/stack/neutron/neutron/plugins/ml2/drivers/ovn/mech_driver/ovsdb/ovsdb_monitor.py:1015}}
Jun 30 19:14:43.216180 np0000004025 devstack@neutron-api.service[87387]: DEBUG neutron.plugins.ml2.drivers.ovn.mech_driver.ovsdb.ovsdb_monitor [None req-8ff9b004-959c-429a-8533-1d9b1666f2a8 None None] Hash Ring: Node 2491d713f40c5173962cdc5d731b296e (host: np0000004025) handling event "update" for row fcb6f1fc-a0f6-4537-a629-95e8239c2993 (table: NB_Global) {{(pid=87387) notify /opt/stack/neutron/neutron/plugins/ml2/drivers/ovn/mech_driver/ovsdb/ovsdb_monitor.py:1015}}
Jun 30 19:14:43.216798 np0000004025 devstack@neutron-api.service[87387]: DEBUG neutron.common.ovn.hash_ring_manager [None req-e358fbd1-e5a2-45d4-be43-b8f22d45137a None None] Hash Ring loaded. 3 active nodes. 0 offline nodes {{(pid=87387) _load_hash_ring /opt/stack/neutron/neutron/common/ovn/hash_ring_manager.py:110}}
Jun 30 19:14:43.216798 np0000004025 devstack@neutron-api.service[87387]: DEBUG neutron.plugins.ml2.drivers.ovn.mech_driver.ovsdb.ovsdb_monitor [None req-e358fbd1-e5a2-45d4-be43-b8f22d45137a None None] Hash Ring: Node 2491d713f40c5173962cdc5d731b296e (host: np0000004025) handling event "update" for row 1dd6c527-ae10-475f-8217-9c82478378dc (table: Chassis_Private) {{(pid=87387) notify /opt/stack/neutron/neutron/plugins/ml2/drivers/ovn/mech_driver/ovsdb/ovsdb_monitor.py:1015}}
Jun 30 19:14:43.218396 np0000004025 devstack@neutron-api.service[87386]: DEBUG neutron.common.ovn.hash_ring_manager [None req-2c85bbab-5be3-46dd-b44c-76914ed2371d None None] Hash Ring loaded. 3 active nodes. 0 offline nodes {{(pid=87386) _load_hash_ring /opt/stack/neutron/neutron/common/ovn/hash_ring_manager.py:110}}
Jun 30 19:14:43.220793 np0000004025 devstack@neutron-api.service[87388]: DEBUG neutron.common.ovn.hash_ring_manager [None req-4d307e57-773e-4436-9de7-298b18405710 None None] Hash Ring loaded. 3 active nodes. 0 offline nodes {{(pid=87388) _load_hash_ring /opt/stack/neutron/neutron/common/ovn/hash_ring_manager.py:110}}
Jun 30 19:14:43.221162 np0000004025 devstack@neutron-api.service[87386]: DEBUG neutron.api.rpc.callbacks.version_manager [None req-f36cdad4-c51a-4701-bae8-e22ac7fc50f0 admin admin] Tracked resource versions report:
Jun 30 19:14:43.221162 np0000004025 devstack@neutron-api.service[87386]: pushed versions:
Jun 30 19:14:43.221162 np0000004025 devstack@neutron-api.service[87386]: { 'AddressGroup': {'1.2'},
Jun 30 19:14:43.221162 np0000004025 devstack@neutron-api.service[87386]: 'Agent': {'1.1'},
Jun 30 19:14:43.221162 np0000004025 devstack@neutron-api.service[87386]: 'ConntrackHelper': {'1.0'},
Jun 30 19:14:43.221162 np0000004025 devstack@neutron-api.service[87386]: 'LocalIPAssociation': {'1.0'},
Jun 30 19:14:43.221162 np0000004025 devstack@neutron-api.service[87386]: 'Log': {'1.0'},
Jun 30 19:14:43.221162 np0000004025 devstack@neutron-api.service[87386]: 'NDPProxy': {'1.0'},
Jun 30 19:14:43.221162 np0000004025 devstack@neutron-api.service[87386]: 'Network': {'1.3'},
Jun 30 19:14:43.221162 np0000004025 devstack@neutron-api.service[87386]: 'Port': {'1.11'},
Jun 30 19:14:43.221162 np0000004025 devstack@neutron-api.service[87386]: 'PortForwarding': {'1.3'},
Jun 30 19:14:43.221162 np0000004025 devstack@neutron-api.service[87386]: 'QosPolicy': {'1.10'},
Jun 30 19:14:43.221162 np0000004025 devstack@neutron-api.service[87386]: 'SecurityGroup': {'1.6'},
Jun 30 19:14:43.221162 np0000004025 devstack@neutron-api.service[87386]: 'SecurityGroupRule': {'1.3'},
Jun 30 19:14:43.221162 np0000004025 devstack@neutron-api.service[87386]: 'SubPort': {'1.0'},
Jun 30 19:14:43.221162 np0000004025 devstack@neutron-api.service[87386]: 'Subnet': {'1.2'},
Jun 30 19:14:43.221162 np0000004025 devstack@neutron-api.service[87386]: 'Trunk': {'1.1'}}
Jun 30 19:14:43.221162 np0000004025 devstack@neutron-api.service[87386]: consumer versions:
Jun 30 19:14:43.221162 np0000004025 devstack@neutron-api.service[87386]: { OVN Neutron agent@np0000004025: {},
Jun 30 19:14:43.221162 np0000004025 devstack@neutron-api.service[87386]: OVN Controller Gateway agent@np0000004025: {}}
Jun 30 19:14:43.221162 np0000004025 devstack@neutron-api.service[87386]: {{(pid=87386) report /opt/stack/neutron/neutron/api/rpc/callbacks/version_manager.py:183}}
Jun 30 19:14:43.229859 np0000004025 devstack@neutron-api.service[87386]: DEBUG ovsdbapp.backend.ovs_idl.transaction [None req-a8ad4567-7bef-4526-a2bc-c7ef7fceb581 None None] Running txn n=1 command(idx=0): AddNetworkCommand(_result=None, network_uuid=f890dd07-f5f4-47f1-81ea-607bf49e5ac0, may_exist=True, columns={'external_ids': {'neutron:network_name': 'shared', 'neutron:mtu': '1372', 'neutron:revision_number': '1', 'neutron:availability_zone_hints': '', 'neutron:provnet-network-type': 'geneve'}, 'other_config': {'mcast_snoop': 'false', 'mcast_flood_unregistered': 'false', 'vlan-passthru': 'false'}}) {{(pid=87386) do_commit /opt/stack/data/venv/lib/python3.12/site-packages/ovsdbapp/backend/ovs_idl/transaction.py:89}}
Jun 30 19:14:43.235034 np0000004025 devstack@neutron-api.service[87388]: DEBUG neutron.plugins.ml2.drivers.ovn.mech_driver.ovsdb.ovsdb_monitor [None req-57d4f2fe-1dad-48dc-a756-14581141f0ed None None] Hash Ring: Node eb9ddcc1c31758669d632c32f9f64081 (host: np0000004025) handling event "create" for row f890dd07-f5f4-47f1-81ea-607bf49e5ac0 (table: Logical_Switch) {{(pid=87388) notify /opt/stack/neutron/neutron/plugins/ml2/drivers/ovn/mech_driver/ovsdb/ovsdb_monitor.py:1015}}
Jun 30 19:14:43.241072 np0000004025 devstack@neutron-api.service[87387]: DEBUG neutron.plugins.ml2.drivers.ovn.mech_driver.ovsdb.ovsdb_monitor [None req-e358fbd1-e5a2-45d4-be43-b8f22d45137a None None] Hash Ring: Node 2491d713f40c5173962cdc5d731b296e (host: np0000004025) handling event "create" for row 35f0ac7e-bd84-43ce-9929-9198907dc53f (table: Datapath_Binding) {{(pid=87387) notify /opt/stack/neutron/neutron/plugins/ml2/drivers/ovn/mech_driver/ovsdb/ovsdb_monitor.py:1015}}
Jun 30 19:14:43.263584 np0000004025 devstack@neutron-api.service[87386]: INFO neutron.db.ovn_revision_numbers_db [None req-f36cdad4-c51a-4701-bae8-e22ac7fc50f0 admin admin] Successfully bumped revision number for resource f890dd07-f5f4-47f1-81ea-607bf49e5ac0 (type: networks) to 1
Jun 30 19:14:43.281737 np0000004025 devstack@neutron-api.service[87386]: DEBUG neutron_lib.callbacks.manager [None req-f36cdad4-c51a-4701-bae8-e22ac7fc50f0 admin admin] Publish callbacks ['neutron.plugins.ml2.plugin.SecurityGroupDbMixin._ensure_default_security_group_handler-15804003'] for port (None), before_create {{(pid=87386) _notify_loop /opt/stack/data/venv/lib/python3.12/site-packages/neutron_lib/callbacks/manager.py:184}}
Jun 30 19:14:43.356330 np0000004025 devstack@neutron-api.service[87386]: DEBUG neutron_lib.callbacks.manager [None req-f36cdad4-c51a-4701-bae8-e22ac7fc50f0 admin admin] Publish callbacks ['neutron.plugins.ml2.drivers.ovn.mech_driver.mech_driver.OVNMechanismDriver._validate_allowed_address_pairs-375472'] for allowed_address_pair (98de0624-8150-4121-aeb0-9e66a295ab93), before_create {{(pid=87386) _notify_loop /opt/stack/data/venv/lib/python3.12/site-packages/neutron_lib/callbacks/manager.py:184}}
Jun 30 19:14:43.356960 np0000004025 devstack@neutron-api.service[87386]: DEBUG neutron_lib.callbacks.manager [None req-f36cdad4-c51a-4701-bae8-e22ac7fc50f0 admin admin] Publish callbacks [] for port (98de0624-8150-4121-aeb0-9e66a295ab93), precommit_create {{(pid=87386) _notify_loop /opt/stack/data/venv/lib/python3.12/site-packages/neutron_lib/callbacks/manager.py:184}}
Jun 30 19:14:43.357184 np0000004025 devstack@neutron-api.service[87386]: DEBUG neutron.plugins.ml2.drivers.ovn.mech_driver.mech_driver [None req-f36cdad4-c51a-4701-bae8-e22ac7fc50f0 admin admin] No provisioning block for port 98de0624-8150-4121-aeb0-9e66a295ab93 since it does not have a host {{(pid=87386) _is_port_provisioning_required /opt/stack/neutron/neutron/plugins/ml2/drivers/ovn/mech_driver/mech_driver.py:899}}
Jun 30 19:14:43.357337 np0000004025 devstack@neutron-api.service[87386]: DEBUG neutron.db.ovn_revision_numbers_db [None req-f36cdad4-c51a-4701-bae8-e22ac7fc50f0 admin admin] create_initial_revision uuid=98de0624-8150-4121-aeb0-9e66a295ab93, type=ports, rev=-1 {{(pid=87386) create_initial_revision /opt/stack/neutron/neutron/db/ovn_revision_numbers_db.py:98}}
Jun 30 19:14:43.385137 np0000004025 devstack@neutron-api.service[87386]: DEBUG neutron_lib.callbacks.manager [None req-f36cdad4-c51a-4701-bae8-e22ac7fc50f0 admin admin] Publish callbacks ['neutron.plugins.ml2.ovo_rpc._ObjectChangeHandler.handle_event-2671364'] for port (98de0624-8150-4121-aeb0-9e66a295ab93), after_create {{(pid=87386) _notify_loop /opt/stack/data/venv/lib/python3.12/site-packages/neutron_lib/callbacks/manager.py:184}}
Jun 30 19:14:43.419707 np0000004025 devstack@neutron-api.service[87386]: DEBUG neutron.api.rpc.handlers.resources_rpc [None req-f36cdad4-c51a-4701-bae8-e22ac7fc50f0 admin admin] Pushing event updated for resources: {'Port': ['ID=98de0624-8150-4121-aeb0-9e66a295ab93,revision_number=1']} {{(pid=87386) push /opt/stack/neutron/neutron/api/rpc/handlers/resources_rpc.py:237}}
Jun 30 19:14:43.426120 np0000004025 devstack@neutron-api.service[87386]: DEBUG neutron.plugins.ml2.drivers.ovn.mech_driver.ovsdb.commands [None req-f36cdad4-c51a-4701-bae8-e22ac7fc50f0 admin admin] Converting tag [] to a tag_request {{(pid=87386) _tag_column_to_tag_request /opt/stack/neutron/neutron/plugins/ml2/drivers/ovn/mech_driver/ovsdb/commands.py:205}}
Jun 30 19:14:43.426923 np0000004025 devstack@neutron-api.service[87386]: DEBUG ovsdbapp.backend.ovs_idl.transaction [None req-a8ad4567-7bef-4526-a2bc-c7ef7fceb581 None None] Running txn n=1 command(idx=0): AddLSwitchPortCommand(_result=None, lport=98de0624-8150-4121-aeb0-9e66a295ab93, lswitch=neutron-f890dd07-f5f4-47f1-81ea-607bf49e5ac0, may_exist=True, network_uuid=f890dd07-f5f4-47f1-81ea-607bf49e5ac0, columns={'addresses': ['fa:16:3e:9c:e6:59'], 'external_ids': {'neutron:port_name': '', 'neutron:device_id': 'ovnmeta-f890dd07-f5f4-47f1-81ea-607bf49e5ac0', 'neutron:project_id': '01f5146ef0c9431abdb7faaa359f05e8', 'neutron:cidrs': '', 'neutron:device_owner': 'network:distributed', 'neutron:subnet_pool_addr_scope4': '', 'neutron:subnet_pool_addr_scope6': '', 'neutron:network_name': 'neutron-f890dd07-f5f4-47f1-81ea-607bf49e5ac0', 'neutron:security_group_ids': '', 'neutron:revision_number': '1', 'neutron:vnic_type': 'normal', 'neutron:port_capabilities': '', 'neutron:mtu': '1372'}, 'parent_name': [], 'enabled': True, 'options': {}, 'type': 'localport', 'port_security': [], 'dhcpv4_options': [], 'dhcpv6_options': [], 'tag_request': []}) {{(pid=87386) do_commit /opt/stack/data/venv/lib/python3.12/site-packages/ovsdbapp/backend/ovs_idl/transaction.py:89}}
Jun 30 19:14:43.427519 np0000004025 devstack@neutron-api.service[87386]: DEBUG ovsdbapp.backend.ovs_idl.transaction [None req-a8ad4567-7bef-4526-a2bc-c7ef7fceb581 None None] Running txn n=1 command(idx=1): QoSDelCommand(_result=None, switch=neutron-f890dd07-f5f4-47f1-81ea-607bf49e5ac0, conditions=[('direction', '=', 'to-lport'), ('priority', '=', 2002), ('match', '=', 'outport == "98de0624-8150-4121-aeb0-9e66a295ab93"')], if_exists=True) {{(pid=87386) do_commit /opt/stack/data/venv/lib/python3.12/site-packages/ovsdbapp/backend/ovs_idl/transaction.py:89}}
Jun 30 19:14:43.427765 np0000004025 devstack@neutron-api.service[87386]: DEBUG ovsdbapp.backend.ovs_idl.transaction [None req-a8ad4567-7bef-4526-a2bc-c7ef7fceb581 None None] Running txn n=1 command(idx=2): QoSDelCommand(_result=None, switch=neutron-f890dd07-f5f4-47f1-81ea-607bf49e5ac0, conditions=[('direction', '=', 'from-lport'), ('priority', '=', 2002), ('match', '=', 'inport == "98de0624-8150-4121-aeb0-9e66a295ab93"')], if_exists=True) {{(pid=87386) do_commit /opt/stack/data/venv/lib/python3.12/site-packages/ovsdbapp/backend/ovs_idl/transaction.py:89}}
Jun 30 19:14:43.431297 np0000004025 devstack@neutron-api.service[87386]: DEBUG neutron.plugins.ml2.drivers.ovn.mech_driver.ovsdb.ovsdb_monitor [None req-a8ad4567-7bef-4526-a2bc-c7ef7fceb581 None None] Hash Ring: Node 46603e5300c356a5846de29f7c7b9b58 (host: np0000004025) handling event "create" for row a7ab4161-2be6-4330-891b-26d7d6d334f8 (table: Logical_Switch_Port) {{(pid=87386) notify /opt/stack/neutron/neutron/plugins/ml2/drivers/ovn/mech_driver/ovsdb/ovsdb_monitor.py:1015}}
Jun 30 19:14:43.431394 np0000004025 devstack@neutron-api.service[87388]: DEBUG neutron.plugins.ml2.drivers.ovn.mech_driver.ovsdb.ovsdb_monitor [None req-57d4f2fe-1dad-48dc-a756-14581141f0ed None None] Hash Ring: Node eb9ddcc1c31758669d632c32f9f64081 (host: np0000004025) handling event "update" for row f890dd07-f5f4-47f1-81ea-607bf49e5ac0 (table: Logical_Switch) {{(pid=87388) notify /opt/stack/neutron/neutron/plugins/ml2/drivers/ovn/mech_driver/ovsdb/ovsdb_monitor.py:1015}}
Jun 30 19:14:43.433127 np0000004025 devstack@neutron-api.service[87386]: DEBUG ovsdbapp.backend.ovs_idl.event [None req-a8ad4567-7bef-4526-a2bc-c7ef7fceb581 None None] Matched CREATE: LogicalSwitchPortCreateEvent(events=('create',), table='Logical_Switch_Port', conditions=[], old_conditions=None), priority=20 to row=Logical_Switch_Port(uuid=a7ab4161-2be6-4330-891b-26d7d6d334f8, addresses=['fa:16:3e:9c:e6:59'], dhcpv4_options=[], dhcpv6_options=[], dynamic_addresses=[], enabled=True, external_ids={'neutron:cidrs': '', 'neutron:device_id': 'ovnmeta-f890dd07-f5f4-47f1-81ea-607bf49e5ac0', 'neutron:device_owner': 'network:distributed', 'neutron:mtu': '1372', 'neutron:network_name': 'neutron-f890dd07-f5f4-47f1-81ea-607bf49e5ac0', 'neutron:port_capabilities': '', 'neutron:port_name': '', 'neutron:project_id': '01f5146ef0c9431abdb7faaa359f05e8', 'neutron:revision_number': '1', 'neutron:security_group_ids': '', 'neutron:subnet_pool_addr_scope4': '', 'neutron:subnet_pool_addr_scope6': '', 'neutron:vnic_type': 'normal'}, ha_chassis_group=[], mirror_rules=[], name='98de0624-8150-4121-aeb0-9e66a295ab93', options={}, parent_name=[], port_security=[], tag=[], tag_request=[], type='localport', up=[]) old= {{(pid=87386) matches /opt/stack/data/venv/lib/python3.12/site-packages/ovsdbapp/backend/ovs_idl/event.py:55}}
Jun 30 19:14:43.434043 np0000004025 devstack@neutron-api.service[87386]: INFO neutron.plugins.ml2.drivers.ovn.mech_driver.mech_driver [None req-3dc9be04-e8a0-4139-8c17-c00a4a1abd69 None None] OVN reports status down for port: 98de0624-8150-4121-aeb0-9e66a295ab93
Jun 30 19:14:43.437873 np0000004025 devstack@neutron-api.service[87386]: DEBUG neutron.plugins.ml2.drivers.ovn.mech_driver.ovsdb.ovsdb_monitor [None req-a8ad4567-7bef-4526-a2bc-c7ef7fceb581 None None] Hash Ring: Node 46603e5300c356a5846de29f7c7b9b58 (host: np0000004025) handling event "update" for row a7ab4161-2be6-4330-891b-26d7d6d334f8 (table: Logical_Switch_Port) {{(pid=87386) notify /opt/stack/neutron/neutron/plugins/ml2/drivers/ovn/mech_driver/ovsdb/ovsdb_monitor.py:1015}}
Jun 30 19:14:43.438034 np0000004025 devstack@neutron-api.service[87388]: DEBUG neutron.plugins.ml2.drivers.ovn.mech_driver.ovsdb.ovsdb_monitor [None req-4d307e57-773e-4436-9de7-298b18405710 None None] Hash Ring: Node eb9ddcc1c31758669d632c32f9f64081 (host: np0000004025) handling event "create" for row 81f46999-8f22-4951-ad01-1d03266703cf (table: Port_Binding) {{(pid=87388) notify /opt/stack/neutron/neutron/plugins/ml2/drivers/ovn/mech_driver/ovsdb/ovsdb_monitor.py:1015}}
Jun 30 19:14:43.494438 np0000004025 devstack@neutron-api.service[87386]: DEBUG neutron.db.provisioning_blocks [None req-3dc9be04-e8a0-4139-8c17-c00a4a1abd69 None None] Transition to ACTIVE for port object 98de0624-8150-4121-aeb0-9e66a295ab93 will not be triggered until provisioned by entity L2. {{(pid=87386) add_provisioning_component /opt/stack/neutron/neutron/db/provisioning_blocks.py:74}}
Jun 30 19:14:43.495574 np0000004025 devstack@neutron-api.service[87386]: INFO neutron.db.ovn_revision_numbers_db [None req-f36cdad4-c51a-4701-bae8-e22ac7fc50f0 admin admin] Successfully bumped revision number for resource 98de0624-8150-4121-aeb0-9e66a295ab93 (type: ports) to 1
Jun 30 19:14:43.516574 np0000004025 devstack@neutron-api.service[87386]: DEBUG neutron.pecan_wsgi.hooks.policy_enforcement [None req-f36cdad4-c51a-4701-bae8-e22ac7fc50f0 admin admin] Attributes excluded by policy engine: ['standard_attr_id'] {{(pid=87386) _exclude_attributes_by_policy /opt/stack/neutron/neutron/pecan_wsgi/hooks/policy_enforcement.py:259}}
Jun 30 19:14:43.517022 np0000004025 devstack@neutron-api.service[87386]: DEBUG neutron_lib.callbacks.manager [None req-f36cdad4-c51a-4701-bae8-e22ac7fc50f0 admin admin] Publish callbacks [] for network (None), before_response {{(pid=87386) _notify_loop /opt/stack/data/venv/lib/python3.12/site-packages/neutron_lib/callbacks/manager.py:184}}
Jun 30 19:14:43.532764 np0000004025 devstack@neutron-api.service[87386]: [pid: 87386|app: 0|req: 12/37] 10.4.3.154 () {68 vars in 1326 bytes} [Tue Jun 30 19:14:43 2026] POST /networking/v2.0/networks => generated 679 bytes in 471 msecs (HTTP/1.1 201) 4 headers in 162 bytes (1 switches on core 0)
Jun 30 19:14:43.533144 np0000004025 devstack@neutron-api.service[87386]: DEBUG neutron.plugins.ml2.plugin [None req-3dc9be04-e8a0-4139-8c17-c00a4a1abd69 None None] Current status of the port 98de0624-8150-4121-aeb0-9e66a295ab93 is: DOWN; New status is: DOWN {{(pid=87386) _update_individual_port_db_status /opt/stack/neutron/neutron/plugins/ml2/plugin.py:2473}}
Jun 30 19:14:43.534275 np0000004025 devstack@neutron-api.service[87386]: DEBUG ovsdbapp.backend.ovs_idl.transaction [None req-a8ad4567-7bef-4526-a2bc-c7ef7fceb581 None None] Running txn n=1 command(idx=0): DbRemoveCommand(_result=None, table=Logical_Switch_Port, record=98de0624-8150-4121-aeb0-9e66a295ab93, column=external_ids, values=('neutron:host_id',), keyvalues={}, if_exists=True) {{(pid=87386) do_commit /opt/stack/data/venv/lib/python3.12/site-packages/ovsdbapp/backend/ovs_idl/transaction.py:89}}
Jun 30 19:14:43.790569 np0000004025 devstack@neutron-api.service[87388]: INFO neutron.pecan_wsgi.hooks.translation [None req-86c50048-b65d-4f96-8fe2-66e758b048d9 admin admin] GET failed (client error): The resource could not be found.
Jun 30 19:14:43.791529 np0000004025 devstack@neutron-api.service[87388]: [pid: 87388|app: 0|req: 14/38] 10.4.3.154 () {64 vars in 1294 bytes} [Tue Jun 30 19:14:43 2026] GET /networking/v2.0/networks/shared => generated 108 bytes in 10 msecs (HTTP/1.1 404) 4 headers in 164 bytes (1 switches on core 0)
Jun 30 19:14:43.822188 np0000004025 devstack@neutron-api.service[87387]: DEBUG neutron.pecan_wsgi.hooks.policy_enforcement [None req-bbfb11ca-f31e-49ed-83a5-0b22a76ed59e admin admin] Attributes excluded by policy engine: ['standard_attr_id'] {{(pid=87387) _exclude_attributes_by_policy /opt/stack/neutron/neutron/pecan_wsgi/hooks/policy_enforcement.py:259}}
Jun 30 19:14:43.823431 np0000004025 devstack@neutron-api.service[87387]: [pid: 87387|app: 0|req: 13/39] 10.4.3.154 () {64 vars in 1309 bytes} [Tue Jun 30 19:14:43 2026] GET /networking/v2.0/networks?name=shared => generated 663 bytes in 24 msecs (HTTP/1.1 200) 4 headers in 157 bytes (1 switches on core 0)
Jun 30 19:14:43.835879 np0000004025 devstack@neutron-api.service[87386]: DEBUG neutron.api.v2.base [None req-95e56e52-7e38-4bf4-b4b8-229837e1d209 admin admin] Request body: {'subnet': {'network_id': 'f890dd07-f5f4-47f1-81ea-607bf49e5ac0', 'description': 'shared-subnet', 'cidr': '192.168.233.0/24', 'name': 'shared-subnet', 'ip_version': 4}} {{(pid=87386) prepare_request_body /opt/stack/neutron/neutron/api/v2/base.py:727}}
Jun 30 19:14:43.851213 np0000004025 devstack@neutron-api.service[87386]: DEBUG neutron.pecan_wsgi.hooks.quota_enforcement [None req-95e56e52-7e38-4bf4-b4b8-229837e1d209 admin admin] Made reservation on behalf of 01f5146ef0c9431abdb7faaa359f05e8 for: {'subnet': 1} {{(pid=87386) before /opt/stack/neutron/neutron/pecan_wsgi/hooks/quota_enforcement.py:66}}
Jun 30 19:14:43.853633 np0000004025 devstack@neutron-api.service[87386]: DEBUG neutron_lib.callbacks.manager [None req-95e56e52-7e38-4bf4-b4b8-229837e1d209 admin admin] Publish callbacks [] for subnet (None), before_create {{(pid=87386) _notify_loop /opt/stack/data/venv/lib/python3.12/site-packages/neutron_lib/callbacks/manager.py:184}}
Jun 30 19:14:44.201984 np0000004025 devstack@neutron-api.service[87386]: DEBUG neutron.db.ovn_revision_numbers_db [None req-95e56e52-7e38-4bf4-b4b8-229837e1d209 admin admin] create_initial_revision uuid=0370ee80-df8d-4406-9841-437c3ec1ab94, type=subnets, rev=-1 {{(pid=87386) create_initial_revision /opt/stack/neutron/neutron/db/ovn_revision_numbers_db.py:98}}
Jun 30 19:14:44.206607 np0000004025 devstack@neutron-api.service[87386]: DEBUG neutron_lib.callbacks.manager [None req-95e56e52-7e38-4bf4-b4b8-229837e1d209 admin admin] Publish callbacks ['neutron.plugins.ml2.ovo_rpc._ObjectChangeHandler.handle_event-2671358'] for subnet (0370ee80-df8d-4406-9841-437c3ec1ab94), after_create {{(pid=87386) _notify_loop /opt/stack/data/venv/lib/python3.12/site-packages/neutron_lib/callbacks/manager.py:184}}
Jun 30 19:14:44.222611 np0000004025 devstack@neutron-api.service[87386]: DEBUG neutron.api.rpc.handlers.resources_rpc [None req-95e56e52-7e38-4bf4-b4b8-229837e1d209 admin admin] Pushing event updated for resources: {'Subnet': ['ID=0370ee80-df8d-4406-9841-437c3ec1ab94,revision_number=0']} {{(pid=87386) push /opt/stack/neutron/neutron/api/rpc/handlers/resources_rpc.py:237}}
Jun 30 19:14:44.286357 np0000004025 devstack@neutron-api.service[87386]: DEBUG neutron_lib.callbacks.manager [None req-95e56e52-7e38-4bf4-b4b8-229837e1d209 admin admin] Publish callbacks ['neutron.plugins.ml2.plugin.SecurityGroupDbMixin._ensure_default_security_group_handler-15804003', 'neutron.services.ovn_l3.plugin.OVNL3RouterPlugin._port_update-7708196071628', 'neutron.db.l3_db.L3_NAT_dbonly_mixin._prevent_internal_ip_change_for_fip-7708198558430'] for port (98de0624-8150-4121-aeb0-9e66a295ab93), before_update {{(pid=87386) _notify_loop /opt/stack/data/venv/lib/python3.12/site-packages/neutron_lib/callbacks/manager.py:184}}
Jun 30 19:14:44.404198 np0000004025 devstack@neutron-api.service[87386]: DEBUG neutron.db.db_base_plugin_common [None req-95e56e52-7e38-4bf4-b4b8-229837e1d209 admin admin] Allocated IP 192.168.233.2 (f890dd07-f5f4-47f1-81ea-607bf49e5ac0/0370ee80-df8d-4406-9841-437c3ec1ab94/98de0624-8150-4121-aeb0-9e66a295ab93) {{(pid=87386) _store_ip_allocation /opt/stack/neutron/neutron/db/db_base_plugin_common.py:131}}
Jun 30 19:14:44.484594 np0000004025 devstack@neutron-api.service[87386]: DEBUG neutron_lib.callbacks.manager [None req-95e56e52-7e38-4bf4-b4b8-229837e1d209 admin admin] Publish callbacks [] for port (98de0624-8150-4121-aeb0-9e66a295ab93), precommit_update {{(pid=87386) _notify_loop /opt/stack/data/venv/lib/python3.12/site-packages/neutron_lib/callbacks/manager.py:184}}
Jun 30 19:14:44.484798 np0000004025 devstack@neutron-api.service[87386]: DEBUG neutron.plugins.ml2.drivers.ovn.mech_driver.mech_driver [None req-95e56e52-7e38-4bf4-b4b8-229837e1d209 admin admin] No provisioning block for port 98de0624-8150-4121-aeb0-9e66a295ab93 since it does not have a host {{(pid=87386) _is_port_provisioning_required /opt/stack/neutron/neutron/plugins/ml2/drivers/ovn/mech_driver/mech_driver.py:899}}
Jun 30 19:14:44.496229 np0000004025 devstack@neutron-api.service[87386]: DEBUG neutron_lib.callbacks.manager [None req-95e56e52-7e38-4bf4-b4b8-229837e1d209 admin admin] Publish callbacks ['neutron.plugins.ml2.ovo_rpc._ObjectChangeHandler.handle_event-2671364', 'neutron.services.ovn_l3.plugin.OVNL3RouterPlugin._port_update-7708196071628'] for port (98de0624-8150-4121-aeb0-9e66a295ab93), after_update {{(pid=87386) _notify_loop /opt/stack/data/venv/lib/python3.12/site-packages/neutron_lib/callbacks/manager.py:184}}
Jun 30 19:14:44.533712 np0000004025 devstack@neutron-api.service[87386]: DEBUG neutron.api.rpc.handlers.resources_rpc [None req-95e56e52-7e38-4bf4-b4b8-229837e1d209 admin admin] Pushing event updated for resources: {'Port': ['ID=98de0624-8150-4121-aeb0-9e66a295ab93,revision_number=2']} {{(pid=87386) push /opt/stack/neutron/neutron/api/rpc/handlers/resources_rpc.py:237}}
Jun 30 19:14:44.629501 np0000004025 devstack@neutron-api.service[87386]: DEBUG neutron.plugins.ml2.drivers.ovn.mech_driver.ovsdb.commands [None req-95e56e52-7e38-4bf4-b4b8-229837e1d209 admin admin] Converting tag [] to a tag_request {{(pid=87386) _tag_column_to_tag_request /opt/stack/neutron/neutron/plugins/ml2/drivers/ovn/mech_driver/ovsdb/commands.py:205}}
Jun 30 19:14:44.630402 np0000004025 devstack@neutron-api.service[87386]: DEBUG ovsdbapp.backend.ovs_idl.transaction [None req-a8ad4567-7bef-4526-a2bc-c7ef7fceb581 None None] Running txn n=1 command(idx=0): CheckRevisionNumberCommand(_result=None, name=98de0624-8150-4121-aeb0-9e66a295ab93, resource={'id': '98de0624-8150-4121-aeb0-9e66a295ab93', 'name': '', 'network_id': 'f890dd07-f5f4-47f1-81ea-607bf49e5ac0', 'project_id': '01f5146ef0c9431abdb7faaa359f05e8', 'mac_address': 'fa:16:3e:9c:e6:59', 'admin_state_up': True, 'status': 'DOWN', 'device_id': 'ovnmeta-f890dd07-f5f4-47f1-81ea-607bf49e5ac0', 'device_owner': 'network:distributed', 'standard_attr_id': 28, 'fixed_ips': [{'subnet_id': '0370ee80-df8d-4406-9841-437c3ec1ab94', 'ip_address': '192.168.233.2'}], 'allowed_address_pairs': [], 'extra_dhcp_opts': [], 'security_groups': [], 'description': '', 'binding:vnic_type': 'normal', 'binding:profile': {}, 'binding:host_id': '', 'binding:vif_type': 'unbound', 'binding:vif_details': {}, 'port_security_enabled': False, 'tags': [], 'created_at': '2026-06-30T19:14:43Z', 'updated_at': '2026-06-30T19:14:44Z', 'revision_number': 2, 'tenant_id': '01f5146ef0c9431abdb7faaa359f05e8', 'network': {'id': 'f890dd07-f5f4-47f1-81ea-607bf49e5ac0', 'name': 'shared', 'tenant_id': '01f5146ef0c9431abdb7faaa359f05e8', 'project_id': '01f5146ef0c9431abdb7faaa359f05e8', 'admin_state_up': True, 'mtu': 1372, 'status': 'ACTIVE', 'subnets': ['0370ee80-df8d-4406-9841-437c3ec1ab94'], 'standard_attr_id': 26, 'shared': True, 'availability_zone_hints': [], 'availability_zones': [], 'ipv4_address_scope': None, 'ipv6_address_scope': None, 'router:external': False, 'qinq': False, 'vlan_transparent': False, 'description': '', 'port_security_enabled': True, 'tags': [], 'created_at': '2026-06-30T19:14:43Z', 'updated_at': '2026-06-30T19:14:43Z', 'revision_number': 2, 'provider:network_type': 'geneve', 'provider:physical_network': None, 'provider:segmentation_id': 47262}}, resource_type=ports, if_exists=True) {{(pid=87386) do_commit /opt/stack/data/venv/lib/python3.12/site-packages/ovsdbapp/backend/ovs_idl/transaction.py:89}}
Jun 30 19:14:44.630817 np0000004025 devstack@neutron-api.service[87386]: DEBUG ovsdbapp.backend.ovs_idl.transaction [None req-a8ad4567-7bef-4526-a2bc-c7ef7fceb581 None None] Running txn n=1 command(idx=1): AddDHCPOptionsCommand(_result=None, columns={'cidr': '192.168.233.0/24', 'options': {'server_id': '192.168.233.1', 'lease_time': '43200', 'mtu': '1372', 'router': '192.168.233.1', 'server_mac': 'fa:16:3e:68:3e:be', 'dns_server': '{127.0.0.53}', 'classless_static_route': '{169.254.169.254/32,192.168.233.2, 0.0.0.0/0,192.168.233.1}'}, 'external_ids': {'subnet_id': '0370ee80-df8d-4406-9841-437c3ec1ab94', 'neutron:network_id': 'f890dd07-f5f4-47f1-81ea-607bf49e5ac0', 'neutron:revision_number': '0'}}, may_exist=True, subnet_id=0370ee80-df8d-4406-9841-437c3ec1ab94, port_id=None, new_insert=False) {{(pid=87386) do_commit /opt/stack/data/venv/lib/python3.12/site-packages/ovsdbapp/backend/ovs_idl/transaction.py:89}}
Jun 30 19:14:44.631126 np0000004025 devstack@neutron-api.service[87386]: DEBUG ovsdbapp.backend.ovs_idl.transaction [None req-a8ad4567-7bef-4526-a2bc-c7ef7fceb581 None None] Running txn n=1 command(idx=2): SetLSwitchPortCommand(_result=None, lport=98de0624-8150-4121-aeb0-9e66a295ab93, external_ids_update=None, columns={'external_ids': {'neutron:port_name': '', 'neutron:device_id': 'ovnmeta-f890dd07-f5f4-47f1-81ea-607bf49e5ac0', 'neutron:project_id': '01f5146ef0c9431abdb7faaa359f05e8', 'neutron:cidrs': '192.168.233.2/24', 'neutron:device_owner': 'network:distributed', 'neutron:subnet_pool_addr_scope4': '', 'neutron:subnet_pool_addr_scope6': '', 'neutron:network_name': 'neutron-f890dd07-f5f4-47f1-81ea-607bf49e5ac0', 'neutron:security_group_ids': '', 'neutron:revision_number': '2', 'neutron:vnic_type': 'normal', 'neutron:port_capabilities': '', 'neutron:mtu': '1372'}, 'parent_name': [], 'options': {}, 'enabled': True, 'port_security': [], 'dhcpv4_options': [], 'dhcpv6_options': [], 'type': 'localport', 'addresses': ['fa:16:3e:9c:e6:59 192.168.233.2'], 'ha_chassis_group': [], 'tag_request': []}, if_exists=False) {{(pid=87386) do_commit /opt/stack/data/venv/lib/python3.12/site-packages/ovsdbapp/backend/ovs_idl/transaction.py:89}}
Jun 30 19:14:44.631691 np0000004025 devstack@neutron-api.service[87386]: DEBUG ovsdbapp.backend.ovs_idl.transaction [None req-a8ad4567-7bef-4526-a2bc-c7ef7fceb581 None None] Running txn n=1 command(idx=3): PgDelPortCommand(_result=None, port_group=neutron_pg_drop, lsp=['98de0624-8150-4121-aeb0-9e66a295ab93'], if_exists=False) {{(pid=87386) do_commit /opt/stack/data/venv/lib/python3.12/site-packages/ovsdbapp/backend/ovs_idl/transaction.py:89}}
Jun 30 19:14:44.634569 np0000004025 devstack@neutron-api.service[87386]: DEBUG neutron.plugins.ml2.drivers.ovn.mech_driver.ovsdb.ovsdb_monitor [None req-a8ad4567-7bef-4526-a2bc-c7ef7fceb581 None None] Hash Ring: Node 46603e5300c356a5846de29f7c7b9b58 (host: np0000004025) handling event "update" for row a7ab4161-2be6-4330-891b-26d7d6d334f8 (table: Logical_Switch_Port) {{(pid=87386) notify /opt/stack/neutron/neutron/plugins/ml2/drivers/ovn/mech_driver/ovsdb/ovsdb_monitor.py:1015}}
Jun 30 19:14:44.635484 np0000004025 devstack@neutron-api.service[87388]: DEBUG neutron.plugins.ml2.drivers.ovn.mech_driver.ovsdb.ovsdb_monitor [None req-57d4f2fe-1dad-48dc-a756-14581141f0ed None None] Hash Ring: Node eb9ddcc1c31758669d632c32f9f64081 (host: np0000004025) handling event "create" for row 4f0e768d-016d-470b-9e85-58f2ce063741 (table: DHCP_Options) {{(pid=87388) notify /opt/stack/neutron/neutron/plugins/ml2/drivers/ovn/mech_driver/ovsdb/ovsdb_monitor.py:1015}}
Jun 30 19:14:44.638890 np0000004025 devstack@neutron-api.service[87388]: DEBUG neutron.plugins.ml2.drivers.ovn.mech_driver.ovsdb.ovsdb_monitor [None req-4d307e57-773e-4436-9de7-298b18405710 None None] Hash Ring: Node eb9ddcc1c31758669d632c32f9f64081 (host: np0000004025) handling event "update" for row 81f46999-8f22-4951-ad01-1d03266703cf (table: Port_Binding) {{(pid=87388) notify /opt/stack/neutron/neutron/plugins/ml2/drivers/ovn/mech_driver/ovsdb/ovsdb_monitor.py:1015}}
Jun 30 19:14:44.669651 np0000004025 devstack@neutron-api.service[87386]: INFO neutron.db.ovn_revision_numbers_db [None req-95e56e52-7e38-4bf4-b4b8-229837e1d209 admin admin] Successfully bumped revision number for resource 98de0624-8150-4121-aeb0-9e66a295ab93 (type: ports) to 2
Jun 30 19:14:44.679910 np0000004025 devstack@neutron-api.service[87386]: DEBUG neutron.plugins.ml2.plugin [None req-95e56e52-7e38-4bf4-b4b8-229837e1d209 admin admin] In _notify_port_updated(), no bound segment for port 98de0624-8150-4121-aeb0-9e66a295ab93 on network f890dd07-f5f4-47f1-81ea-607bf49e5ac0 {{(pid=87386) _notify_port_updated /opt/stack/neutron/neutron/plugins/ml2/plugin.py:1041}}
Jun 30 19:14:44.697379 np0000004025 devstack@neutron-api.service[87386]: INFO neutron.db.ovn_revision_numbers_db [None req-95e56e52-7e38-4bf4-b4b8-229837e1d209 admin admin] Successfully bumped revision number for resource 0370ee80-df8d-4406-9841-437c3ec1ab94 (type: subnets) to 0
Jun 30 19:14:44.698801 np0000004025 devstack@neutron-api.service[87386]: DEBUG neutron.pecan_wsgi.hooks.policy_enforcement [None req-95e56e52-7e38-4bf4-b4b8-229837e1d209 admin admin] Attributes excluded by policy engine: ['standard_attr_id', 'shared', 'network'] {{(pid=87386) _exclude_attributes_by_policy /opt/stack/neutron/neutron/pecan_wsgi/hooks/policy_enforcement.py:259}}
Jun 30 19:14:44.699317 np0000004025 devstack@neutron-api.service[87386]: DEBUG neutron_lib.callbacks.manager [None req-95e56e52-7e38-4bf4-b4b8-229837e1d209 admin admin] Publish callbacks [] for subnet (None), before_response {{(pid=87386) _notify_loop /opt/stack/data/venv/lib/python3.12/site-packages/neutron_lib/callbacks/manager.py:184}}
Jun 30 19:14:44.710712 np0000004025 devstack@neutron-api.service[87386]: [pid: 87386|app: 0|req: 13/40] 10.4.3.154 () {68 vars in 1324 bytes} [Tue Jun 30 19:14:43 2026] POST /networking/v2.0/subnets => generated 665 bytes in 877 msecs (HTTP/1.1 201) 4 headers in 162 bytes (1 switches on core 0)
Jun 30 19:14:50.206999 np0000004025 devstack@neutron-api.service[87386]: DEBUG neutron.plugins.ml2.drivers.ovn.mech_driver.ovsdb.ovsdb_monitor [None req-2c85bbab-5be3-46dd-b44c-76914ed2371d None None] ChassisOVNAgentWriteEvent : Matched Chassis_Private, update, None None {{(pid=87386) matches /opt/stack/neutron/neutron/plugins/ml2/drivers/ovn/mech_driver/ovsdb/ovsdb_monitor.py:64}}
Jun 30 19:14:50.207910 np0000004025 devstack@neutron-api.service[87388]: DEBUG neutron.plugins.ml2.drivers.ovn.mech_driver.ovsdb.ovsdb_monitor [None req-4d307e57-773e-4436-9de7-298b18405710 None None] ChassisOVNAgentWriteEvent : Matched Chassis_Private, update, None None {{(pid=87388) matches /opt/stack/neutron/neutron/plugins/ml2/drivers/ovn/mech_driver/ovsdb/ovsdb_monitor.py:64}}
Jun 30 19:14:50.208394 np0000004025 devstack@neutron-api.service[87387]: DEBUG neutron.plugins.ml2.drivers.ovn.mech_driver.ovsdb.ovsdb_monitor [None req-e358fbd1-e5a2-45d4-be43-b8f22d45137a None None] ChassisOVNAgentWriteEvent : Matched Chassis_Private, update, None None {{(pid=87387) matches /opt/stack/neutron/neutron/plugins/ml2/drivers/ovn/mech_driver/ovsdb/ovsdb_monitor.py:64}}
Jun 30 19:14:50.208394 np0000004025 devstack@neutron-api.service[87387]: DEBUG neutron.plugins.ml2.drivers.ovn.mech_driver.ovsdb.ovsdb_monitor [None req-e358fbd1-e5a2-45d4-be43-b8f22d45137a None None] Hash Ring: Node 2491d713f40c5173962cdc5d731b296e (host: np0000004025) handling event "update" for row 1dd6c527-ae10-475f-8217-9c82478378dc (table: Chassis_Private) {{(pid=87387) notify /opt/stack/neutron/neutron/plugins/ml2/drivers/ovn/mech_driver/ovsdb/ovsdb_monitor.py:1015}}
Jun 30 19:14:53.787195 np0000004025 devstack@neutron-api.service[87388]: DEBUG dbcounter [-] [87388] Writing DB stats neutron:UPDATE=1,neutron:SELECT=7 {{(pid=87388) stat_writer /opt/stack/data/venv/lib/python3.12/site-packages/dbcounter.py:115}}
Jun 30 19:14:53.819103 np0000004025 devstack@neutron-api.service[87387]: DEBUG dbcounter [-] [87387] Writing DB stats neutron:UPDATE=1,neutron:SELECT=32 {{(pid=87387) stat_writer /opt/stack/data/venv/lib/python3.12/site-packages/dbcounter.py:115}}
Jun 30 19:14:54.706257 np0000004025 devstack@neutron-api.service[87386]: DEBUG dbcounter [-] [87386] Writing DB stats neutron:UPDATE=15,neutron:SELECT=393,neutron:INSERT=26,neutron:DELETE=4 {{(pid=87386) stat_writer /opt/stack/data/venv/lib/python3.12/site-packages/dbcounter.py:115}}
Jun 30 19:14:56.415058 np0000004025 devstack@neutron-api.service[87388]: DEBUG futurist.periodics [-] Submitting periodic callback 'neutron.plugins.ml2.drivers.ovn.mech_driver.ovsdb.maintenance.HashRingHealthCheckPeriodics.touch_hash_ring_node' {{(pid=87388) _process_scheduled /opt/stack/data/venv/lib/python3.12/site-packages/futurist/periodics.py:784}}
Jun 30 19:14:56.415518 np0000004025 devstack@neutron-api.service[87388]: DEBUG neutron.plugins.ml2.drivers.ovn.mech_driver.ovsdb.maintenance [-] Touching Hash Ring node "eb9ddcc1c31758669d632c32f9f64081" from periodic health check thread {{(pid=87388) touch_hash_ring_node /opt/stack/neutron/neutron/plugins/ml2/drivers/ovn/mech_driver/ovsdb/maintenance.py:1419}}
Jun 30 19:14:57.448431 np0000004025 devstack@neutron-api.service[87387]: DEBUG futurist.periodics [-] Submitting periodic callback 'neutron.plugins.ml2.drivers.ovn.mech_driver.ovsdb.maintenance.HashRingHealthCheckPeriodics.touch_hash_ring_node' {{(pid=87387) _process_scheduled /opt/stack/data/venv/lib/python3.12/site-packages/futurist/periodics.py:784}}
Jun 30 19:14:57.448907 np0000004025 devstack@neutron-api.service[87387]: DEBUG neutron.plugins.ml2.drivers.ovn.mech_driver.ovsdb.maintenance [-] Touching Hash Ring node "2491d713f40c5173962cdc5d731b296e" from periodic health check thread {{(pid=87387) touch_hash_ring_node /opt/stack/neutron/neutron/plugins/ml2/drivers/ovn/mech_driver/ovsdb/maintenance.py:1419}}
Jun 30 19:14:57.958365 np0000004025 devstack@neutron-api.service[87386]: DEBUG futurist.periodics [-] Submitting periodic callback 'neutron.plugins.ml2.drivers.ovn.mech_driver.ovsdb.maintenance.HashRingHealthCheckPeriodics.touch_hash_ring_node' {{(pid=87386) _process_scheduled /opt/stack/data/venv/lib/python3.12/site-packages/futurist/periodics.py:784}}
Jun 30 19:14:57.958939 np0000004025 devstack@neutron-api.service[87386]: DEBUG neutron.plugins.ml2.drivers.ovn.mech_driver.ovsdb.maintenance [-] Touching Hash Ring node "46603e5300c356a5846de29f7c7b9b58" from periodic health check thread {{(pid=87386) touch_hash_ring_node /opt/stack/neutron/neutron/plugins/ml2/drivers/ovn/mech_driver/ovsdb/maintenance.py:1419}}
Jun 30 19:15:06.422374 np0000004025 devstack@neutron-api.service[87388]: DEBUG dbcounter [-] [87388] Writing DB stats neutron:UPDATE=1,neutron:SELECT=1 {{(pid=87388) stat_writer /opt/stack/data/venv/lib/python3.12/site-packages/dbcounter.py:115}}
Jun 30 19:15:07.457789 np0000004025 devstack@neutron-api.service[87387]: DEBUG dbcounter [-] [87387] Writing DB stats neutron:UPDATE=1,neutron:SELECT=1 {{(pid=87387) stat_writer /opt/stack/data/venv/lib/python3.12/site-packages/dbcounter.py:115}}
Jun 30 19:15:07.965917 np0000004025 devstack@neutron-api.service[87386]: DEBUG dbcounter [-] [87386] Writing DB stats neutron:UPDATE=1,neutron:SELECT=1 {{(pid=87386) stat_writer /opt/stack/data/venv/lib/python3.12/site-packages/dbcounter.py:115}}
Jun 30 19:15:11.415778 np0000004025 devstack@neutron-api.service[87388]: DEBUG futurist.periodics [-] Submitting periodic callback 'neutron.plugins.ml2.drivers.ovn.mech_driver.ovsdb.maintenance.HashRingHealthCheckPeriodics.touch_hash_ring_node' {{(pid=87388) _process_scheduled /opt/stack/data/venv/lib/python3.12/site-packages/futurist/periodics.py:784}}
Jun 30 19:15:11.416215 np0000004025 devstack@neutron-api.service[87388]: DEBUG neutron.plugins.ml2.drivers.ovn.mech_driver.ovsdb.maintenance [-] Touching Hash Ring node "eb9ddcc1c31758669d632c32f9f64081" from periodic health check thread {{(pid=87388) touch_hash_ring_node /opt/stack/neutron/neutron/plugins/ml2/drivers/ovn/mech_driver/ovsdb/maintenance.py:1419}}
Jun 30 19:15:12.448892 np0000004025 devstack@neutron-api.service[87387]: DEBUG futurist.periodics [-] Submitting periodic callback 'neutron.plugins.ml2.drivers.ovn.mech_driver.ovsdb.maintenance.HashRingHealthCheckPeriodics.touch_hash_ring_node' {{(pid=87387) _process_scheduled /opt/stack/data/venv/lib/python3.12/site-packages/futurist/periodics.py:784}}
Jun 30 19:15:12.449337 np0000004025 devstack@neutron-api.service[87387]: DEBUG neutron.plugins.ml2.drivers.ovn.mech_driver.ovsdb.maintenance [-] Touching Hash Ring node "2491d713f40c5173962cdc5d731b296e" from periodic health check thread {{(pid=87387) touch_hash_ring_node /opt/stack/neutron/neutron/plugins/ml2/drivers/ovn/mech_driver/ovsdb/maintenance.py:1419}}
Jun 30 19:15:12.958913 np0000004025 devstack@neutron-api.service[87386]: DEBUG futurist.periodics [-] Submitting periodic callback 'neutron.plugins.ml2.drivers.ovn.mech_driver.ovsdb.maintenance.HashRingHealthCheckPeriodics.touch_hash_ring_node' {{(pid=87386) _process_scheduled /opt/stack/data/venv/lib/python3.12/site-packages/futurist/periodics.py:784}}
Jun 30 19:15:12.959355 np0000004025 devstack@neutron-api.service[87386]: DEBUG neutron.plugins.ml2.drivers.ovn.mech_driver.ovsdb.maintenance [-] Touching Hash Ring node "46603e5300c356a5846de29f7c7b9b58" from periodic health check thread {{(pid=87386) touch_hash_ring_node /opt/stack/neutron/neutron/plugins/ml2/drivers/ovn/mech_driver/ovsdb/maintenance.py:1419}}
Jun 30 19:15:16.459711 np0000004025 devstack@neutron-api.service[87388]: DEBUG neutron.api.wsgi [None req-a487f57a-85ab-4118-86fd-e8ef43699770 tempest-verify_tempest_config-1248021345 tempest-verify_tempest_config-1248021345-project-member] https://10.4.3.154/networking/v2.0/extensions returned with HTTP 200 {{(pid=87388) __call__ /opt/stack/neutron/neutron/api/wsgi.py:540}}
Jun 30 19:15:16.460186 np0000004025 devstack@neutron-api.service[87388]: [pid: 87388|app: 0|req: 15/41] 10.4.3.154 () {66 vars in 1261 bytes} [Tue Jun 30 19:15:16 2026] GET /networking/v2.0/extensions => generated 16171 bytes in 4 msecs (HTTP/1.1 200) 4 headers in 159 bytes (1 switches on core 0)
Jun 30 19:15:17.359048 np0000004025 devstack@neutron-api.service[87387]: DEBUG neutron_lib.callbacks.manager [None req-b3ae98f4-709a-4ab4-a47e-07c938e33a6b admin admin] Publish callbacks [] for security_group (None), before_create {{(pid=87387) _notify_loop /opt/stack/data/venv/lib/python3.12/site-packages/neutron_lib/callbacks/manager.py:184}}
Jun 30 19:15:17.506573 np0000004025 devstack@neutron-api.service[87387]: DEBUG neutron_lib.callbacks.manager [None req-b3ae98f4-709a-4ab4-a47e-07c938e33a6b admin admin] Publish callbacks ['neutron.plugins.ml2.drivers.ovn.mech_driver.mech_driver.OVNMechanismDriver._create_security_group_precommit-333318'] for security_group (af9563d4-2bac-4df2-aa2d-dfbc6f36b84d), precommit_create {{(pid=87387) _notify_loop /opt/stack/data/venv/lib/python3.12/site-packages/neutron_lib/callbacks/manager.py:184}}
Jun 30 19:15:17.506847 np0000004025 devstack@neutron-api.service[87387]: DEBUG neutron.db.ovn_revision_numbers_db [None req-b3ae98f4-709a-4ab4-a47e-07c938e33a6b admin admin] create_initial_revision uuid=af9563d4-2bac-4df2-aa2d-dfbc6f36b84d, type=security_groups, rev=-1 {{(pid=87387) create_initial_revision /opt/stack/neutron/neutron/db/ovn_revision_numbers_db.py:98}}
Jun 30 19:15:17.508472 np0000004025 devstack@neutron-api.service[87387]: DEBUG neutron.db.ovn_revision_numbers_db [None req-b3ae98f4-709a-4ab4-a47e-07c938e33a6b admin admin] create_initial_revision uuid=73bf37b1-2001-4286-b96b-925bee2f12e9, type=security_group_rules, rev=-1 {{(pid=87387) create_initial_revision /opt/stack/neutron/neutron/db/ovn_revision_numbers_db.py:98}}
Jun 30 19:15:17.509735 np0000004025 devstack@neutron-api.service[87387]: DEBUG neutron.db.ovn_revision_numbers_db [None req-b3ae98f4-709a-4ab4-a47e-07c938e33a6b admin admin] create_initial_revision uuid=8df3479f-20ee-4393-a1e4-00b5f8254f42, type=security_group_rules, rev=-1 {{(pid=87387) create_initial_revision /opt/stack/neutron/neutron/db/ovn_revision_numbers_db.py:98}}
Jun 30 19:15:17.510798 np0000004025 devstack@neutron-api.service[87387]: DEBUG neutron.db.ovn_revision_numbers_db [None req-b3ae98f4-709a-4ab4-a47e-07c938e33a6b admin admin] create_initial_revision uuid=96f033d4-408c-488e-b5e6-53d650a5d774, type=security_group_rules, rev=-1 {{(pid=87387) create_initial_revision /opt/stack/neutron/neutron/db/ovn_revision_numbers_db.py:98}}
Jun 30 19:15:17.511855 np0000004025 devstack@neutron-api.service[87387]: DEBUG neutron.db.ovn_revision_numbers_db [None req-b3ae98f4-709a-4ab4-a47e-07c938e33a6b admin admin] create_initial_revision uuid=f4c590b2-20be-4220-b06a-37b5462f4e4b, type=security_group_rules, rev=-1 {{(pid=87387) create_initial_revision /opt/stack/neutron/neutron/db/ovn_revision_numbers_db.py:98}}
Jun 30 19:15:17.515749 np0000004025 devstack@neutron-api.service[87387]: DEBUG neutron_lib.callbacks.manager [None req-b3ae98f4-709a-4ab4-a47e-07c938e33a6b admin admin] Publish callbacks ['neutron.plugins.ml2.drivers.ovn.mech_driver.mech_driver.OVNMechanismDriver._create_security_group-333424', 'neutron.plugins.ml2.ovo_rpc._ObjectChangeHandler.handle_event-2305447'] for security_group (af9563d4-2bac-4df2-aa2d-dfbc6f36b84d), after_create {{(pid=87387) _notify_loop /opt/stack/data/venv/lib/python3.12/site-packages/neutron_lib/callbacks/manager.py:184}}
Jun 30 19:15:17.516587 np0000004025 devstack@neutron-api.service[87387]: DEBUG ovsdbapp.backend.ovs_idl.transaction [None req-8ff9b004-959c-429a-8533-1d9b1666f2a8 None None] Running txn n=1 command(idx=0): PgAddCommand(_result=None, name=pg_af9563d4_2bac_4df2_aa2d_dfbc6f36b84d, may_exist=False, columns={'acls': [], 'external_ids': {'neutron:security_group_id': 'af9563d4-2bac-4df2-aa2d-dfbc6f36b84d'}}) {{(pid=87387) do_commit /opt/stack/data/venv/lib/python3.12/site-packages/ovsdbapp/backend/ovs_idl/transaction.py:89}}
Jun 30 19:15:17.516965 np0000004025 devstack@neutron-api.service[87387]: DEBUG ovsdbapp.backend.ovs_idl.transaction [None req-8ff9b004-959c-429a-8533-1d9b1666f2a8 None None] Running txn n=1 command(idx=1): PgAclAddCommand(_result=None, entity=pg_af9563d4_2bac_4df2_aa2d_dfbc6f36b84d, direction=to-lport, priority=1002, match=outport == @pg_af9563d4_2bac_4df2_aa2d_dfbc6f36b84d && ip6 && ip6.src == $pg_af9563d4_2bac_4df2_aa2d_dfbc6f36b84d_ip6, action=allow-related, log=False, may_exist=True, severity=[], name=[], meter=[], external_ids={'neutron:security_group_rule_id': '73bf37b1-2001-4286-b96b-925bee2f12e9'}) {{(pid=87387) do_commit /opt/stack/data/venv/lib/python3.12/site-packages/ovsdbapp/backend/ovs_idl/transaction.py:89}}
Jun 30 19:15:17.517339 np0000004025 devstack@neutron-api.service[87387]: DEBUG ovsdbapp.backend.ovs_idl.transaction [None req-8ff9b004-959c-429a-8533-1d9b1666f2a8 None None] Running txn n=1 command(idx=2): PgAclAddCommand(_result=None, entity=pg_af9563d4_2bac_4df2_aa2d_dfbc6f36b84d, direction=from-lport, priority=1002, match=inport == @pg_af9563d4_2bac_4df2_aa2d_dfbc6f36b84d && ip6, action=allow-related, log=False, may_exist=True, severity=[], name=[], meter=[], external_ids={'neutron:security_group_rule_id': '8df3479f-20ee-4393-a1e4-00b5f8254f42'}) {{(pid=87387) do_commit /opt/stack/data/venv/lib/python3.12/site-packages/ovsdbapp/backend/ovs_idl/transaction.py:89}}
Jun 30 19:15:17.517590 np0000004025 devstack@neutron-api.service[87387]: DEBUG ovsdbapp.backend.ovs_idl.transaction [None req-8ff9b004-959c-429a-8533-1d9b1666f2a8 None None] Running txn n=1 command(idx=3): PgAclAddCommand(_result=None, entity=pg_af9563d4_2bac_4df2_aa2d_dfbc6f36b84d, direction=from-lport, priority=1002, match=inport == @pg_af9563d4_2bac_4df2_aa2d_dfbc6f36b84d && ip4, action=allow-related, log=False, may_exist=True, severity=[], name=[], meter=[], external_ids={'neutron:security_group_rule_id': '96f033d4-408c-488e-b5e6-53d650a5d774'}) {{(pid=87387) do_commit /opt/stack/data/venv/lib/python3.12/site-packages/ovsdbapp/backend/ovs_idl/transaction.py:89}}
Jun 30 19:15:17.517848 np0000004025 devstack@neutron-api.service[87387]: DEBUG ovsdbapp.backend.ovs_idl.transaction [None req-8ff9b004-959c-429a-8533-1d9b1666f2a8 None None] Running txn n=1 command(idx=4): PgAclAddCommand(_result=None, entity=pg_af9563d4_2bac_4df2_aa2d_dfbc6f36b84d, direction=to-lport, priority=1002, match=outport == @pg_af9563d4_2bac_4df2_aa2d_dfbc6f36b84d && ip4 && ip4.src == $pg_af9563d4_2bac_4df2_aa2d_dfbc6f36b84d_ip4, action=allow-related, log=False, may_exist=True, severity=[], name=[], meter=[], external_ids={'neutron:security_group_rule_id': 'f4c590b2-20be-4220-b06a-37b5462f4e4b'}) {{(pid=87387) do_commit /opt/stack/data/venv/lib/python3.12/site-packages/ovsdbapp/backend/ovs_idl/transaction.py:89}}
