Jun 30 19:13:19.732444 np0000004025 devstack@neutron-api.service[87388]: INFO neutron.db.ovn_revision_numbers_db [None req-9b10792b-08b5-48f5-84df-8e8e7dd75d11 admin admin] Successfully bumped revision number for resource 49dd1052-7abb-49ab-8082-37dcb2605477 (type: security_group_rules) to 0
Jun 30 19:13:19.747734 np0000004025 devstack@neutron-api.service[87388]: INFO neutron.db.ovn_revision_numbers_db [None req-9b10792b-08b5-48f5-84df-8e8e7dd75d11 admin admin] Successfully bumped revision number for resource a0af4699-1dc0-4fa9-a6aa-317dfb629e3a (type: security_group_rules) to 0
Jun 30 19:13:19.770985 np0000004025 devstack@neutron-api.service[87388]: DEBUG neutron.api.rpc.handlers.resources_rpc [None req-9b10792b-08b5-48f5-84df-8e8e7dd75d11 admin admin] Pushing event updated for resources: {'SecurityGroup': ['ID=80a80754-9568-454e-864b-67fa279f3561,revision_number=1']} {{(pid=87388) push /opt/stack/neutron/neutron/api/rpc/handlers/resources_rpc.py:237}}
Jun 30 19:13:19.778334 np0000004025 devstack@neutron-api.service[87388]: DEBUG ovsdbapp.backend.ovs_idl.transaction [-] Running txn n=1 command(idx=0): CheckLivenessCommand(_result=None) {{(pid=87388) do_commit /opt/stack/data/venv/lib/python3.12/site-packages/ovsdbapp/backend/ovs_idl/transaction.py:89}}
Jun 30 19:13:19.780079 np0000004025 devstack@neutron-api.service[87388]: DEBUG neutron.plugins.ml2.drivers.ovn.mech_driver.ovsdb.ovsdb_monitor [-] Hash Ring: Node eb9ddcc1c31758669d632c32f9f64081 (host: np0000004025) handling event "update" for row fcb6f1fc-a0f6-4537-a629-95e8239c2993 (table: NB_Global) {{(pid=87388) notify /opt/stack/neutron/neutron/plugins/ml2/drivers/ovn/mech_driver/ovsdb/ovsdb_monitor.py:1015}}
Jun 30 19:13:19.784886 np0000004025 devstack@neutron-api.service[87387]: DEBUG neutron.plugins.ml2.drivers.ovn.mech_driver.ovsdb.ovsdb_monitor [-] Hash Ring: Node 2491d713f40c5173962cdc5d731b296e (host: np0000004025) handling event "update" for row fcb6f1fc-a0f6-4537-a629-95e8239c2993 (table: NB_Global) {{(pid=87387) notify /opt/stack/neutron/neutron/plugins/ml2/drivers/ovn/mech_driver/ovsdb/ovsdb_monitor.py:1015}}
Jun 30 19:13:19.785536 np0000004025 devstack@neutron-api.service[87388]: DEBUG neutron.api.rpc.callbacks.version_manager [None req-9b10792b-08b5-48f5-84df-8e8e7dd75d11 admin admin] Tracked resource versions report:
Jun 30 19:13:19.785536 np0000004025 devstack@neutron-api.service[87388]: pushed versions:
Jun 30 19:13:19.785536 np0000004025 devstack@neutron-api.service[87388]: { 'AddressGroup': {'1.2'},
Jun 30 19:13:19.785536 np0000004025 devstack@neutron-api.service[87388]: 'Agent': {'1.1'},
Jun 30 19:13:19.785536 np0000004025 devstack@neutron-api.service[87388]: 'ConntrackHelper': {'1.0'},
Jun 30 19:13:19.785536 np0000004025 devstack@neutron-api.service[87388]: 'LocalIPAssociation': {'1.0'},
Jun 30 19:13:19.785536 np0000004025 devstack@neutron-api.service[87388]: 'Log': {'1.0'},
Jun 30 19:13:19.785536 np0000004025 devstack@neutron-api.service[87388]: 'NDPProxy': {'1.0'},
Jun 30 19:13:19.785536 np0000004025 devstack@neutron-api.service[87388]: 'Network': {'1.3'},
Jun 30 19:13:19.785536 np0000004025 devstack@neutron-api.service[87388]: 'Port': {'1.11'},
Jun 30 19:13:19.785536 np0000004025 devstack@neutron-api.service[87388]: 'PortForwarding': {'1.3'},
Jun 30 19:13:19.785536 np0000004025 devstack@neutron-api.service[87388]: 'QosPolicy': {'1.10'},
Jun 30 19:13:19.785536 np0000004025 devstack@neutron-api.service[87388]: 'SecurityGroup': {'1.6'},
Jun 30 19:13:19.785536 np0000004025 devstack@neutron-api.service[87388]: 'SecurityGroupRule': {'1.3'},
Jun 30 19:13:19.785536 np0000004025 devstack@neutron-api.service[87388]: 'SubPort': {'1.0'},
Jun 30 19:13:19.785536 np0000004025 devstack@neutron-api.service[87388]: 'Subnet': {'1.2'},
Jun 30 19:13:19.785536 np0000004025 devstack@neutron-api.service[87388]: 'Trunk': {'1.1'}}
Jun 30 19:13:19.785536 np0000004025 devstack@neutron-api.service[87388]: consumer versions:
Jun 30 19:13:19.785536 np0000004025 devstack@neutron-api.service[87388]: {}
Jun 30 19:13:19.785536 np0000004025 devstack@neutron-api.service[87388]: {{(pid=87388) report /opt/stack/neutron/neutron/api/rpc/callbacks/version_manager.py:183}}
Jun 30 19:13:19.786719 np0000004025 devstack@neutron-api.service[87387]: DEBUG neutron.plugins.ml2.drivers.ovn.mech_driver.ovsdb.ovsdb_monitor [-] Hash Ring: Node 2491d713f40c5173962cdc5d731b296e (host: np0000004025) handling event "update" for row fcb6f1fc-a0f6-4537-a629-95e8239c2993 (table: NB_Global) {{(pid=87387) notify /opt/stack/neutron/neutron/plugins/ml2/drivers/ovn/mech_driver/ovsdb/ovsdb_monitor.py:1015}}
Jun 30 19:13:19.787608 np0000004025 devstack@neutron-api.service[87387]: DEBUG neutron.plugins.ml2.drivers.ovn.mech_driver.ovsdb.ovsdb_monitor [-] Hash Ring: Node 2491d713f40c5173962cdc5d731b296e (host: np0000004025) handling event "update" for row fcb6f1fc-a0f6-4537-a629-95e8239c2993 (table: NB_Global) {{(pid=87387) notify /opt/stack/neutron/neutron/plugins/ml2/drivers/ovn/mech_driver/ovsdb/ovsdb_monitor.py:1015}}
Jun 30 19:13:19.787873 np0000004025 devstack@neutron-api.service[87387]: DEBUG neutron.plugins.ml2.drivers.ovn.mech_driver.ovsdb.ovsdb_monitor [-] ChassisAgentWriteEvent : Matched Chassis_Private, update, None None {{(pid=87387) matches /opt/stack/neutron/neutron/plugins/ml2/drivers/ovn/mech_driver/ovsdb/ovsdb_monitor.py:64}}
Jun 30 19:13:19.789072 np0000004025 devstack@neutron-api.service[87386]: DEBUG neutron.plugins.ml2.drivers.ovn.mech_driver.ovsdb.ovsdb_monitor [-] ChassisAgentWriteEvent : Matched Chassis_Private, update, None None {{(pid=87386) matches /opt/stack/neutron/neutron/plugins/ml2/drivers/ovn/mech_driver/ovsdb/ovsdb_monitor.py:64}}
Jun 30 19:13:19.791193 np0000004025 devstack@neutron-api.service[87388]: DEBUG neutron.plugins.ml2.drivers.ovn.mech_driver.ovsdb.ovsdb_monitor [-] Hash Ring: Node eb9ddcc1c31758669d632c32f9f64081 (host: np0000004025) handling event "update" for row fcb6f1fc-a0f6-4537-a629-95e8239c2993 (table: NB_Global) {{(pid=87388) notify /opt/stack/neutron/neutron/plugins/ml2/drivers/ovn/mech_driver/ovsdb/ovsdb_monitor.py:1015}}
Jun 30 19:13:19.792287 np0000004025 devstack@neutron-api.service[87387]: DEBUG neutron.plugins.ml2.drivers.ovn.mech_driver.ovsdb.ovsdb_monitor [-] Hash Ring: Node 2491d713f40c5173962cdc5d731b296e (host: np0000004025) handling event "update" for row fcb6f1fc-a0f6-4537-a629-95e8239c2993 (table: NB_Global) {{(pid=87387) notify /opt/stack/neutron/neutron/plugins/ml2/drivers/ovn/mech_driver/ovsdb/ovsdb_monitor.py:1015}}
Jun 30 19:13:19.792918 np0000004025 devstack@neutron-api.service[87388]: DEBUG neutron.plugins.ml2.drivers.ovn.mech_driver.ovsdb.ovsdb_monitor [-] ChassisAgentWriteEvent : Matched Chassis_Private, update, None None {{(pid=87388) matches /opt/stack/neutron/neutron/plugins/ml2/drivers/ovn/mech_driver/ovsdb/ovsdb_monitor.py:64}}
Jun 30 19:13:19.793966 np0000004025 devstack@neutron-api.service[87388]: DEBUG neutron.plugins.ml2.drivers.ovn.mech_driver.ovsdb.ovsdb_monitor [-] Hash Ring: Node eb9ddcc1c31758669d632c32f9f64081 (host: np0000004025) handling event "update" for row fcb6f1fc-a0f6-4537-a629-95e8239c2993 (table: NB_Global) {{(pid=87388) notify /opt/stack/neutron/neutron/plugins/ml2/drivers/ovn/mech_driver/ovsdb/ovsdb_monitor.py:1015}}
Jun 30 19:13:19.794283 np0000004025 devstack@neutron-api.service[87387]: DEBUG neutron.common.ovn.hash_ring_manager [-] Allow caching, nodes 3>=3 {{(pid=87387) _wait_startup_before_caching /opt/stack/neutron/neutron/common/ovn/hash_ring_manager.py:71}}
Jun 30 19:13:19.794402 np0000004025 devstack@neutron-api.service[87387]: DEBUG neutron.plugins.ml2.drivers.ovn.mech_driver.ovsdb.ovsdb_monitor [-] Hash Ring: Node 2491d713f40c5173962cdc5d731b296e (host: np0000004025) handling event "update" for row 1dd6c527-ae10-475f-8217-9c82478378dc (table: Chassis_Private) {{(pid=87387) notify /opt/stack/neutron/neutron/plugins/ml2/drivers/ovn/mech_driver/ovsdb/ovsdb_monitor.py:1015}}
Jun 30 19:13:19.797316 np0000004025 devstack@neutron-api.service[87386]: DEBUG neutron.plugins.ml2.drivers.ovn.mech_driver.ovsdb.ovsdb_monitor [-] ChassisOVNAgentWriteEvent : Matched Chassis_Private, update, None None {{(pid=87386) matches /opt/stack/neutron/neutron/plugins/ml2/drivers/ovn/mech_driver/ovsdb/ovsdb_monitor.py:64}}
Jun 30 19:13:19.797787 np0000004025 devstack@neutron-api.service[87388]: DEBUG neutron.plugins.ml2.drivers.ovn.mech_driver.ovsdb.ovsdb_monitor [-] Hash Ring: Node eb9ddcc1c31758669d632c32f9f64081 (host: np0000004025) handling event "update" for row fcb6f1fc-a0f6-4537-a629-95e8239c2993 (table: NB_Global) {{(pid=87388) notify /opt/stack/neutron/neutron/plugins/ml2/drivers/ovn/mech_driver/ovsdb/ovsdb_monitor.py:1015}}
Jun 30 19:13:19.798265 np0000004025 devstack@neutron-api.service[87387]: DEBUG neutron.plugins.ml2.drivers.ovn.mech_driver.ovsdb.ovsdb_monitor [-] ChassisOVNAgentWriteEvent : Matched Chassis_Private, update, None None {{(pid=87387) matches /opt/stack/neutron/neutron/plugins/ml2/drivers/ovn/mech_driver/ovsdb/ovsdb_monitor.py:64}}
Jun 30 19:13:19.798265 np0000004025 devstack@neutron-api.service[87387]: DEBUG neutron.plugins.ml2.drivers.ovn.mech_driver.ovsdb.ovsdb_monitor [-] Hash Ring: Node 2491d713f40c5173962cdc5d731b296e (host: np0000004025) handling event "update" for row 1dd6c527-ae10-475f-8217-9c82478378dc (table: Chassis_Private) {{(pid=87387) notify /opt/stack/neutron/neutron/plugins/ml2/drivers/ovn/mech_driver/ovsdb/ovsdb_monitor.py:1015}}
Jun 30 19:13:19.803397 np0000004025 devstack@neutron-api.service[87388]: DEBUG neutron.common.ovn.hash_ring_manager [-] Allow caching, nodes 3>=3 {{(pid=87388) _wait_startup_before_caching /opt/stack/neutron/neutron/common/ovn/hash_ring_manager.py:71}}
Jun 30 19:13:19.803397 np0000004025 devstack@neutron-api.service[87388]: DEBUG neutron.plugins.ml2.drivers.ovn.mech_driver.ovsdb.ovsdb_monitor [-] Hash Ring: Node eb9ddcc1c31758669d632c32f9f64081 (host: np0000004025) handling event "update" for row 1dd6c527-ae10-475f-8217-9c82478378dc (table: Chassis_Private) {{(pid=87388) notify /opt/stack/neutron/neutron/plugins/ml2/drivers/ovn/mech_driver/ovsdb/ovsdb_monitor.py:1015}}
Jun 30 19:13:19.804753 np0000004025 devstack@neutron-api.service[87388]: DEBUG neutron.plugins.ml2.drivers.ovn.mech_driver.ovsdb.ovsdb_monitor [-] ChassisOVNAgentWriteEvent : Matched Chassis_Private, update, None None {{(pid=87388) matches /opt/stack/neutron/neutron/plugins/ml2/drivers/ovn/mech_driver/ovsdb/ovsdb_monitor.py:64}}
Jun 30 19:13:19.805253 np0000004025 devstack@neutron-api.service[87388]: DEBUG neutron.plugins.ml2.drivers.ovn.mech_driver.ovsdb.ovsdb_monitor [-] Hash Ring: Node eb9ddcc1c31758669d632c32f9f64081 (host: np0000004025) handling event "update" for row 1dd6c527-ae10-475f-8217-9c82478378dc (table: Chassis_Private) {{(pid=87388) notify /opt/stack/neutron/neutron/plugins/ml2/drivers/ovn/mech_driver/ovsdb/ovsdb_monitor.py:1015}}
Jun 30 19:13:19.841697 np0000004025 devstack@neutron-api.service[87388]: DEBUG neutron.plugins.ml2.drivers.helpers [None req-9b10792b-08b5-48f5-84df-8e8e7dd75d11 admin admin] geneve segment allocate from pool success with {'geneve_vni': 19584} {{(pid=87388) allocate_partially_specified_segment /opt/stack/neutron/neutron/plugins/ml2/drivers/helpers.py:142}}
Jun 30 19:13:19.853195 np0000004025 devstack@neutron-api.service[87388]: DEBUG neutron_lib.callbacks.manager [None req-9b10792b-08b5-48f5-84df-8e8e7dd75d11 admin admin] Publish callbacks ['neutron.services.segments.db._add_segment_host_mapping_for_segment-7708198699732', 'neutron.plugins.ml2.plugin.Ml2Plugin._handle_segment_change-1939793'] for segment (4bcd4db6-ef6a-41a5-9baa-d246b61a95fb), precommit_create {{(pid=87388) _notify_loop /opt/stack/data/venv/lib/python3.12/site-packages/neutron_lib/callbacks/manager.py:184}}
Jun 30 19:13:19.853371 np0000004025 devstack@neutron-api.service[87388]: INFO neutron.db.segments_db [None req-9b10792b-08b5-48f5-84df-8e8e7dd75d11 admin admin] Added segment 4bcd4db6-ef6a-41a5-9baa-d246b61a95fb of type geneve for network 9cf8b2c3-e421-44e1-bf47-2406cd5891ae
Jun 30 19:13:19.895200 np0000004025 devstack@neutron-api.service[87388]: DEBUG neutron_lib.callbacks.manager [None req-9b10792b-08b5-48f5-84df-8e8e7dd75d11 admin admin] Publish callbacks ['neutron.services.auto_allocate.db._ensure_external_network_default_value_callback-7708196992034'] for network (9cf8b2c3-e421-44e1-bf47-2406cd5891ae), precommit_create {{(pid=87388) _notify_loop /opt/stack/data/venv/lib/python3.12/site-packages/neutron_lib/callbacks/manager.py:184}}
Jun 30 19:13:19.915361 np0000004025 devstack@neutron-api.service[87388]: DEBUG neutron.plugins.ml2.drivers.ovn.mech_driver.mech_driver [None req-9b10792b-08b5-48f5-84df-8e8e7dd75d11 admin admin] Validating network segment with type geneve, segmentation ID 19584, physical network None {{(pid=87388) _validate_network_segments /opt/stack/neutron/neutron/plugins/ml2/drivers/ovn/mech_driver/mech_driver.py:646}}
Jun 30 19:13:19.915563 np0000004025 devstack@neutron-api.service[87388]: DEBUG neutron.db.ovn_revision_numbers_db [None req-9b10792b-08b5-48f5-84df-8e8e7dd75d11 admin admin] create_initial_revision uuid=9cf8b2c3-e421-44e1-bf47-2406cd5891ae, type=networks, rev=-1 {{(pid=87388) create_initial_revision /opt/stack/neutron/neutron/db/ovn_revision_numbers_db.py:98}}
Jun 30 19:13:19.935534 np0000004025 devstack@neutron-api.service[87388]: DEBUG neutron_lib.callbacks.manager [None req-9b10792b-08b5-48f5-84df-8e8e7dd75d11 admin admin] Publish callbacks ['neutron.plugins.ml2.ovo_rpc._ObjectChangeHandler.handle_event-2674292'] for network (9cf8b2c3-e421-44e1-bf47-2406cd5891ae), after_create {{(pid=87388) _notify_loop /opt/stack/data/venv/lib/python3.12/site-packages/neutron_lib/callbacks/manager.py:184}}
Jun 30 19:13:19.988393 np0000004025 devstack@neutron-api.service[87388]: DEBUG neutron.api.rpc.handlers.resources_rpc [None req-9b10792b-08b5-48f5-84df-8e8e7dd75d11 admin admin] Pushing event updated for resources: {'Network': ['ID=9cf8b2c3-e421-44e1-bf47-2406cd5891ae,revision_number=1']} {{(pid=87388) push /opt/stack/neutron/neutron/api/rpc/handlers/resources_rpc.py:237}}
Jun 30 19:13:19.997379 np0000004025 devstack@neutron-api.service[87388]: DEBUG ovsdbapp.backend.ovs_idl.transaction [-] Running txn n=1 command(idx=0): AddNetworkCommand(_result=None, network_uuid=9cf8b2c3-e421-44e1-bf47-2406cd5891ae, may_exist=True, columns={'external_ids': {'neutron:network_name': 'private', 'neutron:mtu': '1372', 'neutron:revision_number': '1', 'neutron:availability_zone_hints': '', 'neutron:provnet-network-type': 'geneve'}, 'other_config': {'mcast_snoop': 'false', 'mcast_flood_unregistered': 'false', 'vlan-passthru': 'false'}}) {{(pid=87388) do_commit /opt/stack/data/venv/lib/python3.12/site-packages/ovsdbapp/backend/ovs_idl/transaction.py:89}}
Jun 30 19:13:19.997579 np0000004025 devstack@neutron-api.service[87388]: DEBUG neutron.common.ovn.utils [-] OVS persist_uuid supported=True {{(pid=87388) ovs_persist_uuid_supported /opt/stack/neutron/neutron/common/ovn/utils.py:1562}}
Jun 30 19:13:19.999967 np0000004025 devstack@neutron-api.service[87388]: DEBUG neutron.plugins.ml2.drivers.ovn.mech_driver.ovsdb.ovsdb_monitor [-] Hash Ring: Node eb9ddcc1c31758669d632c32f9f64081 (host: np0000004025) handling event "create" for row 9cf8b2c3-e421-44e1-bf47-2406cd5891ae (table: Logical_Switch) {{(pid=87388) notify /opt/stack/neutron/neutron/plugins/ml2/drivers/ovn/mech_driver/ovsdb/ovsdb_monitor.py:1015}}
Jun 30 19:13:20.003053 np0000004025 devstack@neutron-api.service[87387]: DEBUG neutron.plugins.ml2.drivers.ovn.mech_driver.ovsdb.ovsdb_monitor [-] Hash Ring: Node 2491d713f40c5173962cdc5d731b296e (host: np0000004025) handling event "create" for row 9cf8b2c3-e421-44e1-bf47-2406cd5891ae (table: Logical_Switch) {{(pid=87387) notify /opt/stack/neutron/neutron/plugins/ml2/drivers/ovn/mech_driver/ovsdb/ovsdb_monitor.py:1015}}
Jun 30 19:13:20.013534 np0000004025 devstack@neutron-api.service[87388]: DEBUG neutron.plugins.ml2.drivers.ovn.mech_driver.ovsdb.ovsdb_monitor [-] Hash Ring: Node eb9ddcc1c31758669d632c32f9f64081 (host: np0000004025) handling event "create" for row b95f7aa1-f721-4af6-ade2-a5066cb068c0 (table: Datapath_Binding) {{(pid=87388) notify /opt/stack/neutron/neutron/plugins/ml2/drivers/ovn/mech_driver/ovsdb/ovsdb_monitor.py:1015}}
Jun 30 19:13:20.033854 np0000004025 devstack@neutron-api.service[87388]: INFO neutron.db.ovn_revision_numbers_db [None req-9b10792b-08b5-48f5-84df-8e8e7dd75d11 admin admin] Successfully bumped revision number for resource 9cf8b2c3-e421-44e1-bf47-2406cd5891ae (type: networks) to 1
Jun 30 19:13:20.091491 np0000004025 devstack@neutron-api.service[87388]: DEBUG neutron_lib.callbacks.manager [None req-9b10792b-08b5-48f5-84df-8e8e7dd75d11 admin admin] Publish callbacks ['neutron.plugins.ml2.plugin.SecurityGroupDbMixin._ensure_default_security_group_handler-114101'] for port (None), before_create {{(pid=87388) _notify_loop /opt/stack/data/venv/lib/python3.12/site-packages/neutron_lib/callbacks/manager.py:184}}
Jun 30 19:13:20.215370 np0000004025 devstack@neutron-api.service[87388]: DEBUG neutron_lib.callbacks.manager [None req-9b10792b-08b5-48f5-84df-8e8e7dd75d11 admin admin] Publish callbacks ['neutron.plugins.ml2.drivers.ovn.mech_driver.mech_driver.OVNMechanismDriver._validate_allowed_address_pairs-342975'] for allowed_address_pair (c50e7e46-7148-4127-9194-7a3cda984db3), before_create {{(pid=87388) _notify_loop /opt/stack/data/venv/lib/python3.12/site-packages/neutron_lib/callbacks/manager.py:184}}
Jun 30 19:13:20.216506 np0000004025 devstack@neutron-api.service[87388]: DEBUG neutron_lib.callbacks.manager [None req-9b10792b-08b5-48f5-84df-8e8e7dd75d11 admin admin] Publish callbacks [] for port (c50e7e46-7148-4127-9194-7a3cda984db3), precommit_create {{(pid=87388) _notify_loop /opt/stack/data/venv/lib/python3.12/site-packages/neutron_lib/callbacks/manager.py:184}}
Jun 30 19:13:20.216835 np0000004025 devstack@neutron-api.service[87388]: DEBUG neutron.plugins.ml2.drivers.ovn.mech_driver.mech_driver [None req-9b10792b-08b5-48f5-84df-8e8e7dd75d11 admin admin] No provisioning block for port c50e7e46-7148-4127-9194-7a3cda984db3 since it does not have a host {{(pid=87388) _is_port_provisioning_required /opt/stack/neutron/neutron/plugins/ml2/drivers/ovn/mech_driver/mech_driver.py:899}}
Jun 30 19:13:20.217137 np0000004025 devstack@neutron-api.service[87388]: DEBUG neutron.db.ovn_revision_numbers_db [None req-9b10792b-08b5-48f5-84df-8e8e7dd75d11 admin admin] create_initial_revision uuid=c50e7e46-7148-4127-9194-7a3cda984db3, type=ports, rev=-1 {{(pid=87388) create_initial_revision /opt/stack/neutron/neutron/db/ovn_revision_numbers_db.py:98}}
Jun 30 19:13:20.297424 np0000004025 devstack@neutron-api.service[87388]: DEBUG neutron_lib.callbacks.manager [None req-9b10792b-08b5-48f5-84df-8e8e7dd75d11 admin admin] Publish callbacks ['neutron.plugins.ml2.ovo_rpc._ObjectChangeHandler.handle_event-2674084'] for port (c50e7e46-7148-4127-9194-7a3cda984db3), after_create {{(pid=87388) _notify_loop /opt/stack/data/venv/lib/python3.12/site-packages/neutron_lib/callbacks/manager.py:184}}
Jun 30 19:13:20.374393 np0000004025 devstack@neutron-api.service[87388]: DEBUG neutron.api.rpc.handlers.resources_rpc [None req-9b10792b-08b5-48f5-84df-8e8e7dd75d11 admin admin] Pushing event updated for resources: {'Port': ['ID=c50e7e46-7148-4127-9194-7a3cda984db3,revision_number=1']} {{(pid=87388) push /opt/stack/neutron/neutron/api/rpc/handlers/resources_rpc.py:237}}
Jun 30 19:13:20.408959 np0000004025 devstack@neutron-api.service[87388]: DEBUG neutron.plugins.ml2.drivers.ovn.mech_driver.ovsdb.commands [None req-9b10792b-08b5-48f5-84df-8e8e7dd75d11 admin admin] Converting tag [] to a tag_request {{(pid=87388) _tag_column_to_tag_request /opt/stack/neutron/neutron/plugins/ml2/drivers/ovn/mech_driver/ovsdb/commands.py:205}}
Jun 30 19:13:20.409908 np0000004025 devstack@neutron-api.service[87388]: DEBUG ovsdbapp.backend.ovs_idl.transaction [-] Running txn n=1 command(idx=0): AddLSwitchPortCommand(_result=None, lport=c50e7e46-7148-4127-9194-7a3cda984db3, lswitch=neutron-9cf8b2c3-e421-44e1-bf47-2406cd5891ae, may_exist=True, network_uuid=9cf8b2c3-e421-44e1-bf47-2406cd5891ae, columns={'addresses': ['fa:16:3e:21:5d:9b'], 'external_ids': {'neutron:port_name': '', 'neutron:device_id': 'ovnmeta-9cf8b2c3-e421-44e1-bf47-2406cd5891ae', 'neutron:project_id': '01f5146ef0c9431abdb7faaa359f05e8', 'neutron:cidrs': '', 'neutron:device_owner': 'network:distributed', 'neutron:subnet_pool_addr_scope4': '', 'neutron:subnet_pool_addr_scope6': '', 'neutron:network_name': 'neutron-9cf8b2c3-e421-44e1-bf47-2406cd5891ae', 'neutron:security_group_ids': '', 'neutron:revision_number': '1', 'neutron:vnic_type': 'normal', 'neutron:port_capabilities': '', 'neutron:mtu': '1372'}, 'parent_name': [], 'enabled': True, 'options': {}, 'type': 'localport', 'port_security': [], 'dhcpv4_options': [], 'dhcpv6_options': [], 'tag_request': []}) {{(pid=87388) do_commit /opt/stack/data/venv/lib/python3.12/site-packages/ovsdbapp/backend/ovs_idl/transaction.py:89}}
Jun 30 19:13:20.410687 np0000004025 devstack@neutron-api.service[87388]: DEBUG ovsdbapp.backend.ovs_idl.transaction [-] Running txn n=1 command(idx=1): QoSDelCommand(_result=None, switch=neutron-9cf8b2c3-e421-44e1-bf47-2406cd5891ae, conditions=[('direction', '=', 'to-lport'), ('priority', '=', 2002), ('match', '=', 'outport == "c50e7e46-7148-4127-9194-7a3cda984db3"')], if_exists=True) {{(pid=87388) do_commit /opt/stack/data/venv/lib/python3.12/site-packages/ovsdbapp/backend/ovs_idl/transaction.py:89}}
Jun 30 19:13:20.410980 np0000004025 devstack@neutron-api.service[87388]: DEBUG ovsdbapp.backend.ovs_idl.transaction [-] Running txn n=1 command(idx=2): QoSDelCommand(_result=None, switch=neutron-9cf8b2c3-e421-44e1-bf47-2406cd5891ae, conditions=[('direction', '=', 'from-lport'), ('priority', '=', 2002), ('match', '=', 'inport == "c50e7e46-7148-4127-9194-7a3cda984db3"')], if_exists=True) {{(pid=87388) do_commit /opt/stack/data/venv/lib/python3.12/site-packages/ovsdbapp/backend/ovs_idl/transaction.py:89}}
Jun 30 19:13:20.413816 np0000004025 devstack@neutron-api.service[87388]: DEBUG neutron.plugins.ml2.drivers.ovn.mech_driver.ovsdb.ovsdb_monitor [-] Hash Ring: Node eb9ddcc1c31758669d632c32f9f64081 (host: np0000004025) handling event "update" for row 9cf8b2c3-e421-44e1-bf47-2406cd5891ae (table: Logical_Switch) {{(pid=87388) notify /opt/stack/neutron/neutron/plugins/ml2/drivers/ovn/mech_driver/ovsdb/ovsdb_monitor.py:1015}}
Jun 30 19:13:20.414136 np0000004025 devstack@neutron-api.service[87388]: DEBUG neutron.plugins.ml2.drivers.ovn.mech_driver.ovsdb.ovsdb_monitor [-] Hash Ring: Node eb9ddcc1c31758669d632c32f9f64081 (host: np0000004025) handling event "create" for row ec22bda9-1c63-4128-94c7-f56598afc435 (table: Logical_Switch_Port) {{(pid=87388) notify /opt/stack/neutron/neutron/plugins/ml2/drivers/ovn/mech_driver/ovsdb/ovsdb_monitor.py:1015}}
Jun 30 19:13:20.415606 np0000004025 devstack@neutron-api.service[87388]: DEBUG ovsdbapp.backend.ovs_idl.event [-] Matched CREATE: LogicalSwitchPortCreateEvent(events=('create',), table='Logical_Switch_Port', conditions=[], old_conditions=None), priority=20 to row=Logical_Switch_Port(uuid=ec22bda9-1c63-4128-94c7-f56598afc435, addresses=['fa:16:3e:21:5d:9b'], dhcpv4_options=[], dhcpv6_options=[], dynamic_addresses=[], enabled=True, external_ids={'neutron:cidrs': '', 'neutron:device_id': 'ovnmeta-9cf8b2c3-e421-44e1-bf47-2406cd5891ae', 'neutron:device_owner': 'network:distributed', 'neutron:mtu': '1372', 'neutron:network_name': 'neutron-9cf8b2c3-e421-44e1-bf47-2406cd5891ae', 'neutron:port_capabilities': '', 'neutron:port_name': '', 'neutron:project_id': '01f5146ef0c9431abdb7faaa359f05e8', 'neutron:revision_number': '1', 'neutron:security_group_ids': '', 'neutron:subnet_pool_addr_scope4': '', 'neutron:subnet_pool_addr_scope6': '', 'neutron:vnic_type': 'normal'}, ha_chassis_group=[], mirror_rules=[], name='c50e7e46-7148-4127-9194-7a3cda984db3', options={}, parent_name=[], port_security=[], tag=[], tag_request=[], type='localport', up=[]) old= {{(pid=87388) matches /opt/stack/data/venv/lib/python3.12/site-packages/ovsdbapp/backend/ovs_idl/event.py:55}}
Jun 30 19:13:20.416503 np0000004025 devstack@neutron-api.service[87388]: INFO neutron.plugins.ml2.drivers.ovn.mech_driver.mech_driver [-] OVN reports status down for port: c50e7e46-7148-4127-9194-7a3cda984db3
Jun 30 19:13:20.417653 np0000004025 devstack@neutron-api.service[87388]: DEBUG neutron.plugins.ml2.drivers.ovn.mech_driver.ovsdb.ovsdb_monitor [-] Hash Ring: Node eb9ddcc1c31758669d632c32f9f64081 (host: np0000004025) handling event "update" for row ec22bda9-1c63-4128-94c7-f56598afc435 (table: Logical_Switch_Port) {{(pid=87388) notify /opt/stack/neutron/neutron/plugins/ml2/drivers/ovn/mech_driver/ovsdb/ovsdb_monitor.py:1015}}
Jun 30 19:13:20.417797 np0000004025 devstack@neutron-api.service[87387]: DEBUG neutron.plugins.ml2.drivers.ovn.mech_driver.ovsdb.ovsdb_monitor [-] Hash Ring: Node 2491d713f40c5173962cdc5d731b296e (host: np0000004025) handling event "update" for row 9cf8b2c3-e421-44e1-bf47-2406cd5891ae (table: Logical_Switch) {{(pid=87387) notify /opt/stack/neutron/neutron/plugins/ml2/drivers/ovn/mech_driver/ovsdb/ovsdb_monitor.py:1015}}
Jun 30 19:13:20.419964 np0000004025 devstack@neutron-api.service[87386]: DEBUG neutron.plugins.ml2.drivers.ovn.mech_driver.ovsdb.ovsdb_monitor [-] Hash Ring: Node 46603e5300c356a5846de29f7c7b9b58 (host: np0000004025) handling event "create" for row ec22bda9-1c63-4128-94c7-f56598afc435 (table: Logical_Switch_Port) {{(pid=87386) notify /opt/stack/neutron/neutron/plugins/ml2/drivers/ovn/mech_driver/ovsdb/ovsdb_monitor.py:1015}}
Jun 30 19:13:20.422767 np0000004025 devstack@neutron-api.service[87387]: DEBUG neutron.plugins.ml2.drivers.ovn.mech_driver.ovsdb.ovsdb_monitor [-] Hash Ring: Node 2491d713f40c5173962cdc5d731b296e (host: np0000004025) handling event "create" for row e35324dd-e7c1-47e5-be25-8390cd89ac26 (table: Port_Binding) {{(pid=87387) notify /opt/stack/neutron/neutron/plugins/ml2/drivers/ovn/mech_driver/ovsdb/ovsdb_monitor.py:1015}}
Jun 30 19:13:20.423430 np0000004025 devstack@neutron-api.service[87386]: DEBUG ovsdbapp.backend.ovs_idl.event [-] Matched CREATE: LogicalSwitchPortCreateEvent(events=('create',), table='Logical_Switch_Port', conditions=[], old_conditions=None), priority=20 to row=Logical_Switch_Port(uuid=ec22bda9-1c63-4128-94c7-f56598afc435, addresses=['fa:16:3e:21:5d:9b'], dhcpv4_options=[], dhcpv6_options=[], dynamic_addresses=[], enabled=True, external_ids={'neutron:cidrs': '', 'neutron:device_id': 'ovnmeta-9cf8b2c3-e421-44e1-bf47-2406cd5891ae', 'neutron:device_owner': 'network:distributed', 'neutron:mtu': '1372', 'neutron:network_name': 'neutron-9cf8b2c3-e421-44e1-bf47-2406cd5891ae', 'neutron:port_capabilities': '', 'neutron:port_name': '', 'neutron:project_id': '01f5146ef0c9431abdb7faaa359f05e8', 'neutron:revision_number': '1', 'neutron:security_group_ids': '', 'neutron:subnet_pool_addr_scope4': '', 'neutron:subnet_pool_addr_scope6': '', 'neutron:vnic_type': 'normal'}, ha_chassis_group=[], mirror_rules=[], name='c50e7e46-7148-4127-9194-7a3cda984db3', options={}, parent_name=[], port_security=[], tag=[], tag_request=[], type='localport', up=[]) old= {{(pid=87386) matches /opt/stack/data/venv/lib/python3.12/site-packages/ovsdbapp/backend/ovs_idl/event.py:55}}
Jun 30 19:13:20.424430 np0000004025 devstack@neutron-api.service[87386]: DEBUG neutron.plugins.ml2.drivers.ovn.mech_driver.ovsdb.ovsdb_monitor [-] Hash Ring: Node 46603e5300c356a5846de29f7c7b9b58 (host: np0000004025) handling event "create" for row e35324dd-e7c1-47e5-be25-8390cd89ac26 (table: Port_Binding) {{(pid=87386) notify /opt/stack/neutron/neutron/plugins/ml2/drivers/ovn/mech_driver/ovsdb/ovsdb_monitor.py:1015}}
Jun 30 19:13:20.425177 np0000004025 devstack@neutron-api.service[87388]: DEBUG neutron.plugins.ml2.drivers.ovn.mech_driver.ovsdb.ovsdb_monitor [-] Hash Ring: Node eb9ddcc1c31758669d632c32f9f64081 (host: np0000004025) handling event "create" for row e35324dd-e7c1-47e5-be25-8390cd89ac26 (table: Port_Binding) {{(pid=87388) notify /opt/stack/neutron/neutron/plugins/ml2/drivers/ovn/mech_driver/ovsdb/ovsdb_monitor.py:1015}}
Jun 30 19:13:20.425332 np0000004025 devstack@neutron-api.service[87386]: INFO neutron.plugins.ml2.drivers.ovn.mech_driver.mech_driver [-] OVN reports status down for port: c50e7e46-7148-4127-9194-7a3cda984db3
Jun 30 19:13:20.425950 np0000004025 devstack@neutron-api.service[87386]: DEBUG neutron.plugins.ml2.drivers.ovn.mech_driver.ovsdb.ovsdb_monitor [-] Hash Ring: Node 46603e5300c356a5846de29f7c7b9b58 (host: np0000004025) handling event "update" for row ec22bda9-1c63-4128-94c7-f56598afc435 (table: Logical_Switch_Port) {{(pid=87386) notify /opt/stack/neutron/neutron/plugins/ml2/drivers/ovn/mech_driver/ovsdb/ovsdb_monitor.py:1015}}
Jun 30 19:13:20.486363 np0000004025 devstack@neutron-api.service[87386]: DEBUG neutron.db.provisioning_blocks [None req-3dc9be04-e8a0-4139-8c17-c00a4a1abd69 None None] Transition to ACTIVE for port object c50e7e46-7148-4127-9194-7a3cda984db3 will not be triggered until provisioned by entity L2. {{(pid=87386) add_provisioning_component /opt/stack/neutron/neutron/db/provisioning_blocks.py:74}}
Jun 30 19:13:20.499801 np0000004025 devstack@neutron-api.service[87388]: INFO neutron.db.ovn_revision_numbers_db [None req-9b10792b-08b5-48f5-84df-8e8e7dd75d11 admin admin] Successfully bumped revision number for resource c50e7e46-7148-4127-9194-7a3cda984db3 (type: ports) to 1
Jun 30 19:13:20.524721 np0000004025 devstack@neutron-api.service[87386]: DEBUG neutron.plugins.ml2.plugin [None req-3dc9be04-e8a0-4139-8c17-c00a4a1abd69 None None] Current status of the port c50e7e46-7148-4127-9194-7a3cda984db3 is: DOWN; New status is: DOWN {{(pid=87386) _update_individual_port_db_status /opt/stack/neutron/neutron/plugins/ml2/plugin.py:2473}}
Jun 30 19:13:20.526690 np0000004025 devstack@neutron-api.service[87386]: DEBUG ovsdbapp.backend.ovs_idl.transaction [-] Running txn n=1 command(idx=0): DbRemoveCommand(_result=None, table=Logical_Switch_Port, record=c50e7e46-7148-4127-9194-7a3cda984db3, column=external_ids, values=('neutron:host_id',), keyvalues={}, if_exists=True) {{(pid=87386) do_commit /opt/stack/data/venv/lib/python3.12/site-packages/ovsdbapp/backend/ovs_idl/transaction.py:89}}
Jun 30 19:13:20.531326 np0000004025 devstack@neutron-api.service[87388]: DEBUG neutron.pecan_wsgi.hooks.policy_enforcement [None req-9b10792b-08b5-48f5-84df-8e8e7dd75d11 admin admin] Attributes excluded by policy engine: ['standard_attr_id'] {{(pid=87388) _exclude_attributes_by_policy /opt/stack/neutron/neutron/pecan_wsgi/hooks/policy_enforcement.py:259}}
Jun 30 19:13:20.531768 np0000004025 devstack@neutron-api.service[87388]: DEBUG neutron_lib.callbacks.manager [None req-9b10792b-08b5-48f5-84df-8e8e7dd75d11 admin admin] Publish callbacks [] for network (None), before_response {{(pid=87388) _notify_loop /opt/stack/data/venv/lib/python3.12/site-packages/neutron_lib/callbacks/manager.py:184}}
Jun 30 19:13:20.533806 np0000004025 devstack@neutron-api.service[87388]: DEBUG neutron.db.provisioning_blocks [None req-425bb3f6-bd5f-42f3-8c22-6e5311348c9e None None] Ignored duplicate provisioning block setup for port c50e7e46-7148-4127-9194-7a3cda984db3 by entity L2. {{(pid=87388) add_provisioning_component /opt/stack/neutron/neutron/db/provisioning_blocks.py:69}}
Jun 30 19:13:20.561183 np0000004025 devstack@neutron-api.service[87388]: [pid: 87388|app: 0|req: 3/5] 10.4.3.154 () {68 vars in 1326 bytes} [Tue Jun 30 19:13:19 2026] POST /networking/v2.0/networks => generated 681 bytes in 1332 msecs (HTTP/1.1 201) 4 headers in 162 bytes (1 switches on core 0)
Jun 30 19:13:20.581431 np0000004025 devstack@neutron-api.service[87388]: DEBUG neutron.plugins.ml2.plugin [None req-425bb3f6-bd5f-42f3-8c22-6e5311348c9e None None] Current status of the port c50e7e46-7148-4127-9194-7a3cda984db3 is: DOWN; New status is: DOWN {{(pid=87388) _update_individual_port_db_status /opt/stack/neutron/neutron/plugins/ml2/plugin.py:2473}}
Jun 30 19:13:20.582468 np0000004025 devstack@neutron-api.service[87388]: DEBUG ovsdbapp.backend.ovs_idl.transaction [-] Running txn n=1 command(idx=0): DbRemoveCommand(_result=None, table=Logical_Switch_Port, record=c50e7e46-7148-4127-9194-7a3cda984db3, column=external_ids, values=('neutron:host_id',), keyvalues={}, if_exists=True) {{(pid=87388) do_commit /opt/stack/data/venv/lib/python3.12/site-packages/ovsdbapp/backend/ovs_idl/transaction.py:89}}
Jun 30 19:13:20.929598 np0000004025 devstack@neutron-api.service[87387]: DEBUG neutron.pecan_wsgi.hooks.policy_enforcement [None req-b25f92eb-a821-49f4-8386-9ddcb0598b23 admin admin] Attributes excluded by policy engine: ['standard_attr_id'] {{(pid=87387) _exclude_attributes_by_policy /opt/stack/neutron/neutron/pecan_wsgi/hooks/policy_enforcement.py:259}}
Jun 30 19:13:20.931517 np0000004025 devstack@neutron-api.service[87387]: [pid: 87387|app: 0|req: 2/6] 10.4.3.154 () {64 vars in 1384 bytes} [Tue Jun 30 19:13:20 2026] GET /networking/v2.0/networks/9cf8b2c3-e421-44e1-bf47-2406cd5891ae => generated 662 bytes in 88 msecs (HTTP/1.1 200) 4 headers in 157 bytes (1 switches on core 0)
Jun 30 19:13:20.944977 np0000004025 devstack@neutron-api.service[87386]: DEBUG neutron.api.wsgi [None req-29f0fd90-a89d-4a8a-93c1-e5b880d0bf30 admin admin] Missing Content-Type {{(pid=87386) get_content_type /opt/stack/neutron/neutron/api/wsgi.py:80}}
Jun 30 19:13:20.954520 np0000004025 devstack@neutron-api.service[87386]: [pid: 87386|app: 0|req: 2/7] 10.4.3.154 () {64 vars in 1393 bytes} [Tue Jun 30 19:13:20 2026] GET /networking/v2.0/subnetpools/f087c808-476f-4787-8d40-fa4d346f24b5 => generated 533 bytes in 12 msecs (HTTP/1.1 200) 4 headers in 157 bytes (1 switches on core 0)
Jun 30 19:13:20.968159 np0000004025 devstack@neutron-api.service[87388]: DEBUG neutron.api.v2.base [None req-a7dec3ad-09b1-4a80-b400-caae6990bc30 admin admin] Request body: {'subnet': {'network_id': '9cf8b2c3-e421-44e1-bf47-2406cd5891ae', 'gateway_ip': '10.1.0.1', 'subnetpool_id': 'f087c808-476f-4787-8d40-fa4d346f24b5', 'name': 'private-subnet', 'ip_version': 4}} {{(pid=87388) prepare_request_body /opt/stack/neutron/neutron/api/v2/base.py:727}}
Jun 30 19:13:20.985915 np0000004025 devstack@neutron-api.service[87388]: DEBUG neutron.pecan_wsgi.hooks.quota_enforcement [None req-a7dec3ad-09b1-4a80-b400-caae6990bc30 admin admin] Made reservation on behalf of 01f5146ef0c9431abdb7faaa359f05e8 for: {'subnet': 1} {{(pid=87388) before /opt/stack/neutron/neutron/pecan_wsgi/hooks/quota_enforcement.py:66}}
Jun 30 19:13:20.989202 np0000004025 devstack@neutron-api.service[87388]: DEBUG neutron_lib.callbacks.manager [None req-a7dec3ad-09b1-4a80-b400-caae6990bc30 admin admin] Publish callbacks [] for subnet (None), before_create {{(pid=87388) _notify_loop /opt/stack/data/venv/lib/python3.12/site-packages/neutron_lib/callbacks/manager.py:184}}
Jun 30 19:13:21.317858 np0000004025 devstack@neutron-api.service[87388]: DEBUG neutron.db.ovn_revision_numbers_db [None req-a7dec3ad-09b1-4a80-b400-caae6990bc30 admin admin] create_initial_revision uuid=49617208-3b41-471a-9799-504f8a956595, type=subnets, rev=-1 {{(pid=87388) create_initial_revision /opt/stack/neutron/neutron/db/ovn_revision_numbers_db.py:98}}
Jun 30 19:13:21.321430 np0000004025 devstack@neutron-api.service[87388]: DEBUG neutron_lib.callbacks.manager [None req-a7dec3ad-09b1-4a80-b400-caae6990bc30 admin admin] Publish callbacks ['neutron.plugins.ml2.ovo_rpc._ObjectChangeHandler.handle_event-2674067'] for subnet (49617208-3b41-471a-9799-504f8a956595), after_create {{(pid=87388) _notify_loop /opt/stack/data/venv/lib/python3.12/site-packages/neutron_lib/callbacks/manager.py:184}}
Jun 30 19:13:21.336650 np0000004025 devstack@neutron-api.service[87388]: DEBUG neutron.api.rpc.handlers.resources_rpc [None req-a7dec3ad-09b1-4a80-b400-caae6990bc30 admin admin] Pushing event updated for resources: {'Subnet': ['ID=49617208-3b41-471a-9799-504f8a956595,revision_number=0']} {{(pid=87388) push /opt/stack/neutron/neutron/api/rpc/handlers/resources_rpc.py:237}}
Jun 30 19:13:21.415340 np0000004025 devstack@neutron-api.service[87388]: DEBUG neutron_lib.callbacks.manager [None req-a7dec3ad-09b1-4a80-b400-caae6990bc30 admin admin] Publish callbacks ['neutron.plugins.ml2.plugin.SecurityGroupDbMixin._ensure_default_security_group_handler-114101', 'neutron.services.ovn_l3.plugin.OVNL3RouterPlugin._port_update-7708196977938', 'neutron.db.l3_db.L3_NAT_dbonly_mixin._prevent_internal_ip_change_for_fip-7708198565128'] for port (c50e7e46-7148-4127-9194-7a3cda984db3), before_update {{(pid=87388) _notify_loop /opt/stack/data/venv/lib/python3.12/site-packages/neutron_lib/callbacks/manager.py:184}}
Jun 30 19:13:21.529872 np0000004025 devstack@neutron-api.service[87388]: DEBUG neutron.db.db_base_plugin_common [None req-a7dec3ad-09b1-4a80-b400-caae6990bc30 admin admin] Allocated IP 10.1.0.2 (9cf8b2c3-e421-44e1-bf47-2406cd5891ae/49617208-3b41-471a-9799-504f8a956595/c50e7e46-7148-4127-9194-7a3cda984db3) {{(pid=87388) _store_ip_allocation /opt/stack/neutron/neutron/db/db_base_plugin_common.py:131}}
Jun 30 19:13:21.622699 np0000004025 devstack@neutron-api.service[87388]: DEBUG neutron_lib.callbacks.manager [None req-a7dec3ad-09b1-4a80-b400-caae6990bc30 admin admin] Publish callbacks [] for port (c50e7e46-7148-4127-9194-7a3cda984db3), precommit_update {{(pid=87388) _notify_loop /opt/stack/data/venv/lib/python3.12/site-packages/neutron_lib/callbacks/manager.py:184}}
Jun 30 19:13:21.622959 np0000004025 devstack@neutron-api.service[87388]: DEBUG neutron.plugins.ml2.drivers.ovn.mech_driver.mech_driver [None req-a7dec3ad-09b1-4a80-b400-caae6990bc30 admin admin] No provisioning block for port c50e7e46-7148-4127-9194-7a3cda984db3 since it does not have a host {{(pid=87388) _is_port_provisioning_required /opt/stack/neutron/neutron/plugins/ml2/drivers/ovn/mech_driver/mech_driver.py:899}}
Jun 30 19:13:21.632641 np0000004025 devstack@neutron-api.service[87388]: DEBUG neutron_lib.callbacks.manager [None req-a7dec3ad-09b1-4a80-b400-caae6990bc30 admin admin] Publish callbacks ['neutron.plugins.ml2.ovo_rpc._ObjectChangeHandler.handle_event-2674084', 'neutron.services.ovn_l3.plugin.OVNL3RouterPlugin._port_update-7708196977938'] for port (c50e7e46-7148-4127-9194-7a3cda984db3), after_update {{(pid=87388) _notify_loop /opt/stack/data/venv/lib/python3.12/site-packages/neutron_lib/callbacks/manager.py:184}}
Jun 30 19:13:21.660524 np0000004025 devstack@neutron-api.service[87388]: DEBUG neutron.api.rpc.handlers.resources_rpc [None req-a7dec3ad-09b1-4a80-b400-caae6990bc30 admin admin] Pushing event updated for resources: {'Port': ['ID=c50e7e46-7148-4127-9194-7a3cda984db3,revision_number=2']} {{(pid=87388) push /opt/stack/neutron/neutron/api/rpc/handlers/resources_rpc.py:237}}
Jun 30 19:13:21.785515 np0000004025 devstack@neutron-api.service[87388]: DEBUG neutron.plugins.ml2.drivers.ovn.mech_driver.ovsdb.commands [None req-a7dec3ad-09b1-4a80-b400-caae6990bc30 admin admin] Converting tag [] to a tag_request {{(pid=87388) _tag_column_to_tag_request /opt/stack/neutron/neutron/plugins/ml2/drivers/ovn/mech_driver/ovsdb/commands.py:205}}
Jun 30 19:13:21.786418 np0000004025 devstack@neutron-api.service[87388]: DEBUG ovsdbapp.backend.ovs_idl.transaction [-] Running txn n=1 command(idx=0): CheckRevisionNumberCommand(_result=None, name=c50e7e46-7148-4127-9194-7a3cda984db3, resource={'id': 'c50e7e46-7148-4127-9194-7a3cda984db3', 'name': '', 'network_id': '9cf8b2c3-e421-44e1-bf47-2406cd5891ae', 'project_id': '01f5146ef0c9431abdb7faaa359f05e8', 'mac_address': 'fa:16:3e:21:5d:9b', 'admin_state_up': True, 'status': 'DOWN', 'device_id': 'ovnmeta-9cf8b2c3-e421-44e1-bf47-2406cd5891ae', 'device_owner': 'network:distributed', 'standard_attr_id': 14, 'fixed_ips': [{'subnet_id': '49617208-3b41-471a-9799-504f8a956595', 'ip_address': '10.1.0.2'}], 'allowed_address_pairs': [], 'extra_dhcp_opts': [], 'security_groups': [], 'description': '', 'binding:vnic_type': 'normal', 'binding:profile': {}, 'binding:host_id': '', 'binding:vif_type': 'unbound', 'binding:vif_details': {}, 'port_security_enabled': False, 'tags': [], 'created_at': '2026-06-30T19:13:20Z', 'updated_at': '2026-06-30T19:13:21Z', 'revision_number': 2, 'tenant_id': '01f5146ef0c9431abdb7faaa359f05e8', 'network': {'id': '9cf8b2c3-e421-44e1-bf47-2406cd5891ae', 'name': 'private', 'tenant_id': '01f5146ef0c9431abdb7faaa359f05e8', 'project_id': '01f5146ef0c9431abdb7faaa359f05e8', 'admin_state_up': True, 'mtu': 1372, 'status': 'ACTIVE', 'subnets': ['49617208-3b41-471a-9799-504f8a956595'], 'standard_attr_id': 12, 'shared': False, 'availability_zone_hints': [], 'availability_zones': [], 'ipv4_address_scope': None, 'ipv6_address_scope': None, 'router:external': False, 'qinq': False, 'vlan_transparent': False, 'description': '', 'port_security_enabled': True, 'tags': [], 'created_at': '2026-06-30T19:13:19Z', 'updated_at': '2026-06-30T19:13:21Z', 'revision_number': 2, 'provider:network_type': 'geneve', 'provider:physical_network': None, 'provider:segmentation_id': 19584}}, resource_type=ports, if_exists=True) {{(pid=87388) do_commit /opt/stack/data/venv/lib/python3.12/site-packages/ovsdbapp/backend/ovs_idl/transaction.py:89}}
Jun 30 19:13:21.786770 np0000004025 devstack@neutron-api.service[87388]: DEBUG ovsdbapp.backend.ovs_idl.transaction [-] Running txn n=1 command(idx=1): AddDHCPOptionsCommand(_result=None, columns={'cidr': '10.1.0.0/26', 'options': {'server_id': '10.1.0.1', 'lease_time': '43200', 'mtu': '1372', 'router': '10.1.0.1', 'server_mac': 'fa:16:3e:6c:8a:c3', 'dns_server': '{127.0.0.53}', 'classless_static_route': '{169.254.169.254/32,10.1.0.2, 0.0.0.0/0,10.1.0.1}'}, 'external_ids': {'subnet_id': '49617208-3b41-471a-9799-504f8a956595', 'neutron:network_id': '9cf8b2c3-e421-44e1-bf47-2406cd5891ae', 'neutron:revision_number': '0'}}, may_exist=True, subnet_id=49617208-3b41-471a-9799-504f8a956595, port_id=None, new_insert=False) {{(pid=87388) do_commit /opt/stack/data/venv/lib/python3.12/site-packages/ovsdbapp/backend/ovs_idl/transaction.py:89}}
Jun 30 19:13:21.787022 np0000004025 devstack@neutron-api.service[87388]: DEBUG ovsdbapp.backend.ovs_idl.transaction [-] Running txn n=1 command(idx=2): SetLSwitchPortCommand(_result=None, lport=c50e7e46-7148-4127-9194-7a3cda984db3, external_ids_update=None, columns={'external_ids': {'neutron:port_name': '', 'neutron:device_id': 'ovnmeta-9cf8b2c3-e421-44e1-bf47-2406cd5891ae', 'neutron:project_id': '01f5146ef0c9431abdb7faaa359f05e8', 'neutron:cidrs': '10.1.0.2/26', 'neutron:device_owner': 'network:distributed', 'neutron:subnet_pool_addr_scope4': '', 'neutron:subnet_pool_addr_scope6': '', 'neutron:network_name': 'neutron-9cf8b2c3-e421-44e1-bf47-2406cd5891ae', 'neutron:security_group_ids': '', 'neutron:revision_number': '2', 'neutron:vnic_type': 'normal', 'neutron:port_capabilities': '', 'neutron:mtu': '1372'}, 'parent_name': [], 'options': {}, 'enabled': True, 'port_security': [], 'dhcpv4_options': [], 'dhcpv6_options': [], 'type': 'localport', 'addresses': ['fa:16:3e:21:5d:9b 10.1.0.2'], 'ha_chassis_group': [], 'tag_request': []}, if_exists=False) {{(pid=87388) do_commit /opt/stack/data/venv/lib/python3.12/site-packages/ovsdbapp/backend/ovs_idl/transaction.py:89}}
Jun 30 19:13:21.787561 np0000004025 devstack@neutron-api.service[87388]: DEBUG ovsdbapp.backend.ovs_idl.transaction [-] Running txn n=1 command(idx=3): PgDelPortCommand(_result=None, port_group=neutron_pg_drop, lsp=['c50e7e46-7148-4127-9194-7a3cda984db3'], if_exists=False) {{(pid=87388) do_commit /opt/stack/data/venv/lib/python3.12/site-packages/ovsdbapp/backend/ovs_idl/transaction.py:89}}
Jun 30 19:13:21.790495 np0000004025 devstack@neutron-api.service[87388]: DEBUG neutron.plugins.ml2.drivers.ovn.mech_driver.ovsdb.ovsdb_monitor [-] Hash Ring: Node eb9ddcc1c31758669d632c32f9f64081 (host: np0000004025) handling event "create" for row 533b0c92-c3b8-4726-82b7-ad115c7f1b1e (table: DHCP_Options) {{(pid=87388) notify /opt/stack/neutron/neutron/plugins/ml2/drivers/ovn/mech_driver/ovsdb/ovsdb_monitor.py:1015}}
Jun 30 19:13:21.790731 np0000004025 devstack@neutron-api.service[87388]: DEBUG neutron.plugins.ml2.drivers.ovn.mech_driver.ovsdb.ovsdb_monitor [-] Hash Ring: Node eb9ddcc1c31758669d632c32f9f64081 (host: np0000004025) handling event "update" for row ec22bda9-1c63-4128-94c7-f56598afc435 (table: Logical_Switch_Port) {{(pid=87388) notify /opt/stack/neutron/neutron/plugins/ml2/drivers/ovn/mech_driver/ovsdb/ovsdb_monitor.py:1015}}
Jun 30 19:13:21.792552 np0000004025 devstack@neutron-api.service[87387]: DEBUG neutron.plugins.ml2.drivers.ovn.mech_driver.ovsdb.ovsdb_monitor [-] Hash Ring: Node 2491d713f40c5173962cdc5d731b296e (host: np0000004025) handling event "create" for row 533b0c92-c3b8-4726-82b7-ad115c7f1b1e (table: DHCP_Options) {{(pid=87387) notify /opt/stack/neutron/neutron/plugins/ml2/drivers/ovn/mech_driver/ovsdb/ovsdb_monitor.py:1015}}
Jun 30 19:13:21.794643 np0000004025 devstack@neutron-api.service[87386]: DEBUG neutron.plugins.ml2.drivers.ovn.mech_driver.ovsdb.ovsdb_monitor [-] Hash Ring: Node 46603e5300c356a5846de29f7c7b9b58 (host: np0000004025) handling event "update" for row ec22bda9-1c63-4128-94c7-f56598afc435 (table: Logical_Switch_Port) {{(pid=87386) notify /opt/stack/neutron/neutron/plugins/ml2/drivers/ovn/mech_driver/ovsdb/ovsdb_monitor.py:1015}}
Jun 30 19:13:21.796184 np0000004025 devstack@neutron-api.service[87387]: DEBUG neutron.plugins.ml2.drivers.ovn.mech_driver.ovsdb.ovsdb_monitor [-] Hash Ring: Node 2491d713f40c5173962cdc5d731b296e (host: np0000004025) handling event "update" for row e35324dd-e7c1-47e5-be25-8390cd89ac26 (table: Port_Binding) {{(pid=87387) notify /opt/stack/neutron/neutron/plugins/ml2/drivers/ovn/mech_driver/ovsdb/ovsdb_monitor.py:1015}}
Jun 30 19:13:21.797922 np0000004025 devstack@neutron-api.service[87388]: DEBUG neutron.plugins.ml2.drivers.ovn.mech_driver.ovsdb.ovsdb_monitor [-] Hash Ring: Node eb9ddcc1c31758669d632c32f9f64081 (host: np0000004025) handling event "update" for row e35324dd-e7c1-47e5-be25-8390cd89ac26 (table: Port_Binding) {{(pid=87388) notify /opt/stack/neutron/neutron/plugins/ml2/drivers/ovn/mech_driver/ovsdb/ovsdb_monitor.py:1015}}
Jun 30 19:13:21.799334 np0000004025 devstack@neutron-api.service[87386]: DEBUG neutron.plugins.ml2.drivers.ovn.mech_driver.ovsdb.ovsdb_monitor [-] Hash Ring: Node 46603e5300c356a5846de29f7c7b9b58 (host: np0000004025) handling event "update" for row e35324dd-e7c1-47e5-be25-8390cd89ac26 (table: Port_Binding) {{(pid=87386) notify /opt/stack/neutron/neutron/plugins/ml2/drivers/ovn/mech_driver/ovsdb/ovsdb_monitor.py:1015}}
Jun 30 19:13:21.820516 np0000004025 devstack@neutron-api.service[87388]: INFO neutron.db.ovn_revision_numbers_db [None req-a7dec3ad-09b1-4a80-b400-caae6990bc30 admin admin] Successfully bumped revision number for resource c50e7e46-7148-4127-9194-7a3cda984db3 (type: ports) to 2
Jun 30 19:13:21.831095 np0000004025 devstack@neutron-api.service[87388]: DEBUG neutron.plugins.ml2.plugin [None req-a7dec3ad-09b1-4a80-b400-caae6990bc30 admin admin] In _notify_port_updated(), no bound segment for port c50e7e46-7148-4127-9194-7a3cda984db3 on network 9cf8b2c3-e421-44e1-bf47-2406cd5891ae {{(pid=87388) _notify_port_updated /opt/stack/neutron/neutron/plugins/ml2/plugin.py:1041}}
Jun 30 19:13:21.862175 np0000004025 devstack@neutron-api.service[87388]: INFO neutron.db.ovn_revision_numbers_db [None req-a7dec3ad-09b1-4a80-b400-caae6990bc30 admin admin] Successfully bumped revision number for resource 49617208-3b41-471a-9799-504f8a956595 (type: subnets) to 0
Jun 30 19:13:21.863283 np0000004025 devstack@neutron-api.service[87388]: DEBUG neutron.pecan_wsgi.hooks.policy_enforcement [None req-a7dec3ad-09b1-4a80-b400-caae6990bc30 admin admin] Attributes excluded by policy engine: ['standard_attr_id', 'shared', 'network'] {{(pid=87388) _exclude_attributes_by_policy /opt/stack/neutron/neutron/pecan_wsgi/hooks/policy_enforcement.py:259}}
Jun 30 19:13:21.863650 np0000004025 devstack@neutron-api.service[87388]: DEBUG neutron_lib.callbacks.manager [None req-a7dec3ad-09b1-4a80-b400-caae6990bc30 admin admin] Publish callbacks [] for subnet (None), before_response {{(pid=87388) _notify_loop /opt/stack/data/venv/lib/python3.12/site-packages/neutron_lib/callbacks/manager.py:184}}
Jun 30 19:13:21.873379 np0000004025 devstack@neutron-api.service[87388]: [pid: 87388|app: 0|req: 4/8] 10.4.3.154 () {68 vars in 1324 bytes} [Tue Jun 30 19:13:20 2026] POST /networking/v2.0/subnets => generated 666 bytes in 908 msecs (HTTP/1.1 201) 4 headers in 162 bytes (1 switches on core 0)
Jun 30 19:13:22.278969 np0000004025 devstack@neutron-api.service[87387]: DEBUG neutron.pecan_wsgi.hooks.policy_enforcement [None req-1fd07c12-5e77-4bfc-803b-397279064a6a admin admin] Attributes excluded by policy engine: ['standard_attr_id'] {{(pid=87387) _exclude_attributes_by_policy /opt/stack/neutron/neutron/pecan_wsgi/hooks/policy_enforcement.py:259}}
Jun 30 19:13:22.280153 np0000004025 devstack@neutron-api.service[87387]: [pid: 87387|app: 0|req: 3/9] 10.4.3.154 () {64 vars in 1384 bytes} [Tue Jun 30 19:13:22 2026] GET /networking/v2.0/networks/9cf8b2c3-e421-44e1-bf47-2406cd5891ae => generated 700 bytes in 52 msecs (HTTP/1.1 200) 4 headers in 157 bytes (1 switches on core 0)
Jun 30 19:13:22.290735 np0000004025 devstack@neutron-api.service[87386]: DEBUG neutron.api.wsgi [None req-e4d0f8a6-bac3-4272-b7af-06f0a7ecaae5 admin admin] Missing Content-Type {{(pid=87386) get_content_type /opt/stack/neutron/neutron/api/wsgi.py:80}}
Jun 30 19:13:22.301706 np0000004025 devstack@neutron-api.service[87386]: [pid: 87386|app: 0|req: 3/10] 10.4.3.154 () {64 vars in 1393 bytes} [Tue Jun 30 19:13:22 2026] GET /networking/v2.0/subnetpools/1af6920f-4333-4171-94e7-1975328845b4 => generated 543 bytes in 13 msecs (HTTP/1.1 200) 4 headers in 157 bytes (1 switches on core 0)
