Jul 10 02:24:30.497066 np0000004937 devstack@neutron-api.service[87510]: DEBUG futurist.periodics [-] Submitting periodic callback 'neutron.plugins.ml2.drivers.ovn.mech_driver.ovsdb.maintenance.HashRingHealthCheckPeriodics.touch_hash_ring_node' {{(pid=87510) _process_scheduled /opt/stack/data/venv/lib/python3.12/site-packages/futurist/periodics.py:784}}
Jul 10 02:24:30.497531 np0000004937 devstack@neutron-api.service[87510]: DEBUG neutron.plugins.ml2.drivers.ovn.mech_driver.ovsdb.maintenance [-] Touching Hash Ring node "61b2918acca15c83884a06b01c89e7e8" from periodic health check thread {{(pid=87510) touch_hash_ring_node /opt/stack/neutron/neutron/plugins/ml2/drivers/ovn/mech_driver/ovsdb/maintenance.py:1418}}
Jul 10 02:24:31.393818 np0000004937 devstack@neutron-api.service[87512]: DEBUG futurist.periodics [-] Submitting periodic callback 'neutron.plugins.ml2.drivers.ovn.mech_driver.ovsdb.maintenance.HashRingHealthCheckPeriodics.touch_hash_ring_node' {{(pid=87512) _process_scheduled /opt/stack/data/venv/lib/python3.12/site-packages/futurist/periodics.py:784}}
Jul 10 02:24:31.394290 np0000004937 devstack@neutron-api.service[87512]: DEBUG neutron.plugins.ml2.drivers.ovn.mech_driver.ovsdb.maintenance [-] Touching Hash Ring node "d8be629f0c775cf8af7e6fa4be9ba77f" from periodic health check thread {{(pid=87512) touch_hash_ring_node /opt/stack/neutron/neutron/plugins/ml2/drivers/ovn/mech_driver/ovsdb/maintenance.py:1418}}
Jul 10 02:24:31.443932 np0000004937 devstack@neutron-api.service[87511]: DEBUG futurist.periodics [-] Submitting periodic callback 'neutron.plugins.ml2.drivers.ovn.mech_driver.ovsdb.maintenance.HashRingHealthCheckPeriodics.touch_hash_ring_node' {{(pid=87511) _process_scheduled /opt/stack/data/venv/lib/python3.12/site-packages/futurist/periodics.py:784}}
Jul 10 02:24:31.444348 np0000004937 devstack@neutron-api.service[87511]: DEBUG neutron.plugins.ml2.drivers.ovn.mech_driver.ovsdb.maintenance [-] Touching Hash Ring node "5f215357dff355c595e57adee81db194" from periodic health check thread {{(pid=87511) touch_hash_ring_node /opt/stack/neutron/neutron/plugins/ml2/drivers/ovn/mech_driver/ovsdb/maintenance.py:1418}}
Jul 10 02:24:40.503538 np0000004937 devstack@neutron-api.service[87510]: DEBUG dbcounter [-] [87510] Writing DB stats neutron:UPDATE=1,neutron:SELECT=1 {{(pid=87510) stat_writer /opt/stack/data/venv/lib/python3.12/site-packages/dbcounter.py:115}}
Jul 10 02:24:41.401029 np0000004937 devstack@neutron-api.service[87512]: DEBUG dbcounter [-] [87512] Writing DB stats neutron:UPDATE=1,neutron:SELECT=1 {{(pid=87512) stat_writer /opt/stack/data/venv/lib/python3.12/site-packages/dbcounter.py:115}}
Jul 10 02:24:41.450609 np0000004937 devstack@neutron-api.service[87511]: DEBUG dbcounter [-] [87511] Writing DB stats neutron:UPDATE=1,neutron:SELECT=1 {{(pid=87511) stat_writer /opt/stack/data/venv/lib/python3.12/site-packages/dbcounter.py:115}}
Jul 10 02:24:45.497713 np0000004937 devstack@neutron-api.service[87510]: DEBUG futurist.periodics [-] Submitting periodic callback 'neutron.plugins.ml2.drivers.ovn.mech_driver.ovsdb.maintenance.HashRingHealthCheckPeriodics.touch_hash_ring_node' {{(pid=87510) _process_scheduled /opt/stack/data/venv/lib/python3.12/site-packages/futurist/periodics.py:784}}
Jul 10 02:24:45.498132 np0000004937 devstack@neutron-api.service[87510]: DEBUG neutron.plugins.ml2.drivers.ovn.mech_driver.ovsdb.maintenance [-] Touching Hash Ring node "61b2918acca15c83884a06b01c89e7e8" from periodic health check thread {{(pid=87510) touch_hash_ring_node /opt/stack/neutron/neutron/plugins/ml2/drivers/ovn/mech_driver/ovsdb/maintenance.py:1418}}
Jul 10 02:24:46.394386 np0000004937 devstack@neutron-api.service[87512]: DEBUG futurist.periodics [-] Submitting periodic callback 'neutron.plugins.ml2.drivers.ovn.mech_driver.ovsdb.maintenance.HashRingHealthCheckPeriodics.touch_hash_ring_node' {{(pid=87512) _process_scheduled /opt/stack/data/venv/lib/python3.12/site-packages/futurist/periodics.py:784}}
Jul 10 02:24:46.394930 np0000004937 devstack@neutron-api.service[87512]: DEBUG neutron.plugins.ml2.drivers.ovn.mech_driver.ovsdb.maintenance [-] Touching Hash Ring node "d8be629f0c775cf8af7e6fa4be9ba77f" from periodic health check thread {{(pid=87512) touch_hash_ring_node /opt/stack/neutron/neutron/plugins/ml2/drivers/ovn/mech_driver/ovsdb/maintenance.py:1418}}
Jul 10 02:24:46.444544 np0000004937 devstack@neutron-api.service[87511]: DEBUG futurist.periodics [-] Submitting periodic callback 'neutron.plugins.ml2.drivers.ovn.mech_driver.ovsdb.maintenance.HashRingHealthCheckPeriodics.touch_hash_ring_node' {{(pid=87511) _process_scheduled /opt/stack/data/venv/lib/python3.12/site-packages/futurist/periodics.py:784}}
Jul 10 02:24:46.444985 np0000004937 devstack@neutron-api.service[87511]: DEBUG neutron.plugins.ml2.drivers.ovn.mech_driver.ovsdb.maintenance [-] Touching Hash Ring node "5f215357dff355c595e57adee81db194" from periodic health check thread {{(pid=87511) touch_hash_ring_node /opt/stack/neutron/neutron/plugins/ml2/drivers/ovn/mech_driver/ovsdb/maintenance.py:1418}}
Jul 10 02:24:55.504851 np0000004937 devstack@neutron-api.service[87510]: DEBUG dbcounter [-] [87510] Writing DB stats neutron:UPDATE=1,neutron:SELECT=1 {{(pid=87510) stat_writer /opt/stack/data/venv/lib/python3.12/site-packages/dbcounter.py:115}}
Jul 10 02:24:56.400682 np0000004937 devstack@neutron-api.service[87512]: DEBUG dbcounter [-] [87512] Writing DB stats neutron:UPDATE=1,neutron:SELECT=1 {{(pid=87512) stat_writer /opt/stack/data/venv/lib/python3.12/site-packages/dbcounter.py:115}}
Jul 10 02:24:56.451803 np0000004937 devstack@neutron-api.service[87511]: DEBUG dbcounter [-] [87511] Writing DB stats neutron:UPDATE=1,neutron:SELECT=1 {{(pid=87511) stat_writer /opt/stack/data/venv/lib/python3.12/site-packages/dbcounter.py:115}}
Jul 10 02:25:00.498298 np0000004937 devstack@neutron-api.service[87510]: DEBUG futurist.periodics [-] Submitting periodic callback 'neutron.plugins.ml2.drivers.ovn.mech_driver.ovsdb.maintenance.HashRingHealthCheckPeriodics.touch_hash_ring_node' {{(pid=87510) _process_scheduled /opt/stack/data/venv/lib/python3.12/site-packages/futurist/periodics.py:784}}
Jul 10 02:25:00.498862 np0000004937 devstack@neutron-api.service[87510]: DEBUG neutron.plugins.ml2.drivers.ovn.mech_driver.ovsdb.maintenance [-] Touching Hash Ring node "61b2918acca15c83884a06b01c89e7e8" from periodic health check thread {{(pid=87510) touch_hash_ring_node /opt/stack/neutron/neutron/plugins/ml2/drivers/ovn/mech_driver/ovsdb/maintenance.py:1418}}
Jul 10 02:25:01.394903 np0000004937 devstack@neutron-api.service[87512]: DEBUG futurist.periodics [-] Submitting periodic callback 'neutron.plugins.ml2.drivers.ovn.mech_driver.ovsdb.maintenance.HashRingHealthCheckPeriodics.touch_hash_ring_node' {{(pid=87512) _process_scheduled /opt/stack/data/venv/lib/python3.12/site-packages/futurist/periodics.py:784}}
Jul 10 02:25:01.395382 np0000004937 devstack@neutron-api.service[87512]: DEBUG neutron.plugins.ml2.drivers.ovn.mech_driver.ovsdb.maintenance [-] Touching Hash Ring node "d8be629f0c775cf8af7e6fa4be9ba77f" from periodic health check thread {{(pid=87512) touch_hash_ring_node /opt/stack/neutron/neutron/plugins/ml2/drivers/ovn/mech_driver/ovsdb/maintenance.py:1418}}
Jul 10 02:25:01.445120 np0000004937 devstack@neutron-api.service[87511]: DEBUG futurist.periodics [-] Submitting periodic callback 'neutron.plugins.ml2.drivers.ovn.mech_driver.ovsdb.maintenance.HashRingHealthCheckPeriodics.touch_hash_ring_node' {{(pid=87511) _process_scheduled /opt/stack/data/venv/lib/python3.12/site-packages/futurist/periodics.py:784}}
Jul 10 02:25:01.446853 np0000004937 devstack@neutron-api.service[87511]: DEBUG neutron.plugins.ml2.drivers.ovn.mech_driver.ovsdb.maintenance [-] Touching Hash Ring node "5f215357dff355c595e57adee81db194" from periodic health check thread {{(pid=87511) touch_hash_ring_node /opt/stack/neutron/neutron/plugins/ml2/drivers/ovn/mech_driver/ovsdb/maintenance.py:1418}}
Jul 10 02:25:07.708799 np0000004937 devstack@neutron-api.service[87511]: DEBUG neutron.api.wsgi [None req-b838a77d-2326-452f-9ec0-ee123a5b003d admin admin] Missing Content-Type {{(pid=87511) get_content_type /opt/stack/neutron/neutron/api/wsgi.py:80}}
Jul 10 02:25:07.709542 np0000004937 devstack@neutron-api.service[87511]: DEBUG neutron.api.wsgi [None req-b838a77d-2326-452f-9ec0-ee123a5b003d admin admin] https://10.4.3.40/networking/v2.0/extensions returned with HTTP 200 {{(pid=87511) __call__ /opt/stack/neutron/neutron/api/wsgi.py:540}}
Jul 10 02:25:07.709630 np0000004937 devstack@neutron-api.service[87511]: [pid: 87511|app: 0|req: 11/34] 10.4.3.40 () {64 vars in 1285 bytes} [Fri Jul 10 02:25:07 2026] GET /networking/v2.0/extensions => generated 16171 bytes in 4 msecs (HTTP/1.1 200) 4 headers in 159 bytes (1 switches on core 0)
Jul 10 02:25:07.997438 np0000004937 devstack@neutron-api.service[87510]: INFO neutron.pecan_wsgi.hooks.translation [None req-bf918476-6cb3-4858-8d85-8783668b933a admin admin] GET failed (client error): The resource could not be found.
Jul 10 02:25:07.998134 np0000004937 devstack@neutron-api.service[87510]: [pid: 87510|app: 0|req: 13/35] 10.4.3.40 () {64 vars in 1287 bytes} [Fri Jul 10 02:25:07 2026] GET /networking/v2.0/networks/public => generated 108 bytes in 8 msecs (HTTP/1.1 404) 4 headers in 164 bytes (1 switches on core 0)
Jul 10 02:25:08.047992 np0000004937 devstack@neutron-api.service[87512]: DEBUG neutron.pecan_wsgi.hooks.policy_enforcement [None req-6e806364-df77-4379-8bdc-053b7227f6ff admin admin] Attributes excluded by policy engine: ['standard_attr_id'] {{(pid=87512) _exclude_attributes_by_policy /opt/stack/neutron/neutron/pecan_wsgi/hooks/policy_enforcement.py:259}}
Jul 10 02:25:08.049933 np0000004937 devstack@neutron-api.service[87512]: [pid: 87512|app: 0|req: 12/36] 10.4.3.40 () {64 vars in 1302 bytes} [Fri Jul 10 02:25:08 2026] GET /networking/v2.0/networks?name=public => generated 759 bytes in 44 msecs (HTTP/1.1 200) 4 headers in 157 bytes (1 switches on core 0)
Jul 10 02:25:08.251157 np0000004937 devstack@neutron-api.service[87511]: DEBUG neutron.api.v2.base [None req-34a0e248-b1e9-47b8-aa5b-a900a36697f2 admin admin] Request body: {'network': {'admin_state_up': True, 'name': 'shared', 'shared': True}} {{(pid=87511) prepare_request_body /opt/stack/neutron/neutron/api/v2/base.py:727}}
Jul 10 02:25:08.264178 np0000004937 devstack@neutron-api.service[87511]: DEBUG neutron.pecan_wsgi.hooks.quota_enforcement [None req-34a0e248-b1e9-47b8-aa5b-a900a36697f2 admin admin] Made reservation on behalf of 0854530571364369b62bac5e06951d57 for: {'network': 1} {{(pid=87511) before /opt/stack/neutron/neutron/pecan_wsgi/hooks/quota_enforcement.py:66}}
Jul 10 02:25:08.266717 np0000004937 devstack@neutron-api.service[87511]: DEBUG neutron_lib.callbacks.manager [None req-34a0e248-b1e9-47b8-aa5b-a900a36697f2 admin admin] Publish callbacks ['neutron.plugins.ml2.plugin.SecurityGroupDbMixin._ensure_default_security_group_handler-253738'] for network (None), before_create {{(pid=87511) _notify_loop /opt/stack/data/venv/lib/python3.12/site-packages/neutron_lib/callbacks/manager.py:184}}
Jul 10 02:25:08.295467 np0000004937 devstack@neutron-api.service[87511]: WARNING neutron.services.revisions.revision_plugin [None req-34a0e248-b1e9-47b8-aa5b-a900a36697f2 admin admin] Could not find related network for resource to bump revision.
Jul 10 02:25:08.324869 np0000004937 devstack@neutron-api.service[87511]: DEBUG neutron.plugins.ml2.drivers.helpers [None req-34a0e248-b1e9-47b8-aa5b-a900a36697f2 admin admin] geneve segment allocate from pool success with {'geneve_vni': 21864} {{(pid=87511) allocate_partially_specified_segment /opt/stack/neutron/neutron/plugins/ml2/drivers/helpers.py:142}}
Jul 10 02:25:08.331998 np0000004937 devstack@neutron-api.service[87511]: DEBUG neutron_lib.callbacks.manager [None req-34a0e248-b1e9-47b8-aa5b-a900a36697f2 admin admin] Publish callbacks ['neutron.plugins.ml2.plugin.Ml2Plugin._handle_segment_change-1017766'] for segment (f127c38c-39ce-44fa-96b4-9f686b5119f9), precommit_create {{(pid=87511) _notify_loop /opt/stack/data/venv/lib/python3.12/site-packages/neutron_lib/callbacks/manager.py:184}}
Jul 10 02:25:08.332198 np0000004937 devstack@neutron-api.service[87511]: INFO neutron.db.segments_db [None req-34a0e248-b1e9-47b8-aa5b-a900a36697f2 admin admin] Added segment f127c38c-39ce-44fa-96b4-9f686b5119f9 of type geneve for network 5a904cb9-d056-49e9-901e-63728be85aca
Jul 10 02:25:08.346293 np0000004937 devstack@neutron-api.service[87511]: DEBUG neutron_lib.callbacks.manager [None req-34a0e248-b1e9-47b8-aa5b-a900a36697f2 admin admin] Publish callbacks ['neutron.services.auto_allocate.db._ensure_external_network_default_value_callback-8677658614134'] for network (5a904cb9-d056-49e9-901e-63728be85aca), precommit_create {{(pid=87511) _notify_loop /opt/stack/data/venv/lib/python3.12/site-packages/neutron_lib/callbacks/manager.py:184}}
Jul 10 02:25:08.357586 np0000004937 devstack@neutron-api.service[87511]: DEBUG neutron.plugins.ml2.drivers.ovn.mech_driver.mech_driver [None req-34a0e248-b1e9-47b8-aa5b-a900a36697f2 admin admin] Validating network segment with type geneve, segmentation ID 21864, physical network None {{(pid=87511) _validate_network_segments /opt/stack/neutron/neutron/plugins/ml2/drivers/ovn/mech_driver/mech_driver.py:646}}
Jul 10 02:25:08.357792 np0000004937 devstack@neutron-api.service[87511]: DEBUG neutron.db.ovn_revision_numbers_db [None req-34a0e248-b1e9-47b8-aa5b-a900a36697f2 admin admin] create_initial_revision uuid=5a904cb9-d056-49e9-901e-63728be85aca, type=networks, rev=-1 {{(pid=87511) create_initial_revision /opt/stack/neutron/neutron/db/ovn_revision_numbers_db.py:98}}
Jul 10 02:25:08.365342 np0000004937 devstack@neutron-api.service[87511]: DEBUG neutron_lib.callbacks.manager [None req-34a0e248-b1e9-47b8-aa5b-a900a36697f2 admin admin] Publish callbacks ['neutron.plugins.ml2.ovo_rpc._ObjectChangeHandler.handle_event-2490386'] for network (5a904cb9-d056-49e9-901e-63728be85aca), after_create {{(pid=87511) _notify_loop /opt/stack/data/venv/lib/python3.12/site-packages/neutron_lib/callbacks/manager.py:184}}
Jul 10 02:25:08.378504 np0000004937 devstack@neutron-api.service[87511]: DEBUG neutron.api.rpc.handlers.resources_rpc [None req-34a0e248-b1e9-47b8-aa5b-a900a36697f2 admin admin] Pushing event updated for resources: {'Network': ['ID=5a904cb9-d056-49e9-901e-63728be85aca,revision_number=1']} {{(pid=87511) push /opt/stack/neutron/neutron/api/rpc/handlers/resources_rpc.py:237}}
Jul 10 02:25:08.382387 np0000004937 devstack@neutron-api.service[87511]: DEBUG ovsdbapp.backend.ovs_idl.transaction [None req-75c16dc6-ab61-46b4-8509-40c7f5dedda5 None None] Running txn n=1 command(idx=0): CheckLivenessCommand(_result=None) {{(pid=87511) do_commit /opt/stack/data/venv/lib/python3.12/site-packages/ovsdbapp/backend/ovs_idl/transaction.py:89}}
Jul 10 02:25:08.390405 np0000004937 devstack@neutron-api.service[87511]: DEBUG neutron.plugins.ml2.drivers.ovn.mech_driver.ovsdb.ovsdb_monitor [None req-e26b45d5-944e-45c1-81eb-c155a02fab4c None None] ChassisAgentWriteEvent : Matched Chassis_Private, update, None None {{(pid=87511) matches /opt/stack/neutron/neutron/plugins/ml2/drivers/ovn/mech_driver/ovsdb/ovsdb_monitor.py:65}}
Jul 10 02:25:08.391067 np0000004937 devstack@neutron-api.service[87512]: DEBUG neutron.plugins.ml2.drivers.ovn.mech_driver.ovsdb.ovsdb_monitor [None req-2874e266-429e-4990-b283-42f05df215e3 None None] ChassisAgentWriteEvent : Matched Chassis_Private, update, None None {{(pid=87512) matches /opt/stack/neutron/neutron/plugins/ml2/drivers/ovn/mech_driver/ovsdb/ovsdb_monitor.py:65}}
Jul 10 02:25:08.392823 np0000004937 devstack@neutron-api.service[87510]: DEBUG neutron.plugins.ml2.drivers.ovn.mech_driver.ovsdb.ovsdb_monitor [None req-c452c46a-e953-4f52-83fa-c949bc0547ec None None] ChassisAgentWriteEvent : Matched Chassis_Private, update, None None {{(pid=87510) matches /opt/stack/neutron/neutron/plugins/ml2/drivers/ovn/mech_driver/ovsdb/ovsdb_monitor.py:65}}
Jul 10 02:25:08.395425 np0000004937 devstack@neutron-api.service[87511]: DEBUG neutron.common.ovn.hash_ring_manager [None req-75c16dc6-ab61-46b4-8509-40c7f5dedda5 None None] Hash Ring loaded. 3 active nodes. 0 offline nodes {{(pid=87511) _load_hash_ring /opt/stack/neutron/neutron/common/ovn/hash_ring_manager.py:110}}
Jul 10 02:25:08.396161 np0000004937 devstack@neutron-api.service[87510]: DEBUG neutron.common.ovn.hash_ring_manager [None req-4fc06122-b0ee-4e9e-8b20-ea6a490f94e4 None None] Hash Ring loaded. 3 active nodes. 0 offline nodes {{(pid=87510) _load_hash_ring /opt/stack/neutron/neutron/common/ovn/hash_ring_manager.py:110}}
Jul 10 02:25:08.396302 np0000004937 devstack@neutron-api.service[87510]: DEBUG neutron.plugins.ml2.drivers.ovn.mech_driver.ovsdb.ovsdb_monitor [None req-4fc06122-b0ee-4e9e-8b20-ea6a490f94e4 None None] Hash Ring: Node 61b2918acca15c83884a06b01c89e7e8 (host: np0000004937) handling event "update" for row 6281e922-619a-4378-8cca-da3ab767f325 (table: NB_Global) {{(pid=87510) notify /opt/stack/neutron/neutron/plugins/ml2/drivers/ovn/mech_driver/ovsdb/ovsdb_monitor.py:1031}}
Jul 10 02:25:08.397127 np0000004937 devstack@neutron-api.service[87510]: DEBUG neutron.plugins.ml2.drivers.ovn.mech_driver.ovsdb.ovsdb_monitor [None req-4fc06122-b0ee-4e9e-8b20-ea6a490f94e4 None None] Hash Ring: Node 61b2918acca15c83884a06b01c89e7e8 (host: np0000004937) handling event "update" for row 6281e922-619a-4378-8cca-da3ab767f325 (table: NB_Global) {{(pid=87510) notify /opt/stack/neutron/neutron/plugins/ml2/drivers/ovn/mech_driver/ovsdb/ovsdb_monitor.py:1031}}
Jul 10 02:25:08.397717 np0000004937 devstack@neutron-api.service[87510]: DEBUG neutron.plugins.ml2.drivers.ovn.mech_driver.ovsdb.ovsdb_monitor [None req-4fc06122-b0ee-4e9e-8b20-ea6a490f94e4 None None] Hash Ring: Node 61b2918acca15c83884a06b01c89e7e8 (host: np0000004937) handling event "update" for row 6281e922-619a-4378-8cca-da3ab767f325 (table: NB_Global) {{(pid=87510) notify /opt/stack/neutron/neutron/plugins/ml2/drivers/ovn/mech_driver/ovsdb/ovsdb_monitor.py:1031}}
Jul 10 02:25:08.398003 np0000004937 devstack@neutron-api.service[87510]: DEBUG neutron.plugins.ml2.drivers.ovn.mech_driver.ovsdb.ovsdb_monitor [None req-4fc06122-b0ee-4e9e-8b20-ea6a490f94e4 None None] Hash Ring: Node 61b2918acca15c83884a06b01c89e7e8 (host: np0000004937) handling event "update" for row 6281e922-619a-4378-8cca-da3ab767f325 (table: NB_Global) {{(pid=87510) notify /opt/stack/neutron/neutron/plugins/ml2/drivers/ovn/mech_driver/ovsdb/ovsdb_monitor.py:1031}}
Jul 10 02:25:08.400200 np0000004937 devstack@neutron-api.service[87511]: DEBUG neutron.common.ovn.hash_ring_manager [None req-e26b45d5-944e-45c1-81eb-c155a02fab4c None None] Hash Ring loaded. 3 active nodes. 0 offline nodes {{(pid=87511) _load_hash_ring /opt/stack/neutron/neutron/common/ovn/hash_ring_manager.py:110}}
Jul 10 02:25:08.404940 np0000004937 devstack@neutron-api.service[87510]: DEBUG neutron.common.ovn.hash_ring_manager [None req-c452c46a-e953-4f52-83fa-c949bc0547ec None None] Hash Ring loaded. 3 active nodes. 0 offline nodes {{(pid=87510) _load_hash_ring /opt/stack/neutron/neutron/common/ovn/hash_ring_manager.py:110}}
Jul 10 02:25:08.405050 np0000004937 devstack@neutron-api.service[87512]: DEBUG neutron.common.ovn.hash_ring_manager [None req-315b973c-8cdc-4960-b269-cfbb8a9d9e64 None None] Hash Ring loaded. 3 active nodes. 0 offline nodes {{(pid=87512) _load_hash_ring /opt/stack/neutron/neutron/common/ovn/hash_ring_manager.py:110}}
Jul 10 02:25:08.405132 np0000004937 devstack@neutron-api.service[87510]: DEBUG neutron.plugins.ml2.drivers.ovn.mech_driver.ovsdb.ovsdb_monitor [None req-c452c46a-e953-4f52-83fa-c949bc0547ec None None] Hash Ring: Node 61b2918acca15c83884a06b01c89e7e8 (host: np0000004937) handling event "update" for row d999ac8d-6e0a-4338-ad50-526dfc2c5aff (table: Chassis_Private) {{(pid=87510) notify /opt/stack/neutron/neutron/plugins/ml2/drivers/ovn/mech_driver/ovsdb/ovsdb_monitor.py:1031}}
Jul 10 02:25:08.407713 np0000004937 devstack@neutron-api.service[87512]: DEBUG neutron.common.ovn.hash_ring_manager [None req-2874e266-429e-4990-b283-42f05df215e3 None None] Hash Ring loaded. 3 active nodes. 0 offline nodes {{(pid=87512) _load_hash_ring /opt/stack/neutron/neutron/common/ovn/hash_ring_manager.py:110}}
Jul 10 02:25:08.409077 np0000004937 devstack@neutron-api.service[87511]: DEBUG ovsdbapp.backend.ovs_idl.transaction [None req-75c16dc6-ab61-46b4-8509-40c7f5dedda5 None None] Running txn n=1 command(idx=0): AddNetworkCommand(_result=None, network_uuid=5a904cb9-d056-49e9-901e-63728be85aca, may_exist=True, columns={'external_ids': {'neutron:network_name': 'shared', 'neutron:mtu': '1372', 'neutron:revision_number': '1', 'neutron:availability_zone_hints': '', 'neutron:provnet-network-type': 'geneve'}, 'other_config': {'mcast_snoop': 'false', 'mcast_flood_unregistered': 'false', 'vlan-passthru': 'false'}}) {{(pid=87511) do_commit /opt/stack/data/venv/lib/python3.12/site-packages/ovsdbapp/backend/ovs_idl/transaction.py:89}}
Jul 10 02:25:08.412327 np0000004937 devstack@neutron-api.service[87512]: DEBUG neutron.plugins.ml2.drivers.ovn.mech_driver.ovsdb.ovsdb_monitor [None req-315b973c-8cdc-4960-b269-cfbb8a9d9e64 None None] Hash Ring: Node d8be629f0c775cf8af7e6fa4be9ba77f (host: np0000004937) handling event "create" for row 5a904cb9-d056-49e9-901e-63728be85aca (table: Logical_Switch) {{(pid=87512) notify /opt/stack/neutron/neutron/plugins/ml2/drivers/ovn/mech_driver/ovsdb/ovsdb_monitor.py:1031}}
Jul 10 02:25:08.414908 np0000004937 devstack@neutron-api.service[87511]: DEBUG neutron.plugins.ml2.drivers.ovn.mech_driver.ovsdb.ovsdb_monitor [None req-e26b45d5-944e-45c1-81eb-c155a02fab4c None None] Hash Ring: Node 5f215357dff355c595e57adee81db194 (host: np0000004937) handling event "create" for row 3114560f-c623-4bb2-b98d-5efe40905ae5 (table: Datapath_Binding) {{(pid=87511) notify /opt/stack/neutron/neutron/plugins/ml2/drivers/ovn/mech_driver/ovsdb/ovsdb_monitor.py:1031}}
Jul 10 02:25:08.432218 np0000004937 devstack@neutron-api.service[87511]: INFO neutron.db.ovn_revision_numbers_db [None req-34a0e248-b1e9-47b8-aa5b-a900a36697f2 admin admin] Successfully bumped revision number for resource 5a904cb9-d056-49e9-901e-63728be85aca (type: networks) to 1
Jul 10 02:25:08.443443 np0000004937 devstack@neutron-api.service[87511]: DEBUG neutron_lib.callbacks.manager [None req-34a0e248-b1e9-47b8-aa5b-a900a36697f2 admin admin] Publish callbacks ['neutron.plugins.ml2.plugin.SecurityGroupDbMixin._ensure_default_security_group_handler-253738'] for port (None), before_create {{(pid=87511) _notify_loop /opt/stack/data/venv/lib/python3.12/site-packages/neutron_lib/callbacks/manager.py:184}}
Jul 10 02:25:08.504545 np0000004937 devstack@neutron-api.service[87511]: DEBUG neutron_lib.callbacks.manager [None req-34a0e248-b1e9-47b8-aa5b-a900a36697f2 admin admin] Publish callbacks ['neutron.plugins.ml2.drivers.ovn.mech_driver.mech_driver.OVNMechanismDriver._validate_allowed_address_pairs-833235'] for allowed_address_pair (d7004566-4bb0-4daf-857b-41e1e3c6fa23), before_create {{(pid=87511) _notify_loop /opt/stack/data/venv/lib/python3.12/site-packages/neutron_lib/callbacks/manager.py:184}}
Jul 10 02:25:08.505100 np0000004937 devstack@neutron-api.service[87511]: DEBUG neutron_lib.callbacks.manager [None req-34a0e248-b1e9-47b8-aa5b-a900a36697f2 admin admin] Publish callbacks [] for port (d7004566-4bb0-4daf-857b-41e1e3c6fa23), precommit_create {{(pid=87511) _notify_loop /opt/stack/data/venv/lib/python3.12/site-packages/neutron_lib/callbacks/manager.py:184}}
Jul 10 02:25:08.505253 np0000004937 devstack@neutron-api.service[87511]: DEBUG neutron.plugins.ml2.drivers.ovn.mech_driver.mech_driver [None req-34a0e248-b1e9-47b8-aa5b-a900a36697f2 admin admin] No provisioning block for port d7004566-4bb0-4daf-857b-41e1e3c6fa23 since it does not have a host {{(pid=87511) _is_port_provisioning_required /opt/stack/neutron/neutron/plugins/ml2/drivers/ovn/mech_driver/mech_driver.py:899}}
Jul 10 02:25:08.505366 np0000004937 devstack@neutron-api.service[87511]: DEBUG neutron.db.ovn_revision_numbers_db [None req-34a0e248-b1e9-47b8-aa5b-a900a36697f2 admin admin] create_initial_revision uuid=d7004566-4bb0-4daf-857b-41e1e3c6fa23, type=ports, rev=-1 {{(pid=87511) create_initial_revision /opt/stack/neutron/neutron/db/ovn_revision_numbers_db.py:98}}
Jul 10 02:25:08.531126 np0000004937 devstack@neutron-api.service[87511]: DEBUG neutron_lib.callbacks.manager [None req-34a0e248-b1e9-47b8-aa5b-a900a36697f2 admin admin] Publish callbacks ['neutron.plugins.ml2.ovo_rpc._ObjectChangeHandler.handle_event-2490849'] for port (d7004566-4bb0-4daf-857b-41e1e3c6fa23), after_create {{(pid=87511) _notify_loop /opt/stack/data/venv/lib/python3.12/site-packages/neutron_lib/callbacks/manager.py:184}}
Jul 10 02:25:08.561965 np0000004937 devstack@neutron-api.service[87511]: DEBUG neutron.api.rpc.handlers.resources_rpc [None req-34a0e248-b1e9-47b8-aa5b-a900a36697f2 admin admin] Pushing event updated for resources: {'Port': ['ID=d7004566-4bb0-4daf-857b-41e1e3c6fa23,revision_number=1']} {{(pid=87511) push /opt/stack/neutron/neutron/api/rpc/handlers/resources_rpc.py:237}}
Jul 10 02:25:08.566580 np0000004937 devstack@neutron-api.service[87511]: DEBUG neutron.plugins.ml2.drivers.ovn.mech_driver.ovsdb.commands [None req-34a0e248-b1e9-47b8-aa5b-a900a36697f2 admin admin] Converting tag [] to a tag_request {{(pid=87511) _tag_column_to_tag_request /opt/stack/neutron/neutron/plugins/ml2/drivers/ovn/mech_driver/ovsdb/commands.py:205}}
Jul 10 02:25:08.567105 np0000004937 devstack@neutron-api.service[87511]: DEBUG ovsdbapp.backend.ovs_idl.transaction [None req-75c16dc6-ab61-46b4-8509-40c7f5dedda5 None None] Running txn n=1 command(idx=0): AddLSwitchPortCommand(_result=None, lport=d7004566-4bb0-4daf-857b-41e1e3c6fa23, lswitch=neutron-5a904cb9-d056-49e9-901e-63728be85aca, may_exist=True, network_uuid=5a904cb9-d056-49e9-901e-63728be85aca, columns={'addresses': ['fa:16:3e:55:a7:04'], 'external_ids': {'neutron:port_name': '', 'neutron:device_id': 'ovnmeta-5a904cb9-d056-49e9-901e-63728be85aca', 'neutron:project_id': '0854530571364369b62bac5e06951d57', 'neutron:cidrs': '', 'neutron:device_owner': 'network:distributed', 'neutron:subnet_pool_addr_scope4': '', 'neutron:subnet_pool_addr_scope6': '', 'neutron:network_name': 'neutron-5a904cb9-d056-49e9-901e-63728be85aca', 'neutron:security_group_ids': '', 'neutron:revision_number': '1', 'neutron:vnic_type': 'normal', 'neutron:port_capabilities': '', 'neutron:mtu': '1372'}, 'parent_name': [], 'enabled': True, 'options': {}, 'type': 'localport', 'port_security': [], 'dhcpv4_options': [], 'dhcpv6_options': [], 'tag_request': []}) {{(pid=87511) do_commit /opt/stack/data/venv/lib/python3.12/site-packages/ovsdbapp/backend/ovs_idl/transaction.py:89}}
Jul 10 02:25:08.567486 np0000004937 devstack@neutron-api.service[87511]: DEBUG ovsdbapp.backend.ovs_idl.transaction [None req-75c16dc6-ab61-46b4-8509-40c7f5dedda5 None None] Running txn n=1 command(idx=1): QoSDelCommand(_result=None, switch=neutron-5a904cb9-d056-49e9-901e-63728be85aca, conditions=[('direction', '=', 'to-lport'), ('priority', '=', 2002), ('match', '=', 'outport == "d7004566-4bb0-4daf-857b-41e1e3c6fa23"')], if_exists=True) {{(pid=87511) do_commit /opt/stack/data/venv/lib/python3.12/site-packages/ovsdbapp/backend/ovs_idl/transaction.py:89}}
Jul 10 02:25:08.567737 np0000004937 devstack@neutron-api.service[87511]: DEBUG ovsdbapp.backend.ovs_idl.transaction [None req-75c16dc6-ab61-46b4-8509-40c7f5dedda5 None None] Running txn n=1 command(idx=2): QoSDelCommand(_result=None, switch=neutron-5a904cb9-d056-49e9-901e-63728be85aca, conditions=[('direction', '=', 'from-lport'), ('priority', '=', 2002), ('match', '=', 'inport == "d7004566-4bb0-4daf-857b-41e1e3c6fa23"')], if_exists=True) {{(pid=87511) do_commit /opt/stack/data/venv/lib/python3.12/site-packages/ovsdbapp/backend/ovs_idl/transaction.py:89}}
Jul 10 02:25:08.580252 np0000004937 devstack@neutron-api.service[87511]: DEBUG neutron.plugins.ml2.drivers.ovn.mech_driver.ovsdb.ovsdb_monitor [None req-75c16dc6-ab61-46b4-8509-40c7f5dedda5 None None] Hash Ring: Node 5f215357dff355c595e57adee81db194 (host: np0000004937) handling event "create" for row eabd30fc-8746-420c-8fe3-3ea896c537cf (table: Logical_Switch_Port) {{(pid=87511) notify /opt/stack/neutron/neutron/plugins/ml2/drivers/ovn/mech_driver/ovsdb/ovsdb_monitor.py:1031}}
Jul 10 02:25:08.580690 np0000004937 devstack@neutron-api.service[87512]: DEBUG neutron.plugins.ml2.drivers.ovn.mech_driver.ovsdb.ovsdb_monitor [None req-315b973c-8cdc-4960-b269-cfbb8a9d9e64 None None] Hash Ring: Node d8be629f0c775cf8af7e6fa4be9ba77f (host: np0000004937) handling event "update" for row 5a904cb9-d056-49e9-901e-63728be85aca (table: Logical_Switch) {{(pid=87512) notify /opt/stack/neutron/neutron/plugins/ml2/drivers/ovn/mech_driver/ovsdb/ovsdb_monitor.py:1031}}
Jul 10 02:25:08.583309 np0000004937 devstack@neutron-api.service[87511]: DEBUG ovsdbapp.backend.ovs_idl.event [None req-75c16dc6-ab61-46b4-8509-40c7f5dedda5 None None] Matched CREATE: LogicalSwitchPortCreateEvent(events=('create',), table='Logical_Switch_Port', conditions=[], old_conditions=None), priority=20 to row=Logical_Switch_Port(uuid=eabd30fc-8746-420c-8fe3-3ea896c537cf, addresses=['fa:16:3e:55:a7:04'], dhcpv4_options=[], dhcpv6_options=[], dynamic_addresses=[], enabled=True, external_ids={'neutron:cidrs': '', 'neutron:device_id': 'ovnmeta-5a904cb9-d056-49e9-901e-63728be85aca', 'neutron:device_owner': 'network:distributed', 'neutron:mtu': '1372', 'neutron:network_name': 'neutron-5a904cb9-d056-49e9-901e-63728be85aca', 'neutron:port_capabilities': '', 'neutron:port_name': '', 'neutron:project_id': '0854530571364369b62bac5e06951d57', 'neutron:revision_number': '1', 'neutron:security_group_ids': '', 'neutron:subnet_pool_addr_scope4': '', 'neutron:subnet_pool_addr_scope6': '', 'neutron:vnic_type': 'normal'}, ha_chassis_group=[], mirror_rules=[], name='d7004566-4bb0-4daf-857b-41e1e3c6fa23', options={}, parent_name=[], port_security=[], tag=[], tag_request=[], type='localport', up=[]) old= {{(pid=87511) matches /opt/stack/data/venv/lib/python3.12/site-packages/ovsdbapp/backend/ovs_idl/event.py:55}}
Jul 10 02:25:08.585063 np0000004937 devstack@neutron-api.service[87511]: INFO neutron.plugins.ml2.drivers.ovn.mech_driver.mech_driver [None req-64bb2765-62a0-41cd-a378-fa7b6bfe2dda None None] OVN reports status down for port: d7004566-4bb0-4daf-857b-41e1e3c6fa23
Jul 10 02:25:08.586492 np0000004937 devstack@neutron-api.service[87511]: DEBUG neutron.plugins.ml2.drivers.ovn.mech_driver.ovsdb.ovsdb_monitor [None req-e26b45d5-944e-45c1-81eb-c155a02fab4c None None] Hash Ring: Node 5f215357dff355c595e57adee81db194 (host: np0000004937) handling event "create" for row 6dc7ad74-a740-4ec6-8bc3-2c6be19d9866 (table: Port_Binding) {{(pid=87511) notify /opt/stack/neutron/neutron/plugins/ml2/drivers/ovn/mech_driver/ovsdb/ovsdb_monitor.py:1031}}
Jul 10 02:25:08.588095 np0000004937 devstack@neutron-api.service[87511]: DEBUG neutron.plugins.ml2.drivers.ovn.mech_driver.ovsdb.ovsdb_monitor [None req-75c16dc6-ab61-46b4-8509-40c7f5dedda5 None None] Hash Ring: Node 5f215357dff355c595e57adee81db194 (host: np0000004937) handling event "update" for row eabd30fc-8746-420c-8fe3-3ea896c537cf (table: Logical_Switch_Port) {{(pid=87511) notify /opt/stack/neutron/neutron/plugins/ml2/drivers/ovn/mech_driver/ovsdb/ovsdb_monitor.py:1031}}
Jul 10 02:25:08.629683 np0000004937 devstack@neutron-api.service[87511]: DEBUG neutron.db.provisioning_blocks [None req-64bb2765-62a0-41cd-a378-fa7b6bfe2dda None None] Transition to ACTIVE for port object d7004566-4bb0-4daf-857b-41e1e3c6fa23 will not be triggered until provisioned by entity L2. {{(pid=87511) add_provisioning_component /opt/stack/neutron/neutron/db/provisioning_blocks.py:74}}
Jul 10 02:25:08.630104 np0000004937 devstack@neutron-api.service[87511]: INFO neutron.db.ovn_revision_numbers_db [None req-34a0e248-b1e9-47b8-aa5b-a900a36697f2 admin admin] Successfully bumped revision number for resource d7004566-4bb0-4daf-857b-41e1e3c6fa23 (type: ports) to 1
Jul 10 02:25:08.638090 np0000004937 devstack@neutron-api.service[87511]: DEBUG neutron.pecan_wsgi.hooks.policy_enforcement [None req-34a0e248-b1e9-47b8-aa5b-a900a36697f2 admin admin] Attributes excluded by policy engine: ['standard_attr_id'] {{(pid=87511) _exclude_attributes_by_policy /opt/stack/neutron/neutron/pecan_wsgi/hooks/policy_enforcement.py:259}}
Jul 10 02:25:08.638402 np0000004937 devstack@neutron-api.service[87511]: DEBUG neutron_lib.callbacks.manager [None req-34a0e248-b1e9-47b8-aa5b-a900a36697f2 admin admin] Publish callbacks [] for network (None), before_response {{(pid=87511) _notify_loop /opt/stack/data/venv/lib/python3.12/site-packages/neutron_lib/callbacks/manager.py:184}}
Jul 10 02:25:08.655339 np0000004937 devstack@neutron-api.service[87511]: [pid: 87511|app: 0|req: 12/37] 10.4.3.40 () {68 vars in 1319 bytes} [Fri Jul 10 02:25:08 2026] POST /networking/v2.0/networks => generated 679 bytes in 407 msecs (HTTP/1.1 201) 4 headers in 162 bytes (1 switches on core 0)
Jul 10 02:25:08.660694 np0000004937 devstack@neutron-api.service[87511]: DEBUG neutron.plugins.ml2.plugin [None req-64bb2765-62a0-41cd-a378-fa7b6bfe2dda None None] Current status of the port d7004566-4bb0-4daf-857b-41e1e3c6fa23 is: DOWN; New status is: DOWN {{(pid=87511) _update_individual_port_db_status /opt/stack/neutron/neutron/plugins/ml2/plugin.py:2473}}
Jul 10 02:25:08.661461 np0000004937 devstack@neutron-api.service[87511]: DEBUG ovsdbapp.backend.ovs_idl.transaction [None req-75c16dc6-ab61-46b4-8509-40c7f5dedda5 None None] Running txn n=1 command(idx=0): DbRemoveCommand(_result=None, table=Logical_Switch_Port, record=d7004566-4bb0-4daf-857b-41e1e3c6fa23, column=external_ids, values=('neutron:host_id',), keyvalues={}, if_exists=True) {{(pid=87511) do_commit /opt/stack/data/venv/lib/python3.12/site-packages/ovsdbapp/backend/ovs_idl/transaction.py:89}}
Jul 10 02:25:08.827009 np0000004937 devstack@neutron-api.service[87510]: INFO neutron.pecan_wsgi.hooks.translation [None req-d499bbbd-0683-4910-81be-c0c59bd82b7c admin admin] GET failed (client error): The resource could not be found.
Jul 10 02:25:08.827619 np0000004937 devstack@neutron-api.service[87510]: [pid: 87510|app: 0|req: 14/38] 10.4.3.40 () {64 vars in 1287 bytes} [Fri Jul 10 02:25:08 2026] GET /networking/v2.0/networks/shared => generated 108 bytes in 8 msecs (HTTP/1.1 404) 4 headers in 164 bytes (1 switches on core 0)
Jul 10 02:25:08.852151 np0000004937 devstack@neutron-api.service[87512]: DEBUG neutron.pecan_wsgi.hooks.policy_enforcement [None req-04f3b313-6e8f-40c0-af17-c9d0ba10e221 admin admin] Attributes excluded by policy engine: ['standard_attr_id'] {{(pid=87512) _exclude_attributes_by_policy /opt/stack/neutron/neutron/pecan_wsgi/hooks/policy_enforcement.py:259}}
Jul 10 02:25:08.853188 np0000004937 devstack@neutron-api.service[87512]: [pid: 87512|app: 0|req: 13/39] 10.4.3.40 () {64 vars in 1302 bytes} [Fri Jul 10 02:25:08 2026] GET /networking/v2.0/networks?name=shared => generated 663 bytes in 20 msecs (HTTP/1.1 200) 4 headers in 157 bytes (1 switches on core 0)
Jul 10 02:25:08.863166 np0000004937 devstack@neutron-api.service[87511]: DEBUG neutron.api.v2.base [None req-7f8bf55b-5c64-41f0-9b95-0219636dfc3b admin admin] Request body: {'subnet': {'network_id': '5a904cb9-d056-49e9-901e-63728be85aca', 'ip_version': 4, 'cidr': '192.168.233.0/24', 'description': 'shared-subnet', 'name': 'shared-subnet'}} {{(pid=87511) prepare_request_body /opt/stack/neutron/neutron/api/v2/base.py:727}}
Jul 10 02:25:08.875406 np0000004937 devstack@neutron-api.service[87511]: DEBUG neutron.pecan_wsgi.hooks.quota_enforcement [None req-7f8bf55b-5c64-41f0-9b95-0219636dfc3b admin admin] Made reservation on behalf of 0854530571364369b62bac5e06951d57 for: {'subnet': 1} {{(pid=87511) before /opt/stack/neutron/neutron/pecan_wsgi/hooks/quota_enforcement.py:66}}
Jul 10 02:25:08.877642 np0000004937 devstack@neutron-api.service[87511]: DEBUG neutron_lib.callbacks.manager [None req-7f8bf55b-5c64-41f0-9b95-0219636dfc3b admin admin] Publish callbacks [] for subnet (None), before_create {{(pid=87511) _notify_loop /opt/stack/data/venv/lib/python3.12/site-packages/neutron_lib/callbacks/manager.py:184}}
Jul 10 02:25:08.924478 np0000004937 devstack@neutron-api.service[87511]: DEBUG neutron.db.ovn_revision_numbers_db [None req-7f8bf55b-5c64-41f0-9b95-0219636dfc3b admin admin] create_initial_revision uuid=dd378319-76e9-4b58-a3b7-2c684ec01320, type=subnets, rev=-1 {{(pid=87511) create_initial_revision /opt/stack/neutron/neutron/db/ovn_revision_numbers_db.py:98}}
Jul 10 02:25:08.928535 np0000004937 devstack@neutron-api.service[87511]: DEBUG neutron_lib.callbacks.manager [None req-7f8bf55b-5c64-41f0-9b95-0219636dfc3b admin admin] Publish callbacks ['neutron.plugins.ml2.ovo_rpc._ObjectChangeHandler.handle_event-2490850'] for subnet (dd378319-76e9-4b58-a3b7-2c684ec01320), after_create {{(pid=87511) _notify_loop /opt/stack/data/venv/lib/python3.12/site-packages/neutron_lib/callbacks/manager.py:184}}
Jul 10 02:25:08.938409 np0000004937 devstack@neutron-api.service[87511]: DEBUG neutron.api.rpc.handlers.resources_rpc [None req-7f8bf55b-5c64-41f0-9b95-0219636dfc3b admin admin] Pushing event updated for resources: {'Subnet': ['ID=dd378319-76e9-4b58-a3b7-2c684ec01320,revision_number=0']} {{(pid=87511) push /opt/stack/neutron/neutron/api/rpc/handlers/resources_rpc.py:237}}
Jul 10 02:25:08.978619 np0000004937 devstack@neutron-api.service[87511]: DEBUG neutron_lib.callbacks.manager [None req-7f8bf55b-5c64-41f0-9b95-0219636dfc3b admin admin] Publish callbacks ['neutron.plugins.ml2.plugin.SecurityGroupDbMixin._ensure_default_security_group_handler-253738', 'neutron.services.ovn_l3.plugin.OVNL3RouterPlugin._port_update-8677658626802', 'neutron.db.l3_db.L3_NAT_dbonly_mixin._prevent_internal_ip_change_for_fip-8677661087524'] for port (d7004566-4bb0-4daf-857b-41e1e3c6fa23), before_update {{(pid=87511) _notify_loop /opt/stack/data/venv/lib/python3.12/site-packages/neutron_lib/callbacks/manager.py:184}}
Jul 10 02:25:09.049783 np0000004937 devstack@neutron-api.service[87511]: DEBUG neutron.db.db_base_plugin_common [None req-7f8bf55b-5c64-41f0-9b95-0219636dfc3b admin admin] Allocated IP 192.168.233.2 (5a904cb9-d056-49e9-901e-63728be85aca/dd378319-76e9-4b58-a3b7-2c684ec01320/d7004566-4bb0-4daf-857b-41e1e3c6fa23) {{(pid=87511) _store_ip_allocation /opt/stack/neutron/neutron/db/db_base_plugin_common.py:131}}
Jul 10 02:25:09.105813 np0000004937 devstack@neutron-api.service[87511]: DEBUG neutron_lib.callbacks.manager [None req-7f8bf55b-5c64-41f0-9b95-0219636dfc3b admin admin] Publish callbacks [] for port (d7004566-4bb0-4daf-857b-41e1e3c6fa23), precommit_update {{(pid=87511) _notify_loop /opt/stack/data/venv/lib/python3.12/site-packages/neutron_lib/callbacks/manager.py:184}}
Jul 10 02:25:09.105966 np0000004937 devstack@neutron-api.service[87511]: DEBUG neutron.plugins.ml2.drivers.ovn.mech_driver.mech_driver [None req-7f8bf55b-5c64-41f0-9b95-0219636dfc3b admin admin] No provisioning block for port d7004566-4bb0-4daf-857b-41e1e3c6fa23 since it does not have a host {{(pid=87511) _is_port_provisioning_required /opt/stack/neutron/neutron/plugins/ml2/drivers/ovn/mech_driver/mech_driver.py:899}}
Jul 10 02:25:09.115054 np0000004937 devstack@neutron-api.service[87511]: DEBUG neutron_lib.callbacks.manager [None req-7f8bf55b-5c64-41f0-9b95-0219636dfc3b admin admin] Publish callbacks ['neutron.plugins.ml2.ovo_rpc._ObjectChangeHandler.handle_event-2490849', 'neutron.services.ovn_l3.plugin.OVNL3RouterPlugin._port_update-8677658626802'] for port (d7004566-4bb0-4daf-857b-41e1e3c6fa23), after_update {{(pid=87511) _notify_loop /opt/stack/data/venv/lib/python3.12/site-packages/neutron_lib/callbacks/manager.py:184}}
Jul 10 02:25:09.148990 np0000004937 devstack@neutron-api.service[87511]: DEBUG neutron.api.rpc.handlers.resources_rpc [None req-7f8bf55b-5c64-41f0-9b95-0219636dfc3b admin admin] Pushing event updated for resources: {'Port': ['ID=d7004566-4bb0-4daf-857b-41e1e3c6fa23,revision_number=2']} {{(pid=87511) push /opt/stack/neutron/neutron/api/rpc/handlers/resources_rpc.py:237}}
Jul 10 02:25:09.227511 np0000004937 devstack@neutron-api.service[87511]: DEBUG neutron.plugins.ml2.drivers.ovn.mech_driver.ovsdb.commands [None req-7f8bf55b-5c64-41f0-9b95-0219636dfc3b admin admin] Converting tag [] to a tag_request {{(pid=87511) _tag_column_to_tag_request /opt/stack/neutron/neutron/plugins/ml2/drivers/ovn/mech_driver/ovsdb/commands.py:205}}
Jul 10 02:25:09.228145 np0000004937 devstack@neutron-api.service[87511]: DEBUG ovsdbapp.backend.ovs_idl.transaction [None req-75c16dc6-ab61-46b4-8509-40c7f5dedda5 None None] Running txn n=1 command(idx=0): CheckRevisionNumberCommand(_result=None, name=d7004566-4bb0-4daf-857b-41e1e3c6fa23, resource={'id': 'd7004566-4bb0-4daf-857b-41e1e3c6fa23', 'name': '', 'network_id': '5a904cb9-d056-49e9-901e-63728be85aca', 'project_id': '0854530571364369b62bac5e06951d57', 'mac_address': 'fa:16:3e:55:a7:04', 'admin_state_up': True, 'status': 'DOWN', 'device_id': 'ovnmeta-5a904cb9-d056-49e9-901e-63728be85aca', 'device_owner': 'network:distributed', 'standard_attr_id': 28, 'fixed_ips': [{'subnet_id': 'dd378319-76e9-4b58-a3b7-2c684ec01320', 'ip_address': '192.168.233.2'}], 'allowed_address_pairs': [], 'extra_dhcp_opts': [], 'security_groups': [], 'description': '', 'binding:vnic_type': 'normal', 'binding:profile': {}, 'binding:host_id': '', 'binding:vif_type': 'unbound', 'binding:vif_details': {}, 'port_security_enabled': False, 'tags': [], 'created_at': '2026-07-10T02:25:08Z', 'updated_at': '2026-07-10T02:25:09Z', 'revision_number': 2, 'tenant_id': '0854530571364369b62bac5e06951d57', 'network': {'id': '5a904cb9-d056-49e9-901e-63728be85aca', 'name': 'shared', 'tenant_id': '0854530571364369b62bac5e06951d57', 'project_id': '0854530571364369b62bac5e06951d57', 'admin_state_up': True, 'mtu': 1372, 'status': 'ACTIVE', 'subnets': ['dd378319-76e9-4b58-a3b7-2c684ec01320'], 'standard_attr_id': 26, 'shared': True, 'availability_zone_hints': [], 'availability_zones': [], 'ipv4_address_scope': None, 'ipv6_address_scope': None, 'router:external': False, 'qinq': False, 'vlan_transparent': False, 'description': '', 'port_security_enabled': True, 'tags': [], 'created_at': '2026-07-10T02:25:08Z', 'updated_at': '2026-07-10T02:25:08Z', 'revision_number': 2, 'provider:network_type': 'geneve', 'provider:physical_network': None, 'provider:segmentation_id': 21864}}, resource_type=ports, if_exists=True) {{(pid=87511) do_commit /opt/stack/data/venv/lib/python3.12/site-packages/ovsdbapp/backend/ovs_idl/transaction.py:89}}
Jul 10 02:25:09.228408 np0000004937 devstack@neutron-api.service[87511]: DEBUG ovsdbapp.backend.ovs_idl.transaction [None req-75c16dc6-ab61-46b4-8509-40c7f5dedda5 None None] Running txn n=1 command(idx=1): AddDHCPOptionsCommand(_result=None, columns={'cidr': '192.168.233.0/24', 'options': {'server_id': '192.168.233.1', 'lease_time': '43200', 'mtu': '1372', 'router': '192.168.233.1', 'server_mac': 'fa:16:3e:ed:e0:23', 'dns_server': '{127.0.0.53}', 'classless_static_route': '{169.254.169.254/32,192.168.233.2, 0.0.0.0/0,192.168.233.1}'}, 'external_ids': {'subnet_id': 'dd378319-76e9-4b58-a3b7-2c684ec01320', 'neutron:network_id': '5a904cb9-d056-49e9-901e-63728be85aca', 'neutron:revision_number': '0'}}, may_exist=True, subnet_id=dd378319-76e9-4b58-a3b7-2c684ec01320, port_id=None, new_insert=False) {{(pid=87511) do_commit /opt/stack/data/venv/lib/python3.12/site-packages/ovsdbapp/backend/ovs_idl/transaction.py:89}}
Jul 10 02:25:09.228767 np0000004937 devstack@neutron-api.service[87511]: DEBUG ovsdbapp.backend.ovs_idl.transaction [None req-75c16dc6-ab61-46b4-8509-40c7f5dedda5 None None] Running txn n=1 command(idx=2): SetLSwitchPortCommand(_result=None, lport=d7004566-4bb0-4daf-857b-41e1e3c6fa23, external_ids_update=None, columns={'external_ids': {'neutron:port_name': '', 'neutron:device_id': 'ovnmeta-5a904cb9-d056-49e9-901e-63728be85aca', 'neutron:project_id': '0854530571364369b62bac5e06951d57', 'neutron:cidrs': '192.168.233.2/24', 'neutron:device_owner': 'network:distributed', 'neutron:subnet_pool_addr_scope4': '', 'neutron:subnet_pool_addr_scope6': '', 'neutron:network_name': 'neutron-5a904cb9-d056-49e9-901e-63728be85aca', 'neutron:security_group_ids': '', 'neutron:revision_number': '2', 'neutron:vnic_type': 'normal', 'neutron:port_capabilities': '', 'neutron:mtu': '1372'}, 'parent_name': [], 'options': {}, 'enabled': True, 'port_security': [], 'dhcpv4_options': [], 'dhcpv6_options': [], 'type': 'localport', 'addresses': ['fa:16:3e:55:a7:04 192.168.233.2'], 'ha_chassis_group': [], 'tag_request': []}, if_exists=False) {{(pid=87511) do_commit /opt/stack/data/venv/lib/python3.12/site-packages/ovsdbapp/backend/ovs_idl/transaction.py:89}}
Jul 10 02:25:09.229288 np0000004937 devstack@neutron-api.service[87511]: DEBUG ovsdbapp.backend.ovs_idl.transaction [None req-75c16dc6-ab61-46b4-8509-40c7f5dedda5 None None] Running txn n=1 command(idx=3): PgDelPortCommand(_result=None, port_group=neutron_pg_drop, lsp=['d7004566-4bb0-4daf-857b-41e1e3c6fa23'], if_exists=False) {{(pid=87511) do_commit /opt/stack/data/venv/lib/python3.12/site-packages/ovsdbapp/backend/ovs_idl/transaction.py:89}}
Jul 10 02:25:09.231712 np0000004937 devstack@neutron-api.service[87511]: DEBUG neutron.plugins.ml2.drivers.ovn.mech_driver.ovsdb.ovsdb_monitor [None req-75c16dc6-ab61-46b4-8509-40c7f5dedda5 None None] Hash Ring: Node 5f215357dff355c595e57adee81db194 (host: np0000004937) handling event "update" for row eabd30fc-8746-420c-8fe3-3ea896c537cf (table: Logical_Switch_Port) {{(pid=87511) notify /opt/stack/neutron/neutron/plugins/ml2/drivers/ovn/mech_driver/ovsdb/ovsdb_monitor.py:1031}}
Jul 10 02:25:09.232455 np0000004937 devstack@neutron-api.service[87510]: DEBUG neutron.plugins.ml2.drivers.ovn.mech_driver.ovsdb.ovsdb_monitor [None req-4fc06122-b0ee-4e9e-8b20-ea6a490f94e4 None None] Hash Ring: Node 61b2918acca15c83884a06b01c89e7e8 (host: np0000004937) handling event "create" for row 28d52fdb-9cae-47fc-ae02-f87d30083b3d (table: DHCP_Options) {{(pid=87510) notify /opt/stack/neutron/neutron/plugins/ml2/drivers/ovn/mech_driver/ovsdb/ovsdb_monitor.py:1031}}
Jul 10 02:25:09.235893 np0000004937 devstack@neutron-api.service[87511]: DEBUG neutron.plugins.ml2.drivers.ovn.mech_driver.ovsdb.ovsdb_monitor [None req-e26b45d5-944e-45c1-81eb-c155a02fab4c None None] Hash Ring: Node 5f215357dff355c595e57adee81db194 (host: np0000004937) handling event "update" for row 6dc7ad74-a740-4ec6-8bc3-2c6be19d9866 (table: Port_Binding) {{(pid=87511) notify /opt/stack/neutron/neutron/plugins/ml2/drivers/ovn/mech_driver/ovsdb/ovsdb_monitor.py:1031}}
Jul 10 02:25:09.258889 np0000004937 devstack@neutron-api.service[87511]: INFO neutron.db.ovn_revision_numbers_db [None req-7f8bf55b-5c64-41f0-9b95-0219636dfc3b admin admin] Successfully bumped revision number for resource d7004566-4bb0-4daf-857b-41e1e3c6fa23 (type: ports) to 2
Jul 10 02:25:09.267055 np0000004937 devstack@neutron-api.service[87511]: DEBUG neutron.plugins.ml2.plugin [None req-7f8bf55b-5c64-41f0-9b95-0219636dfc3b admin admin] In _notify_port_updated(), no bound segment for port d7004566-4bb0-4daf-857b-41e1e3c6fa23 on network 5a904cb9-d056-49e9-901e-63728be85aca {{(pid=87511) _notify_port_updated /opt/stack/neutron/neutron/plugins/ml2/plugin.py:1041}}
Jul 10 02:25:09.283035 np0000004937 devstack@neutron-api.service[87511]: INFO neutron.db.ovn_revision_numbers_db [None req-7f8bf55b-5c64-41f0-9b95-0219636dfc3b admin admin] Successfully bumped revision number for resource dd378319-76e9-4b58-a3b7-2c684ec01320 (type: subnets) to 0
Jul 10 02:25:09.284272 np0000004937 devstack@neutron-api.service[87511]: DEBUG neutron.pecan_wsgi.hooks.policy_enforcement [None req-7f8bf55b-5c64-41f0-9b95-0219636dfc3b admin admin] Attributes excluded by policy engine: ['standard_attr_id', 'shared', 'network'] {{(pid=87511) _exclude_attributes_by_policy /opt/stack/neutron/neutron/pecan_wsgi/hooks/policy_enforcement.py:259}}
Jul 10 02:25:09.284966 np0000004937 devstack@neutron-api.service[87511]: DEBUG neutron_lib.callbacks.manager [None req-7f8bf55b-5c64-41f0-9b95-0219636dfc3b admin admin] Publish callbacks [] for subnet (None), before_response {{(pid=87511) _notify_loop /opt/stack/data/venv/lib/python3.12/site-packages/neutron_lib/callbacks/manager.py:184}}
Jul 10 02:25:09.293737 np0000004937 devstack@neutron-api.service[87511]: [pid: 87511|app: 0|req: 13/40] 10.4.3.40 () {68 vars in 1317 bytes} [Fri Jul 10 02:25:08 2026] POST /networking/v2.0/subnets => generated 665 bytes in 433 msecs (HTTP/1.1 201) 4 headers in 162 bytes (1 switches on core 0)
Jul 10 02:25:09.393229 np0000004937 devstack@neutron-api.service[87510]: DEBUG neutron.plugins.ml2.drivers.ovn.mech_driver.ovsdb.ovsdb_monitor [None req-c452c46a-e953-4f52-83fa-c949bc0547ec None None] ChassisOVNAgentWriteEvent : Matched Chassis_Private, update, None None {{(pid=87510) matches /opt/stack/neutron/neutron/plugins/ml2/drivers/ovn/mech_driver/ovsdb/ovsdb_monitor.py:65}}
Jul 10 02:25:09.393697 np0000004937 devstack@neutron-api.service[87510]: DEBUG neutron.plugins.ml2.drivers.ovn.mech_driver.ovsdb.ovsdb_monitor [None req-c452c46a-e953-4f52-83fa-c949bc0547ec None None] Hash Ring: Node 61b2918acca15c83884a06b01c89e7e8 (host: np0000004937) handling event "update" for row d999ac8d-6e0a-4338-ad50-526dfc2c5aff (table: Chassis_Private) {{(pid=87510) notify /opt/stack/neutron/neutron/plugins/ml2/drivers/ovn/mech_driver/ovsdb/ovsdb_monitor.py:1031}}
Jul 10 02:25:09.394056 np0000004937 devstack@neutron-api.service[87512]: DEBUG neutron.plugins.ml2.drivers.ovn.mech_driver.ovsdb.ovsdb_monitor [None req-2874e266-429e-4990-b283-42f05df215e3 None None] ChassisOVNAgentWriteEvent : Matched Chassis_Private, update, None None {{(pid=87512) matches /opt/stack/neutron/neutron/plugins/ml2/drivers/ovn/mech_driver/ovsdb/ovsdb_monitor.py:65}}
