Jul 10 02:23:46.088133 np0000004937 devstack@neutron-api.service[87512]: DEBUG neutron_lib.callbacks.manager [None req-56c78288-6e6d-49da-a5d2-d5eba743f8bd None None] Subscribe: > qos_plugin after_init 55550000, False {{(pid=87512) subscribe /opt/stack/data/venv/lib/python3.12/site-packages/neutron_lib/callbacks/manager.py:52}}
Jul 10 02:23:46.088446 np0000004937 devstack@neutron-api.service[87512]: DEBUG neutron_lib.callbacks.manager [None req-56c78288-6e6d-49da-a5d2-d5eba743f8bd None None] Subscribe: > trunk_plugin after_init 55550000, False {{(pid=87512) subscribe /opt/stack/data/venv/lib/python3.12/site-packages/neutron_lib/callbacks/manager.py:52}}
Jul 10 02:23:46.088446 np0000004937 devstack@neutron-api.service[87512]: DEBUG neutron_lib.callbacks.manager [None req-56c78288-6e6d-49da-a5d2-d5eba743f8bd None None] Subscribe: > logging-plugin after_init 55550000, False {{(pid=87512) subscribe /opt/stack/data/venv/lib/python3.12/site-packages/neutron_lib/callbacks/manager.py:52}}
Jul 10 02:23:46.089245 np0000004937 devstack@neutron-api.service[87512]: INFO neutron.services.logapi.drivers.ovn.driver [None req-56c78288-6e6d-49da-a5d2-d5eba743f8bd None None] OVN logging driver registered
Jul 10 02:23:46.089245 np0000004937 devstack@neutron-api.service[87512]: DEBUG neutron_lib.callbacks.manager [None req-56c78288-6e6d-49da-a5d2-d5eba743f8bd None None] Subscribe: ._register_pvlan_driver at 0x7e46cd18a7a0> pvlan_plugin before_spawn 55550000, False {{(pid=87512) subscribe /opt/stack/data/venv/lib/python3.12/site-packages/neutron_lib/callbacks/manager.py:52}}
Jul 10 02:23:46.089245 np0000004937 devstack@neutron-api.service[87512]: DEBUG neutron_lib.callbacks.manager [None req-56c78288-6e6d-49da-a5d2-d5eba743f8bd None None] Subscribe: process after_init 55550000, False {{(pid=87512) subscribe /opt/stack/data/venv/lib/python3.12/site-packages/neutron_lib/callbacks/manager.py:52}}
Jul 10 02:23:46.090609 np0000004937 devstack@neutron-api.service[87512]: DEBUG neutron.plugins.ml2.plugin [None req-56c78288-6e6d-49da-a5d2-d5eba743f8bd None None] neutron.plugins.ml2.plugin.Ml2Plugin method _start_rpc_notifiers called with arguments () {} {{(pid=87512) wrapper /opt/stack/data/venv/lib/python3.12/site-packages/oslo_log/helpers.py:77}}
Jul 10 02:23:46.090895 np0000004937 devstack@neutron-api.service[87512]: DEBUG neutron_lib.callbacks.manager [None req-56c78288-6e6d-49da-a5d2-d5eba743f8bd None None] Subscribe: > port after_create 55550000, False {{(pid=87512) subscribe /opt/stack/data/venv/lib/python3.12/site-packages/neutron_lib/callbacks/manager.py:52}}
Jul 10 02:23:46.090942 np0000004937 devstack@neutron-api.service[87512]: DEBUG neutron_lib.callbacks.manager [None req-56c78288-6e6d-49da-a5d2-d5eba743f8bd None None] Subscribe: > port after_update 55550000, False {{(pid=87512) subscribe /opt/stack/data/venv/lib/python3.12/site-packages/neutron_lib/callbacks/manager.py:52}}
Jul 10 02:23:46.091046 np0000004937 devstack@neutron-api.service[87512]: DEBUG neutron_lib.callbacks.manager [None req-56c78288-6e6d-49da-a5d2-d5eba743f8bd None None] Subscribe: > port after_delete 55550000, False {{(pid=87512) subscribe /opt/stack/data/venv/lib/python3.12/site-packages/neutron_lib/callbacks/manager.py:52}}
Jul 10 02:23:46.091179 np0000004937 devstack@neutron-api.service[87512]: DEBUG neutron_lib.callbacks.manager [None req-56c78288-6e6d-49da-a5d2-d5eba743f8bd None None] Subscribe: > subnet after_create 55550000, False {{(pid=87512) subscribe /opt/stack/data/venv/lib/python3.12/site-packages/neutron_lib/callbacks/manager.py:52}}
Jul 10 02:23:46.091264 np0000004937 devstack@neutron-api.service[87512]: DEBUG neutron_lib.callbacks.manager [None req-56c78288-6e6d-49da-a5d2-d5eba743f8bd None None] Subscribe: > subnet after_update 55550000, False {{(pid=87512) subscribe /opt/stack/data/venv/lib/python3.12/site-packages/neutron_lib/callbacks/manager.py:52}}
Jul 10 02:23:46.091365 np0000004937 devstack@neutron-api.service[87512]: DEBUG neutron_lib.callbacks.manager [None req-56c78288-6e6d-49da-a5d2-d5eba743f8bd None None] Subscribe: > subnet after_delete 55550000, False {{(pid=87512) subscribe /opt/stack/data/venv/lib/python3.12/site-packages/neutron_lib/callbacks/manager.py:52}}
Jul 10 02:23:46.091504 np0000004937 devstack@neutron-api.service[87512]: DEBUG neutron_lib.callbacks.manager [None req-56c78288-6e6d-49da-a5d2-d5eba743f8bd None None] Subscribe: > network after_create 55550000, False {{(pid=87512) subscribe /opt/stack/data/venv/lib/python3.12/site-packages/neutron_lib/callbacks/manager.py:52}}
Jul 10 02:23:46.091504 np0000004937 devstack@neutron-api.service[87512]: DEBUG neutron_lib.callbacks.manager [None req-56c78288-6e6d-49da-a5d2-d5eba743f8bd None None] Subscribe: > network after_update 55550000, False {{(pid=87512) subscribe /opt/stack/data/venv/lib/python3.12/site-packages/neutron_lib/callbacks/manager.py:52}}
Jul 10 02:23:46.091719 np0000004937 devstack@neutron-api.service[87512]: DEBUG neutron_lib.callbacks.manager [None req-56c78288-6e6d-49da-a5d2-d5eba743f8bd None None] Subscribe: > network after_delete 55550000, False {{(pid=87512) subscribe /opt/stack/data/venv/lib/python3.12/site-packages/neutron_lib/callbacks/manager.py:52}}
Jul 10 02:23:46.091856 np0000004937 devstack@neutron-api.service[87512]: DEBUG neutron_lib.callbacks.manager [None req-56c78288-6e6d-49da-a5d2-d5eba743f8bd None None] Subscribe: > security_group after_create 55550000, False {{(pid=87512) subscribe /opt/stack/data/venv/lib/python3.12/site-packages/neutron_lib/callbacks/manager.py:52}}
Jul 10 02:23:46.091856 np0000004937 devstack@neutron-api.service[87512]: DEBUG neutron_lib.callbacks.manager [None req-56c78288-6e6d-49da-a5d2-d5eba743f8bd None None] Subscribe: > security_group after_update 55550000, False {{(pid=87512) subscribe /opt/stack/data/venv/lib/python3.12/site-packages/neutron_lib/callbacks/manager.py:52}}
Jul 10 02:23:46.091991 np0000004937 devstack@neutron-api.service[87512]: DEBUG neutron_lib.callbacks.manager [None req-56c78288-6e6d-49da-a5d2-d5eba743f8bd None None] Subscribe: > security_group after_delete 55550000, False {{(pid=87512) subscribe /opt/stack/data/venv/lib/python3.12/site-packages/neutron_lib/callbacks/manager.py:52}}
Jul 10 02:23:46.092106 np0000004937 devstack@neutron-api.service[87512]: DEBUG neutron_lib.callbacks.manager [None req-56c78288-6e6d-49da-a5d2-d5eba743f8bd None None] Subscribe: > security_group_rule after_create 55550000, False {{(pid=87512) subscribe /opt/stack/data/venv/lib/python3.12/site-packages/neutron_lib/callbacks/manager.py:52}}
Jul 10 02:23:46.092192 np0000004937 devstack@neutron-api.service[87512]: DEBUG neutron_lib.callbacks.manager [None req-56c78288-6e6d-49da-a5d2-d5eba743f8bd None None] Subscribe: > security_group_rule after_update 55550000, False {{(pid=87512) subscribe /opt/stack/data/venv/lib/python3.12/site-packages/neutron_lib/callbacks/manager.py:52}}
Jul 10 02:23:46.092262 np0000004937 devstack@neutron-api.service[87512]: DEBUG neutron_lib.callbacks.manager [None req-56c78288-6e6d-49da-a5d2-d5eba743f8bd None None] Subscribe: > security_group_rule after_delete 55550000, False {{(pid=87512) subscribe /opt/stack/data/venv/lib/python3.12/site-packages/neutron_lib/callbacks/manager.py:52}}
Jul 10 02:23:46.092384 np0000004937 devstack@neutron-api.service[87512]: DEBUG neutron_lib.callbacks.manager [None req-56c78288-6e6d-49da-a5d2-d5eba743f8bd None None] Subscribe: > address_group after_create 55550000, False {{(pid=87512) subscribe /opt/stack/data/venv/lib/python3.12/site-packages/neutron_lib/callbacks/manager.py:52}}
Jul 10 02:23:46.092478 np0000004937 devstack@neutron-api.service[87512]: DEBUG neutron_lib.callbacks.manager [None req-56c78288-6e6d-49da-a5d2-d5eba743f8bd None None] Subscribe: > address_group after_update 55550000, False {{(pid=87512) subscribe /opt/stack/data/venv/lib/python3.12/site-packages/neutron_lib/callbacks/manager.py:52}}
Jul 10 02:23:46.092574 np0000004937 devstack@neutron-api.service[87512]: DEBUG neutron_lib.callbacks.manager [None req-56c78288-6e6d-49da-a5d2-d5eba743f8bd None None] Subscribe: > address_group after_delete 55550000, False {{(pid=87512) subscribe /opt/stack/data/venv/lib/python3.12/site-packages/neutron_lib/callbacks/manager.py:52}}
Jul 10 02:23:46.092711 np0000004937 devstack@neutron-api.service[87512]: DEBUG neutron.plugins.ml2.ovo_rpc [None req-56c78288-6e6d-49da-a5d2-d5eba743f8bd None None] ML2 OVO RPC backend initialized. {{(pid=87512) __init__ /opt/stack/neutron/neutron/plugins/ml2/ovo_rpc.py:117}}
Jul 10 02:23:46.093497 np0000004937 devstack@neutron-api.service[87512]: INFO neutron.quota [None req-56c78288-6e6d-49da-a5d2-d5eba743f8bd None None] Loaded quota_driver: .
Jul 10 02:23:46.093644 np0000004937 devstack@neutron-api.service[87512]: INFO neutron.plugins.ml2.plugin [None req-56c78288-6e6d-49da-a5d2-d5eba743f8bd None None] Modular L2 Plugin initialization complete
Jul 10 02:23:46.093819 np0000004937 devstack@neutron-api.service[87512]: DEBUG neutron.manager [None req-56c78288-6e6d-49da-a5d2-d5eba743f8bd None None] Loading services supported by the core plugin {{(pid=87512) _load_services_from_core_plugin /opt/stack/neutron/neutron/manager.py:167}}
Jul 10 02:23:46.093819 np0000004937 devstack@neutron-api.service[87512]: INFO neutron.plugins.ml2.managers [None req-56c78288-6e6d-49da-a5d2-d5eba743f8bd None None] Got port-security extension from driver 'port_security'
Jul 10 02:23:46.094166 np0000004937 devstack@neutron-api.service[87512]: DEBUG neutron.manager [None req-56c78288-6e6d-49da-a5d2-d5eba743f8bd None None] Loading service plugins: ['ovn-router', 'auto_allocate', 'tag', 'timestamp', 'network_ip_availability', 'flavors', 'revisions'] {{(pid=87512) _load_service_plugins /opt/stack/neutron/neutron/manager.py:192}}
Jul 10 02:23:46.094249 np0000004937 devstack@neutron-api.service[87512]: INFO neutron.manager [None req-56c78288-6e6d-49da-a5d2-d5eba743f8bd None None] Loading Plugin: ovn-router
Jul 10 02:23:46.104806 np0000004937 devstack@neutron-api.service[87512]: DEBUG neutron_lib.callbacks.manager [None req-56c78288-6e6d-49da-a5d2-d5eba743f8bd None None] Subscribe: > router before_delete 55550000, False {{(pid=87512) subscribe /opt/stack/data/venv/lib/python3.12/site-packages/neutron_lib/callbacks/manager.py:52}}
Jul 10 02:23:46.104993 np0000004937 devstack@neutron-api.service[87512]: DEBUG neutron_lib.callbacks.manager [None req-56c78288-6e6d-49da-a5d2-d5eba743f8bd None None] Subscribe: port before_update 55550000, False {{(pid=87512) subscribe /opt/stack/data/venv/lib/python3.12/site-packages/neutron_lib/callbacks/manager.py:52}}
Jul 10 02:23:46.105146 np0000004937 devstack@neutron-api.service[87512]: DEBUG neutron_lib.callbacks.manager [None req-56c78288-6e6d-49da-a5d2-d5eba743f8bd None None] Subscribe: port after_update 55550000, False {{(pid=87512) subscribe /opt/stack/data/venv/lib/python3.12/site-packages/neutron_lib/callbacks/manager.py:52}}
Jul 10 02:23:46.105261 np0000004937 devstack@neutron-api.service[87512]: DEBUG neutron_lib.callbacks.manager [None req-56c78288-6e6d-49da-a5d2-d5eba743f8bd None None] Subscribe: > port precommit_delete 55550000, False {{(pid=87512) subscribe /opt/stack/data/venv/lib/python3.12/site-packages/neutron_lib/callbacks/manager.py:52}}
Jul 10 02:23:46.105428 np0000004937 devstack@neutron-api.service[87512]: DEBUG neutron_lib.callbacks.manager [None req-56c78288-6e6d-49da-a5d2-d5eba743f8bd None None] Subscribe: port before_update 55550000, False {{(pid=87512) subscribe /opt/stack/data/venv/lib/python3.12/site-packages/neutron_lib/callbacks/manager.py:52}}
Jul 10 02:23:46.105547 np0000004937 devstack@neutron-api.service[87512]: DEBUG neutron_lib.callbacks.manager [None req-56c78288-6e6d-49da-a5d2-d5eba743f8bd None None] Subscribe: port before_delete 55550000, False {{(pid=87512) subscribe /opt/stack/data/venv/lib/python3.12/site-packages/neutron_lib/callbacks/manager.py:52}}
Jul 10 02:23:46.105694 np0000004937 devstack@neutron-api.service[87512]: DEBUG neutron_lib.callbacks.manager [None req-56c78288-6e6d-49da-a5d2-d5eba743f8bd None None] Subscribe: > router precommit_create 55550000, False {{(pid=87512) subscribe /opt/stack/data/venv/lib/python3.12/site-packages/neutron_lib/callbacks/manager.py:52}}
Jul 10 02:23:46.105802 np0000004937 devstack@neutron-api.service[87512]: DEBUG neutron_lib.callbacks.manager [None req-56c78288-6e6d-49da-a5d2-d5eba743f8bd None None] Subscribe: > router precommit_create 55550000, False {{(pid=87512) subscribe /opt/stack/data/venv/lib/python3.12/site-packages/neutron_lib/callbacks/manager.py:52}}
Jul 10 02:23:46.105880 np0000004937 devstack@neutron-api.service[87512]: DEBUG neutron_lib.callbacks.manager [None req-56c78288-6e6d-49da-a5d2-d5eba743f8bd None None] Subscribe: > router precommit_update 55550000, False {{(pid=87512) subscribe /opt/stack/data/venv/lib/python3.12/site-packages/neutron_lib/callbacks/manager.py:52}}
Jul 10 02:23:46.106019 np0000004937 devstack@neutron-api.service[87512]: DEBUG neutron_lib.callbacks.manager [None req-56c78288-6e6d-49da-a5d2-d5eba743f8bd None None] Subscribe: subnet after_update 55550000, False {{(pid=87512) subscribe /opt/stack/data/venv/lib/python3.12/site-packages/neutron_lib/callbacks/manager.py:52}}
Jul 10 02:23:46.106186 np0000004937 devstack@neutron-api.service[87512]: DEBUG neutron.quota.resource_registry [None req-56c78288-6e6d-49da-a5d2-d5eba743f8bd None None] Tracking information for resource: router configured {{(pid=87512) set_tracked_resource /opt/stack/neutron/neutron/quota/resource_registry.py:203}}
Jul 10 02:23:46.106271 np0000004937 devstack@neutron-api.service[87512]: DEBUG neutron.quota.resource_registry [None req-56c78288-6e6d-49da-a5d2-d5eba743f8bd None None] Tracking information for resource: floatingip configured {{(pid=87512) set_tracked_resource /opt/stack/neutron/neutron/quota/resource_registry.py:203}}
Jul 10 02:23:46.106472 np0000004937 devstack@neutron-api.service[87512]: INFO neutron.services.ovn_l3.plugin [None req-56c78288-6e6d-49da-a5d2-d5eba743f8bd None None] Starting OVNL3RouterPlugin
Jul 10 02:23:46.106547 np0000004937 devstack@neutron-api.service[87512]: DEBUG neutron_lib.callbacks.manager [None req-56c78288-6e6d-49da-a5d2-d5eba743f8bd None None] Subscribe: > port_forwarding_plugin after_init 55550000, False {{(pid=87512) subscribe /opt/stack/data/venv/lib/python3.12/site-packages/neutron_lib/callbacks/manager.py:52}}
Jul 10 02:23:46.106816 np0000004937 devstack@neutron-api.service[87512]: DEBUG neutron_lib.callbacks.manager [None req-56c78288-6e6d-49da-a5d2-d5eba743f8bd None None] Subscribe: > router before_create 55550100, False {{(pid=87512) subscribe /opt/stack/data/venv/lib/python3.12/site-packages/neutron_lib/callbacks/manager.py:52}}
Jul 10 02:23:46.106902 np0000004937 devstack@neutron-api.service[87512]: DEBUG neutron_lib.callbacks.manager [None req-56c78288-6e6d-49da-a5d2-d5eba743f8bd None None] Subscribe: > router precommit_delete 55550100, False {{(pid=87512) subscribe /opt/stack/data/venv/lib/python3.12/site-packages/neutron_lib/callbacks/manager.py:52}}
Jul 10 02:23:46.107007 np0000004937 devstack@neutron-api.service[87512]: DEBUG neutron_lib.callbacks.manager [None req-56c78288-6e6d-49da-a5d2-d5eba743f8bd None None] Subscribe: > router precommit_create 55550100, False {{(pid=87512) subscribe /opt/stack/data/venv/lib/python3.12/site-packages/neutron_lib/callbacks/manager.py:52}}
Jul 10 02:23:46.107085 np0000004937 devstack@neutron-api.service[87512]: DEBUG neutron_lib.callbacks.manager [None req-56c78288-6e6d-49da-a5d2-d5eba743f8bd None None] Subscribe: > router precommit_update 55550100, False {{(pid=87512) subscribe /opt/stack/data/venv/lib/python3.12/site-packages/neutron_lib/callbacks/manager.py:52}}
Jul 10 02:23:46.110189 np0000004937 devstack@neutron-api.service[87512]: DEBUG neutron.services.provider_configuration [None req-56c78288-6e6d-49da-a5d2-d5eba743f8bd None None] Service providers = [] {{(pid=87512) parse_service_provider_opt /opt/stack/neutron/neutron/services/provider_configuration.py:170}}
Jul 10 02:23:46.110189 np0000004937 devstack@neutron-api.service[87512]: DEBUG neutron.db.servicetype_db [None req-56c78288-6e6d-49da-a5d2-d5eba743f8bd None None] Adding provider configuration for service L3_ROUTER_NAT {{(pid=87512) add_provider_configuration /opt/stack/neutron/neutron/db/servicetype_db.py:45}}
Jul 10 02:23:46.111769 np0000004937 devstack@neutron-api.service[87512]: DEBUG neutron_lib.callbacks.manager [None req-56c78288-6e6d-49da-a5d2-d5eba743f8bd None None] Subscribe: > router precommit_create 55549900, False {{(pid=87512) subscribe /opt/stack/data/venv/lib/python3.12/site-packages/neutron_lib/callbacks/manager.py:52}}
Jul 10 02:23:46.111769 np0000004937 devstack@neutron-api.service[87512]: DEBUG neutron_lib.callbacks.manager [None req-56c78288-6e6d-49da-a5d2-d5eba743f8bd None None] Subscribe: > router_interface after_create 55550000, False {{(pid=87512) subscribe /opt/stack/data/venv/lib/python3.12/site-packages/neutron_lib/callbacks/manager.py:52}}
Jul 10 02:23:46.111769 np0000004937 devstack@neutron-api.service[87512]: DEBUG neutron_lib.callbacks.manager [None req-56c78288-6e6d-49da-a5d2-d5eba743f8bd None None] Subscribe: > floatingip after_create 55550000, False {{(pid=87512) subscribe /opt/stack/data/venv/lib/python3.12/site-packages/neutron_lib/callbacks/manager.py:52}}
Jul 10 02:23:46.112063 np0000004937 devstack@neutron-api.service[87512]: DEBUG neutron_lib.callbacks.manager [None req-56c78288-6e6d-49da-a5d2-d5eba743f8bd None None] Subscribe: > floatingip precommit_create 55550000, False {{(pid=87512) subscribe /opt/stack/data/venv/lib/python3.12/site-packages/neutron_lib/callbacks/manager.py:52}}
Jul 10 02:23:46.112063 np0000004937 devstack@neutron-api.service[87512]: DEBUG neutron_lib.callbacks.manager [None req-56c78288-6e6d-49da-a5d2-d5eba743f8bd None None] Subscribe: > floatingip precommit_update 55550000, False {{(pid=87512) subscribe /opt/stack/data/venv/lib/python3.12/site-packages/neutron_lib/callbacks/manager.py:52}}
Jul 10 02:23:46.112063 np0000004937 devstack@neutron-api.service[87512]: DEBUG neutron_lib.callbacks.manager [None req-56c78288-6e6d-49da-a5d2-d5eba743f8bd None None] Subscribe: > floatingip after_delete 55550000, False {{(pid=87512) subscribe /opt/stack/data/venv/lib/python3.12/site-packages/neutron_lib/callbacks/manager.py:52}}
Jul 10 02:23:46.112267 np0000004937 devstack@neutron-api.service[87512]: DEBUG neutron_lib.callbacks.manager [None req-56c78288-6e6d-49da-a5d2-d5eba743f8bd None None] Subscribe: > floatingip after_status_update 55550000, False {{(pid=87512) subscribe /opt/stack/data/venv/lib/python3.12/site-packages/neutron_lib/callbacks/manager.py:52}}
Jul 10 02:23:46.112267 np0000004937 devstack@neutron-api.service[87512]: DEBUG neutron_lib.callbacks.manager [None req-56c78288-6e6d-49da-a5d2-d5eba743f8bd None None] Subscribe: > floatingip after_update 55550000, False {{(pid=87512) subscribe /opt/stack/data/venv/lib/python3.12/site-packages/neutron_lib/callbacks/manager.py:52}}
Jul 10 02:23:46.112267 np0000004937 devstack@neutron-api.service[87512]: DEBUG neutron_lib.callbacks.manager [None req-56c78288-6e6d-49da-a5d2-d5eba743f8bd None None] Subscribe: > port_forwarding after_create 55550000, False {{(pid=87512) subscribe /opt/stack/data/venv/lib/python3.12/site-packages/neutron_lib/callbacks/manager.py:52}}
Jul 10 02:23:46.112493 np0000004937 devstack@neutron-api.service[87512]: DEBUG neutron_lib.callbacks.manager [None req-56c78288-6e6d-49da-a5d2-d5eba743f8bd None None] Subscribe: > router_interface after_delete 55550000, False {{(pid=87512) subscribe /opt/stack/data/venv/lib/python3.12/site-packages/neutron_lib/callbacks/manager.py:52}}
Jul 10 02:23:46.112493 np0000004937 devstack@neutron-api.service[87512]: DEBUG neutron_lib.callbacks.manager [None req-56c78288-6e6d-49da-a5d2-d5eba743f8bd None None] Subscribe: > router after_create 55550000, False {{(pid=87512) subscribe /opt/stack/data/venv/lib/python3.12/site-packages/neutron_lib/callbacks/manager.py:52}}
Jul 10 02:23:46.112767 np0000004937 devstack@neutron-api.service[87512]: DEBUG neutron_lib.callbacks.manager [None req-56c78288-6e6d-49da-a5d2-d5eba743f8bd None None] Subscribe: > router precommit_create 55550000, False {{(pid=87512) subscribe /opt/stack/data/venv/lib/python3.12/site-packages/neutron_lib/callbacks/manager.py:52}}
Jul 10 02:23:46.112767 np0000004937 devstack@neutron-api.service[87512]: DEBUG neutron_lib.callbacks.manager [None req-56c78288-6e6d-49da-a5d2-d5eba743f8bd None None] Subscribe: > router after_delete 55550000, False {{(pid=87512) subscribe /opt/stack/data/venv/lib/python3.12/site-packages/neutron_lib/callbacks/manager.py:52}}
Jul 10 02:23:46.112767 np0000004937 devstack@neutron-api.service[87512]: DEBUG neutron_lib.callbacks.manager [None req-56c78288-6e6d-49da-a5d2-d5eba743f8bd None None] Subscribe: > router after_update 55550000, False {{(pid=87512) subscribe /opt/stack/data/venv/lib/python3.12/site-packages/neutron_lib/callbacks/manager.py:52}}
Jul 10 02:23:46.113024 np0000004937 devstack@neutron-api.service[87512]: DEBUG neutron.services.service_base [None req-56c78288-6e6d-49da-a5d2-d5eba743f8bd None None] Loaded 'neutron.services.ovn_l3.service_providers.ovn.OvnDriver' provider for service L3_ROUTER_NAT {{(pid=87512) load_drivers /opt/stack/neutron/neutron/services/service_base.py:49}}
Jul 10 02:23:46.113024 np0000004937 devstack@neutron-api.service[87512]: DEBUG neutron_lib.callbacks.manager [None req-56c78288-6e6d-49da-a5d2-d5eba743f8bd None None] Subscribe: > process after_init 55550001, True {{(pid=87512) subscribe /opt/stack/data/venv/lib/python3.12/site-packages/neutron_lib/callbacks/manager.py:52}}
Jul 10 02:23:46.113246 np0000004937 devstack@neutron-api.service[87512]: DEBUG neutron.manager [None req-56c78288-6e6d-49da-a5d2-d5eba743f8bd None None] Successfully loaded L3_ROUTER_NAT plugin. Description: L3 Router Service Plugin for basic L3 forwarding using OVN {{(pid=87512) _create_and_add_service_plugin /opt/stack/neutron/neutron/manager.py:236}}
Jul 10 02:23:46.113246 np0000004937 devstack@neutron-api.service[87512]: INFO neutron.manager [None req-56c78288-6e6d-49da-a5d2-d5eba743f8bd None None] Loading Plugin: auto_allocate
Jul 10 02:23:46.114339 np0000004937 devstack@neutron-api.service[87512]: DEBUG neutron_lib.callbacks.manager [None req-56c78288-6e6d-49da-a5d2-d5eba743f8bd None None] Subscribe: network precommit_update 55550000, False {{(pid=87512) subscribe /opt/stack/data/venv/lib/python3.12/site-packages/neutron_lib/callbacks/manager.py:52}}
Jul 10 02:23:46.114339 np0000004937 devstack@neutron-api.service[87512]: DEBUG neutron_lib.callbacks.manager [None req-56c78288-6e6d-49da-a5d2-d5eba743f8bd None None] Subscribe: network precommit_create 55550000, False {{(pid=87512) subscribe /opt/stack/data/venv/lib/python3.12/site-packages/neutron_lib/callbacks/manager.py:52}}
Jul 10 02:23:46.114657 np0000004937 devstack@neutron-api.service[87512]: DEBUG neutron.manager [None req-56c78288-6e6d-49da-a5d2-d5eba743f8bd None None] Successfully loaded auto-allocated-topology plugin. Description: Auto Allocated Topology - aka get me a network. {{(pid=87512) _create_and_add_service_plugin /opt/stack/neutron/neutron/manager.py:236}}
Jul 10 02:23:46.114657 np0000004937 devstack@neutron-api.service[87512]: INFO neutron.manager [None req-56c78288-6e6d-49da-a5d2-d5eba743f8bd None None] Loading Plugin: tag
Jul 10 02:23:46.117435 np0000004937 devstack@neutron-api.service[87512]: DEBUG neutron.manager [None req-56c78288-6e6d-49da-a5d2-d5eba743f8bd None None] Successfully loaded TAG plugin. Description: Tag support {{(pid=87512) _create_and_add_service_plugin /opt/stack/neutron/neutron/manager.py:236}}
Jul 10 02:23:46.117575 np0000004937 devstack@neutron-api.service[87512]: INFO neutron.manager [None req-56c78288-6e6d-49da-a5d2-d5eba743f8bd None None] Loading Plugin: timestamp
Jul 10 02:23:46.119086 np0000004937 devstack@neutron-api.service[87512]: DEBUG neutron.manager [None req-56c78288-6e6d-49da-a5d2-d5eba743f8bd None None] Successfully loaded timestamp plugin. Description: Adds timestamps to Neutron resources with standard attributes {{(pid=87512) _create_and_add_service_plugin /opt/stack/neutron/neutron/manager.py:236}}
Jul 10 02:23:46.119086 np0000004937 devstack@neutron-api.service[87512]: INFO neutron.manager [None req-56c78288-6e6d-49da-a5d2-d5eba743f8bd None None] Loading Plugin: network_ip_availability
Jul 10 02:23:46.120709 np0000004937 devstack@neutron-api.service[87512]: DEBUG neutron.manager [None req-56c78288-6e6d-49da-a5d2-d5eba743f8bd None None] Successfully loaded network-ip-availability plugin. Description: Provides IP availability data for each network and subnet. {{(pid=87512) _create_and_add_service_plugin /opt/stack/neutron/neutron/manager.py:236}}
Jul 10 02:23:46.121123 np0000004937 devstack@neutron-api.service[87512]: INFO neutron.manager [None req-56c78288-6e6d-49da-a5d2-d5eba743f8bd None None] Loading Plugin: flavors
Jul 10 02:23:46.121588 np0000004937 devstack@neutron-api.service[87512]: DEBUG neutron.manager [None req-56c78288-6e6d-49da-a5d2-d5eba743f8bd None None] Successfully loaded FLAVORS plugin. Description: Neutron Flavors and Service Profiles manager plugin {{(pid=87512) _create_and_add_service_plugin /opt/stack/neutron/neutron/manager.py:236}}
Jul 10 02:23:46.121868 np0000004937 devstack@neutron-api.service[87512]: INFO neutron.manager [None req-56c78288-6e6d-49da-a5d2-d5eba743f8bd None None] Loading Plugin: revisions
Jul 10 02:23:46.122763 np0000004937 devstack@neutron-api.service[87512]: DEBUG neutron.manager [None req-56c78288-6e6d-49da-a5d2-d5eba743f8bd None None] Successfully loaded revision_plugin plugin. Description: Adds revision numbers to resources. {{(pid=87512) _create_and_add_service_plugin /opt/stack/neutron/neutron/manager.py:236}}
Jul 10 02:23:46.122763 np0000004937 devstack@neutron-api.service[87512]: DEBUG oslo_concurrency.lockutils [None req-56c78288-6e6d-49da-a5d2-d5eba743f8bd None None] Lock "manager" "released" by "neutron.manager.NeutronManager._create_instance" :: held 4.150s {{(pid=87512) inner /opt/stack/data/venv/lib/python3.12/site-packages/oslo_concurrency/lockutils.py:543}}
Jul 10 02:23:46.123148 np0000004937 devstack@neutron-api.service[87511]: INFO neutron.plugins.ml2.drivers.type_vlan [None req-3d7bc161-0ef1-444c-b67c-97a716013ff7 None None] VlanTypeDriver initialization complete
Jul 10 02:23:46.123831 np0000004937 devstack@neutron-api.service[87512]: DEBUG neutron.api.extensions [None req-56c78288-6e6d-49da-a5d2-d5eba743f8bd None None] get_extension_paths = OrderedDict({'/opt/stack/neutron/neutron/extensions': 1}) {{(pid=87512) get_extensions_path /opt/stack/neutron/neutron/api/extensions.py:640}}
Jul 10 02:23:46.123831 np0000004937 devstack@neutron-api.service[87512]: INFO neutron.api.extensions [None req-56c78288-6e6d-49da-a5d2-d5eba743f8bd None None] Initializing extension manager.
Jul 10 02:23:46.124224 np0000004937 devstack@neutron-api.service[87511]: INFO neutron.plugins.ml2.managers [None req-3d7bc161-0ef1-444c-b67c-97a716013ff7 None None] Initializing extension driver 'port_security'
Jul 10 02:23:46.124224 np0000004937 devstack@neutron-api.service[87511]: INFO neutron.plugins.ml2.extensions.port_security [None req-3d7bc161-0ef1-444c-b67c-97a716013ff7 None None] PortSecurityExtensionDriver initialization complete
Jul 10 02:23:46.124659 np0000004937 devstack@neutron-api.service[87512]: DEBUG neutron.api.extensions [None req-56c78288-6e6d-49da-a5d2-d5eba743f8bd None None] Loading extension file: __init__.py {{(pid=87512) _load_all_extensions_from_path /opt/stack/neutron/neutron/api/extensions.py:449}}
Jul 10 02:23:46.125043 np0000004937 devstack@neutron-api.service[87511]: INFO neutron.plugins.ml2.managers [None req-3d7bc161-0ef1-444c-b67c-97a716013ff7 None None] Initializing extension driver 'qos'
Jul 10 02:23:46.125398 np0000004937 devstack@neutron-api.service[87512]: DEBUG neutron.api.extensions [None req-56c78288-6e6d-49da-a5d2-d5eba743f8bd None None] Loading extension file: __pycache__ {{(pid=87512) _load_all_extensions_from_path /opt/stack/neutron/neutron/api/extensions.py:449}}
Jul 10 02:23:46.125761 np0000004937 devstack@neutron-api.service[87511]: DEBUG neutron.plugins.ml2.extensions.qos [None req-3d7bc161-0ef1-444c-b67c-97a716013ff7 None None] QosExtensionDriver initialization complete {{(pid=87511) initialize /opt/stack/neutron/neutron/plugins/ml2/extensions/qos.py:31}}
Jul 10 02:23:46.126049 np0000004937 devstack@neutron-api.service[87512]: DEBUG neutron.api.extensions [None req-56c78288-6e6d-49da-a5d2-d5eba743f8bd None None] Loading extension file: aap_reject_multicast.py {{(pid=87512) _load_all_extensions_from_path /opt/stack/neutron/neutron/api/extensions.py:449}}
Jul 10 02:23:46.126268 np0000004937 devstack@neutron-api.service[87511]: INFO neutron.plugins.ml2.managers [None req-3d7bc161-0ef1-444c-b67c-97a716013ff7 None None] Initializing mechanism driver 'ovn'
Jul 10 02:23:46.126268 np0000004937 devstack@neutron-api.service[87511]: INFO neutron.plugins.ml2.drivers.ovn.mech_driver.mech_driver [None req-3d7bc161-0ef1-444c-b67c-97a716013ff7 None None] Starting OVNMechanismDriver
Jul 10 02:23:46.126519 np0000004937 devstack@neutron-api.service[87512]: DEBUG neutron.api.extensions [None req-56c78288-6e6d-49da-a5d2-d5eba743f8bd None None] Ext name="Allowed address pairs reject multicast extension" alias="aap-reject-multicast" description="Reject multicast addresses in Allowed Address Pairs" updated="2026-04-01T00:00:00-00:00" {{(pid=87512) _check_extension /opt/stack/neutron/neutron/api/extensions.py:415}}
Jul 10 02:23:46.126519 np0000004937 devstack@neutron-api.service[87512]: INFO neutron.api.extensions [None req-56c78288-6e6d-49da-a5d2-d5eba743f8bd None None] Extension aap-reject-multicast not supported by any of loaded plugins
Jul 10 02:23:46.126519 np0000004937 devstack@neutron-api.service[87512]: DEBUG neutron.api.extensions [None req-56c78288-6e6d-49da-a5d2-d5eba743f8bd None None] Loading extension file: address_group.py {{(pid=87512) _load_all_extensions_from_path /opt/stack/neutron/neutron/api/extensions.py:449}}
Jul 10 02:23:46.126519 np0000004937 devstack@neutron-api.service[87512]: DEBUG neutron.api.extensions [None req-56c78288-6e6d-49da-a5d2-d5eba743f8bd None None] Ext name="Address group" alias="address-group" description="Support address group" updated="2020-07-15T10:00:00-00:00" {{(pid=87512) _check_extension /opt/stack/neutron/neutron/api/extensions.py:415}}
Jul 10 02:23:46.126519 np0000004937 devstack@neutron-api.service[87512]: INFO neutron.api.extensions [None req-56c78288-6e6d-49da-a5d2-d5eba743f8bd None None] Loaded extension: address-group
Jul 10 02:23:46.126519 np0000004937 devstack@neutron-api.service[87512]: DEBUG neutron.api.extensions [None req-56c78288-6e6d-49da-a5d2-d5eba743f8bd None None] Loading extension file: address_scope.py {{(pid=87512) _load_all_extensions_from_path /opt/stack/neutron/neutron/api/extensions.py:449}}
Jul 10 02:23:46.126519 np0000004937 devstack@neutron-api.service[87512]: DEBUG neutron.api.extensions [None req-56c78288-6e6d-49da-a5d2-d5eba743f8bd None None] Ext name="Address scope" alias="address-scope" description="Address scopes extension." updated="2015-07-26T10:00:00-00:00" {{(pid=87512) _check_extension /opt/stack/neutron/neutron/api/extensions.py:415}}
Jul 10 02:23:46.126808 np0000004937 devstack@neutron-api.service[87512]: INFO neutron.api.extensions [None req-56c78288-6e6d-49da-a5d2-d5eba743f8bd None None] Loaded extension: address-scope
Jul 10 02:23:46.126808 np0000004937 devstack@neutron-api.service[87512]: DEBUG neutron.api.extensions [None req-56c78288-6e6d-49da-a5d2-d5eba743f8bd None None] Loading extension file: admin_state_down_before_update.py {{(pid=87512) _load_all_extensions_from_path /opt/stack/neutron/neutron/api/extensions.py:449}}
Jul 10 02:23:46.126885 np0000004937 devstack@neutron-api.service[87511]: DEBUG neutron_lib.callbacks.manager [None req-3d7bc161-0ef1-444c-b67c-97a716013ff7 None None] Subscribe: > process before_spawn 55550000, False {{(pid=87511) subscribe /opt/stack/data/venv/lib/python3.12/site-packages/neutron_lib/callbacks/manager.py:52}}
Jul 10 02:23:46.126938 np0000004937 devstack@neutron-api.service[87512]: DEBUG neutron.api.extensions [None req-56c78288-6e6d-49da-a5d2-d5eba743f8bd None None] Ext name="Enforce Router's Admin State Down Before Update Extension" alias="router-admin-state-down-before-update" description="Ensure that the admin state of a router is DOWN (admin_state_up=False) before updating the distributed attribute" updated="2019-07-02T15:56:00" {{(pid=87512) _check_extension /opt/stack/neutron/neutron/api/extensions.py:415}}
Jul 10 02:23:46.127052 np0000004937 devstack@neutron-api.service[87511]: DEBUG neutron_lib.callbacks.manager [None req-3d7bc161-0ef1-444c-b67c-97a716013ff7 None None] Subscribe: > process after_init 55550000, True {{(pid=87511) subscribe /opt/stack/data/venv/lib/python3.12/site-packages/neutron_lib/callbacks/manager.py:52}}
Jul 10 02:23:46.127107 np0000004937 devstack@neutron-api.service[87512]: INFO neutron.api.extensions [None req-56c78288-6e6d-49da-a5d2-d5eba743f8bd None None] Extension router-admin-state-down-before-update not supported by any of loaded plugins
Jul 10 02:23:46.127166 np0000004937 devstack@neutron-api.service[87511]: DEBUG neutron_lib.callbacks.manager [None req-3d7bc161-0ef1-444c-b67c-97a716013ff7 None None] Subscribe: > segment after_create 55550000, False {{(pid=87511) subscribe /opt/stack/data/venv/lib/python3.12/site-packages/neutron_lib/callbacks/manager.py:52}}
Jul 10 02:23:46.127225 np0000004937 devstack@neutron-api.service[87512]: DEBUG neutron.api.extensions [None req-56c78288-6e6d-49da-a5d2-d5eba743f8bd None None] Loading extension file: agent.py {{(pid=87512) _load_all_extensions_from_path /opt/stack/neutron/neutron/api/extensions.py:449}}
Jul 10 02:23:46.127282 np0000004937 devstack@neutron-api.service[87511]: DEBUG neutron_lib.callbacks.manager [None req-3d7bc161-0ef1-444c-b67c-97a716013ff7 None None] Subscribe: > segment after_create 55550000, False {{(pid=87511) subscribe /opt/stack/data/venv/lib/python3.12/site-packages/neutron_lib/callbacks/manager.py:52}}
Jul 10 02:23:46.127282 np0000004937 devstack@neutron-api.service[87511]: DEBUG neutron_lib.callbacks.manager [None req-3d7bc161-0ef1-444c-b67c-97a716013ff7 None None] Subscribe: > segment after_delete 55550000, False {{(pid=87511) subscribe /opt/stack/data/venv/lib/python3.12/site-packages/neutron_lib/callbacks/manager.py:52}}
Jul 10 02:23:46.127282 np0000004937 devstack@neutron-api.service[87511]: DEBUG neutron_lib.callbacks.manager [None req-3d7bc161-0ef1-444c-b67c-97a716013ff7 None None] Subscribe: > allowed_address_pair before_create 55550000, False {{(pid=87511) subscribe /opt/stack/data/venv/lib/python3.12/site-packages/neutron_lib/callbacks/manager.py:52}}
Jul 10 02:23:46.127411 np0000004937 devstack@neutron-api.service[87512]: DEBUG neutron.api.extensions [None req-56c78288-6e6d-49da-a5d2-d5eba743f8bd None None] Ext name="agent" alias="agent" description="The agent management extension." updated="2013-02-03T10:00:00-00:00" {{(pid=87512) _check_extension /opt/stack/neutron/neutron/api/extensions.py:415}}
Jul 10 02:23:46.127475 np0000004937 devstack@neutron-api.service[87511]: DEBUG neutron_lib.callbacks.manager [None req-3d7bc161-0ef1-444c-b67c-97a716013ff7 None None] Subscribe: > security_group precommit_create 55550000, False {{(pid=87511) subscribe /opt/stack/data/venv/lib/python3.12/site-packages/neutron_lib/callbacks/manager.py:52}}
Jul 10 02:23:46.127536 np0000004937 devstack@neutron-api.service[87512]: INFO neutron.api.extensions [None req-56c78288-6e6d-49da-a5d2-d5eba743f8bd None None] Loaded extension: agent
Jul 10 02:23:46.127634 np0000004937 devstack@neutron-api.service[87511]: DEBUG neutron_lib.callbacks.manager [None req-3d7bc161-0ef1-444c-b67c-97a716013ff7 None None] Subscribe: > security_group after_update 55550000, False {{(pid=87511) subscribe /opt/stack/data/venv/lib/python3.12/site-packages/neutron_lib/callbacks/manager.py:52}}
Jul 10 02:23:46.127718 np0000004937 devstack@neutron-api.service[87512]: DEBUG neutron.api.extensions [None req-56c78288-6e6d-49da-a5d2-d5eba743f8bd None None] Loading extension file: agent_resources_synced.py {{(pid=87512) _load_all_extensions_from_path /opt/stack/neutron/neutron/api/extensions.py:449}}
Jul 10 02:23:46.127781 np0000004937 devstack@neutron-api.service[87511]: DEBUG neutron_lib.callbacks.manager [None req-3d7bc161-0ef1-444c-b67c-97a716013ff7 None None] Subscribe: > security_group after_create 55550000, False {{(pid=87511) subscribe /opt/stack/data/venv/lib/python3.12/site-packages/neutron_lib/callbacks/manager.py:52}}
Jul 10 02:23:46.127781 np0000004937 devstack@neutron-api.service[87511]: DEBUG neutron_lib.callbacks.manager [None req-3d7bc161-0ef1-444c-b67c-97a716013ff7 None None] Subscribe: > security_group precommit_delete 55550000, False {{(pid=87511) subscribe /opt/stack/data/venv/lib/python3.12/site-packages/neutron_lib/callbacks/manager.py:52}}
Jul 10 02:23:46.127875 np0000004937 devstack@neutron-api.service[87512]: DEBUG neutron.api.extensions [None req-56c78288-6e6d-49da-a5d2-d5eba743f8bd None None] Ext name="Agent's Resource View Synced to Placement" alias="agent-resources-synced" description="Stores success/failure of last sync to Placement" updated="2018-12-19T00:00:00-00:00" {{(pid=87512) _check_extension /opt/stack/neutron/neutron/api/extensions.py:415}}
Jul 10 02:23:46.127935 np0000004937 devstack@neutron-api.service[87511]: DEBUG neutron_lib.callbacks.manager [None req-3d7bc161-0ef1-444c-b67c-97a716013ff7 None None] Subscribe: > security_group after_delete 55550000, False {{(pid=87511) subscribe /opt/stack/data/venv/lib/python3.12/site-packages/neutron_lib/callbacks/manager.py:52}}
Jul 10 02:23:46.127988 np0000004937 devstack@neutron-api.service[87512]: INFO neutron.api.extensions [None req-56c78288-6e6d-49da-a5d2-d5eba743f8bd None None] Extension agent-resources-synced not supported by any of loaded plugins
Jul 10 02:23:46.128045 np0000004937 devstack@neutron-api.service[87511]: DEBUG neutron_lib.callbacks.manager [None req-3d7bc161-0ef1-444c-b67c-97a716013ff7 None None] Subscribe: > security_group_rule precommit_create 55550000, False {{(pid=87511) subscribe /opt/stack/data/venv/lib/python3.12/site-packages/neutron_lib/callbacks/manager.py:52}}
Jul 10 02:23:46.128102 np0000004937 devstack@neutron-api.service[87512]: DEBUG neutron.api.extensions [None req-56c78288-6e6d-49da-a5d2-d5eba743f8bd None None] Loading extension file: agent_sort_key.py {{(pid=87512) _load_all_extensions_from_path /opt/stack/neutron/neutron/api/extensions.py:449}}
Jul 10 02:23:46.128154 np0000004937 devstack@neutron-api.service[87511]: DEBUG neutron_lib.callbacks.manager [None req-3d7bc161-0ef1-444c-b67c-97a716013ff7 None None] Subscribe: > security_group_rule after_create 55550000, False {{(pid=87511) subscribe /opt/stack/data/venv/lib/python3.12/site-packages/neutron_lib/callbacks/manager.py:52}}
Jul 10 02:23:46.128154 np0000004937 devstack@neutron-api.service[87511]: DEBUG neutron_lib.callbacks.manager [None req-3d7bc161-0ef1-444c-b67c-97a716013ff7 None None] Subscribe: > security_group_rule before_delete 55550000, False {{(pid=87511) subscribe /opt/stack/data/venv/lib/python3.12/site-packages/neutron_lib/callbacks/manager.py:52}}
Jul 10 02:23:46.128154 np0000004937 devstack@neutron-api.service[87511]: DEBUG neutron_lib.callbacks.manager [None req-3d7bc161-0ef1-444c-b67c-97a716013ff7 None None] Subscribe: > address_group after_create 55550000, False {{(pid=87511) subscribe /opt/stack/data/venv/lib/python3.12/site-packages/neutron_lib/callbacks/manager.py:52}}
Jul 10 02:23:46.128259 np0000004937 devstack@neutron-api.service[87512]: DEBUG neutron.api.extensions [None req-56c78288-6e6d-49da-a5d2-d5eba743f8bd None None] Ext name="Agents Sort Key" alias="agent_sort_key" description="Enabling the keyword sort_key for sorting in agents." updated="2013-02-03T10:00:00-00:00" {{(pid=87512) _check_extension /opt/stack/neutron/neutron/api/extensions.py:415}}
Jul 10 02:23:46.128559 np0000004937 devstack@neutron-api.service[87511]: DEBUG neutron_lib.callbacks.manager [None req-3d7bc161-0ef1-444c-b67c-97a716013ff7 None None] Subscribe: > address_group after_update 55550000, False {{(pid=87511) subscribe /opt/stack/data/venv/lib/python3.12/site-packages/neutron_lib/callbacks/manager.py:52}}
Jul 10 02:23:46.128660 np0000004937 devstack@neutron-api.service[87512]: INFO neutron.api.extensions [None req-56c78288-6e6d-49da-a5d2-d5eba743f8bd None None] Extension agent_sort_key not supported by any of loaded plugins
Jul 10 02:23:46.128730 np0000004937 devstack@neutron-api.service[87511]: DEBUG neutron_lib.callbacks.manager [None req-3d7bc161-0ef1-444c-b67c-97a716013ff7 None None] Subscribe: > address_group after_delete 55550000, False {{(pid=87511) subscribe /opt/stack/data/venv/lib/python3.12/site-packages/neutron_lib/callbacks/manager.py:52}}
Jul 10 02:23:46.128796 np0000004937 devstack@neutron-api.service[87512]: DEBUG neutron.api.extensions [None req-56c78288-6e6d-49da-a5d2-d5eba743f8bd None None] Loading extension file: allowedaddresspairs.py {{(pid=87512) _load_all_extensions_from_path /opt/stack/neutron/neutron/api/extensions.py:449}}
Jul 10 02:23:46.128861 np0000004937 devstack@neutron-api.service[87511]: DEBUG neutron_lib.callbacks.manager [None req-3d7bc161-0ef1-444c-b67c-97a716013ff7 None None] Subscribe: > qos_plugin after_init 55550000, False {{(pid=87511) subscribe /opt/stack/data/venv/lib/python3.12/site-packages/neutron_lib/callbacks/manager.py:52}}
Jul 10 02:23:46.128861 np0000004937 devstack@neutron-api.service[87511]: DEBUG neutron_lib.callbacks.manager [None req-3d7bc161-0ef1-444c-b67c-97a716013ff7 None None] Subscribe: > trunk_plugin after_init 55550000, False {{(pid=87511) subscribe /opt/stack/data/venv/lib/python3.12/site-packages/neutron_lib/callbacks/manager.py:52}}
Jul 10 02:23:46.128933 np0000004937 devstack@neutron-api.service[87512]: DEBUG neutron.api.extensions [None req-56c78288-6e6d-49da-a5d2-d5eba743f8bd None None] Ext name="Allowed Address Pairs" alias="allowed-address-pairs" description="Provides allowed address pairs" updated="2013-07-23T10:00:00-00:00" {{(pid=87512) _check_extension /opt/stack/neutron/neutron/api/extensions.py:415}}
Jul 10 02:23:46.128990 np0000004937 devstack@neutron-api.service[87511]: DEBUG neutron_lib.callbacks.manager [None req-3d7bc161-0ef1-444c-b67c-97a716013ff7 None None] Subscribe: > logging-plugin after_init 55550000, False {{(pid=87511) subscribe /opt/stack/data/venv/lib/python3.12/site-packages/neutron_lib/callbacks/manager.py:52}}
Jul 10 02:23:46.129052 np0000004937 devstack@neutron-api.service[87512]: INFO neutron.api.extensions [None req-56c78288-6e6d-49da-a5d2-d5eba743f8bd None None] Loaded extension: allowed-address-pairs
Jul 10 02:23:46.129052 np0000004937 devstack@neutron-api.service[87512]: DEBUG neutron.api.extensions [None req-56c78288-6e6d-49da-a5d2-d5eba743f8bd None None] Loading extension file: auto_allocated_topology.py {{(pid=87512) _load_all_extensions_from_path /opt/stack/neutron/neutron/api/extensions.py:449}}
Jul 10 02:23:46.129052 np0000004937 devstack@neutron-api.service[87512]: DEBUG neutron.api.extensions [None req-56c78288-6e6d-49da-a5d2-d5eba743f8bd None None] Ext name="Auto Allocated Topology Services" alias="auto-allocated-topology" description="Auto Allocated Topology Services." updated="2016-01-01T00:00:00-00:00" {{(pid=87512) _check_extension /opt/stack/neutron/neutron/api/extensions.py:415}}
Jul 10 02:23:46.129154 np0000004937 devstack@neutron-api.service[87511]: INFO neutron.services.logapi.drivers.ovn.driver [None req-3d7bc161-0ef1-444c-b67c-97a716013ff7 None None] OVN logging driver registered
Jul 10 02:23:46.129211 np0000004937 devstack@neutron-api.service[87512]: INFO neutron.api.extensions [None req-56c78288-6e6d-49da-a5d2-d5eba743f8bd None None] Loaded extension: auto-allocated-topology
Jul 10 02:23:46.129211 np0000004937 devstack@neutron-api.service[87512]: DEBUG neutron.api.extensions [None req-56c78288-6e6d-49da-a5d2-d5eba743f8bd None None] Loading extension file: availability_zone.py {{(pid=87512) _load_all_extensions_from_path /opt/stack/neutron/neutron/api/extensions.py:449}}
Jul 10 02:23:46.129288 np0000004937 devstack@neutron-api.service[87511]: DEBUG neutron_lib.callbacks.manager [None req-3d7bc161-0ef1-444c-b67c-97a716013ff7 None None] Subscribe: ._register_pvlan_driver at 0x7e46cd9a25c0> pvlan_plugin before_spawn 55550000, False {{(pid=87511) subscribe /opt/stack/data/venv/lib/python3.12/site-packages/neutron_lib/callbacks/manager.py:52}}
Jul 10 02:23:46.129288 np0000004937 devstack@neutron-api.service[87511]: DEBUG neutron_lib.callbacks.manager [None req-3d7bc161-0ef1-444c-b67c-97a716013ff7 None None] Subscribe: process after_init 55550000, False {{(pid=87511) subscribe /opt/stack/data/venv/lib/python3.12/site-packages/neutron_lib/callbacks/manager.py:52}}
Jul 10 02:23:46.129375 np0000004937 devstack@neutron-api.service[87512]: DEBUG neutron.api.extensions [None req-56c78288-6e6d-49da-a5d2-d5eba743f8bd None None] Ext name="Availability Zone" alias="availability_zone" description="The availability zone extension." updated="2015-01-01T10:00:00-00:00" {{(pid=87512) _check_extension /opt/stack/neutron/neutron/api/extensions.py:415}}
Jul 10 02:23:46.129375 np0000004937 devstack@neutron-api.service[87512]: INFO neutron.api.extensions [None req-56c78288-6e6d-49da-a5d2-d5eba743f8bd None None] Loaded extension: availability_zone
Jul 10 02:23:46.129375 np0000004937 devstack@neutron-api.service[87512]: DEBUG neutron.api.extensions [None req-56c78288-6e6d-49da-a5d2-d5eba743f8bd None None] Loading extension file: availability_zone_filter.py {{(pid=87512) _load_all_extensions_from_path /opt/stack/neutron/neutron/api/extensions.py:449}}
Jul 10 02:23:46.129744 np0000004937 devstack@neutron-api.service[87512]: DEBUG neutron.api.extensions [None req-56c78288-6e6d-49da-a5d2-d5eba743f8bd None None] Ext name="Availability Zone Filter Extension" alias="availability_zone_filter" description="Add filter parameters to AvailabilityZone resource" updated="2018-06-22T10:00:00-00:00" {{(pid=87512) _check_extension /opt/stack/neutron/neutron/api/extensions.py:415}}
Jul 10 02:23:46.129838 np0000004937 devstack@neutron-api.service[87512]: INFO neutron.api.extensions [None req-56c78288-6e6d-49da-a5d2-d5eba743f8bd None None] Extension availability_zone_filter not supported by any of loaded plugins
Jul 10 02:23:46.129971 np0000004937 devstack@neutron-api.service[87512]: DEBUG neutron.api.extensions [None req-56c78288-6e6d-49da-a5d2-d5eba743f8bd None None] Loading extension file: data_plane_status.py {{(pid=87512) _load_all_extensions_from_path /opt/stack/neutron/neutron/api/extensions.py:449}}
Jul 10 02:23:46.130184 np0000004937 devstack@neutron-api.service[87512]: DEBUG neutron.api.extensions [None req-56c78288-6e6d-49da-a5d2-d5eba743f8bd None None] Ext name="Port data plane status extension" alias="data-plane-status" description="Expose status of underlying data plane" updated="2017-01-24T10:00:00-00:00" {{(pid=87512) _check_extension /opt/stack/neutron/neutron/api/extensions.py:415}}
Jul 10 02:23:46.130321 np0000004937 devstack@neutron-api.service[87512]: INFO neutron.api.extensions [None req-56c78288-6e6d-49da-a5d2-d5eba743f8bd None None] Extension data-plane-status not supported by any of loaded plugins
Jul 10 02:23:46.130405 np0000004937 devstack@neutron-api.service[87512]: DEBUG neutron.api.extensions [None req-56c78288-6e6d-49da-a5d2-d5eba743f8bd None None] Loading extension file: default_subnetpools.py {{(pid=87512) _load_all_extensions_from_path /opt/stack/neutron/neutron/api/extensions.py:449}}
Jul 10 02:23:46.130489 np0000004937 devstack@neutron-api.service[87511]: DEBUG neutron.plugins.ml2.plugin [None req-3d7bc161-0ef1-444c-b67c-97a716013ff7 None None] neutron.plugins.ml2.plugin.Ml2Plugin method _start_rpc_notifiers called with arguments () {} {{(pid=87511) wrapper /opt/stack/data/venv/lib/python3.12/site-packages/oslo_log/helpers.py:77}}
Jul 10 02:23:46.130663 np0000004937 devstack@neutron-api.service[87512]: DEBUG neutron.api.extensions [None req-56c78288-6e6d-49da-a5d2-d5eba743f8bd None None] Ext name="Default Subnetpools" alias="default-subnetpools" description="Provides ability to mark and use a subnetpool as the default." updated="2016-02-18T18:00:00-00:00" {{(pid=87512) _check_extension /opt/stack/neutron/neutron/api/extensions.py:415}}
Jul 10 02:23:46.130859 np0000004937 devstack@neutron-api.service[87512]: INFO neutron.api.extensions [None req-56c78288-6e6d-49da-a5d2-d5eba743f8bd None None] Loaded extension: default-subnetpools
Jul 10 02:23:46.130965 np0000004937 devstack@neutron-api.service[87511]: DEBUG neutron_lib.callbacks.manager [None req-3d7bc161-0ef1-444c-b67c-97a716013ff7 None None] Subscribe: > port after_create 55550000, False {{(pid=87511) subscribe /opt/stack/data/venv/lib/python3.12/site-packages/neutron_lib/callbacks/manager.py:52}}
Jul 10 02:23:46.131088 np0000004937 devstack@neutron-api.service[87512]: DEBUG neutron.api.extensions [None req-56c78288-6e6d-49da-a5d2-d5eba743f8bd None None] Loading extension file: dhcpagentscheduler.py {{(pid=87512) _load_all_extensions_from_path /opt/stack/neutron/neutron/api/extensions.py:449}}
Jul 10 02:23:46.131177 np0000004937 devstack@neutron-api.service[87511]: DEBUG neutron_lib.callbacks.manager [None req-3d7bc161-0ef1-444c-b67c-97a716013ff7 None None] Subscribe: > port after_update 55550000, False {{(pid=87511) subscribe /opt/stack/data/venv/lib/python3.12/site-packages/neutron_lib/callbacks/manager.py:52}}
