May 28 07:26:12.273487 np0000001601 devstack@neutron-api.service[89964]: INFO neutron.api.extensions [None req-618b98a2-a86f-4392-8e12-b2f9de5dad49 None None] Loaded extension: fip-port-details
May 28 07:26:12.273589 np0000001601 devstack@neutron-api.service[89964]: DEBUG neutron.api.extensions [None req-618b98a2-a86f-4392-8e12-b2f9de5dad49 None None] Loading extension file: flavors.py {{(pid=89964) _load_all_extensions_from_path /opt/stack/neutron/neutron/api/extensions.py:449}}
May 28 07:26:12.273869 np0000001601 devstack@neutron-api.service[89964]: DEBUG neutron.api.extensions [None req-618b98a2-a86f-4392-8e12-b2f9de5dad49 None None] Ext name="Neutron Service Flavors" alias="flavors" description="Flavor specification for Neutron advanced services." updated="2015-09-17T10:00:00-00:00" {{(pid=89964) _check_extension /opt/stack/neutron/neutron/api/extensions.py:415}}
May 28 07:26:12.274051 np0000001601 devstack@neutron-api.service[89964]: INFO neutron.api.extensions [None req-618b98a2-a86f-4392-8e12-b2f9de5dad49 None None] Loaded extension: flavors
May 28 07:26:12.274104 np0000001601 devstack@neutron-api.service[89964]: DEBUG neutron.api.extensions [None req-618b98a2-a86f-4392-8e12-b2f9de5dad49 None None] Loading extension file: floating_ip_port_forwarding.py {{(pid=89964) _load_all_extensions_from_path /opt/stack/neutron/neutron/api/extensions.py:449}}
May 28 07:26:12.274424 np0000001601 devstack@neutron-api.service[89964]: DEBUG neutron.api.extensions [None req-618b98a2-a86f-4392-8e12-b2f9de5dad49 None None] Ext name="Floating IP Port Forwarding" alias="floating-ip-port-forwarding" description="Allow port forwarding from floating IP port to an internal port" updated="2018-01-19T10:00:00-00:00" {{(pid=89964) _check_extension /opt/stack/neutron/neutron/api/extensions.py:415}}
May 28 07:26:12.274603 np0000001601 devstack@neutron-api.service[89964]: INFO neutron.api.extensions [None req-618b98a2-a86f-4392-8e12-b2f9de5dad49 None None] Extension floating-ip-port-forwarding not supported by any of loaded plugins
May 28 07:26:12.274689 np0000001601 devstack@neutron-api.service[89964]: DEBUG neutron.api.extensions [None req-618b98a2-a86f-4392-8e12-b2f9de5dad49 None None] Loading extension file: floatingip_pools.py {{(pid=89964) _load_all_extensions_from_path /opt/stack/neutron/neutron/api/extensions.py:449}}
May 28 07:26:12.274981 np0000001601 devstack@neutron-api.service[89964]: DEBUG neutron.api.extensions [None req-618b98a2-a86f-4392-8e12-b2f9de5dad49 None None] Ext name="Floating IP Pools Extension" alias="floatingip-pools" description="Provides a floating IP pools API." updated="2018-03-21T10:00:00-00:00" {{(pid=89964) _check_extension /opt/stack/neutron/neutron/api/extensions.py:415}}
May 28 07:26:12.275127 np0000001601 devstack@neutron-api.service[89964]: INFO neutron.api.extensions [None req-618b98a2-a86f-4392-8e12-b2f9de5dad49 None None] Loaded extension: floatingip-pools
May 28 07:26:12.275203 np0000001601 devstack@neutron-api.service[89964]: DEBUG neutron.api.extensions [None req-618b98a2-a86f-4392-8e12-b2f9de5dad49 None None] Loading extension file: ip_allocation.py {{(pid=89964) _load_all_extensions_from_path /opt/stack/neutron/neutron/api/extensions.py:449}}
May 28 07:26:12.275426 np0000001601 devstack@neutron-api.service[89964]: DEBUG neutron.api.extensions [None req-618b98a2-a86f-4392-8e12-b2f9de5dad49 None None] Ext name="IP Allocation" alias="ip_allocation" description="IP allocation extension." updated="2016-06-10T23:00:00-00:00" {{(pid=89964) _check_extension /opt/stack/neutron/neutron/api/extensions.py:415}}
May 28 07:26:12.275579 np0000001601 devstack@neutron-api.service[89964]: INFO neutron.api.extensions [None req-618b98a2-a86f-4392-8e12-b2f9de5dad49 None None] Extension ip_allocation not supported by any of loaded plugins
May 28 07:26:12.276093 np0000001601 devstack@neutron-api.service[89964]: DEBUG neutron.api.extensions [None req-618b98a2-a86f-4392-8e12-b2f9de5dad49 None None] Loading extension file: ip_substring_port_filtering.py {{(pid=89964) _load_all_extensions_from_path /opt/stack/neutron/neutron/api/extensions.py:449}}
May 28 07:26:12.276093 np0000001601 devstack@neutron-api.service[89964]: DEBUG neutron.api.extensions [None req-618b98a2-a86f-4392-8e12-b2f9de5dad49 None None] Ext name="IP address substring filtering" alias="ip-substring-filtering" description="Provides IP address substring filtering when listing ports" updated="2017-11-28T09:00:00-00:00" {{(pid=89964) _check_extension /opt/stack/neutron/neutron/api/extensions.py:415}}
May 28 07:26:12.276093 np0000001601 devstack@neutron-api.service[89964]: INFO neutron.api.extensions [None req-618b98a2-a86f-4392-8e12-b2f9de5dad49 None None] Extension ip-substring-filtering not supported by any of loaded plugins
May 28 07:26:12.276196 np0000001601 devstack@neutron-api.service[89964]: DEBUG neutron.api.extensions [None req-618b98a2-a86f-4392-8e12-b2f9de5dad49 None None] Loading extension file: l2_adjacency.py {{(pid=89964) _load_all_extensions_from_path /opt/stack/neutron/neutron/api/extensions.py:449}}
May 28 07:26:12.276354 np0000001601 devstack@neutron-api.service[89964]: DEBUG neutron.api.extensions [None req-618b98a2-a86f-4392-8e12-b2f9de5dad49 None None] Ext name="L2 Adjacency" alias="l2_adjacency" description="Display L2 Adjacency for Neutron Networks." updated="2016-04-12T16:00:00-00:00" {{(pid=89964) _check_extension /opt/stack/neutron/neutron/api/extensions.py:415}}
May 28 07:26:12.276485 np0000001601 devstack@neutron-api.service[89964]: INFO neutron.api.extensions [None req-618b98a2-a86f-4392-8e12-b2f9de5dad49 None None] Extension l2_adjacency not supported by any of loaded plugins
May 28 07:26:12.276583 np0000001601 devstack@neutron-api.service[89964]: DEBUG neutron.api.extensions [None req-618b98a2-a86f-4392-8e12-b2f9de5dad49 None None] Loading extension file: l3.py {{(pid=89964) _load_all_extensions_from_path /opt/stack/neutron/neutron/api/extensions.py:449}}
May 28 07:26:12.277023 np0000001601 devstack@neutron-api.service[89964]: DEBUG neutron.api.extensions [None req-618b98a2-a86f-4392-8e12-b2f9de5dad49 None None] Ext name="Neutron L3 Router" alias="router" description="Router abstraction for basic L3 forwarding between L2 Neutron networks and access to external networks via a NAT gateway." updated="2012-07-20T10:00:00-00:00" {{(pid=89964) _check_extension /opt/stack/neutron/neutron/api/extensions.py:415}}
May 28 07:26:12.277098 np0000001601 devstack@neutron-api.service[89966]: INFO neutron.plugins.ml2.drivers.type_vlan [None req-a7c12035-50eb-4e64-9d2f-e2ee1fffa717 None None] VlanTypeDriver initialization complete
May 28 07:26:12.277173 np0000001601 devstack@neutron-api.service[89964]: INFO neutron.api.extensions [None req-618b98a2-a86f-4392-8e12-b2f9de5dad49 None None] Loaded extension: router
May 28 07:26:12.277471 np0000001601 devstack@neutron-api.service[89966]: INFO neutron.plugins.ml2.managers [None req-a7c12035-50eb-4e64-9d2f-e2ee1fffa717 None None] Initializing extension driver 'port_security'
May 28 07:26:12.277629 np0000001601 devstack@neutron-api.service[89964]: DEBUG neutron.api.extensions [None req-618b98a2-a86f-4392-8e12-b2f9de5dad49 None None] Loading extension file: l3_conntrack_helper.py {{(pid=89964) _load_all_extensions_from_path /opt/stack/neutron/neutron/api/extensions.py:449}}
May 28 07:26:12.277691 np0000001601 devstack@neutron-api.service[89966]: INFO neutron.plugins.ml2.extensions.port_security [None req-a7c12035-50eb-4e64-9d2f-e2ee1fffa717 None None] PortSecurityExtensionDriver initialization complete
May 28 07:26:12.277691 np0000001601 devstack@neutron-api.service[89966]: INFO neutron.plugins.ml2.managers [None req-a7c12035-50eb-4e64-9d2f-e2ee1fffa717 None None] Initializing extension driver 'qos'
May 28 07:26:12.277691 np0000001601 devstack@neutron-api.service[89966]: DEBUG neutron.plugins.ml2.extensions.qos [None req-a7c12035-50eb-4e64-9d2f-e2ee1fffa717 None None] QosExtensionDriver initialization complete {{(pid=89966) initialize /opt/stack/neutron/neutron/plugins/ml2/extensions/qos.py:31}}
May 28 07:26:12.277691 np0000001601 devstack@neutron-api.service[89966]: INFO neutron.plugins.ml2.managers [None req-a7c12035-50eb-4e64-9d2f-e2ee1fffa717 None None] Initializing mechanism driver 'ovn'
May 28 07:26:12.277691 np0000001601 devstack@neutron-api.service[89966]: INFO neutron.plugins.ml2.drivers.ovn.mech_driver.mech_driver [None req-a7c12035-50eb-4e64-9d2f-e2ee1fffa717 None None] Starting OVNMechanismDriver
May 28 07:26:12.277927 np0000001601 devstack@neutron-api.service[89964]: DEBUG neutron.api.extensions [None req-618b98a2-a86f-4392-8e12-b2f9de5dad49 None None] Ext name="L3 Conntrack helper" alias="l3-conntrack-helper" description="Allow adding CT target rules for conntrack helper" updated="2019-04-04T10:00:00-00:00" {{(pid=89964) _check_extension /opt/stack/neutron/neutron/api/extensions.py:415}}
May 28 07:26:12.278077 np0000001601 devstack@neutron-api.service[89964]: INFO neutron.api.extensions [None req-618b98a2-a86f-4392-8e12-b2f9de5dad49 None None] Extension l3-conntrack-helper not supported by any of loaded plugins
May 28 07:26:12.278186 np0000001601 devstack@neutron-api.service[89964]: DEBUG neutron.api.extensions [None req-618b98a2-a86f-4392-8e12-b2f9de5dad49 None None] Loading extension file: l3_enable_default_route_bfd.py {{(pid=89964) _load_all_extensions_from_path /opt/stack/neutron/neutron/api/extensions.py:449}}
May 28 07:26:12.278396 np0000001601 devstack@neutron-api.service[89964]: DEBUG neutron.api.extensions [None req-618b98a2-a86f-4392-8e12-b2f9de5dad49 None None] Ext name="Enable Default Route BFD" alias="enable-default-route-bfd" description="Enables configurable BFD behavior for default routes" updated="2023-02-27T00:00:00-00:00" {{(pid=89964) _check_extension /opt/stack/neutron/neutron/api/extensions.py:415}}
May 28 07:26:12.278550 np0000001601 devstack@neutron-api.service[89964]: INFO neutron.api.extensions [None req-618b98a2-a86f-4392-8e12-b2f9de5dad49 None None] Loaded extension: enable-default-route-bfd
May 28 07:26:12.278639 np0000001601 devstack@neutron-api.service[89964]: DEBUG neutron.api.extensions [None req-618b98a2-a86f-4392-8e12-b2f9de5dad49 None None] Loading extension file: l3_enable_default_route_ecmp.py {{(pid=89964) _load_all_extensions_from_path /opt/stack/neutron/neutron/api/extensions.py:449}}
May 28 07:26:12.278858 np0000001601 devstack@neutron-api.service[89964]: DEBUG neutron.api.extensions [None req-618b98a2-a86f-4392-8e12-b2f9de5dad49 None None] Ext name="Enable Default Route ECMP" alias="enable-default-route-ecmp" description="Enables configurable ECMP behavior for default routes" updated="2023-02-27T00:00:00-00:00" {{(pid=89964) _check_extension /opt/stack/neutron/neutron/api/extensions.py:415}}
May 28 07:26:12.279041 np0000001601 devstack@neutron-api.service[89964]: INFO neutron.api.extensions [None req-618b98a2-a86f-4392-8e12-b2f9de5dad49 None None] Loaded extension: enable-default-route-ecmp
May 28 07:26:12.279095 np0000001601 devstack@neutron-api.service[89964]: DEBUG neutron.api.extensions [None req-618b98a2-a86f-4392-8e12-b2f9de5dad49 None None] Loading extension file: l3_ext_gw_mode.py {{(pid=89964) _load_all_extensions_from_path /opt/stack/neutron/neutron/api/extensions.py:449}}
May 28 07:26:12.279293 np0000001601 devstack@neutron-api.service[89966]: DEBUG neutron_lib.callbacks.manager [None req-a7c12035-50eb-4e64-9d2f-e2ee1fffa717 None None] Subscribe: > process before_spawn 55550000, False {{(pid=89966) subscribe /opt/stack/data/venv/lib/python3.12/site-packages/neutron_lib/callbacks/manager.py:52}}
May 28 07:26:12.279333 np0000001601 devstack@neutron-api.service[89964]: DEBUG neutron.api.extensions [None req-618b98a2-a86f-4392-8e12-b2f9de5dad49 None None] Ext name="Neutron L3 Configurable external gateway mode" alias="ext-gw-mode" description="Extension of the router abstraction for specifying whether SNAT should occur on the external gateway" updated="2013-03-28T10:00:00-00:00" {{(pid=89964) _check_extension /opt/stack/neutron/neutron/api/extensions.py:415}}
May 28 07:26:12.279421 np0000001601 devstack@neutron-api.service[89966]: DEBUG neutron_lib.callbacks.manager [None req-a7c12035-50eb-4e64-9d2f-e2ee1fffa717 None None] Subscribe: > process after_init 55550000, True {{(pid=89966) subscribe /opt/stack/data/venv/lib/python3.12/site-packages/neutron_lib/callbacks/manager.py:52}}
May 28 07:26:12.279473 np0000001601 devstack@neutron-api.service[89964]: INFO neutron.api.extensions [None req-618b98a2-a86f-4392-8e12-b2f9de5dad49 None None] Loaded extension: ext-gw-mode
May 28 07:26:12.279597 np0000001601 devstack@neutron-api.service[89966]: DEBUG neutron_lib.callbacks.manager [None req-a7c12035-50eb-4e64-9d2f-e2ee1fffa717 None None] Subscribe: > segment after_create 55550000, False {{(pid=89966) subscribe /opt/stack/data/venv/lib/python3.12/site-packages/neutron_lib/callbacks/manager.py:52}}
May 28 07:26:12.279634 np0000001601 devstack@neutron-api.service[89964]: DEBUG neutron.api.extensions [None req-618b98a2-a86f-4392-8e12-b2f9de5dad49 None None] Loading extension file: l3_ext_ha_mode.py {{(pid=89964) _load_all_extensions_from_path /opt/stack/neutron/neutron/api/extensions.py:449}}
May 28 07:26:12.279685 np0000001601 devstack@neutron-api.service[89966]: DEBUG neutron_lib.callbacks.manager [None req-a7c12035-50eb-4e64-9d2f-e2ee1fffa717 None None] Subscribe: > segment after_create 55550000, False {{(pid=89966) subscribe /opt/stack/data/venv/lib/python3.12/site-packages/neutron_lib/callbacks/manager.py:52}}
May 28 07:26:12.279787 np0000001601 devstack@neutron-api.service[89966]: DEBUG neutron_lib.callbacks.manager [None req-a7c12035-50eb-4e64-9d2f-e2ee1fffa717 None None] Subscribe: > segment after_delete 55550000, False {{(pid=89966) subscribe /opt/stack/data/venv/lib/python3.12/site-packages/neutron_lib/callbacks/manager.py:52}}
May 28 07:26:12.279842 np0000001601 devstack@neutron-api.service[89964]: DEBUG neutron.api.extensions [None req-618b98a2-a86f-4392-8e12-b2f9de5dad49 None None] Ext name="HA Router extension" alias="l3-ha" description="Adds HA capability to routers." updated="2014-04-26T00:00:00-00:00" {{(pid=89964) _check_extension /opt/stack/neutron/neutron/api/extensions.py:415}}
May 28 07:26:12.279917 np0000001601 devstack@neutron-api.service[89966]: DEBUG neutron_lib.callbacks.manager [None req-a7c12035-50eb-4e64-9d2f-e2ee1fffa717 None None] Subscribe: > allowed_address_pair before_create 55550000, False {{(pid=89966) subscribe /opt/stack/data/venv/lib/python3.12/site-packages/neutron_lib/callbacks/manager.py:52}}
May 28 07:26:12.279948 np0000001601 devstack@neutron-api.service[89964]: INFO neutron.api.extensions [None req-618b98a2-a86f-4392-8e12-b2f9de5dad49 None None] Loaded extension: l3-ha
May 28 07:26:12.280015 np0000001601 devstack@neutron-api.service[89966]: DEBUG neutron_lib.callbacks.manager [None req-a7c12035-50eb-4e64-9d2f-e2ee1fffa717 None None] Subscribe: > security_group precommit_create 55550000, False {{(pid=89966) subscribe /opt/stack/data/venv/lib/python3.12/site-packages/neutron_lib/callbacks/manager.py:52}}
May 28 07:26:12.280043 np0000001601 devstack@neutron-api.service[89964]: DEBUG neutron.api.extensions [None req-618b98a2-a86f-4392-8e12-b2f9de5dad49 None None] Loading extension file: l3_ext_ndp_proxy.py {{(pid=89964) _load_all_extensions_from_path /opt/stack/neutron/neutron/api/extensions.py:449}}
May 28 07:26:12.280094 np0000001601 devstack@neutron-api.service[89966]: DEBUG neutron_lib.callbacks.manager [None req-a7c12035-50eb-4e64-9d2f-e2ee1fffa717 None None] Subscribe: > security_group after_update 55550000, False {{(pid=89966) subscribe /opt/stack/data/venv/lib/python3.12/site-packages/neutron_lib/callbacks/manager.py:52}}
May 28 07:26:12.280213 np0000001601 devstack@neutron-api.service[89966]: DEBUG neutron_lib.callbacks.manager [None req-a7c12035-50eb-4e64-9d2f-e2ee1fffa717 None None] Subscribe: > security_group after_create 55550000, False {{(pid=89966) subscribe /opt/stack/data/venv/lib/python3.12/site-packages/neutron_lib/callbacks/manager.py:52}}
May 28 07:26:12.280250 np0000001601 devstack@neutron-api.service[89964]: DEBUG neutron.api.extensions [None req-618b98a2-a86f-4392-8e12-b2f9de5dad49 None None] Ext name="Router support to enable NDP proxy" alias="l3-ext-ndp-proxy" description="Router extension to enable ndp proxy" updated="2020-08-25T00:00:00-00:00" {{(pid=89964) _check_extension /opt/stack/neutron/neutron/api/extensions.py:415}}
May 28 07:26:12.280315 np0000001601 devstack@neutron-api.service[89966]: DEBUG neutron_lib.callbacks.manager [None req-a7c12035-50eb-4e64-9d2f-e2ee1fffa717 None None] Subscribe: > security_group precommit_delete 55550000, False {{(pid=89966) subscribe /opt/stack/data/venv/lib/python3.12/site-packages/neutron_lib/callbacks/manager.py:52}}
May 28 07:26:12.280356 np0000001601 devstack@neutron-api.service[89964]: INFO neutron.api.extensions [None req-618b98a2-a86f-4392-8e12-b2f9de5dad49 None None] Extension l3-ext-ndp-proxy not supported by any of loaded plugins
May 28 07:26:12.280417 np0000001601 devstack@neutron-api.service[89966]: DEBUG neutron_lib.callbacks.manager [None req-a7c12035-50eb-4e64-9d2f-e2ee1fffa717 None None] Subscribe: > security_group after_delete 55550000, False {{(pid=89966) subscribe /opt/stack/data/venv/lib/python3.12/site-packages/neutron_lib/callbacks/manager.py:52}}
May 28 07:26:12.280450 np0000001601 devstack@neutron-api.service[89964]: DEBUG neutron.api.extensions [None req-618b98a2-a86f-4392-8e12-b2f9de5dad49 None None] Loading extension file: l3_extra_gws.py {{(pid=89964) _load_all_extensions_from_path /opt/stack/neutron/neutron/api/extensions.py:449}}
May 28 07:26:12.280590 np0000001601 devstack@neutron-api.service[89966]: DEBUG neutron_lib.callbacks.manager [None req-a7c12035-50eb-4e64-9d2f-e2ee1fffa717 None None] Subscribe: > security_group_rule precommit_create 55550000, False {{(pid=89966) subscribe /opt/stack/data/venv/lib/python3.12/site-packages/neutron_lib/callbacks/manager.py:52}}
May 28 07:26:12.280590 np0000001601 devstack@neutron-api.service[89966]: DEBUG neutron_lib.callbacks.manager [None req-a7c12035-50eb-4e64-9d2f-e2ee1fffa717 None None] Subscribe: > security_group_rule after_create 55550000, False {{(pid=89966) subscribe /opt/stack/data/venv/lib/python3.12/site-packages/neutron_lib/callbacks/manager.py:52}}
May 28 07:26:12.280655 np0000001601 devstack@neutron-api.service[89964]: DEBUG neutron.api.extensions [None req-618b98a2-a86f-4392-8e12-b2f9de5dad49 None None] Ext name="Neutron L3 External Gateway Multihoming" alias="external-gateway-multihoming" description="Allow multiple external gateway ports per router" updated="2023-01-18T00:00:00-00:00" {{(pid=89964) _check_extension /opt/stack/neutron/neutron/api/extensions.py:415}}
May 28 07:26:12.280683 np0000001601 devstack@neutron-api.service[89966]: DEBUG neutron_lib.callbacks.manager [None req-a7c12035-50eb-4e64-9d2f-e2ee1fffa717 None None] Subscribe: > security_group_rule before_delete 55550000, False {{(pid=89966) subscribe /opt/stack/data/venv/lib/python3.12/site-packages/neutron_lib/callbacks/manager.py:52}}
May 28 07:26:12.280793 np0000001601 devstack@neutron-api.service[89964]: INFO neutron.api.extensions [None req-618b98a2-a86f-4392-8e12-b2f9de5dad49 None None] Loaded extension: external-gateway-multihoming
May 28 07:26:12.280826 np0000001601 devstack@neutron-api.service[89966]: DEBUG neutron_lib.callbacks.manager [None req-a7c12035-50eb-4e64-9d2f-e2ee1fffa717 None None] Subscribe: > address_group after_create 55550000, False {{(pid=89966) subscribe /opt/stack/data/venv/lib/python3.12/site-packages/neutron_lib/callbacks/manager.py:52}}
May 28 07:26:12.280885 np0000001601 devstack@neutron-api.service[89964]: DEBUG neutron.api.extensions [None req-618b98a2-a86f-4392-8e12-b2f9de5dad49 None None] Loading extension file: l3_flavors.py {{(pid=89964) _load_all_extensions_from_path /opt/stack/neutron/neutron/api/extensions.py:449}}
May 28 07:26:12.280930 np0000001601 devstack@neutron-api.service[89966]: DEBUG neutron_lib.callbacks.manager [None req-a7c12035-50eb-4e64-9d2f-e2ee1fffa717 None None] Subscribe: > address_group after_update 55550000, False {{(pid=89966) subscribe /opt/stack/data/venv/lib/python3.12/site-packages/neutron_lib/callbacks/manager.py:52}}
May 28 07:26:12.280996 np0000001601 devstack@neutron-api.service[89966]: DEBUG neutron_lib.callbacks.manager [None req-a7c12035-50eb-4e64-9d2f-e2ee1fffa717 None None] Subscribe: > address_group after_delete 55550000, False {{(pid=89966) subscribe /opt/stack/data/venv/lib/python3.12/site-packages/neutron_lib/callbacks/manager.py:52}}
May 28 07:26:12.281088 np0000001601 devstack@neutron-api.service[89964]: DEBUG neutron.api.extensions [None req-618b98a2-a86f-4392-8e12-b2f9de5dad49 None None] Ext name="Router Flavor Extension" alias="l3-flavors" description="Flavor support for routers." updated="2016-05-17T00:00:00-00:00" {{(pid=89964) _check_extension /opt/stack/neutron/neutron/api/extensions.py:415}}
May 28 07:26:12.281172 np0000001601 devstack@neutron-api.service[89966]: DEBUG neutron_lib.callbacks.manager [None req-a7c12035-50eb-4e64-9d2f-e2ee1fffa717 None None] Subscribe: > qos_plugin after_init 55550000, False {{(pid=89966) subscribe /opt/stack/data/venv/lib/python3.12/site-packages/neutron_lib/callbacks/manager.py:52}}
May 28 07:26:12.281229 np0000001601 devstack@neutron-api.service[89964]: INFO neutron.api.extensions [None req-618b98a2-a86f-4392-8e12-b2f9de5dad49 None None] Loaded extension: l3-flavors
May 28 07:26:12.281330 np0000001601 devstack@neutron-api.service[89964]: DEBUG neutron.api.extensions [None req-618b98a2-a86f-4392-8e12-b2f9de5dad49 None None] Loading extension file: l3_ndp_proxy.py {{(pid=89964) _load_all_extensions_from_path /opt/stack/neutron/neutron/api/extensions.py:449}}
May 28 07:26:12.281375 np0000001601 devstack@neutron-api.service[89966]: DEBUG neutron_lib.callbacks.manager [None req-a7c12035-50eb-4e64-9d2f-e2ee1fffa717 None None] Subscribe: > trunk_plugin after_init 55550000, False {{(pid=89966) subscribe /opt/stack/data/venv/lib/python3.12/site-packages/neutron_lib/callbacks/manager.py:52}}
May 28 07:26:12.281606 np0000001601 devstack@neutron-api.service[89966]: DEBUG neutron_lib.callbacks.manager [None req-a7c12035-50eb-4e64-9d2f-e2ee1fffa717 None None] Subscribe: > logging-plugin after_init 55550000, False {{(pid=89966) subscribe /opt/stack/data/venv/lib/python3.12/site-packages/neutron_lib/callbacks/manager.py:52}}
May 28 07:26:12.281630 np0000001601 devstack@neutron-api.service[89964]: DEBUG neutron.api.extensions [None req-618b98a2-a86f-4392-8e12-b2f9de5dad49 None None] Ext name="name" alias="l3-ndp-proxy" description="description" updated="2021-06-29T10:00:00-00:00" {{(pid=89964) _check_extension /opt/stack/neutron/neutron/api/extensions.py:415}}
May 28 07:26:12.281759 np0000001601 devstack@neutron-api.service[89964]: INFO neutron.api.extensions [None req-618b98a2-a86f-4392-8e12-b2f9de5dad49 None None] Extension l3-ndp-proxy not supported by any of loaded plugins
May 28 07:26:12.281841 np0000001601 devstack@neutron-api.service[89964]: DEBUG neutron.api.extensions [None req-618b98a2-a86f-4392-8e12-b2f9de5dad49 None None] Loading extension file: l3_port_ip_change_not_allowed.py {{(pid=89964) _load_all_extensions_from_path /opt/stack/neutron/neutron/api/extensions.py:449}}
May 28 07:26:12.282072 np0000001601 devstack@neutron-api.service[89964]: DEBUG neutron.api.extensions [None req-618b98a2-a86f-4392-8e12-b2f9de5dad49 None None] Ext name="Prevent L3 router ports IP address change extension" alias="l3-port-ip-change-not-allowed" description="Prevent change of IP address for some L3 router ports" updated="2018-10-09T10:00:00-00:00" {{(pid=89964) _check_extension /opt/stack/neutron/neutron/api/extensions.py:415}}
May 28 07:26:12.282097 np0000001601 devstack@neutron-api.service[89966]: INFO neutron.services.logapi.drivers.ovn.driver [None req-a7c12035-50eb-4e64-9d2f-e2ee1fffa717 None None] OVN logging driver registered
May 28 07:26:12.282179 np0000001601 devstack@neutron-api.service[89966]: DEBUG neutron_lib.callbacks.manager [None req-a7c12035-50eb-4e64-9d2f-e2ee1fffa717 None None] Subscribe: ._register_pvlan_driver at 0x75db0402eac0> pvlan_plugin after_init 55550000, False {{(pid=89966) subscribe /opt/stack/data/venv/lib/python3.12/site-packages/neutron_lib/callbacks/manager.py:52}}
May 28 07:26:12.282203 np0000001601 devstack@neutron-api.service[89964]: INFO neutron.api.extensions [None req-618b98a2-a86f-4392-8e12-b2f9de5dad49 None None] Extension l3-port-ip-change-not-allowed not supported by any of loaded plugins
May 28 07:26:12.282668 np0000001601 devstack@neutron-api.service[89964]: DEBUG neutron.api.extensions [None req-618b98a2-a86f-4392-8e12-b2f9de5dad49 None None] Loading extension file: l3agentscheduler.py {{(pid=89964) _load_all_extensions_from_path /opt/stack/neutron/neutron/api/extensions.py:449}}
May 28 07:26:12.282861 np0000001601 devstack@neutron-api.service[89964]: DEBUG neutron.api.extensions [None req-618b98a2-a86f-4392-8e12-b2f9de5dad49 None None] Ext name="L3 Agent Scheduler" alias="l3_agent_scheduler" description="Schedule routers among l3 agents" updated="2013-02-07T10:00:00-00:00" {{(pid=89964) _check_extension /opt/stack/neutron/neutron/api/extensions.py:415}}
May 28 07:26:12.283064 np0000001601 devstack@neutron-api.service[89964]: INFO neutron.api.extensions [None req-618b98a2-a86f-4392-8e12-b2f9de5dad49 None None] Extension l3_agent_scheduler not supported by any of loaded plugins
May 28 07:26:12.283095 np0000001601 devstack@neutron-api.service[89964]: DEBUG neutron.api.extensions [None req-618b98a2-a86f-4392-8e12-b2f9de5dad49 None None] Loading extension file: local_ip.py {{(pid=89964) _load_all_extensions_from_path /opt/stack/neutron/neutron/api/extensions.py:449}}
May 28 07:26:12.283443 np0000001601 devstack@neutron-api.service[89964]: DEBUG neutron.api.extensions [None req-618b98a2-a86f-4392-8e12-b2f9de5dad49 None None] Ext name="Local IP" alias="local_ip" description="Support Node Local Virtual IP" updated="2021-07-26T10:00:00-00:00" {{(pid=89964) _check_extension /opt/stack/neutron/neutron/api/extensions.py:415}}
May 28 07:26:12.283638 np0000001601 devstack@neutron-api.service[89964]: INFO neutron.api.extensions [None req-618b98a2-a86f-4392-8e12-b2f9de5dad49 None None] Extension local_ip not supported by any of loaded plugins
May 28 07:26:12.283706 np0000001601 devstack@neutron-api.service[89964]: DEBUG neutron.api.extensions [None req-618b98a2-a86f-4392-8e12-b2f9de5dad49 None None] Loading extension file: logging.py {{(pid=89964) _load_all_extensions_from_path /opt/stack/neutron/neutron/api/extensions.py:449}}
May 28 07:26:12.284020 np0000001601 devstack@neutron-api.service[89966]: DEBUG neutron.plugins.ml2.plugin [None req-a7c12035-50eb-4e64-9d2f-e2ee1fffa717 None None] neutron.plugins.ml2.plugin.Ml2Plugin method _start_rpc_notifiers called with arguments () {} {{(pid=89966) wrapper /opt/stack/data/venv/lib/python3.12/site-packages/oslo_log/helpers.py:77}}
May 28 07:26:12.284132 np0000001601 devstack@neutron-api.service[89964]: DEBUG neutron.api.extensions [None req-618b98a2-a86f-4392-8e12-b2f9de5dad49 None None] Ext name="Logging API Extension" alias="logging" description="Provides a logging API for resources such as security group and firewall." updated="2017-01-01T10:00:00-00:00" {{(pid=89964) _check_extension /opt/stack/neutron/neutron/api/extensions.py:415}}
May 28 07:26:12.284181 np0000001601 devstack@neutron-api.service[89966]: DEBUG neutron_lib.callbacks.manager [None req-a7c12035-50eb-4e64-9d2f-e2ee1fffa717 None None] Subscribe: > port after_create 55550000, False {{(pid=89966) subscribe /opt/stack/data/venv/lib/python3.12/site-packages/neutron_lib/callbacks/manager.py:52}}
May 28 07:26:12.284210 np0000001601 devstack@neutron-api.service[89964]: INFO neutron.api.extensions [None req-618b98a2-a86f-4392-8e12-b2f9de5dad49 None None] Extension logging not supported by any of loaded plugins
May 28 07:26:12.284274 np0000001601 devstack@neutron-api.service[89966]: DEBUG neutron_lib.callbacks.manager [None req-a7c12035-50eb-4e64-9d2f-e2ee1fffa717 None None] Subscribe: > port after_update 55550000, False {{(pid=89966) subscribe /opt/stack/data/venv/lib/python3.12/site-packages/neutron_lib/callbacks/manager.py:52}}
May 28 07:26:12.284309 np0000001601 devstack@neutron-api.service[89964]: DEBUG neutron.api.extensions [None req-618b98a2-a86f-4392-8e12-b2f9de5dad49 None None] Loading extension file: metering.py {{(pid=89964) _load_all_extensions_from_path /opt/stack/neutron/neutron/api/extensions.py:449}}
May 28 07:26:12.284332 np0000001601 devstack@neutron-api.service[89966]: DEBUG neutron_lib.callbacks.manager [None req-a7c12035-50eb-4e64-9d2f-e2ee1fffa717 None None] Subscribe: > port after_delete 55550000, False {{(pid=89966) subscribe /opt/stack/data/venv/lib/python3.12/site-packages/neutron_lib/callbacks/manager.py:52}}
May 28 07:26:12.284378 np0000001601 devstack@neutron-api.service[89966]: DEBUG neutron_lib.callbacks.manager [None req-a7c12035-50eb-4e64-9d2f-e2ee1fffa717 None None] Subscribe: > subnet after_create 55550000, False {{(pid=89966) subscribe /opt/stack/data/venv/lib/python3.12/site-packages/neutron_lib/callbacks/manager.py:52}}
May 28 07:26:12.284457 np0000001601 devstack@neutron-api.service[89966]: DEBUG neutron_lib.callbacks.manager [None req-a7c12035-50eb-4e64-9d2f-e2ee1fffa717 None None] Subscribe: > subnet after_update 55550000, False {{(pid=89966) subscribe /opt/stack/data/venv/lib/python3.12/site-packages/neutron_lib/callbacks/manager.py:52}}
May 28 07:26:12.284529 np0000001601 devstack@neutron-api.service[89966]: DEBUG neutron_lib.callbacks.manager [None req-a7c12035-50eb-4e64-9d2f-e2ee1fffa717 None None] Subscribe: > subnet after_delete 55550000, False {{(pid=89966) subscribe /opt/stack/data/venv/lib/python3.12/site-packages/neutron_lib/callbacks/manager.py:52}}
May 28 07:26:12.284642 np0000001601 devstack@neutron-api.service[89966]: DEBUG neutron_lib.callbacks.manager [None req-a7c12035-50eb-4e64-9d2f-e2ee1fffa717 None None] Subscribe: > network after_create 55550000, False {{(pid=89966) subscribe /opt/stack/data/venv/lib/python3.12/site-packages/neutron_lib/callbacks/manager.py:52}}
May 28 07:26:12.284765 np0000001601 devstack@neutron-api.service[89966]: DEBUG neutron_lib.callbacks.manager [None req-a7c12035-50eb-4e64-9d2f-e2ee1fffa717 None None] Subscribe: > network after_update 55550000, False {{(pid=89966) subscribe /opt/stack/data/venv/lib/python3.12/site-packages/neutron_lib/callbacks/manager.py:52}}
May 28 07:26:12.284822 np0000001601 devstack@neutron-api.service[89966]: DEBUG neutron_lib.callbacks.manager [None req-a7c12035-50eb-4e64-9d2f-e2ee1fffa717 None None] Subscribe: > network after_delete 55550000, False {{(pid=89966) subscribe /opt/stack/data/venv/lib/python3.12/site-packages/neutron_lib/callbacks/manager.py:52}}
May 28 07:26:12.284930 np0000001601 devstack@neutron-api.service[89966]: DEBUG neutron_lib.callbacks.manager [None req-a7c12035-50eb-4e64-9d2f-e2ee1fffa717 None None] Subscribe: > security_group after_create 55550000, False {{(pid=89966) subscribe /opt/stack/data/venv/lib/python3.12/site-packages/neutron_lib/callbacks/manager.py:52}}
May 28 07:26:12.285022 np0000001601 devstack@neutron-api.service[89966]: DEBUG neutron_lib.callbacks.manager [None req-a7c12035-50eb-4e64-9d2f-e2ee1fffa717 None None] Subscribe: > security_group after_update 55550000, False {{(pid=89966) subscribe /opt/stack/data/venv/lib/python3.12/site-packages/neutron_lib/callbacks/manager.py:52}}
May 28 07:26:12.285111 np0000001601 devstack@neutron-api.service[89966]: DEBUG neutron_lib.callbacks.manager [None req-a7c12035-50eb-4e64-9d2f-e2ee1fffa717 None None] Subscribe: > security_group after_delete 55550000, False {{(pid=89966) subscribe /opt/stack/data/venv/lib/python3.12/site-packages/neutron_lib/callbacks/manager.py:52}}
May 28 07:26:12.285230 np0000001601 devstack@neutron-api.service[89966]: DEBUG neutron_lib.callbacks.manager [None req-a7c12035-50eb-4e64-9d2f-e2ee1fffa717 None None] Subscribe: > security_group_rule after_create 55550000, False {{(pid=89966) subscribe /opt/stack/data/venv/lib/python3.12/site-packages/neutron_lib/callbacks/manager.py:52}}
May 28 07:26:12.285276 np0000001601 devstack@neutron-api.service[89966]: DEBUG neutron_lib.callbacks.manager [None req-a7c12035-50eb-4e64-9d2f-e2ee1fffa717 None None] Subscribe: > security_group_rule after_update 55550000, False {{(pid=89966) subscribe /opt/stack/data/venv/lib/python3.12/site-packages/neutron_lib/callbacks/manager.py:52}}
May 28 07:26:12.285370 np0000001601 devstack@neutron-api.service[89966]: DEBUG neutron_lib.callbacks.manager [None req-a7c12035-50eb-4e64-9d2f-e2ee1fffa717 None None] Subscribe: > security_group_rule after_delete 55550000, False {{(pid=89966) subscribe /opt/stack/data/venv/lib/python3.12/site-packages/neutron_lib/callbacks/manager.py:52}}
May 28 07:26:12.285487 np0000001601 devstack@neutron-api.service[89964]: DEBUG neutron.api.extensions [None req-618b98a2-a86f-4392-8e12-b2f9de5dad49 None None] Ext name="Neutron Metering" alias="metering" description="Neutron Metering extension." updated="2013-06-12T10:00:00-00:00" {{(pid=89964) _check_extension /opt/stack/neutron/neutron/api/extensions.py:415}}
May 28 07:26:12.285528 np0000001601 devstack@neutron-api.service[89966]: DEBUG neutron_lib.callbacks.manager [None req-a7c12035-50eb-4e64-9d2f-e2ee1fffa717 None None] Subscribe: > address_group after_create 55550000, False {{(pid=89966) subscribe /opt/stack/data/venv/lib/python3.12/site-packages/neutron_lib/callbacks/manager.py:52}}
May 28 07:26:12.285636 np0000001601 devstack@neutron-api.service[89966]: DEBUG neutron_lib.callbacks.manager [None req-a7c12035-50eb-4e64-9d2f-e2ee1fffa717 None None] Subscribe: > address_group after_update 55550000, False {{(pid=89966) subscribe /opt/stack/data/venv/lib/python3.12/site-packages/neutron_lib/callbacks/manager.py:52}}
May 28 07:26:12.285663 np0000001601 devstack@neutron-api.service[89964]: INFO neutron.api.extensions [None req-618b98a2-a86f-4392-8e12-b2f9de5dad49 None None] Extension metering not supported by any of loaded plugins
May 28 07:26:12.285714 np0000001601 devstack@neutron-api.service[89966]: DEBUG neutron_lib.callbacks.manager [None req-a7c12035-50eb-4e64-9d2f-e2ee1fffa717 None None] Subscribe: > address_group after_delete 55550000, False {{(pid=89966) subscribe /opt/stack/data/venv/lib/python3.12/site-packages/neutron_lib/callbacks/manager.py:52}}
May 28 07:26:12.285740 np0000001601 devstack@neutron-api.service[89964]: DEBUG neutron.api.extensions [None req-618b98a2-a86f-4392-8e12-b2f9de5dad49 None None] Loading extension file: metering_source_and_destination_fields.py {{(pid=89964) _load_all_extensions_from_path /opt/stack/neutron/neutron/api/extensions.py:449}}
May 28 07:26:12.285797 np0000001601 devstack@neutron-api.service[89966]: DEBUG neutron.plugins.ml2.ovo_rpc [None req-a7c12035-50eb-4e64-9d2f-e2ee1fffa717 None None] ML2 OVO RPC backend initialized. {{(pid=89966) __init__ /opt/stack/neutron/neutron/plugins/ml2/ovo_rpc.py:117}}
May 28 07:26:12.286017 np0000001601 devstack@neutron-api.service[89964]: DEBUG neutron.api.extensions [None req-618b98a2-a86f-4392-8e12-b2f9de5dad49 None None] Ext name="Neutron Metering with source and destination filtering" alias="metering_source_and_destination_fields" description="Neutron Metering extension that enables the use of source and destination IP prefixes to create metering label rules." updated="2020-08-21T08:12:00-00:00" {{(pid=89964) _check_extension /opt/stack/neutron/neutron/api/extensions.py:415}}
May 28 07:26:12.286177 np0000001601 devstack@neutron-api.service[89964]: INFO neutron.api.extensions [None req-618b98a2-a86f-4392-8e12-b2f9de5dad49 None None] Extension metering_source_and_destination_fields not supported by any of loaded plugins
May 28 07:26:12.286267 np0000001601 devstack@neutron-api.service[89964]: DEBUG neutron.api.extensions [None req-618b98a2-a86f-4392-8e12-b2f9de5dad49 None None] Loading extension file: multiprovidernet.py {{(pid=89964) _load_all_extensions_from_path /opt/stack/neutron/neutron/api/extensions.py:449}}
May 28 07:26:12.286487 np0000001601 devstack@neutron-api.service[89964]: DEBUG neutron.api.extensions [None req-618b98a2-a86f-4392-8e12-b2f9de5dad49 None None] Ext name="Multi Provider Network" alias="multi-provider" description="Expose mapping of virtual networks to multiple physical networks" updated="2013-06-27T10:00:00-00:00" {{(pid=89964) _check_extension /opt/stack/neutron/neutron/api/extensions.py:415}}
May 28 07:26:12.286585 np0000001601 devstack@neutron-api.service[89966]: INFO neutron.quota [None req-a7c12035-50eb-4e64-9d2f-e2ee1fffa717 None None] Loaded quota_driver: .
May 28 07:26:12.286686 np0000001601 devstack@neutron-api.service[89964]: INFO neutron.api.extensions [None req-618b98a2-a86f-4392-8e12-b2f9de5dad49 None None] Loaded extension: multi-provider
May 28 07:26:12.286726 np0000001601 devstack@neutron-api.service[89966]: INFO neutron.plugins.ml2.plugin [None req-a7c12035-50eb-4e64-9d2f-e2ee1fffa717 None None] Modular L2 Plugin initialization complete
May 28 07:26:12.286762 np0000001601 devstack@neutron-api.service[89964]: DEBUG neutron.api.extensions [None req-618b98a2-a86f-4392-8e12-b2f9de5dad49 None None] Loading extension file: netmtu.py {{(pid=89964) _load_all_extensions_from_path /opt/stack/neutron/neutron/api/extensions.py:449}}
May 28 07:26:12.286847 np0000001601 devstack@neutron-api.service[89966]: DEBUG neutron.manager [None req-a7c12035-50eb-4e64-9d2f-e2ee1fffa717 None None] Loading services supported by the core plugin {{(pid=89966) _load_services_from_core_plugin /opt/stack/neutron/neutron/manager.py:170}}
May 28 07:26:12.286956 np0000001601 devstack@neutron-api.service[89966]: INFO neutron.plugins.ml2.managers [None req-a7c12035-50eb-4e64-9d2f-e2ee1fffa717 None None] Got port-security extension from driver 'port_security'
May 28 07:26:12.287001 np0000001601 devstack@neutron-api.service[89964]: DEBUG neutron.api.extensions [None req-618b98a2-a86f-4392-8e12-b2f9de5dad49 None None] Ext name="Network MTU" alias="net-mtu" description="Provides MTU attribute for a network resource." updated="2015-03-25T10:00:00-00:00" {{(pid=89964) _check_extension /opt/stack/neutron/neutron/api/extensions.py:415}}
May 28 07:26:12.287131 np0000001601 devstack@neutron-api.service[89964]: INFO neutron.api.extensions [None req-618b98a2-a86f-4392-8e12-b2f9de5dad49 None None] Loaded extension: net-mtu
May 28 07:26:12.287202 np0000001601 devstack@neutron-api.service[89964]: DEBUG neutron.api.extensions [None req-618b98a2-a86f-4392-8e12-b2f9de5dad49 None None] Loading extension file: netmtu_writable.py {{(pid=89964) _load_all_extensions_from_path /opt/stack/neutron/neutron/api/extensions.py:449}}
May 28 07:26:12.287229 np0000001601 devstack@neutron-api.service[89966]: DEBUG neutron.manager [None req-a7c12035-50eb-4e64-9d2f-e2ee1fffa717 None None] Loading service plugins: ['ovn-router', 'auto_allocate', 'tag', 'timestamp', 'network_ip_availability', 'flavors', 'revisions'] {{(pid=89966) _load_service_plugins /opt/stack/neutron/neutron/manager.py:195}}
May 28 07:26:12.287291 np0000001601 devstack@neutron-api.service[89966]: INFO neutron.manager [None req-a7c12035-50eb-4e64-9d2f-e2ee1fffa717 None None] Loading Plugin: ovn-router
May 28 07:26:12.287436 np0000001601 devstack@neutron-api.service[89964]: DEBUG neutron.api.extensions [None req-618b98a2-a86f-4392-8e12-b2f9de5dad49 None None] Ext name="Network MTU (writable)" alias="net-mtu-writable" description="Provides a writable MTU attribute for a network resource." updated="2017-07-12T00:00:00-00:00" {{(pid=89964) _check_extension /opt/stack/neutron/neutron/api/extensions.py:415}}
May 28 07:26:12.287583 np0000001601 devstack@neutron-api.service[89964]: INFO neutron.api.extensions [None req-618b98a2-a86f-4392-8e12-b2f9de5dad49 None None] Loaded extension: net-mtu-writable
May 28 07:26:12.287668 np0000001601 devstack@neutron-api.service[89964]: DEBUG neutron.api.extensions [None req-618b98a2-a86f-4392-8e12-b2f9de5dad49 None None] Loading extension file: network_availability_zone.py {{(pid=89964) _load_all_extensions_from_path /opt/stack/neutron/neutron/api/extensions.py:449}}
May 28 07:26:12.287949 np0000001601 devstack@neutron-api.service[89964]: DEBUG neutron.api.extensions [None req-618b98a2-a86f-4392-8e12-b2f9de5dad49 None None] Ext name="Network Availability Zone" alias="network_availability_zone" description="Availability zone support for network." updated="2015-01-01T10:00:00-00:00" {{(pid=89964) _check_extension /opt/stack/neutron/neutron/api/extensions.py:415}}
May 28 07:26:12.288094 np0000001601 devstack@neutron-api.service[89964]: INFO neutron.api.extensions [None req-618b98a2-a86f-4392-8e12-b2f9de5dad49 None None] Loaded extension: network_availability_zone
May 28 07:26:12.288173 np0000001601 devstack@neutron-api.service[89964]: DEBUG neutron.api.extensions [None req-618b98a2-a86f-4392-8e12-b2f9de5dad49 None None] Loading extension file: network_ha.py {{(pid=89964) _load_all_extensions_from_path /opt/stack/neutron/neutron/api/extensions.py:449}}
May 28 07:26:12.288384 np0000001601 devstack@neutron-api.service[89964]: DEBUG neutron.api.extensions [None req-618b98a2-a86f-4392-8e12-b2f9de5dad49 None None] Ext name="Network HA creation flag" alias="network_ha" description="Network high availability creation flag." updated="2023-04-27T10:00:00-00:00" {{(pid=89964) _check_extension /opt/stack/neutron/neutron/api/extensions.py:415}}
May 28 07:26:12.288521 np0000001601 devstack@neutron-api.service[89964]: INFO neutron.api.extensions [None req-618b98a2-a86f-4392-8e12-b2f9de5dad49 None None] Extension network_ha not supported by any of loaded plugins
May 28 07:26:12.288618 np0000001601 devstack@neutron-api.service[89964]: DEBUG neutron.api.extensions [None req-618b98a2-a86f-4392-8e12-b2f9de5dad49 None None] Loading extension file: network_ip_availability.py {{(pid=89964) _load_all_extensions_from_path /opt/stack/neutron/neutron/api/extensions.py:449}}
May 28 07:26:12.288838 np0000001601 devstack@neutron-api.service[89964]: DEBUG neutron.api.extensions [None req-618b98a2-a86f-4392-8e12-b2f9de5dad49 None None] Ext name="Network IP Availability" alias="network-ip-availability" description="Provides IP availability data for each network and subnet." updated="2015-09-24T00:00:00-00:00" {{(pid=89964) _check_extension /opt/stack/neutron/neutron/api/extensions.py:415}}
May 28 07:26:12.289046 np0000001601 devstack@neutron-api.service[89964]: INFO neutron.api.extensions [None req-618b98a2-a86f-4392-8e12-b2f9de5dad49 None None] Loaded extension: network-ip-availability
May 28 07:26:12.289089 np0000001601 devstack@neutron-api.service[89964]: DEBUG neutron.api.extensions [None req-618b98a2-a86f-4392-8e12-b2f9de5dad49 None None] Loading extension file: network_ip_availability_details.py {{(pid=89964) _load_all_extensions_from_path /opt/stack/neutron/neutron/api/extensions.py:449}}
May 28 07:26:12.289332 np0000001601 devstack@neutron-api.service[89964]: DEBUG neutron.api.extensions [None req-618b98a2-a86f-4392-8e12-b2f9de5dad49 None None] Ext name="Network IP Availability Details Extension" alias="network-ip-availability-details" description="Add ip_availability_details attribute to network-ip-availabilities resource." updated="2025-10-31T00:00:00-00:00" {{(pid=89964) _check_extension /opt/stack/neutron/neutron/api/extensions.py:415}}
May 28 07:26:12.289479 np0000001601 devstack@neutron-api.service[89964]: INFO neutron.api.extensions [None req-618b98a2-a86f-4392-8e12-b2f9de5dad49 None None] Loaded extension: network-ip-availability-details
May 28 07:26:12.289574 np0000001601 devstack@neutron-api.service[89964]: DEBUG neutron.api.extensions [None req-618b98a2-a86f-4392-8e12-b2f9de5dad49 None None] Loading extension file: network_segment_range.py {{(pid=89964) _load_all_extensions_from_path /opt/stack/neutron/neutron/api/extensions.py:449}}
May 28 07:26:12.289898 np0000001601 devstack@neutron-api.service[89964]: DEBUG neutron.api.extensions [None req-618b98a2-a86f-4392-8e12-b2f9de5dad49 None None] Ext name="Neutron Network Segment Range" alias="network-segment-range" description="Provides support for the network segment range management" updated="2018-11-29T00:00:00-00:00" {{(pid=89964) _check_extension /opt/stack/neutron/neutron/api/extensions.py:415}}
May 28 07:26:12.290020 np0000001601 devstack@neutron-api.service[89964]: INFO neutron.api.extensions [None req-618b98a2-a86f-4392-8e12-b2f9de5dad49 None None] Extension network-segment-range not supported by any of loaded plugins
May 28 07:26:12.290096 np0000001601 devstack@neutron-api.service[89964]: DEBUG neutron.api.extensions [None req-618b98a2-a86f-4392-8e12-b2f9de5dad49 None None] Loading extension file: pagination.py {{(pid=89964) _load_all_extensions_from_path /opt/stack/neutron/neutron/api/extensions.py:449}}
May 28 07:26:12.290384 np0000001601 devstack@neutron-api.service[89964]: DEBUG neutron.api.extensions [None req-618b98a2-a86f-4392-8e12-b2f9de5dad49 None None] Ext name="Pagination support" alias="pagination" description="Extension that indicates that pagination is enabled." updated="2016-06-12T00:00:00-00:00" {{(pid=89964) _check_extension /opt/stack/neutron/neutron/api/extensions.py:415}}
May 28 07:26:12.290384 np0000001601 devstack@neutron-api.service[89964]: INFO neutron.api.extensions [None req-618b98a2-a86f-4392-8e12-b2f9de5dad49 None None] Loaded extension: pagination
May 28 07:26:12.290488 np0000001601 devstack@neutron-api.service[89964]: DEBUG neutron.api.extensions [None req-618b98a2-a86f-4392-8e12-b2f9de5dad49 None None] Loading extension file: port_device_profile.py {{(pid=89964) _load_all_extensions_from_path /opt/stack/neutron/neutron/api/extensions.py:449}}
May 28 07:26:12.290709 np0000001601 devstack@neutron-api.service[89964]: DEBUG neutron.api.extensions [None req-618b98a2-a86f-4392-8e12-b2f9de5dad49 None None] Ext name="Port device profile" alias="port-device-profile" description="Expose the port device profile (Cyborg)" updated="2020-12-17T10:00:00-00:00" {{(pid=89964) _check_extension /opt/stack/neutron/neutron/api/extensions.py:415}}
May 28 07:26:12.290826 np0000001601 devstack@neutron-api.service[89964]: INFO neutron.api.extensions [None req-618b98a2-a86f-4392-8e12-b2f9de5dad49 None None] Loaded extension: port-device-profile
May 28 07:26:12.290918 np0000001601 devstack@neutron-api.service[89964]: DEBUG neutron.api.extensions [None req-618b98a2-a86f-4392-8e12-b2f9de5dad49 None None] Loading extension file: port_hardware_offload_type.py {{(pid=89964) _load_all_extensions_from_path /opt/stack/neutron/neutron/api/extensions.py:449}}
May 28 07:26:12.291138 np0000001601 devstack@neutron-api.service[89964]: DEBUG neutron.api.extensions [None req-618b98a2-a86f-4392-8e12-b2f9de5dad49 None None] Ext name="Port hardware offload" alias="port-hardware-offload-type" description="Expose port hardware offload extension" updated="2023-05-09T10:00:00-00:00" {{(pid=89964) _check_extension /opt/stack/neutron/neutron/api/extensions.py:415}}
May 28 07:26:12.291303 np0000001601 devstack@neutron-api.service[89964]: INFO neutron.api.extensions [None req-618b98a2-a86f-4392-8e12-b2f9de5dad49 None None] Extension port-hardware-offload-type not supported by any of loaded plugins
May 28 07:26:12.291373 np0000001601 devstack@neutron-api.service[89964]: DEBUG neutron.api.extensions [None req-618b98a2-a86f-4392-8e12-b2f9de5dad49 None None] Loading extension file: port_hint_ovs_tx_steering.py {{(pid=89964) _load_all_extensions_from_path /opt/stack/neutron/neutron/api/extensions.py:449}}
May 28 07:26:12.291600 np0000001601 devstack@neutron-api.service[89964]: DEBUG neutron.api.extensions [None req-618b98a2-a86f-4392-8e12-b2f9de5dad49 None None] Ext name="Port hint: Open vSwitch Tx steering" alias="port-hint-ovs-tx-steering" description="Enable Port hint: Open vSwitch Tx steering" updated="2023-01-01T00:00:00-00:00" {{(pid=89964) _check_extension /opt/stack/neutron/neutron/api/extensions.py:415}}
May 28 07:26:12.291743 np0000001601 devstack@neutron-api.service[89964]: INFO neutron.api.extensions [None req-618b98a2-a86f-4392-8e12-b2f9de5dad49 None None] Extension port-hint-ovs-tx-steering not supported by any of loaded plugins
May 28 07:26:12.291812 np0000001601 devstack@neutron-api.service[89964]: DEBUG neutron.api.extensions [None req-618b98a2-a86f-4392-8e12-b2f9de5dad49 None None] Loading extension file: port_hints.py {{(pid=89964) _load_all_extensions_from_path /opt/stack/neutron/neutron/api/extensions.py:449}}
May 28 07:26:12.292037 np0000001601 devstack@neutron-api.service[89964]: DEBUG neutron.api.extensions [None req-618b98a2-a86f-4392-8e12-b2f9de5dad49 None None] Ext name="Port hints" alias="port-hints" description="Backend specific port hints to allow backend specific tuning" updated="2023-01-01T00:00:00-00:00" {{(pid=89964) _check_extension /opt/stack/neutron/neutron/api/extensions.py:415}}
May 28 07:26:12.292171 np0000001601 devstack@neutron-api.service[89964]: INFO neutron.api.extensions [None req-618b98a2-a86f-4392-8e12-b2f9de5dad49 None None] Extension port-hints not supported by any of loaded plugins
May 28 07:26:12.292237 np0000001601 devstack@neutron-api.service[89964]: DEBUG neutron.api.extensions [None req-618b98a2-a86f-4392-8e12-b2f9de5dad49 None None] Loading extension file: port_mac_address_override.py {{(pid=89964) _load_all_extensions_from_path /opt/stack/neutron/neutron/api/extensions.py:449}}
