Jul 07 12:58:03.732556 np0000004724 systemd[1]: Starting devstack@n-api-meta.service - Devstack devstack@n-api-meta.service...
Jul 07 12:58:03.738418 np0000004724 devstack@n-api-meta.service[95659]: [uWSGI] getting INI configuration from /etc/nova/nova-metadata-uwsgi.ini
Jul 07 12:58:03.740864 np0000004724 devstack@n-api-meta.service[95659]: *** Starting uWSGI 2.0.24-debian (64bit) on [Tue Jul 7 12:58:03 2026] ***
Jul 07 12:58:03.740864 np0000004724 devstack@n-api-meta.service[95659]: compiled with version: 13.2.0 on 17 April 2024 16:23:48
Jul 07 12:58:03.740864 np0000004724 devstack@n-api-meta.service[95659]: os: Linux-6.8.0-100-generic #100-Ubuntu SMP PREEMPT_DYNAMIC Tue Jan 13 16:40:06 UTC 2026
Jul 07 12:58:03.740864 np0000004724 devstack@n-api-meta.service[95659]: nodename: np0000004724
Jul 07 12:58:03.740864 np0000004724 devstack@n-api-meta.service[95659]: machine: x86_64
Jul 07 12:58:03.740864 np0000004724 devstack@n-api-meta.service[95659]: clock source: unix
Jul 07 12:58:03.740864 np0000004724 devstack@n-api-meta.service[95659]: pcre jit disabled
Jul 07 12:58:03.740864 np0000004724 devstack@n-api-meta.service[95659]: detected number of CPU cores: 16
Jul 07 12:58:03.740864 np0000004724 devstack@n-api-meta.service[95659]: current working directory: /
Jul 07 12:58:03.740864 np0000004724 devstack@n-api-meta.service[95659]: detected binary path: /usr/bin/uwsgi-core
Jul 07 12:58:03.740864 np0000004724 devstack@n-api-meta.service[95659]: your processes number limit is 257052
Jul 07 12:58:03.740864 np0000004724 devstack@n-api-meta.service[95659]: your memory page size is 4096 bytes
Jul 07 12:58:03.740864 np0000004724 devstack@n-api-meta.service[95659]: detected max file descriptor number: 2048
Jul 07 12:58:03.740864 np0000004724 devstack@n-api-meta.service[95659]: lock engine: pthread robust mutexes
Jul 07 12:58:03.741287 np0000004724 devstack@n-api-meta.service[95659]: thunder lock: enabled
Jul 07 12:58:03.741368 np0000004724 devstack@n-api-meta.service[95659]: uWSGI http bound on 0.0.0.0:8775 fd 5
Jul 07 12:58:03.741409 np0000004724 devstack@n-api-meta.service[95659]: uwsgi socket 0 bound to TCP address 127.0.0.1:38149 (port auto-assigned) fd 4
Jul 07 12:58:03.741449 np0000004724 devstack@n-api-meta.service[95659]: Python version: 3.12.3 (main, Jun 19 2026, 12:46:00) [GCC 13.3.0]
Jul 07 12:58:03.741449 np0000004724 devstack@n-api-meta.service[95659]: PEP 405 virtualenv detected: /opt/stack/data/venv
Jul 07 12:58:03.741449 np0000004724 devstack@n-api-meta.service[95659]: Set PythonHome to /opt/stack/data/venv
Jul 07 12:58:03.775665 np0000004724 devstack@n-api-meta.service[95659]: Python main interpreter initialized at 0x79a89aca4668
Jul 07 12:58:03.775665 np0000004724 devstack@n-api-meta.service[95659]: python threads support enabled
Jul 07 12:58:03.775665 np0000004724 devstack@n-api-meta.service[95659]: your server socket listen backlog is limited to 100 connections
Jul 07 12:58:03.775665 np0000004724 devstack@n-api-meta.service[95659]: your mercy for graceful operations on workers is 80 seconds
Jul 07 12:58:03.776194 np0000004724 devstack@n-api-meta.service[95659]: mapped 671795 bytes (656 KB) for 4 cores
Jul 07 12:58:03.776329 np0000004724 devstack@n-api-meta.service[95659]: *** Operational MODE: preforking ***
Jul 07 12:58:03.776496 np0000004724 devstack@n-api-meta.service[95659]: *** uWSGI is running in multiple interpreter mode ***
Jul 07 12:58:03.776496 np0000004724 devstack@n-api-meta.service[95659]: spawned uWSGI master process (pid: 95659)
Jul 07 12:58:03.776680 np0000004724 systemd[1]: Started devstack@n-api-meta.service - Devstack devstack@n-api-meta.service.
Jul 07 12:58:03.777029 np0000004724 devstack@n-api-meta.service[95659]: spawned uWSGI worker 1 (pid: 95662, cores: 1)
Jul 07 12:58:03.777518 np0000004724 devstack@n-api-meta.service[95659]: spawned uWSGI worker 2 (pid: 95663, cores: 1)
Jul 07 12:58:03.778005 np0000004724 devstack@n-api-meta.service[95659]: spawned uWSGI worker 3 (pid: 95664, cores: 1)
Jul 07 12:58:03.778414 np0000004724 devstack@n-api-meta.service[95659]: spawned uWSGI worker 4 (pid: 95665, cores: 1)
Jul 07 12:58:03.778950 np0000004724 devstack@n-api-meta.service[95659]: spawned uWSGI http 1 (pid: 95666)
Jul 07 12:58:03.778950 np0000004724 devstack@n-api-meta.service[95659]: running "unix_signal:15 gracefully_kill_them_all" (master-start)...
Jul 07 12:58:05.385542 np0000004724 devstack@n-api-meta.service[95664]: INFO dbcounter [None req-6191add1-2299-40c7-b205-68b70f236ffc None None] Registered counter for database nova_api
Jul 07 12:58:05.429632 np0000004724 devstack@n-api-meta.service[95664]: DEBUG oslo_db.sqlalchemy.engines [None req-6191add1-2299-40c7-b205-68b70f236ffc None None] MySQL server mode set to STRICT_TRANS_TABLES,STRICT_ALL_TABLES,NO_ZERO_IN_DATE,NO_ZERO_DATE,ERROR_FOR_DIVISION_BY_ZERO,TRADITIONAL,NO_ENGINE_SUBSTITUTION {{(pid=95664) _check_effective_sql_mode /opt/stack/data/venv/lib/python3.12/site-packages/oslo_db/sqlalchemy/engines.py:325}}
Jul 07 12:58:05.460119 np0000004724 devstack@n-api-meta.service[95664]: DEBUG dbcounter [-] [95664] Writer thread running {{(pid=95664) stat_writer /opt/stack/data/venv/lib/python3.12/site-packages/dbcounter.py:102}}
Jul 07 12:58:05.462324 np0000004724 devstack@n-api-meta.service[95664]: DEBUG nova.context [None req-6191add1-2299-40c7-b205-68b70f236ffc None None] Found 2 cells: 00000000-0000-0000-0000-000000000000(cell0),d3f3c257-c117-4c5d-8f3e-c459e8ec8f00(cell1) {{(pid=95664) load_cells /opt/stack/nova/nova/context.py:509}}
Jul 07 12:58:05.462551 np0000004724 devstack@n-api-meta.service[95664]: INFO nova.utils [None req-6191add1-2299-40c7-b205-68b70f236ffc None None] The cell worker thread pool MainProcess.cell_worker is initialized
Jul 07 12:58:05.464146 np0000004724 devstack@n-api-meta.service[95664]: DEBUG oslo_concurrency.lockutils [None req-6191add1-2299-40c7-b205-68b70f236ffc None None] Acquiring lock "00000000-0000-0000-0000-000000000000" by "nova.context.set_target_cell..get_or_set_cached_cell_and_set_connections" {{(pid=95664) inner /opt/stack/data/venv/lib/python3.12/site-packages/oslo_concurrency/lockutils.py:511}}
Jul 07 12:58:05.464312 np0000004724 devstack@n-api-meta.service[95664]: DEBUG oslo_concurrency.lockutils [None req-6191add1-2299-40c7-b205-68b70f236ffc None None] Lock "00000000-0000-0000-0000-000000000000" acquired by "nova.context.set_target_cell..get_or_set_cached_cell_and_set_connections" :: waited 0.000s {{(pid=95664) inner /opt/stack/data/venv/lib/python3.12/site-packages/oslo_concurrency/lockutils.py:524}}
Jul 07 12:58:05.464640 np0000004724 devstack@n-api-meta.service[95664]: DEBUG oslo_concurrency.lockutils [None req-6191add1-2299-40c7-b205-68b70f236ffc None None] Lock "00000000-0000-0000-0000-000000000000" "released" by "nova.context.set_target_cell..get_or_set_cached_cell_and_set_connections" :: held 0.000s {{(pid=95664) inner /opt/stack/data/venv/lib/python3.12/site-packages/oslo_concurrency/lockutils.py:543}}
Jul 07 12:58:05.465469 np0000004724 devstack@n-api-meta.service[95664]: DEBUG oslo_concurrency.lockutils [None req-6191add1-2299-40c7-b205-68b70f236ffc None None] Acquiring lock "d3f3c257-c117-4c5d-8f3e-c459e8ec8f00" by "nova.context.set_target_cell..get_or_set_cached_cell_and_set_connections" {{(pid=95664) inner /opt/stack/data/venv/lib/python3.12/site-packages/oslo_concurrency/lockutils.py:511}}
Jul 07 12:58:05.465569 np0000004724 devstack@n-api-meta.service[95664]: DEBUG oslo_concurrency.lockutils [None req-6191add1-2299-40c7-b205-68b70f236ffc None None] Lock "d3f3c257-c117-4c5d-8f3e-c459e8ec8f00" acquired by "nova.context.set_target_cell..get_or_set_cached_cell_and_set_connections" :: waited 0.000s {{(pid=95664) inner /opt/stack/data/venv/lib/python3.12/site-packages/oslo_concurrency/lockutils.py:524}}
Jul 07 12:58:05.466517 np0000004724 devstack@n-api-meta.service[95664]: DEBUG oslo_concurrency.lockutils [None req-6191add1-2299-40c7-b205-68b70f236ffc None None] Lock "d3f3c257-c117-4c5d-8f3e-c459e8ec8f00" "released" by "nova.context.set_target_cell..get_or_set_cached_cell_and_set_connections" :: held 0.001s {{(pid=95664) inner /opt/stack/data/venv/lib/python3.12/site-packages/oslo_concurrency/lockutils.py:543}}
Jul 07 12:58:05.468641 np0000004724 devstack@n-api-meta.service[95664]: INFO dbcounter [None req-6191add1-2299-40c7-b205-68b70f236ffc None None] Registered counter for database nova_cell0
Jul 07 12:58:05.472226 np0000004724 devstack@n-api-meta.service[95664]: INFO dbcounter [None req-6191add1-2299-40c7-b205-68b70f236ffc None None] Registered counter for database nova_cell1
Jul 07 12:58:05.490575 np0000004724 devstack@n-api-meta.service[95663]: INFO dbcounter [None req-7a7421bc-208a-41dd-be4f-27b2b331b9c2 None None] Registered counter for database nova_api
Jul 07 12:58:05.513230 np0000004724 devstack@n-api-meta.service[95665]: INFO dbcounter [None req-5c8c014a-7515-4500-98df-52bab155a0d9 None None] Registered counter for database nova_api
Jul 07 12:58:05.528357 np0000004724 devstack@n-api-meta.service[95664]: DEBUG oslo_db.sqlalchemy.engines [None req-6191add1-2299-40c7-b205-68b70f236ffc None None] MySQL server mode set to STRICT_TRANS_TABLES,STRICT_ALL_TABLES,NO_ZERO_IN_DATE,NO_ZERO_DATE,ERROR_FOR_DIVISION_BY_ZERO,TRADITIONAL,NO_ENGINE_SUBSTITUTION {{(pid=95664) _check_effective_sql_mode /opt/stack/data/venv/lib/python3.12/site-packages/oslo_db/sqlalchemy/engines.py:325}}
Jul 07 12:58:05.545572 np0000004724 devstack@n-api-meta.service[95663]: DEBUG oslo_db.sqlalchemy.engines [None req-7a7421bc-208a-41dd-be4f-27b2b331b9c2 None None] MySQL server mode set to STRICT_TRANS_TABLES,STRICT_ALL_TABLES,NO_ZERO_IN_DATE,NO_ZERO_DATE,ERROR_FOR_DIVISION_BY_ZERO,TRADITIONAL,NO_ENGINE_SUBSTITUTION {{(pid=95663) _check_effective_sql_mode /opt/stack/data/venv/lib/python3.12/site-packages/oslo_db/sqlalchemy/engines.py:325}}
Jul 07 12:58:05.556931 np0000004724 devstack@n-api-meta.service[95665]: DEBUG oslo_db.sqlalchemy.engines [None req-5c8c014a-7515-4500-98df-52bab155a0d9 None None] MySQL server mode set to STRICT_TRANS_TABLES,STRICT_ALL_TABLES,NO_ZERO_IN_DATE,NO_ZERO_DATE,ERROR_FOR_DIVISION_BY_ZERO,TRADITIONAL,NO_ENGINE_SUBSTITUTION {{(pid=95665) _check_effective_sql_mode /opt/stack/data/venv/lib/python3.12/site-packages/oslo_db/sqlalchemy/engines.py:325}}
Jul 07 12:58:05.575902 np0000004724 devstack@n-api-meta.service[95663]: DEBUG dbcounter [-] [95663] Writer thread running {{(pid=95663) stat_writer /opt/stack/data/venv/lib/python3.12/site-packages/dbcounter.py:102}}
Jul 07 12:58:05.578577 np0000004724 devstack@n-api-meta.service[95663]: DEBUG nova.context [None req-7a7421bc-208a-41dd-be4f-27b2b331b9c2 None None] Found 2 cells: 00000000-0000-0000-0000-000000000000(cell0),d3f3c257-c117-4c5d-8f3e-c459e8ec8f00(cell1) {{(pid=95663) load_cells /opt/stack/nova/nova/context.py:509}}
Jul 07 12:58:05.578833 np0000004724 devstack@n-api-meta.service[95663]: INFO nova.utils [None req-7a7421bc-208a-41dd-be4f-27b2b331b9c2 None None] The cell worker thread pool MainProcess.cell_worker is initialized
Jul 07 12:58:05.580467 np0000004724 devstack@n-api-meta.service[95663]: DEBUG oslo_concurrency.lockutils [None req-7a7421bc-208a-41dd-be4f-27b2b331b9c2 None None] Acquiring lock "00000000-0000-0000-0000-000000000000" by "nova.context.set_target_cell..get_or_set_cached_cell_and_set_connections" {{(pid=95663) inner /opt/stack/data/venv/lib/python3.12/site-packages/oslo_concurrency/lockutils.py:511}}
Jul 07 12:58:05.580617 np0000004724 devstack@n-api-meta.service[95663]: DEBUG oslo_concurrency.lockutils [None req-7a7421bc-208a-41dd-be4f-27b2b331b9c2 None None] Lock "00000000-0000-0000-0000-000000000000" acquired by "nova.context.set_target_cell..get_or_set_cached_cell_and_set_connections" :: waited 0.000s {{(pid=95663) inner /opt/stack/data/venv/lib/python3.12/site-packages/oslo_concurrency/lockutils.py:524}}
Jul 07 12:58:05.580961 np0000004724 devstack@n-api-meta.service[95663]: DEBUG oslo_concurrency.lockutils [None req-7a7421bc-208a-41dd-be4f-27b2b331b9c2 None None] Lock "00000000-0000-0000-0000-000000000000" "released" by "nova.context.set_target_cell..get_or_set_cached_cell_and_set_connections" :: held 0.000s {{(pid=95663) inner /opt/stack/data/venv/lib/python3.12/site-packages/oslo_concurrency/lockutils.py:543}}
Jul 07 12:58:05.581553 np0000004724 devstack@n-api-meta.service[95663]: DEBUG oslo_concurrency.lockutils [None req-7a7421bc-208a-41dd-be4f-27b2b331b9c2 None None] Acquiring lock "d3f3c257-c117-4c5d-8f3e-c459e8ec8f00" by "nova.context.set_target_cell..get_or_set_cached_cell_and_set_connections" {{(pid=95663) inner /opt/stack/data/venv/lib/python3.12/site-packages/oslo_concurrency/lockutils.py:511}}
Jul 07 12:58:05.581686 np0000004724 devstack@n-api-meta.service[95663]: DEBUG oslo_concurrency.lockutils [None req-7a7421bc-208a-41dd-be4f-27b2b331b9c2 None None] Lock "d3f3c257-c117-4c5d-8f3e-c459e8ec8f00" acquired by "nova.context.set_target_cell..get_or_set_cached_cell_and_set_connections" :: waited 0.000s {{(pid=95663) inner /opt/stack/data/venv/lib/python3.12/site-packages/oslo_concurrency/lockutils.py:524}}
Jul 07 12:58:05.582432 np0000004724 devstack@n-api-meta.service[95663]: DEBUG oslo_concurrency.lockutils [None req-7a7421bc-208a-41dd-be4f-27b2b331b9c2 None None] Lock "d3f3c257-c117-4c5d-8f3e-c459e8ec8f00" "released" by "nova.context.set_target_cell..get_or_set_cached_cell_and_set_connections" :: held 0.001s {{(pid=95663) inner /opt/stack/data/venv/lib/python3.12/site-packages/oslo_concurrency/lockutils.py:543}}
Jul 07 12:58:05.584237 np0000004724 devstack@n-api-meta.service[95663]: INFO dbcounter [None req-7a7421bc-208a-41dd-be4f-27b2b331b9c2 None None] Registered counter for database nova_cell0
Jul 07 12:58:05.587560 np0000004724 devstack@n-api-meta.service[95665]: DEBUG dbcounter [-] [95665] Writer thread running {{(pid=95665) stat_writer /opt/stack/data/venv/lib/python3.12/site-packages/dbcounter.py:102}}
Jul 07 12:58:05.587708 np0000004724 devstack@n-api-meta.service[95663]: INFO dbcounter [None req-7a7421bc-208a-41dd-be4f-27b2b331b9c2 None None] Registered counter for database nova_cell1
Jul 07 12:58:05.590834 np0000004724 devstack@n-api-meta.service[95665]: DEBUG nova.context [None req-5c8c014a-7515-4500-98df-52bab155a0d9 None None] Found 2 cells: 00000000-0000-0000-0000-000000000000(cell0),d3f3c257-c117-4c5d-8f3e-c459e8ec8f00(cell1) {{(pid=95665) load_cells /opt/stack/nova/nova/context.py:509}}
Jul 07 12:58:05.591119 np0000004724 devstack@n-api-meta.service[95665]: INFO nova.utils [None req-5c8c014a-7515-4500-98df-52bab155a0d9 None None] The cell worker thread pool MainProcess.cell_worker is initialized
Jul 07 12:58:05.593403 np0000004724 devstack@n-api-meta.service[95665]: DEBUG oslo_concurrency.lockutils [None req-5c8c014a-7515-4500-98df-52bab155a0d9 None None] Acquiring lock "00000000-0000-0000-0000-000000000000" by "nova.context.set_target_cell..get_or_set_cached_cell_and_set_connections" {{(pid=95665) inner /opt/stack/data/venv/lib/python3.12/site-packages/oslo_concurrency/lockutils.py:511}}
Jul 07 12:58:05.593611 np0000004724 devstack@n-api-meta.service[95665]: DEBUG oslo_concurrency.lockutils [None req-5c8c014a-7515-4500-98df-52bab155a0d9 None None] Lock "00000000-0000-0000-0000-000000000000" acquired by "nova.context.set_target_cell..get_or_set_cached_cell_and_set_connections" :: waited 0.000s {{(pid=95665) inner /opt/stack/data/venv/lib/python3.12/site-packages/oslo_concurrency/lockutils.py:524}}
Jul 07 12:58:05.594144 np0000004724 devstack@n-api-meta.service[95665]: DEBUG oslo_concurrency.lockutils [None req-5c8c014a-7515-4500-98df-52bab155a0d9 None None] Lock "00000000-0000-0000-0000-000000000000" "released" by "nova.context.set_target_cell..get_or_set_cached_cell_and_set_connections" :: held 0.001s {{(pid=95665) inner /opt/stack/data/venv/lib/python3.12/site-packages/oslo_concurrency/lockutils.py:543}}
Jul 07 12:58:05.594983 np0000004724 devstack@n-api-meta.service[95665]: DEBUG oslo_concurrency.lockutils [None req-5c8c014a-7515-4500-98df-52bab155a0d9 None None] Acquiring lock "d3f3c257-c117-4c5d-8f3e-c459e8ec8f00" by "nova.context.set_target_cell..get_or_set_cached_cell_and_set_connections" {{(pid=95665) inner /opt/stack/data/venv/lib/python3.12/site-packages/oslo_concurrency/lockutils.py:511}}
Jul 07 12:58:05.595199 np0000004724 devstack@n-api-meta.service[95665]: DEBUG oslo_concurrency.lockutils [None req-5c8c014a-7515-4500-98df-52bab155a0d9 None None] Lock "d3f3c257-c117-4c5d-8f3e-c459e8ec8f00" acquired by "nova.context.set_target_cell..get_or_set_cached_cell_and_set_connections" :: waited 0.000s {{(pid=95665) inner /opt/stack/data/venv/lib/python3.12/site-packages/oslo_concurrency/lockutils.py:524}}
Jul 07 12:58:05.596133 np0000004724 devstack@n-api-meta.service[95665]: DEBUG oslo_concurrency.lockutils [None req-5c8c014a-7515-4500-98df-52bab155a0d9 None None] Lock "d3f3c257-c117-4c5d-8f3e-c459e8ec8f00" "released" by "nova.context.set_target_cell..get_or_set_cached_cell_and_set_connections" :: held 0.001s {{(pid=95665) inner /opt/stack/data/venv/lib/python3.12/site-packages/oslo_concurrency/lockutils.py:543}}
Jul 07 12:58:05.598422 np0000004724 devstack@n-api-meta.service[95665]: INFO dbcounter [None req-5c8c014a-7515-4500-98df-52bab155a0d9 None None] Registered counter for database nova_cell0
Jul 07 12:58:05.601675 np0000004724 devstack@n-api-meta.service[95665]: INFO dbcounter [None req-5c8c014a-7515-4500-98df-52bab155a0d9 None None] Registered counter for database nova_cell1
Jul 07 12:58:05.628022 np0000004724 devstack@n-api-meta.service[95664]: DEBUG oslo_db.sqlalchemy.engines [None req-6191add1-2299-40c7-b205-68b70f236ffc None None] MySQL server mode set to STRICT_TRANS_TABLES,STRICT_ALL_TABLES,NO_ZERO_IN_DATE,NO_ZERO_DATE,ERROR_FOR_DIVISION_BY_ZERO,TRADITIONAL,NO_ENGINE_SUBSTITUTION {{(pid=95664) _check_effective_sql_mode /opt/stack/data/venv/lib/python3.12/site-packages/oslo_db/sqlalchemy/engines.py:325}}
Jul 07 12:58:05.641203 np0000004724 devstack@n-api-meta.service[95664]: DEBUG dbcounter [-] [95664] Writer thread running {{(pid=95664) stat_writer /opt/stack/data/venv/lib/python3.12/site-packages/dbcounter.py:102}}
Jul 07 12:58:05.641332 np0000004724 devstack@n-api-meta.service[95663]: DEBUG oslo_db.sqlalchemy.engines [None req-7a7421bc-208a-41dd-be4f-27b2b331b9c2 None None] MySQL server mode set to STRICT_TRANS_TABLES,STRICT_ALL_TABLES,NO_ZERO_IN_DATE,NO_ZERO_DATE,ERROR_FOR_DIVISION_BY_ZERO,TRADITIONAL,NO_ENGINE_SUBSTITUTION {{(pid=95663) _check_effective_sql_mode /opt/stack/data/venv/lib/python3.12/site-packages/oslo_db/sqlalchemy/engines.py:325}}
Jul 07 12:58:05.644018 np0000004724 devstack@n-api-meta.service[95663]: DEBUG oslo_db.sqlalchemy.engines [None req-7a7421bc-208a-41dd-be4f-27b2b331b9c2 None None] MySQL server mode set to STRICT_TRANS_TABLES,STRICT_ALL_TABLES,NO_ZERO_IN_DATE,NO_ZERO_DATE,ERROR_FOR_DIVISION_BY_ZERO,TRADITIONAL,NO_ENGINE_SUBSTITUTION {{(pid=95663) _check_effective_sql_mode /opt/stack/data/venv/lib/python3.12/site-packages/oslo_db/sqlalchemy/engines.py:325}}
Jul 07 12:58:05.645587 np0000004724 devstack@n-api-meta.service[95664]: DEBUG dbcounter [-] [95664] Writer thread running {{(pid=95664) stat_writer /opt/stack/data/venv/lib/python3.12/site-packages/dbcounter.py:102}}
Jul 07 12:58:05.648381 np0000004724 devstack@n-api-meta.service[95665]: DEBUG oslo_db.sqlalchemy.engines [None req-5c8c014a-7515-4500-98df-52bab155a0d9 None None] MySQL server mode set to STRICT_TRANS_TABLES,STRICT_ALL_TABLES,NO_ZERO_IN_DATE,NO_ZERO_DATE,ERROR_FOR_DIVISION_BY_ZERO,TRADITIONAL,NO_ENGINE_SUBSTITUTION {{(pid=95665) _check_effective_sql_mode /opt/stack/data/venv/lib/python3.12/site-packages/oslo_db/sqlalchemy/engines.py:325}}
Jul 07 12:58:05.650004 np0000004724 devstack@n-api-meta.service[95664]: INFO dbcounter [None req-6191add1-2299-40c7-b205-68b70f236ffc None None] Registered counter for database nova_cell0
Jul 07 12:58:05.660605 np0000004724 devstack@n-api-meta.service[95665]: DEBUG oslo_db.sqlalchemy.engines [None req-5c8c014a-7515-4500-98df-52bab155a0d9 None None] MySQL server mode set to STRICT_TRANS_TABLES,STRICT_ALL_TABLES,NO_ZERO_IN_DATE,NO_ZERO_DATE,ERROR_FOR_DIVISION_BY_ZERO,TRADITIONAL,NO_ENGINE_SUBSTITUTION {{(pid=95665) _check_effective_sql_mode /opt/stack/data/venv/lib/python3.12/site-packages/oslo_db/sqlalchemy/engines.py:325}}
Jul 07 12:58:05.703952 np0000004724 devstack@n-api-meta.service[95664]: DEBUG oslo_db.sqlalchemy.engines [None req-6191add1-2299-40c7-b205-68b70f236ffc None None] MySQL server mode set to STRICT_TRANS_TABLES,STRICT_ALL_TABLES,NO_ZERO_IN_DATE,NO_ZERO_DATE,ERROR_FOR_DIVISION_BY_ZERO,TRADITIONAL,NO_ENGINE_SUBSTITUTION {{(pid=95664) _check_effective_sql_mode /opt/stack/data/venv/lib/python3.12/site-packages/oslo_db/sqlalchemy/engines.py:325}}
Jul 07 12:58:05.706378 np0000004724 devstack@n-api-meta.service[95662]: INFO dbcounter [None req-aef68b25-8655-4105-b518-b0123af5fd98 None None] Registered counter for database nova_api
Jul 07 12:58:05.711847 np0000004724 devstack@n-api-meta.service[95664]: DEBUG dbcounter [-] [95664] Writer thread running {{(pid=95664) stat_writer /opt/stack/data/venv/lib/python3.12/site-packages/dbcounter.py:102}}
Jul 07 12:58:05.726081 np0000004724 devstack@n-api-meta.service[95663]: DEBUG dbcounter [-] [95663] Writer thread running {{(pid=95663) stat_writer /opt/stack/data/venv/lib/python3.12/site-packages/dbcounter.py:102}}
Jul 07 12:58:05.730467 np0000004724 devstack@n-api-meta.service[95665]: DEBUG dbcounter [-] [95665] Writer thread running {{(pid=95665) stat_writer /opt/stack/data/venv/lib/python3.12/site-packages/dbcounter.py:102}}
Jul 07 12:58:05.731134 np0000004724 devstack@n-api-meta.service[95663]: DEBUG dbcounter [-] [95663] Writer thread running {{(pid=95663) stat_writer /opt/stack/data/venv/lib/python3.12/site-packages/dbcounter.py:102}}
Jul 07 12:58:05.733952 np0000004724 devstack@n-api-meta.service[95663]: INFO dbcounter [None req-7a7421bc-208a-41dd-be4f-27b2b331b9c2 None None] Registered counter for database nova_cell0
Jul 07 12:58:05.734897 np0000004724 devstack@n-api-meta.service[95665]: DEBUG dbcounter [-] [95665] Writer thread running {{(pid=95665) stat_writer /opt/stack/data/venv/lib/python3.12/site-packages/dbcounter.py:102}}
Jul 07 12:58:05.737772 np0000004724 devstack@n-api-meta.service[95665]: INFO dbcounter [None req-5c8c014a-7515-4500-98df-52bab155a0d9 None None] Registered counter for database nova_cell0
Jul 07 12:58:05.750349 np0000004724 devstack@n-api-meta.service[95662]: DEBUG oslo_db.sqlalchemy.engines [None req-aef68b25-8655-4105-b518-b0123af5fd98 None None] MySQL server mode set to STRICT_TRANS_TABLES,STRICT_ALL_TABLES,NO_ZERO_IN_DATE,NO_ZERO_DATE,ERROR_FOR_DIVISION_BY_ZERO,TRADITIONAL,NO_ENGINE_SUBSTITUTION {{(pid=95662) _check_effective_sql_mode /opt/stack/data/venv/lib/python3.12/site-packages/oslo_db/sqlalchemy/engines.py:325}}
Jul 07 12:58:05.763072 np0000004724 devstack@n-api-meta.service[95664]: WARNING nova.api.metadata.handler [None req-6191add1-2299-40c7-b205-68b70f236ffc None None] metadata_proxy_shared_secret is not configured, the metadata information returned by the proxy cannot be trusted
Jul 07 12:58:05.766265 np0000004724 devstack@n-api-meta.service[95664]: DEBUG nova.api.openstack.wsgi_app [None req-6191add1-2299-40c7-b205-68b70f236ffc None None] ******************************************************************************** {{(pid=95664) log_opt_values /opt/stack/data/venv/lib/python3.12/site-packages/oslo_config/cfg.py:3226}}
Jul 07 12:58:05.766435 np0000004724 devstack@n-api-meta.service[95664]: DEBUG nova.api.openstack.wsgi_app [None req-6191add1-2299-40c7-b205-68b70f236ffc None None] Configuration options gathered from: {{(pid=95664) log_opt_values /opt/stack/data/venv/lib/python3.12/site-packages/oslo_config/cfg.py:3227}}
Jul 07 12:58:05.766595 np0000004724 devstack@n-api-meta.service[95664]: DEBUG nova.api.openstack.wsgi_app [None req-6191add1-2299-40c7-b205-68b70f236ffc None None] command line args: [] {{(pid=95664) log_opt_values /opt/stack/data/venv/lib/python3.12/site-packages/oslo_config/cfg.py:3228}}
Jul 07 12:58:05.766806 np0000004724 devstack@n-api-meta.service[95664]: DEBUG nova.api.openstack.wsgi_app [None req-6191add1-2299-40c7-b205-68b70f236ffc None None] config files: ['/etc/nova/api-paste.ini', '/etc/nova/nova.conf'] {{(pid=95664) log_opt_values /opt/stack/data/venv/lib/python3.12/site-packages/oslo_config/cfg.py:3229}}
Jul 07 12:58:05.767005 np0000004724 devstack@n-api-meta.service[95664]: DEBUG nova.api.openstack.wsgi_app [None req-6191add1-2299-40c7-b205-68b70f236ffc None None] ================================================================================ {{(pid=95664) log_opt_values /opt/stack/data/venv/lib/python3.12/site-packages/oslo_config/cfg.py:3234}}
Jul 07 12:58:05.767292 np0000004724 devstack@n-api-meta.service[95664]: DEBUG nova.api.openstack.wsgi_app [None req-6191add1-2299-40c7-b205-68b70f236ffc None None] allow_resize_to_same_host = True {{(pid=95664) log_opt_values /opt/stack/data/venv/lib/python3.12/site-packages/oslo_config/cfg.py:3242}}
Jul 07 12:58:05.767444 np0000004724 devstack@n-api-meta.service[95664]: DEBUG nova.api.openstack.wsgi_app [None req-6191add1-2299-40c7-b205-68b70f236ffc None None] arq_binding_timeout = 300 {{(pid=95664) log_opt_values /opt/stack/data/venv/lib/python3.12/site-packages/oslo_config/cfg.py:3242}}
Jul 07 12:58:05.767639 np0000004724 devstack@n-api-meta.service[95664]: DEBUG nova.api.openstack.wsgi_app [None req-6191add1-2299-40c7-b205-68b70f236ffc None None] block_device_allocate_retries = 60 {{(pid=95664) log_opt_values /opt/stack/data/venv/lib/python3.12/site-packages/oslo_config/cfg.py:3242}}
Jul 07 12:58:05.767827 np0000004724 devstack@n-api-meta.service[95664]: DEBUG nova.api.openstack.wsgi_app [None req-6191add1-2299-40c7-b205-68b70f236ffc None None] block_device_allocate_retries_interval = 3 {{(pid=95664) log_opt_values /opt/stack/data/venv/lib/python3.12/site-packages/oslo_config/cfg.py:3242}}
Jul 07 12:58:05.768042 np0000004724 devstack@n-api-meta.service[95664]: DEBUG nova.api.openstack.wsgi_app [None req-6191add1-2299-40c7-b205-68b70f236ffc None None] cell_worker_thread_pool_size = 5 {{(pid=95664) log_opt_values /opt/stack/data/venv/lib/python3.12/site-packages/oslo_config/cfg.py:3242}}
Jul 07 12:58:05.768288 np0000004724 devstack@n-api-meta.service[95664]: DEBUG nova.api.openstack.wsgi_app [None req-6191add1-2299-40c7-b205-68b70f236ffc None None] cert = self.pem {{(pid=95664) log_opt_values /opt/stack/data/venv/lib/python3.12/site-packages/oslo_config/cfg.py:3242}}
Jul 07 12:58:05.768480 np0000004724 devstack@n-api-meta.service[95664]: DEBUG nova.api.openstack.wsgi_app [None req-6191add1-2299-40c7-b205-68b70f236ffc None None] compute_driver = libvirt.LibvirtDriver {{(pid=95664) log_opt_values /opt/stack/data/venv/lib/python3.12/site-packages/oslo_config/cfg.py:3242}}
Jul 07 12:58:05.768663 np0000004724 devstack@n-api-meta.service[95664]: DEBUG nova.api.openstack.wsgi_app [None req-6191add1-2299-40c7-b205-68b70f236ffc None None] compute_monitors = [] {{(pid=95664) log_opt_values /opt/stack/data/venv/lib/python3.12/site-packages/oslo_config/cfg.py:3242}}
Jul 07 12:58:05.768880 np0000004724 devstack@n-api-meta.service[95664]: DEBUG nova.api.openstack.wsgi_app [None req-6191add1-2299-40c7-b205-68b70f236ffc None None] concurrency_backend = auto {{(pid=95664) log_opt_values /opt/stack/data/venv/lib/python3.12/site-packages/oslo_config/cfg.py:3242}}
Jul 07 12:58:05.769080 np0000004724 devstack@n-api-meta.service[95664]: DEBUG nova.api.openstack.wsgi_app [None req-6191add1-2299-40c7-b205-68b70f236ffc None None] config_dir = [] {{(pid=95664) log_opt_values /opt/stack/data/venv/lib/python3.12/site-packages/oslo_config/cfg.py:3242}}
Jul 07 12:58:05.769310 np0000004724 devstack@n-api-meta.service[95664]: DEBUG nova.api.openstack.wsgi_app [None req-6191add1-2299-40c7-b205-68b70f236ffc None None] config_drive_format = iso9660 {{(pid=95664) log_opt_values /opt/stack/data/venv/lib/python3.12/site-packages/oslo_config/cfg.py:3242}}
Jul 07 12:58:05.769492 np0000004724 devstack@n-api-meta.service[95664]: DEBUG nova.api.openstack.wsgi_app [None req-6191add1-2299-40c7-b205-68b70f236ffc None None] config_file = ['/etc/nova/api-paste.ini', '/etc/nova/nova.conf'] {{(pid=95664) log_opt_values /opt/stack/data/venv/lib/python3.12/site-packages/oslo_config/cfg.py:3242}}
Jul 07 12:58:05.769695 np0000004724 devstack@n-api-meta.service[95664]: DEBUG nova.api.openstack.wsgi_app [None req-6191add1-2299-40c7-b205-68b70f236ffc None None] config_source = [] {{(pid=95664) log_opt_values /opt/stack/data/venv/lib/python3.12/site-packages/oslo_config/cfg.py:3242}}
Jul 07 12:58:05.769935 np0000004724 devstack@n-api-meta.service[95664]: DEBUG nova.api.openstack.wsgi_app [None req-6191add1-2299-40c7-b205-68b70f236ffc None None] console_host = np0000004724 {{(pid=95664) log_opt_values /opt/stack/data/venv/lib/python3.12/site-packages/oslo_config/cfg.py:3242}}
Jul 07 12:58:05.770078 np0000004724 devstack@n-api-meta.service[95664]: DEBUG nova.api.openstack.wsgi_app [None req-6191add1-2299-40c7-b205-68b70f236ffc None None] control_exchange = nova {{(pid=95664) log_opt_values /opt/stack/data/venv/lib/python3.12/site-packages/oslo_config/cfg.py:3242}}
Jul 07 12:58:05.770227 np0000004724 devstack@n-api-meta.service[95664]: DEBUG nova.api.openstack.wsgi_app [None req-6191add1-2299-40c7-b205-68b70f236ffc None None] cpu_allocation_ratio = None {{(pid=95664) log_opt_values /opt/stack/data/venv/lib/python3.12/site-packages/oslo_config/cfg.py:3242}}
Jul 07 12:58:05.770335 np0000004724 devstack@n-api-meta.service[95664]: DEBUG nova.api.openstack.wsgi_app [None req-6191add1-2299-40c7-b205-68b70f236ffc None None] daemon = False {{(pid=95664) log_opt_values /opt/stack/data/venv/lib/python3.12/site-packages/oslo_config/cfg.py:3242}}
Jul 07 12:58:05.770459 np0000004724 devstack@n-api-meta.service[95664]: DEBUG nova.api.openstack.wsgi_app [None req-6191add1-2299-40c7-b205-68b70f236ffc None None] debug = True {{(pid=95664) log_opt_values /opt/stack/data/venv/lib/python3.12/site-packages/oslo_config/cfg.py:3242}}
Jul 07 12:58:05.770608 np0000004724 devstack@n-api-meta.service[95664]: DEBUG nova.api.openstack.wsgi_app [None req-6191add1-2299-40c7-b205-68b70f236ffc None None] default_access_ip_network_name = None {{(pid=95664) log_opt_values /opt/stack/data/venv/lib/python3.12/site-packages/oslo_config/cfg.py:3242}}
Jul 07 12:58:05.770737 np0000004724 devstack@n-api-meta.service[95664]: DEBUG nova.api.openstack.wsgi_app [None req-6191add1-2299-40c7-b205-68b70f236ffc None None] default_availability_zone = nova {{(pid=95664) log_opt_values /opt/stack/data/venv/lib/python3.12/site-packages/oslo_config/cfg.py:3242}}
Jul 07 12:58:05.770856 np0000004724 devstack@n-api-meta.service[95664]: DEBUG nova.api.openstack.wsgi_app [None req-6191add1-2299-40c7-b205-68b70f236ffc None None] default_ephemeral_format = ext4 {{(pid=95664) log_opt_values /opt/stack/data/venv/lib/python3.12/site-packages/oslo_config/cfg.py:3242}}
Jul 07 12:58:05.770989 np0000004724 devstack@n-api-meta.service[95664]: DEBUG nova.api.openstack.wsgi_app [None req-6191add1-2299-40c7-b205-68b70f236ffc None None] default_green_pool_size = 1000 {{(pid=95664) log_opt_values /opt/stack/data/venv/lib/python3.12/site-packages/oslo_config/cfg.py:3242}}
Jul 07 12:58:05.771166 np0000004724 devstack@n-api-meta.service[95664]: DEBUG nova.api.openstack.wsgi_app [None req-6191add1-2299-40c7-b205-68b70f236ffc None None] default_log_levels = ['amqp=WARN', 'boto=WARN', 'sqlalchemy=WARN', 'suds=INFO', 'oslo.messaging=INFO', 'oslo_messaging=INFO', 'iso8601=WARN', 'requests.packages.urllib3.connectionpool=WARN', 'urllib3.connectionpool=WARN', 'websocket=WARN', 'requests.packages.urllib3.util.retry=WARN', 'urllib3.util.retry=WARN', 'keystonemiddleware=WARN', 'routes.middleware=WARN', 'stevedore=WARN', 'taskflow=WARN', 'keystoneauth=WARN', 'oslo.cache=INFO', 'oslo_policy=INFO', 'dogpile.core.dogpile=INFO', 'glanceclient=WARN', 'oslo.privsep.daemon=INFO'] {{(pid=95664) log_opt_values /opt/stack/data/venv/lib/python3.12/site-packages/oslo_config/cfg.py:3242}}
Jul 07 12:58:05.771306 np0000004724 devstack@n-api-meta.service[95664]: DEBUG nova.api.openstack.wsgi_app [None req-6191add1-2299-40c7-b205-68b70f236ffc None None] default_schedule_zone = None {{(pid=95664) log_opt_values /opt/stack/data/venv/lib/python3.12/site-packages/oslo_config/cfg.py:3242}}
Jul 07 12:58:05.771422 np0000004724 devstack@n-api-meta.service[95664]: DEBUG nova.api.openstack.wsgi_app [None req-6191add1-2299-40c7-b205-68b70f236ffc None None] default_thread_pool_size = 10 {{(pid=95664) log_opt_values /opt/stack/data/venv/lib/python3.12/site-packages/oslo_config/cfg.py:3242}}
Jul 07 12:58:05.771453 np0000004724 devstack@n-api-meta.service[95663]: DEBUG oslo_db.sqlalchemy.engines [None req-7a7421bc-208a-41dd-be4f-27b2b331b9c2 None None] MySQL server mode set to STRICT_TRANS_TABLES,STRICT_ALL_TABLES,NO_ZERO_IN_DATE,NO_ZERO_DATE,ERROR_FOR_DIVISION_BY_ZERO,TRADITIONAL,NO_ENGINE_SUBSTITUTION {{(pid=95663) _check_effective_sql_mode /opt/stack/data/venv/lib/python3.12/site-packages/oslo_db/sqlalchemy/engines.py:325}}
Jul 07 12:58:05.771547 np0000004724 devstack@n-api-meta.service[95664]: DEBUG nova.api.openstack.wsgi_app [None req-6191add1-2299-40c7-b205-68b70f236ffc None None] disk_allocation_ratio = None {{(pid=95664) log_opt_values /opt/stack/data/venv/lib/python3.12/site-packages/oslo_config/cfg.py:3242}}
Jul 07 12:58:05.771645 np0000004724 devstack@n-api-meta.service[95664]: DEBUG nova.api.openstack.wsgi_app [None req-6191add1-2299-40c7-b205-68b70f236ffc None None] enable_new_services = True {{(pid=95664) log_opt_values /opt/stack/data/venv/lib/python3.12/site-packages/oslo_config/cfg.py:3242}}
Jul 07 12:58:05.771760 np0000004724 devstack@n-api-meta.service[95664]: DEBUG nova.api.openstack.wsgi_app [None req-6191add1-2299-40c7-b205-68b70f236ffc None None] flat_injected = False {{(pid=95664) log_opt_values /opt/stack/data/venv/lib/python3.12/site-packages/oslo_config/cfg.py:3242}}
Jul 07 12:58:05.771892 np0000004724 devstack@n-api-meta.service[95664]: DEBUG nova.api.openstack.wsgi_app [None req-6191add1-2299-40c7-b205-68b70f236ffc None None] force_config_drive = True {{(pid=95664) log_opt_values /opt/stack/data/venv/lib/python3.12/site-packages/oslo_config/cfg.py:3242}}
Jul 07 12:58:05.772014 np0000004724 devstack@n-api-meta.service[95664]: DEBUG nova.api.openstack.wsgi_app [None req-6191add1-2299-40c7-b205-68b70f236ffc None None] force_raw_images = True {{(pid=95664) log_opt_values /opt/stack/data/venv/lib/python3.12/site-packages/oslo_config/cfg.py:3242}}
Jul 07 12:58:05.772137 np0000004724 devstack@n-api-meta.service[95664]: DEBUG nova.api.openstack.wsgi_app [None req-6191add1-2299-40c7-b205-68b70f236ffc None None] graceful_shutdown_timeout = 5 {{(pid=95664) log_opt_values /opt/stack/data/venv/lib/python3.12/site-packages/oslo_config/cfg.py:3242}}
Jul 07 12:58:05.772292 np0000004724 devstack@n-api-meta.service[95664]: DEBUG nova.api.openstack.wsgi_app [None req-6191add1-2299-40c7-b205-68b70f236ffc None None] heal_instance_info_cache_interval = -1 {{(pid=95664) log_opt_values /opt/stack/data/venv/lib/python3.12/site-packages/oslo_config/cfg.py:3242}}
Jul 07 12:58:05.772447 np0000004724 devstack@n-api-meta.service[95664]: DEBUG nova.api.openstack.wsgi_app [None req-6191add1-2299-40c7-b205-68b70f236ffc None None] host = np0000004724 {{(pid=95664) log_opt_values /opt/stack/data/venv/lib/python3.12/site-packages/oslo_config/cfg.py:3242}}
Jul 07 12:58:05.772569 np0000004724 devstack@n-api-meta.service[95664]: DEBUG nova.api.openstack.wsgi_app [None req-6191add1-2299-40c7-b205-68b70f236ffc None None] initial_cpu_allocation_ratio = 4.0 {{(pid=95664) log_opt_values /opt/stack/data/venv/lib/python3.12/site-packages/oslo_config/cfg.py:3242}}
Jul 07 12:58:05.772688 np0000004724 devstack@n-api-meta.service[95664]: DEBUG nova.api.openstack.wsgi_app [None req-6191add1-2299-40c7-b205-68b70f236ffc None None] initial_disk_allocation_ratio = 1.0 {{(pid=95664) log_opt_values /opt/stack/data/venv/lib/python3.12/site-packages/oslo_config/cfg.py:3242}}
Jul 07 12:58:05.772802 np0000004724 devstack@n-api-meta.service[95664]: DEBUG nova.api.openstack.wsgi_app [None req-6191add1-2299-40c7-b205-68b70f236ffc None None] initial_ram_allocation_ratio = 1.0 {{(pid=95664) log_opt_values /opt/stack/data/venv/lib/python3.12/site-packages/oslo_config/cfg.py:3242}}
Jul 07 12:58:05.772975 np0000004724 devstack@n-api-meta.service[95664]: DEBUG nova.api.openstack.wsgi_app [None req-6191add1-2299-40c7-b205-68b70f236ffc None None] injected_network_template = /opt/stack/nova/nova/virt/interfaces.template {{(pid=95664) log_opt_values /opt/stack/data/venv/lib/python3.12/site-packages/oslo_config/cfg.py:3242}}
Jul 07 12:58:05.773097 np0000004724 devstack@n-api-meta.service[95664]: DEBUG nova.api.openstack.wsgi_app [None req-6191add1-2299-40c7-b205-68b70f236ffc None None] instance_build_timeout = 0 {{(pid=95664) log_opt_values /opt/stack/data/venv/lib/python3.12/site-packages/oslo_config/cfg.py:3242}}
Jul 07 12:58:05.773224 np0000004724 devstack@n-api-meta.service[95664]: DEBUG nova.api.openstack.wsgi_app [None req-6191add1-2299-40c7-b205-68b70f236ffc None None] instance_delete_interval = 300 {{(pid=95664) log_opt_values /opt/stack/data/venv/lib/python3.12/site-packages/oslo_config/cfg.py:3242}}
Jul 07 12:58:05.773343 np0000004724 devstack@n-api-meta.service[95664]: DEBUG nova.api.openstack.wsgi_app [None req-6191add1-2299-40c7-b205-68b70f236ffc None None] instance_format = [instance: %(uuid)s] {{(pid=95664) log_opt_values /opt/stack/data/venv/lib/python3.12/site-packages/oslo_config/cfg.py:3242}}
Jul 07 12:58:05.773480 np0000004724 devstack@n-api-meta.service[95664]: DEBUG nova.api.openstack.wsgi_app [None req-6191add1-2299-40c7-b205-68b70f236ffc None None] instance_name_template = instance-%08x {{(pid=95664) log_opt_values /opt/stack/data/venv/lib/python3.12/site-packages/oslo_config/cfg.py:3242}}
Jul 07 12:58:05.773594 np0000004724 devstack@n-api-meta.service[95664]: DEBUG nova.api.openstack.wsgi_app [None req-6191add1-2299-40c7-b205-68b70f236ffc None None] instance_usage_audit = False {{(pid=95664) log_opt_values /opt/stack/data/venv/lib/python3.12/site-packages/oslo_config/cfg.py:3242}}
Jul 07 12:58:05.773713 np0000004724 devstack@n-api-meta.service[95664]: DEBUG nova.api.openstack.wsgi_app [None req-6191add1-2299-40c7-b205-68b70f236ffc None None] instance_usage_audit_period = month {{(pid=95664) log_opt_values /opt/stack/data/venv/lib/python3.12/site-packages/oslo_config/cfg.py:3242}}
Jul 07 12:58:05.773833 np0000004724 devstack@n-api-meta.service[95664]: DEBUG nova.api.openstack.wsgi_app [None req-6191add1-2299-40c7-b205-68b70f236ffc None None] instance_uuid_format = [instance: %(uuid)s] {{(pid=95664) log_opt_values /opt/stack/data/venv/lib/python3.12/site-packages/oslo_config/cfg.py:3242}}
Jul 07 12:58:05.773986 np0000004724 devstack@n-api-meta.service[95664]: DEBUG nova.api.openstack.wsgi_app [None req-6191add1-2299-40c7-b205-68b70f236ffc None None] instances_path = /opt/stack/data/nova/instances {{(pid=95664) log_opt_values /opt/stack/data/venv/lib/python3.12/site-packages/oslo_config/cfg.py:3242}}
Jul 07 12:58:05.774106 np0000004724 devstack@n-api-meta.service[95664]: DEBUG nova.api.openstack.wsgi_app [None req-6191add1-2299-40c7-b205-68b70f236ffc None None] internal_service_availability_zone = internal {{(pid=95664) log_opt_values /opt/stack/data/venv/lib/python3.12/site-packages/oslo_config/cfg.py:3242}}
Jul 07 12:58:05.774242 np0000004724 devstack@n-api-meta.service[95664]: DEBUG nova.api.openstack.wsgi_app [None req-6191add1-2299-40c7-b205-68b70f236ffc None None] key = None {{(pid=95664) log_opt_values /opt/stack/data/venv/lib/python3.12/site-packages/oslo_config/cfg.py:3242}}
Jul 07 12:58:05.774357 np0000004724 devstack@n-api-meta.service[95664]: DEBUG nova.api.openstack.wsgi_app [None req-6191add1-2299-40c7-b205-68b70f236ffc None None] live_migration_retry_count = 30 {{(pid=95664) log_opt_values /opt/stack/data/venv/lib/python3.12/site-packages/oslo_config/cfg.py:3242}}
Jul 07 12:58:05.774496 np0000004724 devstack@n-api-meta.service[95664]: DEBUG nova.api.openstack.wsgi_app [None req-6191add1-2299-40c7-b205-68b70f236ffc None None] log_color = False {{(pid=95664) log_opt_values /opt/stack/data/venv/lib/python3.12/site-packages/oslo_config/cfg.py:3242}}
Jul 07 12:58:05.774613 np0000004724 devstack@n-api-meta.service[95664]: DEBUG nova.api.openstack.wsgi_app [None req-6191add1-2299-40c7-b205-68b70f236ffc None None] log_config_append = None {{(pid=95664) log_opt_values /opt/stack/data/venv/lib/python3.12/site-packages/oslo_config/cfg.py:3242}}
Jul 07 12:58:05.774733 np0000004724 devstack@n-api-meta.service[95664]: DEBUG nova.api.openstack.wsgi_app [None req-6191add1-2299-40c7-b205-68b70f236ffc None None] log_date_format = %Y-%m-%d %H:%M:%S {{(pid=95664) log_opt_values /opt/stack/data/venv/lib/python3.12/site-packages/oslo_config/cfg.py:3242}}
Jul 07 12:58:05.774845 np0000004724 devstack@n-api-meta.service[95664]: DEBUG nova.api.openstack.wsgi_app [None req-6191add1-2299-40c7-b205-68b70f236ffc None None] log_dir = None {{(pid=95664) log_opt_values /opt/stack/data/venv/lib/python3.12/site-packages/oslo_config/cfg.py:3242}}
Jul 07 12:58:05.774968 np0000004724 devstack@n-api-meta.service[95664]: DEBUG nova.api.openstack.wsgi_app [None req-6191add1-2299-40c7-b205-68b70f236ffc None None] log_file = None {{(pid=95664) log_opt_values /opt/stack/data/venv/lib/python3.12/site-packages/oslo_config/cfg.py:3242}}
Jul 07 12:58:05.775065 np0000004724 devstack@n-api-meta.service[95664]: DEBUG nova.api.openstack.wsgi_app [None req-6191add1-2299-40c7-b205-68b70f236ffc None None] log_options = True {{(pid=95664) log_opt_values /opt/stack/data/venv/lib/python3.12/site-packages/oslo_config/cfg.py:3242}}
Jul 07 12:58:05.775193 np0000004724 devstack@n-api-meta.service[95664]: DEBUG nova.api.openstack.wsgi_app [None req-6191add1-2299-40c7-b205-68b70f236ffc None None] log_rotate_interval = 1 {{(pid=95664) log_opt_values /opt/stack/data/venv/lib/python3.12/site-packages/oslo_config/cfg.py:3242}}
Jul 07 12:58:05.775317 np0000004724 devstack@n-api-meta.service[95664]: DEBUG nova.api.openstack.wsgi_app [None req-6191add1-2299-40c7-b205-68b70f236ffc None None] log_rotate_interval_type = days {{(pid=95664) log_opt_values /opt/stack/data/venv/lib/python3.12/site-packages/oslo_config/cfg.py:3242}}
Jul 07 12:58:05.775451 np0000004724 devstack@n-api-meta.service[95664]: DEBUG nova.api.openstack.wsgi_app [None req-6191add1-2299-40c7-b205-68b70f236ffc None None] log_rotation_type = none {{(pid=95664) log_opt_values /opt/stack/data/venv/lib/python3.12/site-packages/oslo_config/cfg.py:3242}}
Jul 07 12:58:05.775513 np0000004724 devstack@n-api-meta.service[95665]: DEBUG oslo_db.sqlalchemy.engines [None req-5c8c014a-7515-4500-98df-52bab155a0d9 None None] MySQL server mode set to STRICT_TRANS_TABLES,STRICT_ALL_TABLES,NO_ZERO_IN_DATE,NO_ZERO_DATE,ERROR_FOR_DIVISION_BY_ZERO,TRADITIONAL,NO_ENGINE_SUBSTITUTION {{(pid=95665) _check_effective_sql_mode /opt/stack/data/venv/lib/python3.12/site-packages/oslo_db/sqlalchemy/engines.py:325}}
Jul 07 12:58:05.775561 np0000004724 devstack@n-api-meta.service[95664]: DEBUG nova.api.openstack.wsgi_app [None req-6191add1-2299-40c7-b205-68b70f236ffc None None] logging_context_format_string = %(color)s%(levelname)s %(name)s [%(global_request_id)s %(request_id)s %(project_name)s %(user_name)s%(color)s] %(instance)s%(color)s%(message)s {{(pid=95664) log_opt_values /opt/stack/data/venv/lib/python3.12/site-packages/oslo_config/cfg.py:3242}}
Jul 07 12:58:05.775670 np0000004724 devstack@n-api-meta.service[95664]: DEBUG nova.api.openstack.wsgi_app [None req-6191add1-2299-40c7-b205-68b70f236ffc None None] logging_debug_format_suffix = {{(pid=%(process)d) %(funcName)s %(pathname)s:%(lineno)d}} {{(pid=95664) log_opt_values /opt/stack/data/venv/lib/python3.12/site-packages/oslo_config/cfg.py:3242}}
Jul 07 12:58:05.775802 np0000004724 devstack@n-api-meta.service[95664]: DEBUG nova.api.openstack.wsgi_app [None req-6191add1-2299-40c7-b205-68b70f236ffc None None] logging_default_format_string = %(color)s%(levelname)s %(name)s [-%(color)s] %(instance)s%(color)s%(message)s {{(pid=95664) log_opt_values /opt/stack/data/venv/lib/python3.12/site-packages/oslo_config/cfg.py:3242}}
Jul 07 12:58:05.775937 np0000004724 devstack@n-api-meta.service[95664]: DEBUG nova.api.openstack.wsgi_app [None req-6191add1-2299-40c7-b205-68b70f236ffc None None] logging_exception_prefix = ERROR %(name)s %(instance)s {{(pid=95664) log_opt_values /opt/stack/data/venv/lib/python3.12/site-packages/oslo_config/cfg.py:3242}}
Jul 07 12:58:05.776026 np0000004724 devstack@n-api-meta.service[95664]: DEBUG nova.api.openstack.wsgi_app [None req-6191add1-2299-40c7-b205-68b70f236ffc None None] logging_user_identity_format = %(user)s %(project)s %(domain)s %(system_scope)s %(user_domain)s %(project_domain)s {{(pid=95664) log_opt_values /opt/stack/data/venv/lib/python3.12/site-packages/oslo_config/cfg.py:3242}}
Jul 07 12:58:05.776138 np0000004724 devstack@n-api-meta.service[95664]: DEBUG nova.api.openstack.wsgi_app [None req-6191add1-2299-40c7-b205-68b70f236ffc None None] long_rpc_timeout = 1800 {{(pid=95664) log_opt_values /opt/stack/data/venv/lib/python3.12/site-packages/oslo_config/cfg.py:3242}}
Jul 07 12:58:05.776287 np0000004724 devstack@n-api-meta.service[95664]: DEBUG nova.api.openstack.wsgi_app [None req-6191add1-2299-40c7-b205-68b70f236ffc None None] manager_shutdown_timeout = 160 {{(pid=95664) log_opt_values /opt/stack/data/venv/lib/python3.12/site-packages/oslo_config/cfg.py:3242}}
Jul 07 12:58:05.776405 np0000004724 devstack@n-api-meta.service[95664]: DEBUG nova.api.openstack.wsgi_app [None req-6191add1-2299-40c7-b205-68b70f236ffc None None] max_concurrent_builds = 10 {{(pid=95664) log_opt_values /opt/stack/data/venv/lib/python3.12/site-packages/oslo_config/cfg.py:3242}}
Jul 07 12:58:05.776582 np0000004724 devstack@n-api-meta.service[95664]: DEBUG nova.api.openstack.wsgi_app [None req-6191add1-2299-40c7-b205-68b70f236ffc None None] max_concurrent_live_migrations = 1 {{(pid=95664) log_opt_values /opt/stack/data/venv/lib/python3.12/site-packages/oslo_config/cfg.py:3242}}
Jul 07 12:58:05.776752 np0000004724 devstack@n-api-meta.service[95664]: DEBUG nova.api.openstack.wsgi_app [None req-6191add1-2299-40c7-b205-68b70f236ffc None None] max_concurrent_snapshots = 5 {{(pid=95664) log_opt_values /opt/stack/data/venv/lib/python3.12/site-packages/oslo_config/cfg.py:3242}}
Jul 07 12:58:05.776945 np0000004724 devstack@n-api-meta.service[95664]: DEBUG nova.api.openstack.wsgi_app [None req-6191add1-2299-40c7-b205-68b70f236ffc None None] max_local_block_devices = 3 {{(pid=95664) log_opt_values /opt/stack/data/venv/lib/python3.12/site-packages/oslo_config/cfg.py:3242}}
Jul 07 12:58:05.777110 np0000004724 devstack@n-api-meta.service[95664]: DEBUG nova.api.openstack.wsgi_app [None req-6191add1-2299-40c7-b205-68b70f236ffc None None] max_logfile_count = 30 {{(pid=95664) log_opt_values /opt/stack/data/venv/lib/python3.12/site-packages/oslo_config/cfg.py:3242}}
Jul 07 12:58:05.777302 np0000004724 devstack@n-api-meta.service[95664]: DEBUG nova.api.openstack.wsgi_app [None req-6191add1-2299-40c7-b205-68b70f236ffc None None] max_logfile_size_mb = 200 {{(pid=95664) log_opt_values /opt/stack/data/venv/lib/python3.12/site-packages/oslo_config/cfg.py:3242}}
Jul 07 12:58:05.777459 np0000004724 devstack@n-api-meta.service[95664]: DEBUG nova.api.openstack.wsgi_app [None req-6191add1-2299-40c7-b205-68b70f236ffc None None] maximum_instance_delete_attempts = 5 {{(pid=95664) log_opt_values /opt/stack/data/venv/lib/python3.12/site-packages/oslo_config/cfg.py:3242}}
Jul 07 12:58:05.777500 np0000004724 devstack@n-api-meta.service[95663]: DEBUG dbcounter [-] [95663] Writer thread running {{(pid=95663) stat_writer /opt/stack/data/venv/lib/python3.12/site-packages/dbcounter.py:102}}
Jul 07 12:58:05.777602 np0000004724 devstack@n-api-meta.service[95664]: DEBUG nova.api.openstack.wsgi_app [None req-6191add1-2299-40c7-b205-68b70f236ffc None None] migrate_max_retries = -1 {{(pid=95664) log_opt_values /opt/stack/data/venv/lib/python3.12/site-packages/oslo_config/cfg.py:3242}}
Jul 07 12:58:05.777768 np0000004724 devstack@n-api-meta.service[95664]: DEBUG nova.api.openstack.wsgi_app [None req-6191add1-2299-40c7-b205-68b70f236ffc None None] mkisofs_cmd = genisoimage {{(pid=95664) log_opt_values /opt/stack/data/venv/lib/python3.12/site-packages/oslo_config/cfg.py:3242}}
Jul 07 12:58:05.777980 np0000004724 devstack@n-api-meta.service[95664]: DEBUG nova.api.openstack.wsgi_app [None req-6191add1-2299-40c7-b205-68b70f236ffc None None] my_block_storage_ip = 10.4.3.13 {{(pid=95664) log_opt_values /opt/stack/data/venv/lib/python3.12/site-packages/oslo_config/cfg.py:3242}}
Jul 07 12:58:05.778071 np0000004724 devstack@n-api-meta.service[95664]: DEBUG nova.api.openstack.wsgi_app [None req-6191add1-2299-40c7-b205-68b70f236ffc None None] my_ip = 10.4.3.13 {{(pid=95664) log_opt_values /opt/stack/data/venv/lib/python3.12/site-packages/oslo_config/cfg.py:3242}}
Jul 07 12:58:05.778255 np0000004724 devstack@n-api-meta.service[95664]: DEBUG nova.api.openstack.wsgi_app [None req-6191add1-2299-40c7-b205-68b70f236ffc None None] my_shared_fs_storage_ip = 10.4.3.13 {{(pid=95664) log_opt_values /opt/stack/data/venv/lib/python3.12/site-packages/oslo_config/cfg.py:3242}}
Jul 07 12:58:05.778381 np0000004724 devstack@n-api-meta.service[95664]: DEBUG nova.api.openstack.wsgi_app [None req-6191add1-2299-40c7-b205-68b70f236ffc None None] network_allocate_retries = 0 {{(pid=95664) log_opt_values /opt/stack/data/venv/lib/python3.12/site-packages/oslo_config/cfg.py:3242}}
