Aug 06 13:55:48.537968 np0000006656 devstack@neutron-api.service[87765]: DEBUG ovsdbapp.backend.ovs_idl [None req-0cd7e2b6-b60f-4e5e-a40a-cb3dc22a4b47 None None] Created lookup_table index Chassis.name {{(pid=87765) autocreate_indices /opt/stack/data/venv/lib/python3.12/site-packages/ovsdbapp/backend/ovs_idl/__init__.py:87}}
Aug 06 13:55:48.538089 np0000006656 devstack@neutron-api.service[87765]: DEBUG ovsdbapp.backend.ovs_idl [None req-0cd7e2b6-b60f-4e5e-a40a-cb3dc22a4b47 None None] Created lookup_table index Port_Binding.logical_port {{(pid=87765) autocreate_indices /opt/stack/data/venv/lib/python3.12/site-packages/ovsdbapp/backend/ovs_idl/__init__.py:87}}
Aug 06 13:55:48.538202 np0000006656 devstack@neutron-api.service[87765]: DEBUG ovsdbapp.backend.ovs_idl [None req-0cd7e2b6-b60f-4e5e-a40a-cb3dc22a4b47 None None] Created schema index Chassis_Private.name {{(pid=87765) autocreate_indices /opt/stack/data/venv/lib/python3.12/site-packages/ovsdbapp/backend/ovs_idl/__init__.py:106}}
Aug 06 13:55:48.538292 np0000006656 devstack@neutron-api.service[87765]: DEBUG ovsdbapp.backend.ovs_idl [None req-0cd7e2b6-b60f-4e5e-a40a-cb3dc22a4b47 None None] Created schema index Datapath_Binding.tunnel_key {{(pid=87765) autocreate_indices /opt/stack/data/venv/lib/python3.12/site-packages/ovsdbapp/backend/ovs_idl/__init__.py:106}}
Aug 06 13:55:48.538564 np0000006656 devstack@neutron-api.service[87766]: DEBUG ovsdbapp.backend.ovs_idl [None req-9ba72dcf-3f2f-4bb1-bb98-1fc868e083c5 None None] Created lookup_table index Chassis.name {{(pid=87766) autocreate_indices /opt/stack/data/venv/lib/python3.12/site-packages/ovsdbapp/backend/ovs_idl/__init__.py:87}}
Aug 06 13:55:48.538824 np0000006656 devstack@neutron-api.service[87766]: DEBUG ovsdbapp.backend.ovs_idl [None req-9ba72dcf-3f2f-4bb1-bb98-1fc868e083c5 None None] Created lookup_table index Port_Binding.logical_port {{(pid=87766) autocreate_indices /opt/stack/data/venv/lib/python3.12/site-packages/ovsdbapp/backend/ovs_idl/__init__.py:87}}
Aug 06 13:55:48.539058 np0000006656 devstack@neutron-api.service[87766]: DEBUG ovsdbapp.backend.ovs_idl [None req-9ba72dcf-3f2f-4bb1-bb98-1fc868e083c5 None None] Created schema index Chassis_Private.name {{(pid=87766) autocreate_indices /opt/stack/data/venv/lib/python3.12/site-packages/ovsdbapp/backend/ovs_idl/__init__.py:106}}
Aug 06 13:55:48.539299 np0000006656 devstack@neutron-api.service[87766]: DEBUG ovsdbapp.backend.ovs_idl [None req-9ba72dcf-3f2f-4bb1-bb98-1fc868e083c5 None None] Created schema index Datapath_Binding.tunnel_key {{(pid=87766) autocreate_indices /opt/stack/data/venv/lib/python3.12/site-packages/ovsdbapp/backend/ovs_idl/__init__.py:106}}
Aug 06 13:55:48.540371 np0000006656 devstack@neutron-api.service[87765]: INFO ovsdbapp.backend.ovs_idl.vlog [None req-0cd7e2b6-b60f-4e5e-a40a-cb3dc22a4b47 None None] ssl:10.4.3.64:6642: connecting...
Aug 06 13:55:48.543893 np0000006656 devstack@neutron-api.service[87766]: INFO ovsdbapp.backend.ovs_idl.vlog [None req-9ba72dcf-3f2f-4bb1-bb98-1fc868e083c5 None None] ssl:10.4.3.64:6642: connecting...
Aug 06 13:55:48.545319 np0000006656 devstack@neutron-api.service[87765]: INFO ovsdbapp.backend.ovs_idl.vlog [None req-0cd7e2b6-b60f-4e5e-a40a-cb3dc22a4b47 None None] ssl:10.4.3.64:6642: connected
Aug 06 13:55:48.550676 np0000006656 devstack@neutron-api.service[87766]: INFO ovsdbapp.backend.ovs_idl.vlog [None req-9ba72dcf-3f2f-4bb1-bb98-1fc868e083c5 None None] ssl:10.4.3.64:6642: connected
Aug 06 13:55:48.569235 np0000006656 devstack@neutron-api.service[87765]: DEBUG neutron.common.ovn.hash_ring_manager [None req-0cd7e2b6-b60f-4e5e-a40a-cb3dc22a4b47 None None] Allow caching, nodes 3>=3 {{(pid=87765) _wait_startup_before_caching /opt/stack/neutron/neutron/common/ovn/hash_ring_manager.py:71}}
Aug 06 13:55:48.573586 np0000006656 devstack@neutron-api.service[87765]: DEBUG neutron.common.ovn.hash_ring_manager [None req-0cd7e2b6-b60f-4e5e-a40a-cb3dc22a4b47 None None] Hash Ring loaded. 3 active nodes. 0 offline nodes {{(pid=87765) _load_hash_ring /opt/stack/neutron/neutron/common/ovn/hash_ring_manager.py:110}}
Aug 06 13:55:48.573995 np0000006656 devstack@neutron-api.service[87765]: DEBUG ovsdbapp.backend.ovs_idl.event [None req-0cd7e2b6-b60f-4e5e-a40a-cb3dc22a4b47 None None] Matched CREATE: ChassisOVNAgentWriteEvent(events=('create', 'update'), table='Chassis_Private', conditions=None, old_conditions=None), priority=20 to row=Chassis_Private(uuid=96de63cd-ddb6-468a-b944-76512afe9d90, chassis=91a30c52-8030-4c48-bf82-afd06ff6e5dc, external_ids={'neutron:ovn-bridge': 'br-int', 'neutron:ovn-neutron-agent-id': '0b9c53cd-abb7-5f3a-ba57-b00192a4d81b', 'neutron:ovn-neutron-agent-sb-cfg': '0'}, name='756665ce-a924-4fa9-a93c-c7f1351572c5', nb_cfg=0, nb_cfg_timestamp=0) old= {{(pid=87765) matches /opt/stack/data/venv/lib/python3.12/site-packages/ovsdbapp/backend/ovs_idl/event.py:55}}
Aug 06 13:55:48.574353 np0000006656 devstack@neutron-api.service[87765]: DEBUG ovsdbapp.backend.ovs_idl.event [None req-0cd7e2b6-b60f-4e5e-a40a-cb3dc22a4b47 None None] Matched CREATE: ChassisAgentWriteEvent(events=('create', 'update'), table='Chassis_Private', conditions=None, old_conditions=None), priority=20 to row=Chassis_Private(uuid=96de63cd-ddb6-468a-b944-76512afe9d90, chassis=91a30c52-8030-4c48-bf82-afd06ff6e5dc, external_ids={'neutron:ovn-bridge': 'br-int', 'neutron:ovn-neutron-agent-id': '0b9c53cd-abb7-5f3a-ba57-b00192a4d81b', 'neutron:ovn-neutron-agent-sb-cfg': '0'}, name='756665ce-a924-4fa9-a93c-c7f1351572c5', nb_cfg=0, nb_cfg_timestamp=0) old= {{(pid=87765) matches /opt/stack/data/venv/lib/python3.12/site-packages/ovsdbapp/backend/ovs_idl/event.py:55}}
Aug 06 13:55:48.574682 np0000006656 devstack@neutron-api.service[87765]: DEBUG neutron.plugins.ml2.drivers.ovn.mech_driver.ovsdb.ovsdb_monitor [None req-0cd7e2b6-b60f-4e5e-a40a-cb3dc22a4b47 None None] Hash Ring: Node 453aa146d5fa508288d9b15068be57ab (host: np0000006656) handling event "create" for row 96de63cd-ddb6-468a-b944-76512afe9d90 (table: Chassis_Private) {{(pid=87765) notify /opt/stack/neutron/neutron/plugins/ml2/drivers/ovn/mech_driver/ovsdb/ovsdb_monitor.py:1099}}
Aug 06 13:55:48.574862 np0000006656 devstack@neutron-api.service[87765]: DEBUG neutron.plugins.ml2.drivers.ovn.mech_driver.ovsdb.ovsdb_monitor [None req-0cd7e2b6-b60f-4e5e-a40a-cb3dc22a4b47 None None] Hash Ring: Node 453aa146d5fa508288d9b15068be57ab (host: np0000006656) handling event "create" for row ee219836-ad8b-4453-94aa-697557add7cb (table: Encap) {{(pid=87765) notify /opt/stack/neutron/neutron/plugins/ml2/drivers/ovn/mech_driver/ovsdb/ovsdb_monitor.py:1099}}
Aug 06 13:55:48.576917 np0000006656 devstack@neutron-api.service[87765]: INFO neutron.plugins.ml2.drivers.ovn.mech_driver.mech_driver [None req-0cd7e2b6-b60f-4e5e-a40a-cb3dc22a4b47 None None] WorkerService process has finished the post initialization
Aug 06 13:55:48.577229 np0000006656 devstack@neutron-api.service[87765]: DEBUG oslo_concurrency.processutils [None req-0cd7e2b6-b60f-4e5e-a40a-cb3dc22a4b47 None None] Running cmd (subprocess): ovsdb-client transact ssl:10.4.3.64:6641 --timeout 180 -p /opt/stack/data/CA/int-ca/private/devstack-cert.key -c /opt/stack/data/CA/int-ca/devstack-cert.crt -C /opt/stack/data/CA/int-ca/ca-chain.pem ["OVN_Northbound", {"op": "wait", "timeout": 0, "table": "Port_Group", "where": [["name", "==", "pvlan_pg_drop"]], "until": "==", "rows": []}, {"op": "insert", "table": "ACL", "row": {"action": "drop", "direction": "to-lport", "match": "outport == @pvlan_pg_drop && ip", "priority": 1010}, "uuid-name": "pvlandroptoport"}, {"op": "insert", "table": "ACL", "row": {"action": "drop", "direction": "from-lport", "match": "inport == @pvlan_pg_drop && ip", "priority": 1010}, "uuid-name": "pvlandropfromport"}, {"op": "insert", "table": "Port_Group", "row": {"name": "pvlan_pg_drop", "acls": ["set", [["named-uuid", "pvlandroptoport"], ["named-uuid", "pvlandropfromport"]]]}}] {{(pid=87765) execute /opt/stack/data/venv/lib/python3.12/site-packages/oslo_concurrency/processutils.py:440}}
Aug 06 13:55:48.588304 np0000006656 devstack@neutron-api.service[87766]: DEBUG neutron.common.ovn.hash_ring_manager [None req-9ba72dcf-3f2f-4bb1-bb98-1fc868e083c5 None None] Allow caching, nodes 3>=3 {{(pid=87766) _wait_startup_before_caching /opt/stack/neutron/neutron/common/ovn/hash_ring_manager.py:71}}
Aug 06 13:55:48.592673 np0000006656 devstack@neutron-api.service[87766]: DEBUG neutron.common.ovn.hash_ring_manager [None req-9ba72dcf-3f2f-4bb1-bb98-1fc868e083c5 None None] Hash Ring loaded. 3 active nodes. 0 offline nodes {{(pid=87766) _load_hash_ring /opt/stack/neutron/neutron/common/ovn/hash_ring_manager.py:110}}
Aug 06 13:55:48.593274 np0000006656 devstack@neutron-api.service[87766]: DEBUG ovsdbapp.backend.ovs_idl.event [None req-9ba72dcf-3f2f-4bb1-bb98-1fc868e083c5 None None] Matched CREATE: ChassisOVNAgentWriteEvent(events=('create', 'update'), table='Chassis_Private', conditions=None, old_conditions=None), priority=20 to row=Chassis_Private(uuid=96de63cd-ddb6-468a-b944-76512afe9d90, chassis=91a30c52-8030-4c48-bf82-afd06ff6e5dc, external_ids={'neutron:ovn-bridge': 'br-int', 'neutron:ovn-neutron-agent-id': '0b9c53cd-abb7-5f3a-ba57-b00192a4d81b', 'neutron:ovn-neutron-agent-sb-cfg': '0'}, name='756665ce-a924-4fa9-a93c-c7f1351572c5', nb_cfg=0, nb_cfg_timestamp=0) old= {{(pid=87766) matches /opt/stack/data/venv/lib/python3.12/site-packages/ovsdbapp/backend/ovs_idl/event.py:55}}
Aug 06 13:55:48.593695 np0000006656 devstack@neutron-api.service[87766]: DEBUG ovsdbapp.backend.ovs_idl.event [None req-9ba72dcf-3f2f-4bb1-bb98-1fc868e083c5 None None] Matched CREATE: ChassisAgentWriteEvent(events=('create', 'update'), table='Chassis_Private', conditions=None, old_conditions=None), priority=20 to row=Chassis_Private(uuid=96de63cd-ddb6-468a-b944-76512afe9d90, chassis=91a30c52-8030-4c48-bf82-afd06ff6e5dc, external_ids={'neutron:ovn-bridge': 'br-int', 'neutron:ovn-neutron-agent-id': '0b9c53cd-abb7-5f3a-ba57-b00192a4d81b', 'neutron:ovn-neutron-agent-sb-cfg': '0'}, name='756665ce-a924-4fa9-a93c-c7f1351572c5', nb_cfg=0, nb_cfg_timestamp=0) old= {{(pid=87766) matches /opt/stack/data/venv/lib/python3.12/site-packages/ovsdbapp/backend/ovs_idl/event.py:55}}
Aug 06 13:55:48.595531 np0000006656 devstack@neutron-api.service[87766]: INFO neutron.plugins.ml2.drivers.ovn.mech_driver.mech_driver [None req-9ba72dcf-3f2f-4bb1-bb98-1fc868e083c5 None None] WorkerService process has finished the post initialization
Aug 06 13:55:48.596039 np0000006656 devstack@neutron-api.service[87766]: DEBUG oslo_concurrency.processutils [None req-9ba72dcf-3f2f-4bb1-bb98-1fc868e083c5 None None] Running cmd (subprocess): ovsdb-client transact ssl:10.4.3.64:6641 --timeout 180 -p /opt/stack/data/CA/int-ca/private/devstack-cert.key -c /opt/stack/data/CA/int-ca/devstack-cert.crt -C /opt/stack/data/CA/int-ca/ca-chain.pem ["OVN_Northbound", {"op": "wait", "timeout": 0, "table": "Port_Group", "where": [["name", "==", "pvlan_pg_drop"]], "until": "==", "rows": []}, {"op": "insert", "table": "ACL", "row": {"action": "drop", "direction": "to-lport", "match": "outport == @pvlan_pg_drop && ip", "priority": 1010}, "uuid-name": "pvlandroptoport"}, {"op": "insert", "table": "ACL", "row": {"action": "drop", "direction": "from-lport", "match": "inport == @pvlan_pg_drop && ip", "priority": 1010}, "uuid-name": "pvlandropfromport"}, {"op": "insert", "table": "Port_Group", "row": {"name": "pvlan_pg_drop", "acls": ["set", [["named-uuid", "pvlandroptoport"], ["named-uuid", "pvlandropfromport"]]]}}] {{(pid=87766) execute /opt/stack/data/venv/lib/python3.12/site-packages/oslo_concurrency/processutils.py:440}}
Aug 06 13:55:48.602141 np0000006656 devstack@neutron-api.service[87765]: DEBUG oslo_concurrency.processutils [None req-0cd7e2b6-b60f-4e5e-a40a-cb3dc22a4b47 None None] CMD "ovsdb-client transact ssl:10.4.3.64:6641 --timeout 180 -p /opt/stack/data/CA/int-ca/private/devstack-cert.key -c /opt/stack/data/CA/int-ca/devstack-cert.crt -C /opt/stack/data/CA/int-ca/ca-chain.pem ["OVN_Northbound", {"op": "wait", "timeout": 0, "table": "Port_Group", "where": [["name", "==", "pvlan_pg_drop"]], "until": "==", "rows": []}, {"op": "insert", "table": "ACL", "row": {"action": "drop", "direction": "to-lport", "match": "outport == @pvlan_pg_drop && ip", "priority": 1010}, "uuid-name": "pvlandroptoport"}, {"op": "insert", "table": "ACL", "row": {"action": "drop", "direction": "from-lport", "match": "inport == @pvlan_pg_drop && ip", "priority": 1010}, "uuid-name": "pvlandropfromport"}, {"op": "insert", "table": "Port_Group", "row": {"name": "pvlan_pg_drop", "acls": ["set", [["named-uuid", "pvlandroptoport"], ["named-uuid", "pvlandropfromport"]]]}}]" returned: 0 in 0.025s {{(pid=87765) execute /opt/stack/data/venv/lib/python3.12/site-packages/oslo_concurrency/processutils.py:468}}
Aug 06 13:55:48.604018 np0000006656 devstack@neutron-api.service[87765]: WSGI app 0 (mountpoint='') ready in 6 seconds on interpreter 0x7ec5472a4668 pid: 87765 (default app)
Aug 06 13:55:48.618706 np0000006656 devstack@neutron-api.service[87766]: DEBUG oslo_concurrency.processutils [None req-9ba72dcf-3f2f-4bb1-bb98-1fc868e083c5 None None] CMD "ovsdb-client transact ssl:10.4.3.64:6641 --timeout 180 -p /opt/stack/data/CA/int-ca/private/devstack-cert.key -c /opt/stack/data/CA/int-ca/devstack-cert.crt -C /opt/stack/data/CA/int-ca/ca-chain.pem ["OVN_Northbound", {"op": "wait", "timeout": 0, "table": "Port_Group", "where": [["name", "==", "pvlan_pg_drop"]], "until": "==", "rows": []}, {"op": "insert", "table": "ACL", "row": {"action": "drop", "direction": "to-lport", "match": "outport == @pvlan_pg_drop && ip", "priority": 1010}, "uuid-name": "pvlandroptoport"}, {"op": "insert", "table": "ACL", "row": {"action": "drop", "direction": "from-lport", "match": "inport == @pvlan_pg_drop && ip", "priority": 1010}, "uuid-name": "pvlandropfromport"}, {"op": "insert", "table": "Port_Group", "row": {"name": "pvlan_pg_drop", "acls": ["set", [["named-uuid", "pvlandroptoport"], ["named-uuid", "pvlandropfromport"]]]}}]" returned: 0 in 0.022s {{(pid=87766) execute /opt/stack/data/venv/lib/python3.12/site-packages/oslo_concurrency/processutils.py:468}}
Aug 06 13:55:48.620408 np0000006656 devstack@neutron-api.service[87766]: WSGI app 0 (mountpoint='') ready in 6 seconds on interpreter 0x7ec5472a4668 pid: 87766 (default app)
Aug 06 13:55:49.629181 np0000006656 devstack@neutron-api.service[87767]: DEBUG neutron.common.ovn.hash_ring_manager [-] Allow caching, nodes 3>=3 {{(pid=87767) _wait_startup_before_caching /opt/stack/neutron/neutron/common/ovn/hash_ring_manager.py:71}}
Aug 06 13:55:49.629509 np0000006656 devstack@neutron-api.service[87767]: DEBUG neutron.plugins.ml2.drivers.ovn.mech_driver.ovsdb.ovsdb_monitor [-] Hash Ring: Node af37c616d4b05d07ab606fd1d3c12113 (host: np0000006656) handling event "update" for row 02eae200-72c7-4b5e-aa3e-59a438264bb1 (table: Connection) {{(pid=87767) notify /opt/stack/neutron/neutron/plugins/ml2/drivers/ovn/mech_driver/ovsdb/ovsdb_monitor.py:1099}}
Aug 06 13:55:52.123513 np0000006656 devstack@neutron-api.service[87767]: DEBUG neutron.api.wsgi [None req-c0b04135-8f82-4682-b5e5-cefb72494cbb admin admin] Missing Content-Type {{(pid=87767) get_content_type /opt/stack/neutron/neutron/api/wsgi.py:80}}
Aug 06 13:55:52.123948 np0000006656 devstack@neutron-api.service[87767]: DEBUG neutron.api.wsgi [None req-c0b04135-8f82-4682-b5e5-cefb72494cbb admin admin] https://10.4.3.64/networking/v2.0/extensions returned with HTTP 200 {{(pid=87767) __call__ /opt/stack/neutron/neutron/api/wsgi.py:540}}
Aug 06 13:55:52.124263 np0000006656 devstack@neutron-api.service[87767]: [pid: 87767|app: 0|req: 2/2] 10.4.3.64 () {64 vars in 1285 bytes} [Thu Aug 6 13:55:51 2026] GET /networking/v2.0/extensions => generated 16171 bytes in 526 msecs (HTTP/1.1 200) 4 headers in 159 bytes (1 switches on core 0)
Aug 06 13:55:52.138816 np0000006656 devstack@neutron-api.service[87767]: DEBUG neutron.plugins.ml2.drivers.ovn.mech_driver.ovsdb.ovsdb_monitor [-] Hash Ring: Node af37c616d4b05d07ab606fd1d3c12113 (host: np0000006656) handling event "update" for row 02eae200-72c7-4b5e-aa3e-59a438264bb1 (table: Connection) {{(pid=87767) notify /opt/stack/neutron/neutron/plugins/ml2/drivers/ovn/mech_driver/ovsdb/ovsdb_monitor.py:1099}}
Aug 06 13:55:52.464413 np0000006656 devstack@neutron-api.service[87765]: DEBUG neutron.api.v2.base [None req-cea2f8ad-d93e-45f4-934f-e140dae4ad5d admin admin] Request body: {'subnetpool': {'default_prefixlen': 26, 'name': 'shared-default-subnetpool-v4', 'prefixes': ['10.1.0.0/20'], 'shared': True, 'is_default': True}} {{(pid=87765) prepare_request_body /opt/stack/neutron/neutron/api/v2/base.py:727}}
Aug 06 13:55:52.645327 np0000006656 devstack@neutron-api.service[87765]: DEBUG neutron.policy [None req-cea2f8ad-d93e-45f4-934f-e140dae4ad5d admin admin] Loaded default policies from ['neutron'] under neutron.policies entry points {{(pid=87765) register_rules /opt/stack/neutron/neutron/policy.py:65}}
Aug 06 13:55:52.771691 np0000006656 devstack@neutron-api.service[87765]: DEBUG neutron_lib.callbacks.manager [None req-cea2f8ad-d93e-45f4-934f-e140dae4ad5d admin admin] Publish callbacks ['neutron.objects.securitygroup.RbacNeutronDbObjectMixin.validate_rbac_policy_change-2735180463543', 'neutron.objects.address_group.RbacNeutronDbObjectMixin.validate_rbac_policy_change-2735177718205', 'neutron.objects.network.RbacNeutronDbObjectMixin.validate_rbac_policy_change-2735180427918', 'neutron.objects.qos.policy.RbacNeutronDbObjectMixin.validate_rbac_policy_change-2735180444489', 'neutron.objects.subnetpool.RbacNeutronDbObjectMixin.validate_rbac_policy_change-2735180522836', 'neutron.objects.address_scope.RbacNeutronDbObjectMixin.validate_rbac_policy_change-2735180435502', 'neutron.plugins.ml2.plugin.External_net_db_mixin._process_ext_policy_create-998725', 'neutron.plugins.ml2.plugin.NeutronDbPluginV2.validate_network_rbac_policy_change-989485'] for rbac-policy (None), before_create {{(pid=87765) _notify_loop /opt/stack/data/venv/lib/python3.12/site-packages/neutron_lib/callbacks/manager.py:184}}
Aug 06 13:55:52.805071 np0000006656 devstack@neutron-api.service[87765]: DEBUG neutron_lib.callbacks.manager [None req-cea2f8ad-d93e-45f4-934f-e140dae4ad5d admin admin] Publish callbacks [] for subnetpool (None), before_response {{(pid=87765) _notify_loop /opt/stack/data/venv/lib/python3.12/site-packages/neutron_lib/callbacks/manager.py:184}}
Aug 06 13:55:52.805571 np0000006656 devstack@neutron-api.service[87765]: [pid: 87765|app: 0|req: 1/3] 10.4.3.64 () {68 vars in 1329 bytes} [Thu Aug 6 13:55:52 2026] POST /networking/v2.0/subnetpools => generated 533 bytes in 427 msecs (HTTP/1.1 201) 4 headers in 162 bytes (1 switches on core 0)
Aug 06 13:55:53.098764 np0000006656 devstack@neutron-api.service[87766]: DEBUG neutron.api.v2.base [None req-f638e9b8-9df0-4ebe-b1ce-2d7a9fc1038d admin admin] Request body: {'subnetpool': {'default_prefixlen': 64, 'name': 'shared-default-subnetpool-v6', 'prefixes': ['fd0d:9230:74b7::/56'], 'shared': True, 'is_default': True}} {{(pid=87766) prepare_request_body /opt/stack/neutron/neutron/api/v2/base.py:727}}
Aug 06 13:55:53.248065 np0000006656 devstack@neutron-api.service[87766]: DEBUG neutron.policy [None req-f638e9b8-9df0-4ebe-b1ce-2d7a9fc1038d admin admin] Loaded default policies from ['neutron'] under neutron.policies entry points {{(pid=87766) register_rules /opt/stack/neutron/neutron/policy.py:65}}
Aug 06 13:55:53.374804 np0000006656 devstack@neutron-api.service[87766]: DEBUG neutron_lib.callbacks.manager [None req-f638e9b8-9df0-4ebe-b1ce-2d7a9fc1038d admin admin] Publish callbacks ['neutron.objects.securitygroup.RbacNeutronDbObjectMixin.validate_rbac_policy_change-2735180463543', 'neutron.objects.address_group.RbacNeutronDbObjectMixin.validate_rbac_policy_change-2735177718205', 'neutron.objects.network.RbacNeutronDbObjectMixin.validate_rbac_policy_change-2735180427816', 'neutron.objects.qos.policy.RbacNeutronDbObjectMixin.validate_rbac_policy_change-2735180425309', 'neutron.objects.subnetpool.RbacNeutronDbObjectMixin.validate_rbac_policy_change-2735180418678', 'neutron.objects.address_scope.RbacNeutronDbObjectMixin.validate_rbac_policy_change-2735180515387', 'neutron.plugins.ml2.plugin.External_net_db_mixin._process_ext_policy_create-997747', 'neutron.plugins.ml2.plugin.NeutronDbPluginV2.validate_network_rbac_policy_change-991579'] for rbac-policy (None), before_create {{(pid=87766) _notify_loop /opt/stack/data/venv/lib/python3.12/site-packages/neutron_lib/callbacks/manager.py:184}}
Aug 06 13:55:53.407226 np0000006656 devstack@neutron-api.service[87766]: DEBUG neutron_lib.callbacks.manager [None req-f638e9b8-9df0-4ebe-b1ce-2d7a9fc1038d admin admin] Publish callbacks [] for subnetpool (None), before_response {{(pid=87766) _notify_loop /opt/stack/data/venv/lib/python3.12/site-packages/neutron_lib/callbacks/manager.py:184}}
Aug 06 13:55:53.407760 np0000006656 devstack@neutron-api.service[87766]: [pid: 87766|app: 0|req: 1/4] 10.4.3.64 () {68 vars in 1329 bytes} [Thu Aug 6 13:55:53 2026] POST /networking/v2.0/subnetpools => generated 543 bytes in 397 msecs (HTTP/1.1 201) 4 headers in 162 bytes (1 switches on core 0)
Aug 06 13:55:53.613450 np0000006656 devstack@neutron-api.service[87767]: DEBUG neutron.api.v2.base [None req-a38be343-dbb6-41ed-b18b-66757964cf1b admin admin] Request body: {'network': {'name': 'private', 'admin_state_up': True}} {{(pid=87767) prepare_request_body /opt/stack/neutron/neutron/api/v2/base.py:727}}
Aug 06 13:55:53.638731 np0000006656 devstack@neutron-api.service[87767]: DEBUG neutron.pecan_wsgi.hooks.quota_enforcement [None req-a38be343-dbb6-41ed-b18b-66757964cf1b admin admin] Made reservation on behalf of a38fe29f6dcf454796bbbafc3b562725 for: {'network': 1} {{(pid=87767) before /opt/stack/neutron/neutron/pecan_wsgi/hooks/quota_enforcement.py:66}}
Aug 06 13:55:53.784022 np0000006656 devstack@neutron-api.service[87767]: DEBUG neutron.policy [None req-a38be343-dbb6-41ed-b18b-66757964cf1b admin admin] Loaded default policies from ['neutron'] under neutron.policies entry points {{(pid=87767) register_rules /opt/stack/neutron/neutron/policy.py:65}}
Aug 06 13:55:53.870514 np0000006656 devstack@neutron-api.service[87767]: DEBUG neutron_lib.callbacks.manager [None req-a38be343-dbb6-41ed-b18b-66757964cf1b admin admin] Publish callbacks ['neutron.plugins.ml2.plugin.SecurityGroupDbMixin._ensure_default_security_group_handler-1246555'] for network (None), before_create {{(pid=87767) _notify_loop /opt/stack/data/venv/lib/python3.12/site-packages/neutron_lib/callbacks/manager.py:184}}
Aug 06 13:55:53.888218 np0000006656 devstack@neutron-api.service[87767]: DEBUG neutron_lib.callbacks.manager [None req-a38be343-dbb6-41ed-b18b-66757964cf1b admin admin] Publish callbacks [] for security_group (None), before_create {{(pid=87767) _notify_loop /opt/stack/data/venv/lib/python3.12/site-packages/neutron_lib/callbacks/manager.py:184}}
Aug 06 13:55:53.969069 np0000006656 devstack@neutron-api.service[87767]: DEBUG neutron_lib.callbacks.manager [None req-a38be343-dbb6-41ed-b18b-66757964cf1b admin admin] Publish callbacks ['neutron.plugins.ml2.drivers.ovn.mech_driver.mech_driver.OVNMechanismDriver._create_security_group_precommit-134024300'] for security_group (635f53b1-7486-4cd5-9b8a-ee1b7bd71e60), precommit_create {{(pid=87767) _notify_loop /opt/stack/data/venv/lib/python3.12/site-packages/neutron_lib/callbacks/manager.py:184}}
Aug 06 13:55:53.969183 np0000006656 devstack@neutron-api.service[87767]: DEBUG neutron.db.ovn_revision_numbers_db [None req-a38be343-dbb6-41ed-b18b-66757964cf1b admin admin] create_initial_revision uuid=635f53b1-7486-4cd5-9b8a-ee1b7bd71e60, type=security_groups, rev=-1 {{(pid=87767) create_initial_revision /opt/stack/neutron/neutron/db/ovn_revision_numbers_db.py:98}}
Aug 06 13:55:53.971470 np0000006656 devstack@neutron-api.service[87767]: DEBUG neutron.db.ovn_revision_numbers_db [None req-a38be343-dbb6-41ed-b18b-66757964cf1b admin admin] create_initial_revision uuid=197d91c1-6a56-465a-bcc3-90130c08d45a, type=security_group_rules, rev=-1 {{(pid=87767) create_initial_revision /opt/stack/neutron/neutron/db/ovn_revision_numbers_db.py:98}}
Aug 06 13:55:53.972325 np0000006656 devstack@neutron-api.service[87767]: DEBUG neutron.db.ovn_revision_numbers_db [None req-a38be343-dbb6-41ed-b18b-66757964cf1b admin admin] create_initial_revision uuid=4dcf8546-de89-4172-9f06-3661395e2824, type=security_group_rules, rev=-1 {{(pid=87767) create_initial_revision /opt/stack/neutron/neutron/db/ovn_revision_numbers_db.py:98}}
Aug 06 13:55:53.973113 np0000006656 devstack@neutron-api.service[87767]: DEBUG neutron.db.ovn_revision_numbers_db [None req-a38be343-dbb6-41ed-b18b-66757964cf1b admin admin] create_initial_revision uuid=4f9fc885-7e8c-47a1-a9bf-4b2ff0133abc, type=security_group_rules, rev=-1 {{(pid=87767) create_initial_revision /opt/stack/neutron/neutron/db/ovn_revision_numbers_db.py:98}}
Aug 06 13:55:53.973901 np0000006656 devstack@neutron-api.service[87767]: DEBUG neutron.db.ovn_revision_numbers_db [None req-a38be343-dbb6-41ed-b18b-66757964cf1b admin admin] create_initial_revision uuid=7a284d1d-e132-4889-b635-ec5f3aeb14b4, type=security_group_rules, rev=-1 {{(pid=87767) create_initial_revision /opt/stack/neutron/neutron/db/ovn_revision_numbers_db.py:98}}
Aug 06 13:55:53.976859 np0000006656 devstack@neutron-api.service[87767]: DEBUG neutron_lib.callbacks.manager [None req-a38be343-dbb6-41ed-b18b-66757964cf1b admin admin] Publish callbacks ['neutron.plugins.ml2.drivers.ovn.mech_driver.mech_driver.OVNMechanismDriver._create_security_group-134024310', 'neutron.plugins.ml2.ovo_rpc._ObjectChangeHandler.handle_event-133196936'] for security_group (635f53b1-7486-4cd5-9b8a-ee1b7bd71e60), after_create {{(pid=87767) _notify_loop /opt/stack/data/venv/lib/python3.12/site-packages/neutron_lib/callbacks/manager.py:184}}
Aug 06 13:55:53.977675 np0000006656 devstack@neutron-api.service[87767]: DEBUG ovsdbapp.backend.ovs_idl.transaction [-] Running txn n=1 command(idx=0): PgAddCommand(_result=None, name=pg_635f53b1_7486_4cd5_9b8a_ee1b7bd71e60, may_exist=False, columns={'acls': [], 'external_ids': {'neutron:security_group_id': '635f53b1-7486-4cd5-9b8a-ee1b7bd71e60'}}) {{(pid=87767) do_commit /opt/stack/data/venv/lib/python3.12/site-packages/ovsdbapp/backend/ovs_idl/transaction.py:89}}
Aug 06 13:55:53.978682 np0000006656 devstack@neutron-api.service[87767]: DEBUG ovsdbapp.backend.ovs_idl.transaction [-] Running txn n=1 command(idx=1): PgAclAddCommand(_result=None, entity=pg_635f53b1_7486_4cd5_9b8a_ee1b7bd71e60, direction=from-lport, priority=1002, match=inport == @pg_635f53b1_7486_4cd5_9b8a_ee1b7bd71e60 && ip4, action=allow-related, log=False, may_exist=True, severity=[], name=[], meter=[], external_ids={'neutron:security_group_rule_id': '197d91c1-6a56-465a-bcc3-90130c08d45a'}) {{(pid=87767) do_commit /opt/stack/data/venv/lib/python3.12/site-packages/ovsdbapp/backend/ovs_idl/transaction.py:89}}
Aug 06 13:55:53.978967 np0000006656 devstack@neutron-api.service[87767]: DEBUG ovsdbapp.backend.ovs_idl.transaction [-] Running txn n=1 command(idx=2): PgAclAddCommand(_result=None, entity=pg_635f53b1_7486_4cd5_9b8a_ee1b7bd71e60, direction=to-lport, priority=1002, match=outport == @pg_635f53b1_7486_4cd5_9b8a_ee1b7bd71e60 && ip4 && ip4.src == $pg_635f53b1_7486_4cd5_9b8a_ee1b7bd71e60_ip4, action=allow-related, log=False, may_exist=True, severity=[], name=[], meter=[], external_ids={'neutron:security_group_rule_id': '4dcf8546-de89-4172-9f06-3661395e2824'}) {{(pid=87767) do_commit /opt/stack/data/venv/lib/python3.12/site-packages/ovsdbapp/backend/ovs_idl/transaction.py:89}}
Aug 06 13:55:53.979185 np0000006656 devstack@neutron-api.service[87767]: DEBUG ovsdbapp.backend.ovs_idl.transaction [-] Running txn n=1 command(idx=3): PgAclAddCommand(_result=None, entity=pg_635f53b1_7486_4cd5_9b8a_ee1b7bd71e60, direction=to-lport, priority=1002, match=outport == @pg_635f53b1_7486_4cd5_9b8a_ee1b7bd71e60 && ip6 && ip6.src == $pg_635f53b1_7486_4cd5_9b8a_ee1b7bd71e60_ip6, action=allow-related, log=False, may_exist=True, severity=[], name=[], meter=[], external_ids={'neutron:security_group_rule_id': '4f9fc885-7e8c-47a1-a9bf-4b2ff0133abc'}) {{(pid=87767) do_commit /opt/stack/data/venv/lib/python3.12/site-packages/ovsdbapp/backend/ovs_idl/transaction.py:89}}
Aug 06 13:55:53.979396 np0000006656 devstack@neutron-api.service[87767]: DEBUG ovsdbapp.backend.ovs_idl.transaction [-] Running txn n=1 command(idx=4): PgAclAddCommand(_result=None, entity=pg_635f53b1_7486_4cd5_9b8a_ee1b7bd71e60, direction=from-lport, priority=1002, match=inport == @pg_635f53b1_7486_4cd5_9b8a_ee1b7bd71e60 && ip6, action=allow-related, log=False, may_exist=True, severity=[], name=[], meter=[], external_ids={'neutron:security_group_rule_id': '7a284d1d-e132-4889-b635-ec5f3aeb14b4'}) {{(pid=87767) do_commit /opt/stack/data/venv/lib/python3.12/site-packages/ovsdbapp/backend/ovs_idl/transaction.py:89}}
Aug 06 13:55:53.997352 np0000006656 devstack@neutron-api.service[87767]: DEBUG neutron.plugins.ml2.drivers.ovn.mech_driver.ovsdb.ovsdb_monitor [-] Hash Ring: Node af37c616d4b05d07ab606fd1d3c12113 (host: np0000006656) handling event "create" for row 2d393d82-fe90-4aa4-af6a-89a5220c3b06 (table: ACL) {{(pid=87767) notify /opt/stack/neutron/neutron/plugins/ml2/drivers/ovn/mech_driver/ovsdb/ovsdb_monitor.py:1099}}
Aug 06 13:55:53.997498 np0000006656 devstack@neutron-api.service[87767]: DEBUG neutron.plugins.ml2.drivers.ovn.mech_driver.ovsdb.ovsdb_monitor [-] Hash Ring: Node af37c616d4b05d07ab606fd1d3c12113 (host: np0000006656) handling event "create" for row 712df785-f4f4-4841-a9e7-e7d6143fd08e (table: ACL) {{(pid=87767) notify /opt/stack/neutron/neutron/plugins/ml2/drivers/ovn/mech_driver/ovsdb/ovsdb_monitor.py:1099}}
Aug 06 13:55:53.997705 np0000006656 devstack@neutron-api.service[87767]: DEBUG neutron.plugins.ml2.drivers.ovn.mech_driver.ovsdb.ovsdb_monitor [-] Hash Ring: Node af37c616d4b05d07ab606fd1d3c12113 (host: np0000006656) handling event "create" for row c24644f1-c9f4-470a-bd5b-0e450130faa7 (table: ACL) {{(pid=87767) notify /opt/stack/neutron/neutron/plugins/ml2/drivers/ovn/mech_driver/ovsdb/ovsdb_monitor.py:1099}}
Aug 06 13:55:53.997882 np0000006656 devstack@neutron-api.service[87767]: DEBUG neutron.plugins.ml2.drivers.ovn.mech_driver.ovsdb.ovsdb_monitor [-] Hash Ring: Node af37c616d4b05d07ab606fd1d3c12113 (host: np0000006656) handling event "create" for row f7a3d4ac-0ebb-4872-b5b7-fa2eb05e1549 (table: ACL) {{(pid=87767) notify /opt/stack/neutron/neutron/plugins/ml2/drivers/ovn/mech_driver/ovsdb/ovsdb_monitor.py:1099}}
Aug 06 13:55:53.998017 np0000006656 devstack@neutron-api.service[87767]: DEBUG neutron.plugins.ml2.drivers.ovn.mech_driver.ovsdb.ovsdb_monitor [-] Hash Ring: Node af37c616d4b05d07ab606fd1d3c12113 (host: np0000006656) handling event "create" for row 5ee28bba-96a7-46da-af42-80f53107afe2 (table: Port_Group) {{(pid=87767) notify /opt/stack/neutron/neutron/plugins/ml2/drivers/ovn/mech_driver/ovsdb/ovsdb_monitor.py:1099}}
Aug 06 13:55:53.999119 np0000006656 devstack@neutron-api.service[87765]: DEBUG neutron.plugins.ml2.drivers.ovn.mech_driver.ovsdb.ovsdb_monitor [-] Hash Ring: Node 453aa146d5fa508288d9b15068be57ab (host: np0000006656) handling event "create" for row 2d393d82-fe90-4aa4-af6a-89a5220c3b06 (table: ACL) {{(pid=87765) notify /opt/stack/neutron/neutron/plugins/ml2/drivers/ovn/mech_driver/ovsdb/ovsdb_monitor.py:1099}}
Aug 06 13:55:53.999460 np0000006656 devstack@neutron-api.service[87765]: DEBUG neutron.plugins.ml2.drivers.ovn.mech_driver.ovsdb.ovsdb_monitor [-] Hash Ring: Node 453aa146d5fa508288d9b15068be57ab (host: np0000006656) handling event "create" for row 712df785-f4f4-4841-a9e7-e7d6143fd08e (table: ACL) {{(pid=87765) notify /opt/stack/neutron/neutron/plugins/ml2/drivers/ovn/mech_driver/ovsdb/ovsdb_monitor.py:1099}}
Aug 06 13:55:53.999649 np0000006656 devstack@neutron-api.service[87765]: DEBUG neutron.plugins.ml2.drivers.ovn.mech_driver.ovsdb.ovsdb_monitor [-] Hash Ring: Node 453aa146d5fa508288d9b15068be57ab (host: np0000006656) handling event "create" for row 5ee28bba-96a7-46da-af42-80f53107afe2 (table: Port_Group) {{(pid=87765) notify /opt/stack/neutron/neutron/plugins/ml2/drivers/ovn/mech_driver/ovsdb/ovsdb_monitor.py:1099}}
Aug 06 13:55:54.018201 np0000006656 devstack@neutron-api.service[87767]: INFO neutron.db.ovn_revision_numbers_db [None req-a38be343-dbb6-41ed-b18b-66757964cf1b admin admin] Successfully bumped revision number for resource 635f53b1-7486-4cd5-9b8a-ee1b7bd71e60 (type: security_groups) to 1
Aug 06 13:55:54.030349 np0000006656 devstack@neutron-api.service[87767]: INFO neutron.db.ovn_revision_numbers_db [None req-a38be343-dbb6-41ed-b18b-66757964cf1b admin admin] Successfully bumped revision number for resource 197d91c1-6a56-465a-bcc3-90130c08d45a (type: security_group_rules) to 0
Aug 06 13:55:54.037818 np0000006656 devstack@neutron-api.service[87767]: INFO neutron.db.ovn_revision_numbers_db [None req-a38be343-dbb6-41ed-b18b-66757964cf1b admin admin] Successfully bumped revision number for resource 4dcf8546-de89-4172-9f06-3661395e2824 (type: security_group_rules) to 0
Aug 06 13:55:54.045787 np0000006656 devstack@neutron-api.service[87767]: INFO neutron.db.ovn_revision_numbers_db [None req-a38be343-dbb6-41ed-b18b-66757964cf1b admin admin] Successfully bumped revision number for resource 4f9fc885-7e8c-47a1-a9bf-4b2ff0133abc (type: security_group_rules) to 0
Aug 06 13:55:54.054568 np0000006656 devstack@neutron-api.service[87767]: INFO neutron.db.ovn_revision_numbers_db [None req-a38be343-dbb6-41ed-b18b-66757964cf1b admin admin] Successfully bumped revision number for resource 7a284d1d-e132-4889-b635-ec5f3aeb14b4 (type: security_group_rules) to 0
Aug 06 13:55:54.073264 np0000006656 devstack@neutron-api.service[87767]: DEBUG neutron.api.rpc.handlers.resources_rpc [None req-a38be343-dbb6-41ed-b18b-66757964cf1b admin admin] Pushing event updated for resources: {'SecurityGroup': ['ID=635f53b1-7486-4cd5-9b8a-ee1b7bd71e60,revision_number=1']} {{(pid=87767) push /opt/stack/neutron/neutron/api/rpc/handlers/resources_rpc.py:237}}
Aug 06 13:55:54.078961 np0000006656 devstack@neutron-api.service[87767]: DEBUG ovsdbapp.backend.ovs_idl.transaction [-] Running txn n=1 command(idx=0): CheckLivenessCommand(_result=None) {{(pid=87767) do_commit /opt/stack/data/venv/lib/python3.12/site-packages/ovsdbapp/backend/ovs_idl/transaction.py:89}}
Aug 06 13:55:54.080514 np0000006656 devstack@neutron-api.service[87767]: DEBUG neutron.plugins.ml2.drivers.ovn.mech_driver.ovsdb.ovsdb_monitor [-] Hash Ring: Node af37c616d4b05d07ab606fd1d3c12113 (host: np0000006656) handling event "update" for row 673f5f70-6423-464d-8f07-30fda6db9248 (table: NB_Global) {{(pid=87767) notify /opt/stack/neutron/neutron/plugins/ml2/drivers/ovn/mech_driver/ovsdb/ovsdb_monitor.py:1099}}
Aug 06 13:55:54.082694 np0000006656 devstack@neutron-api.service[87766]: DEBUG neutron.plugins.ml2.drivers.ovn.mech_driver.ovsdb.ovsdb_monitor [-] Hash Ring: Node 89f9a73f3a9150379f1d5c52910e5bc8 (host: np0000006656) handling event "update" for row 673f5f70-6423-464d-8f07-30fda6db9248 (table: NB_Global) {{(pid=87766) notify /opt/stack/neutron/neutron/plugins/ml2/drivers/ovn/mech_driver/ovsdb/ovsdb_monitor.py:1099}}
Aug 06 13:55:54.083234 np0000006656 devstack@neutron-api.service[87767]: DEBUG neutron.plugins.ml2.drivers.ovn.mech_driver.ovsdb.ovsdb_monitor [-] Hash Ring: Node af37c616d4b05d07ab606fd1d3c12113 (host: np0000006656) handling event "update" for row 673f5f70-6423-464d-8f07-30fda6db9248 (table: NB_Global) {{(pid=87767) notify /opt/stack/neutron/neutron/plugins/ml2/drivers/ovn/mech_driver/ovsdb/ovsdb_monitor.py:1099}}
Aug 06 13:55:54.084608 np0000006656 devstack@neutron-api.service[87767]: DEBUG neutron.plugins.ml2.drivers.ovn.mech_driver.ovsdb.ovsdb_monitor [-] Hash Ring: Node af37c616d4b05d07ab606fd1d3c12113 (host: np0000006656) handling event "update" for row 673f5f70-6423-464d-8f07-30fda6db9248 (table: NB_Global) {{(pid=87767) notify /opt/stack/neutron/neutron/plugins/ml2/drivers/ovn/mech_driver/ovsdb/ovsdb_monitor.py:1099}}
Aug 06 13:55:54.085269 np0000006656 devstack@neutron-api.service[87766]: DEBUG ovsdbapp.backend.ovs_idl.event [-] Matched UPDATE: ChassisAgentWriteEvent(events=('create', 'update'), table='Chassis_Private', conditions=None, old_conditions=None), priority=20 to row=Chassis_Private(uuid=96de63cd-ddb6-468a-b944-76512afe9d90, chassis=91a30c52-8030-4c48-bf82-afd06ff6e5dc, external_ids={'neutron:ovn-bridge': 'br-int', 'neutron:ovn-neutron-agent-id': '0b9c53cd-abb7-5f3a-ba57-b00192a4d81b', 'neutron:ovn-neutron-agent-sb-cfg': '0'}, name='756665ce-a924-4fa9-a93c-c7f1351572c5', nb_cfg=1, nb_cfg_timestamp=1786024554081) old=Chassis_Private(uuid=96de63cd-ddb6-468a-b944-76512afe9d90, nb_cfg=0, nb_cfg_timestamp=0) {{(pid=87766) matches /opt/stack/data/venv/lib/python3.12/site-packages/ovsdbapp/backend/ovs_idl/event.py:55}}
Aug 06 13:55:54.085595 np0000006656 devstack@neutron-api.service[87767]: DEBUG ovsdbapp.backend.ovs_idl.event [-] Matched UPDATE: ChassisAgentWriteEvent(events=('create', 'update'), table='Chassis_Private', conditions=None, old_conditions=None), priority=20 to row=Chassis_Private(uuid=96de63cd-ddb6-468a-b944-76512afe9d90, chassis=91a30c52-8030-4c48-bf82-afd06ff6e5dc, external_ids={'neutron:ovn-bridge': 'br-int', 'neutron:ovn-neutron-agent-id': '0b9c53cd-abb7-5f3a-ba57-b00192a4d81b', 'neutron:ovn-neutron-agent-sb-cfg': '0'}, name='756665ce-a924-4fa9-a93c-c7f1351572c5', nb_cfg=1, nb_cfg_timestamp=1786024554081) old=Chassis_Private(uuid=96de63cd-ddb6-468a-b944-76512afe9d90, nb_cfg=0, nb_cfg_timestamp=0) {{(pid=87767) matches /opt/stack/data/venv/lib/python3.12/site-packages/ovsdbapp/backend/ovs_idl/event.py:55}}
Aug 06 13:55:54.085996 np0000006656 devstack@neutron-api.service[87765]: DEBUG ovsdbapp.backend.ovs_idl.event [-] Matched UPDATE: ChassisAgentWriteEvent(events=('create', 'update'), table='Chassis_Private', conditions=None, old_conditions=None), priority=20 to row=Chassis_Private(uuid=96de63cd-ddb6-468a-b944-76512afe9d90, chassis=91a30c52-8030-4c48-bf82-afd06ff6e5dc, external_ids={'neutron:ovn-bridge': 'br-int', 'neutron:ovn-neutron-agent-id': '0b9c53cd-abb7-5f3a-ba57-b00192a4d81b', 'neutron:ovn-neutron-agent-sb-cfg': '0'}, name='756665ce-a924-4fa9-a93c-c7f1351572c5', nb_cfg=1, nb_cfg_timestamp=1786024554081) old=Chassis_Private(uuid=96de63cd-ddb6-468a-b944-76512afe9d90, nb_cfg=0, nb_cfg_timestamp=0) {{(pid=87765) matches /opt/stack/data/venv/lib/python3.12/site-packages/ovsdbapp/backend/ovs_idl/event.py:55}}
Aug 06 13:55:54.086246 np0000006656 devstack@neutron-api.service[87765]: DEBUG neutron.plugins.ml2.drivers.ovn.mech_driver.ovsdb.ovsdb_monitor [-] Hash Ring: Node 453aa146d5fa508288d9b15068be57ab (host: np0000006656) handling event "update" for row 96de63cd-ddb6-468a-b944-76512afe9d90 (table: Chassis_Private) {{(pid=87765) notify /opt/stack/neutron/neutron/plugins/ml2/drivers/ovn/mech_driver/ovsdb/ovsdb_monitor.py:1099}}
Aug 06 13:55:54.086632 np0000006656 devstack@neutron-api.service[87767]: DEBUG neutron.plugins.ml2.drivers.ovn.mech_driver.ovsdb.ovsdb_monitor [-] Hash Ring: Node af37c616d4b05d07ab606fd1d3c12113 (host: np0000006656) handling event "update" for row 673f5f70-6423-464d-8f07-30fda6db9248 (table: NB_Global) {{(pid=87767) notify /opt/stack/neutron/neutron/plugins/ml2/drivers/ovn/mech_driver/ovsdb/ovsdb_monitor.py:1099}}
Aug 06 13:55:54.087631 np0000006656 devstack@neutron-api.service[87766]: DEBUG neutron.plugins.ml2.drivers.ovn.mech_driver.ovsdb.ovsdb_monitor [-] Hash Ring: Node 89f9a73f3a9150379f1d5c52910e5bc8 (host: np0000006656) handling event "update" for row 673f5f70-6423-464d-8f07-30fda6db9248 (table: NB_Global) {{(pid=87766) notify /opt/stack/neutron/neutron/plugins/ml2/drivers/ovn/mech_driver/ovsdb/ovsdb_monitor.py:1099}}
Aug 06 13:55:54.088726 np0000006656 devstack@neutron-api.service[87766]: DEBUG neutron.plugins.ml2.drivers.ovn.mech_driver.ovsdb.ovsdb_monitor [-] Hash Ring: Node 89f9a73f3a9150379f1d5c52910e5bc8 (host: np0000006656) handling event "update" for row 673f5f70-6423-464d-8f07-30fda6db9248 (table: NB_Global) {{(pid=87766) notify /opt/stack/neutron/neutron/plugins/ml2/drivers/ovn/mech_driver/ovsdb/ovsdb_monitor.py:1099}}
Aug 06 13:55:54.088817 np0000006656 devstack@neutron-api.service[87767]: DEBUG neutron.api.rpc.callbacks.version_manager [None req-a38be343-dbb6-41ed-b18b-66757964cf1b admin admin] Tracked resource versions report:
Aug 06 13:55:54.088817 np0000006656 devstack@neutron-api.service[87767]: pushed versions:
Aug 06 13:55:54.088817 np0000006656 devstack@neutron-api.service[87767]: { 'AddressGroup': {'1.2'},
Aug 06 13:55:54.088817 np0000006656 devstack@neutron-api.service[87767]: 'Agent': {'1.1'},
Aug 06 13:55:54.088817 np0000006656 devstack@neutron-api.service[87767]: 'ConntrackHelper': {'1.0'},
Aug 06 13:55:54.088817 np0000006656 devstack@neutron-api.service[87767]: 'LocalIPAssociation': {'1.0'},
Aug 06 13:55:54.088817 np0000006656 devstack@neutron-api.service[87767]: 'Log': {'1.0'},
Aug 06 13:55:54.088817 np0000006656 devstack@neutron-api.service[87767]: 'NDPProxy': {'1.0'},
Aug 06 13:55:54.088817 np0000006656 devstack@neutron-api.service[87767]: 'Network': {'1.3'},
Aug 06 13:55:54.088817 np0000006656 devstack@neutron-api.service[87767]: 'Port': {'1.11'},
Aug 06 13:55:54.088817 np0000006656 devstack@neutron-api.service[87767]: 'PortForwarding': {'1.3'},
Aug 06 13:55:54.088817 np0000006656 devstack@neutron-api.service[87767]: 'QosPolicy': {'1.10'},
Aug 06 13:55:54.088817 np0000006656 devstack@neutron-api.service[87767]: 'SecurityGroup': {'1.6'},
Aug 06 13:55:54.088817 np0000006656 devstack@neutron-api.service[87767]: 'SecurityGroupRule': {'1.3'},
Aug 06 13:55:54.088817 np0000006656 devstack@neutron-api.service[87767]: 'SubPort': {'1.0'},
Aug 06 13:55:54.088817 np0000006656 devstack@neutron-api.service[87767]: 'Subnet': {'1.2'},
Aug 06 13:55:54.088817 np0000006656 devstack@neutron-api.service[87767]: 'Trunk': {'1.1'}}
Aug 06 13:55:54.088817 np0000006656 devstack@neutron-api.service[87767]: consumer versions:
Aug 06 13:55:54.088817 np0000006656 devstack@neutron-api.service[87767]: {OVN Controller Gateway agent@np0000006656: {}}
Aug 06 13:55:54.088817 np0000006656 devstack@neutron-api.service[87767]: {{(pid=87767) report /opt/stack/neutron/neutron/api/rpc/callbacks/version_manager.py:183}}
Aug 06 13:55:54.089248 np0000006656 devstack@neutron-api.service[87765]: DEBUG ovsdbapp.backend.ovs_idl.event [-] Matched UPDATE: ChassisOVNAgentWriteEvent(events=('create', 'update'), table='Chassis_Private', conditions=None, old_conditions=None), priority=20 to row=Chassis_Private(uuid=96de63cd-ddb6-468a-b944-76512afe9d90, chassis=91a30c52-8030-4c48-bf82-afd06ff6e5dc, external_ids={'neutron:ovn-bridge': 'br-int', 'neutron:ovn-neutron-agent-id': '0b9c53cd-abb7-5f3a-ba57-b00192a4d81b', 'neutron:ovn-neutron-agent-sb-cfg': '1'}, name='756665ce-a924-4fa9-a93c-c7f1351572c5', nb_cfg=1, nb_cfg_timestamp=1786024554081) old=Chassis_Private(uuid=96de63cd-ddb6-468a-b944-76512afe9d90, external_ids={'neutron:ovn-bridge': 'br-int', 'neutron:ovn-neutron-agent-id': '0b9c53cd-abb7-5f3a-ba57-b00192a4d81b', 'neutron:ovn-neutron-agent-sb-cfg': '0'}) {{(pid=87765) matches /opt/stack/data/venv/lib/python3.12/site-packages/ovsdbapp/backend/ovs_idl/event.py:55}}
Aug 06 13:55:54.089552 np0000006656 devstack@neutron-api.service[87765]: DEBUG neutron.plugins.ml2.drivers.ovn.mech_driver.ovsdb.ovsdb_monitor [-] Hash Ring: Node 453aa146d5fa508288d9b15068be57ab (host: np0000006656) handling event "update" for row 96de63cd-ddb6-468a-b944-76512afe9d90 (table: Chassis_Private) {{(pid=87765) notify /opt/stack/neutron/neutron/plugins/ml2/drivers/ovn/mech_driver/ovsdb/ovsdb_monitor.py:1099}}
Aug 06 13:55:54.089787 np0000006656 devstack@neutron-api.service[87766]: DEBUG ovsdbapp.backend.ovs_idl.event [-] Matched UPDATE: ChassisOVNAgentWriteEvent(events=('create', 'update'), table='Chassis_Private', conditions=None, old_conditions=None), priority=20 to row=Chassis_Private(uuid=96de63cd-ddb6-468a-b944-76512afe9d90, chassis=91a30c52-8030-4c48-bf82-afd06ff6e5dc, external_ids={'neutron:ovn-bridge': 'br-int', 'neutron:ovn-neutron-agent-id': '0b9c53cd-abb7-5f3a-ba57-b00192a4d81b', 'neutron:ovn-neutron-agent-sb-cfg': '1'}, name='756665ce-a924-4fa9-a93c-c7f1351572c5', nb_cfg=1, nb_cfg_timestamp=1786024554081) old=Chassis_Private(uuid=96de63cd-ddb6-468a-b944-76512afe9d90, external_ids={'neutron:ovn-bridge': 'br-int', 'neutron:ovn-neutron-agent-id': '0b9c53cd-abb7-5f3a-ba57-b00192a4d81b', 'neutron:ovn-neutron-agent-sb-cfg': '0'}) {{(pid=87766) matches /opt/stack/data/venv/lib/python3.12/site-packages/ovsdbapp/backend/ovs_idl/event.py:55}}
Aug 06 13:55:54.090667 np0000006656 devstack@neutron-api.service[87766]: DEBUG neutron.plugins.ml2.drivers.ovn.mech_driver.ovsdb.ovsdb_monitor [-] Hash Ring: Node 89f9a73f3a9150379f1d5c52910e5bc8 (host: np0000006656) handling event "update" for row 673f5f70-6423-464d-8f07-30fda6db9248 (table: NB_Global) {{(pid=87766) notify /opt/stack/neutron/neutron/plugins/ml2/drivers/ovn/mech_driver/ovsdb/ovsdb_monitor.py:1099}}
Aug 06 13:55:54.094464 np0000006656 devstack@neutron-api.service[87767]: DEBUG neutron.common.ovn.hash_ring_manager [-] Allow caching, nodes 3>=3 {{(pid=87767) _wait_startup_before_caching /opt/stack/neutron/neutron/common/ovn/hash_ring_manager.py:71}}
Aug 06 13:55:54.094634 np0000006656 devstack@neutron-api.service[87767]: DEBUG neutron.plugins.ml2.drivers.ovn.mech_driver.ovsdb.ovsdb_monitor [-] Hash Ring: Node af37c616d4b05d07ab606fd1d3c12113 (host: np0000006656) handling event "update" for row 96de63cd-ddb6-468a-b944-76512afe9d90 (table: Chassis_Private) {{(pid=87767) notify /opt/stack/neutron/neutron/plugins/ml2/drivers/ovn/mech_driver/ovsdb/ovsdb_monitor.py:1099}}
Aug 06 13:55:54.095944 np0000006656 devstack@neutron-api.service[87767]: DEBUG ovsdbapp.backend.ovs_idl.event [-] Matched UPDATE: ChassisOVNAgentWriteEvent(events=('create', 'update'), table='Chassis_Private', conditions=None, old_conditions=None), priority=20 to row=Chassis_Private(uuid=96de63cd-ddb6-468a-b944-76512afe9d90, chassis=91a30c52-8030-4c48-bf82-afd06ff6e5dc, external_ids={'neutron:ovn-bridge': 'br-int', 'neutron:ovn-neutron-agent-id': '0b9c53cd-abb7-5f3a-ba57-b00192a4d81b', 'neutron:ovn-neutron-agent-sb-cfg': '1'}, name='756665ce-a924-4fa9-a93c-c7f1351572c5', nb_cfg=1, nb_cfg_timestamp=1786024554081) old=Chassis_Private(uuid=96de63cd-ddb6-468a-b944-76512afe9d90, external_ids={'neutron:ovn-bridge': 'br-int', 'neutron:ovn-neutron-agent-id': '0b9c53cd-abb7-5f3a-ba57-b00192a4d81b', 'neutron:ovn-neutron-agent-sb-cfg': '0'}) {{(pid=87767) matches /opt/stack/data/venv/lib/python3.12/site-packages/ovsdbapp/backend/ovs_idl/event.py:55}}
Aug 06 13:55:54.096214 np0000006656 devstack@neutron-api.service[87767]: DEBUG neutron.plugins.ml2.drivers.ovn.mech_driver.ovsdb.ovsdb_monitor [-] Hash Ring: Node af37c616d4b05d07ab606fd1d3c12113 (host: np0000006656) handling event "update" for row 96de63cd-ddb6-468a-b944-76512afe9d90 (table: Chassis_Private) {{(pid=87767) notify /opt/stack/neutron/neutron/plugins/ml2/drivers/ovn/mech_driver/ovsdb/ovsdb_monitor.py:1099}}
Aug 06 13:55:54.129379 np0000006656 devstack@neutron-api.service[87767]: DEBUG neutron.plugins.ml2.drivers.helpers [None req-a38be343-dbb6-41ed-b18b-66757964cf1b admin admin] geneve segment allocate from pool success with {'geneve_vni': 53636} {{(pid=87767) allocate_partially_specified_segment /opt/stack/neutron/neutron/plugins/ml2/drivers/helpers.py:142}}
Aug 06 13:55:54.138918 np0000006656 devstack@neutron-api.service[87767]: DEBUG neutron_lib.callbacks.manager [None req-a38be343-dbb6-41ed-b18b-66757964cf1b admin admin] Publish callbacks ['neutron.services.segments.db._add_segment_host_mapping_for_segment-8711603337330', 'neutron.plugins.ml2.plugin.Ml2Plugin._handle_segment_change-1522481'] for segment (3d2b39b6-6deb-4238-bb82-442381aa3ce5), precommit_create {{(pid=87767) _notify_loop /opt/stack/data/venv/lib/python3.12/site-packages/neutron_lib/callbacks/manager.py:184}}
Aug 06 13:55:54.139139 np0000006656 devstack@neutron-api.service[87767]: INFO neutron.db.segments_db [None req-a38be343-dbb6-41ed-b18b-66757964cf1b admin admin] Added segment 3d2b39b6-6deb-4238-bb82-442381aa3ce5 of type geneve for network 7e09325a-fdd9-431e-96d7-a4616b74f98e
Aug 06 13:55:54.174985 np0000006656 devstack@neutron-api.service[87767]: DEBUG neutron_lib.callbacks.manager [None req-a38be343-dbb6-41ed-b18b-66757964cf1b admin admin] Publish callbacks ['neutron.services.auto_allocate.db._ensure_external_network_default_value_callback-8711601706938'] for network (7e09325a-fdd9-431e-96d7-a4616b74f98e), precommit_create {{(pid=87767) _notify_loop /opt/stack/data/venv/lib/python3.12/site-packages/neutron_lib/callbacks/manager.py:184}}
Aug 06 13:55:54.191242 np0000006656 devstack@neutron-api.service[87767]: DEBUG neutron.plugins.ml2.drivers.ovn.mech_driver.mech_driver [None req-a38be343-dbb6-41ed-b18b-66757964cf1b admin admin] Validating network segment with type geneve, segmentation ID 53636, physical network None {{(pid=87767) _validate_network_segments /opt/stack/neutron/neutron/plugins/ml2/drivers/ovn/mech_driver/mech_driver.py:646}}
Aug 06 13:55:54.191376 np0000006656 devstack@neutron-api.service[87767]: DEBUG neutron.db.ovn_revision_numbers_db [None req-a38be343-dbb6-41ed-b18b-66757964cf1b admin admin] create_initial_revision uuid=7e09325a-fdd9-431e-96d7-a4616b74f98e, type=networks, rev=-1 {{(pid=87767) create_initial_revision /opt/stack/neutron/neutron/db/ovn_revision_numbers_db.py:98}}
Aug 06 13:55:54.206237 np0000006656 devstack@neutron-api.service[87767]: DEBUG neutron_lib.callbacks.manager [None req-a38be343-dbb6-41ed-b18b-66757964cf1b admin admin] Publish callbacks ['neutron.plugins.ml2.ovo_rpc._ObjectChangeHandler.handle_event-133196939'] for network (7e09325a-fdd9-431e-96d7-a4616b74f98e), after_create {{(pid=87767) _notify_loop /opt/stack/data/venv/lib/python3.12/site-packages/neutron_lib/callbacks/manager.py:184}}
