Jul 31 22:45:19.101895 np0000006287 devstack@c-api.service[97183]: INFO cinder.api.openstack.wsgi [req-e4c6a986-b35d-4f61-815f-e2281ec9f22b req-18b3a8ab-3c25-4f98-abab-d63754725d41 tempest-ServerActionsTestOtherB-1361756425 tempest-ServerActionsTestOtherB-1361756425-project-member] https://10.4.3.178/volume/v3/attachments/d824f308-2924-4f0e-aa1d-035590f67b2a returned with HTTP 200
Jul 31 22:45:19.102478 np0000006287 devstack@c-api.service[97183]: [pid: 97183|app: 0|req: 65/194] 10.4.3.178 () {74 vars in 1705 bytes} [Fri Jul 31 22:45:18 2026] PUT /volume/v3/attachments/d824f308-2924-4f0e-aa1d-035590f67b2a => generated 535 bytes in 127 msecs (HTTP/1.1 200) 7 headers in 286 bytes (1 switches on core 0)
Jul 31 22:45:19.116545 np0000006287 devstack@c-api.service[97181]: WARNING cinder.quota_utils [None req-abea9446-91be-4755-ba53-e28d425a62ad tempest-VolumeSnapshotQuotasNegativeTestJSON-461029148 tempest-VolumeSnapshotQuotasNegativeTestJSON-461029148-project-member] Quota exceeded for a4e49c714fc947ad9f423d0b0a4baf81, tried to create snapshot (1 snapshots already consumed).: cinder.exception.OverQuota: Quota exceeded for resources: ['snapshots']
Jul 31 22:45:19.116545 np0000006287 devstack@c-api.service[97181]: INFO cinder.api.middleware.fault [None req-abea9446-91be-4755-ba53-e28d425a62ad tempest-VolumeSnapshotQuotasNegativeTestJSON-461029148 tempest-VolumeSnapshotQuotasNegativeTestJSON-461029148-project-member] https://10.4.3.178/volume/v3/snapshots returned with HTTP 413
Jul 31 22:45:19.116729 np0000006287 devstack@c-api.service[97181]: [pid: 97181|app: 0|req: 61/195] 10.4.3.178 () {68 vars in 1264 bytes} [Fri Jul 31 22:45:19 2026] POST /volume/v3/snapshots => generated 133 bytes in 44 msecs (HTTP/1.1 413) 8 headers in 323 bytes (1 switches on core 0)
Jul 31 22:45:19.128861 np0000006287 devstack@c-api.service[97182]: DEBUG cinder.api.middleware.request_id [None req-3d358918-a03c-4e2b-ac56-5de12ca1b85b None None] RequestId filter calling following filter/app {{(pid=97182) _context_setter /opt/stack/cinder/cinder/api/middleware/request_id.py:62}}
Jul 31 22:45:19.131055 np0000006287 devstack@c-api.service[97182]: INFO cinder.api.openstack.wsgi [None req-3d358918-a03c-4e2b-ac56-5de12ca1b85b tempest-VolumeSnapshotQuotasNegativeTestJSON-461029148 tempest-VolumeSnapshotQuotasNegativeTestJSON-461029148-project-member] DELETE https://10.4.3.178/volume/v3/snapshots/dd25be72-4eec-443c-840e-7d4c66e5d1ba
Jul 31 22:45:19.131055 np0000006287 devstack@c-api.service[97182]: DEBUG cinder.api.openstack.wsgi [None req-3d358918-a03c-4e2b-ac56-5de12ca1b85b tempest-VolumeSnapshotQuotasNegativeTestJSON-461029148 tempest-VolumeSnapshotQuotasNegativeTestJSON-461029148-project-member] Empty body provided in request {{(pid=97182) get_body /opt/stack/cinder/cinder/api/openstack/wsgi.py:725}}
Jul 31 22:45:19.131252 np0000006287 devstack@c-api.service[97182]: DEBUG cinder.api.openstack.wsgi [None req-3d358918-a03c-4e2b-ac56-5de12ca1b85b tempest-VolumeSnapshotQuotasNegativeTestJSON-461029148 tempest-VolumeSnapshotQuotasNegativeTestJSON-461029148-project-member] Calling method 'delete' {{(pid=97182) _process_stack /opt/stack/cinder/cinder/api/openstack/wsgi.py:878}}
Jul 31 22:45:19.131394 np0000006287 devstack@c-api.service[97182]: INFO cinder.api.v3.snapshots [None req-3d358918-a03c-4e2b-ac56-5de12ca1b85b tempest-VolumeSnapshotQuotasNegativeTestJSON-461029148 tempest-VolumeSnapshotQuotasNegativeTestJSON-461029148-project-member] Delete snapshot with id: dd25be72-4eec-443c-840e-7d4c66e5d1ba
Jul 31 22:45:19.139345 np0000006287 devstack@c-api.service[97182]: /opt/stack/data/venv/lib/python3.12/site-packages/oslo_context/context.py:102: DeprecationWarning: Policy enforcement is depending on the value of is_admin. This key is deprecated. Please update your policy file to use the standard policy values.
Jul 31 22:45:19.139345 np0000006287 devstack@c-api.service[97182]: warnings.warn(
Jul 31 22:45:19.139919 np0000006287 devstack@c-api.service[97182]: INFO cinder.volume.api [None req-3d358918-a03c-4e2b-ac56-5de12ca1b85b tempest-VolumeSnapshotQuotasNegativeTestJSON-461029148 tempest-VolumeSnapshotQuotasNegativeTestJSON-461029148-project-member] Snapshot retrieved successfully.
Jul 31 22:45:19.160929 np0000006287 devstack@c-api.service[97183]: DEBUG cinder.api.middleware.request_id [req-dfe4a628-f4ef-4fb8-b17c-cea78f2ddfdb req-bb55cacb-e681-4d6a-b7e7-15fb04334cbe None None] RequestId filter calling following filter/app {{(pid=97183) _context_setter /opt/stack/cinder/cinder/api/middleware/request_id.py:62}}
Jul 31 22:45:19.166033 np0000006287 devstack@c-api.service[97183]: INFO cinder.api.openstack.wsgi [req-dfe4a628-f4ef-4fb8-b17c-cea78f2ddfdb req-bb55cacb-e681-4d6a-b7e7-15fb04334cbe tempest-AttachSCSIVolumeTestJSON-824411653 tempest-AttachSCSIVolumeTestJSON-824411653-project-member] PUT https://10.4.3.178/volume/v3/attachments/e66e2385-84eb-44cf-9fed-3600e2522fb2
Jul 31 22:45:19.166555 np0000006287 devstack@c-api.service[97183]: DEBUG cinder.api.openstack.wsgi [req-dfe4a628-f4ef-4fb8-b17c-cea78f2ddfdb req-bb55cacb-e681-4d6a-b7e7-15fb04334cbe tempest-AttachSCSIVolumeTestJSON-824411653 tempest-AttachSCSIVolumeTestJSON-824411653-project-member] Action: 'update', calling method: version_select, body: {"attachment": {"connector": {"platform": "x86_64", "os_type": "linux", "ip": "10.4.3.178", "host": "np0000006287", "multipath": false, "enforce_multipath": true, "initiator": "iqn.2016-04.com.open-iscsi:dd6adf86d918", "do_local_attach": false, "nvme_hostid": "39d6b26a-bf56-4334-bc70-73949e5f6f12", "uuid": "8515de1c-ba7e-467b-adde-6d9f8a8dbc1f", "system uuid": "9e7ef020-9b26-4300-8445-b8abc8262334", "nqn": "nqn.2014-08.org.nvmexpress:uuid:9e7ef020-9b26-4300-8445-b8abc8262334", "nvme_native_multipath": true, "found_dsc": "", "host_ips": ["10.4.3.178", "fe80::f816:3eff:fefb:7052", "192.168.10.6", "fe80::f816:3eff:fe9b:7f34", "192.168.20.6", "fe80::f816:3eff:fe27:6b90", "192.168.30.6", "fe80::f816:3eff:fe4b:eb7e", "192.168.122.1", "172.24.5.1", "2001:db8::2", "fe80::942b:99ff:fe01:ab49", "fe80::f816:3eff:feb5:274e", "fe80::f816:3eff:fe3f:8fcc", "fe80::f816:3eff:fead:5a7b", "fe80::b479:5aff:fedb:1ee2", "fe80::f816:3eff:fecc:57da", "fe80::d024:beff:fe4b:f1f", "fe80::4ee:11ff:fe6d:e27d", "fe80::48e2:74ff:fe30:a1b0", "fe80::f816:3eff:fe4f:34d4", "fe80::78ad:cff:fecf:3fb0", "fe80::f816:3eff:fe5b:bafc", "fe80::f816:3eff:fe3b:a168", "fe80::b4b4:63ff:fec9:ba58", "fe80::f816:3eff:fe5c:1be7", "fe80::f816:3eff:fe70:62ad", "fe80::f816:3eff:feb8:4166", "fe80::f816:3eff:fe17:1131", "fe80::f816:3eff:fe36:7fa", "fe80::9cda:3dff:fee2:be3f", "fe80::2c1e:67ff:feb3:a82a"], "mountpoint": "/dev/sdc"}}} {{(pid=97183) _process_stack /opt/stack/cinder/cinder/api/openstack/wsgi.py:876}}
Jul 31 22:45:19.168516 np0000006287 devstack@c-api.service[97182]: INFO cinder.volume.api [None req-3d358918-a03c-4e2b-ac56-5de12ca1b85b tempest-VolumeSnapshotQuotasNegativeTestJSON-461029148 tempest-VolumeSnapshotQuotasNegativeTestJSON-461029148-project-member] Snapshot delete request issued successfully.
Jul 31 22:45:19.168913 np0000006287 devstack@c-api.service[97182]: INFO cinder.api.openstack.wsgi [None req-3d358918-a03c-4e2b-ac56-5de12ca1b85b tempest-VolumeSnapshotQuotasNegativeTestJSON-461029148 tempest-VolumeSnapshotQuotasNegativeTestJSON-461029148-project-member] https://10.4.3.178/volume/v3/snapshots/dd25be72-4eec-443c-840e-7d4c66e5d1ba returned with HTTP 202
Jul 31 22:45:19.169355 np0000006287 devstack@c-api.service[97182]: [pid: 97182|app: 0|req: 70/196] 10.4.3.178 () {66 vars in 1357 bytes} [Fri Jul 31 22:45:19 2026] DELETE /volume/v3/snapshots/dd25be72-4eec-443c-840e-7d4c66e5d1ba => generated 0 bytes in 41 msecs (HTTP/1.1 202) 6 headers in 233 bytes (1 switches on core 0)
Jul 31 22:45:19.177790 np0000006287 devstack@c-api.service[97181]: DEBUG cinder.api.middleware.request_id [None req-9258d18d-7f4e-458a-873d-95713e1c66c8 None None] RequestId filter calling following filter/app {{(pid=97181) _context_setter /opt/stack/cinder/cinder/api/middleware/request_id.py:62}}
Jul 31 22:45:19.178201 np0000006287 devstack@c-api.service[97183]: DEBUG cinder.coordination [req-dfe4a628-f4ef-4fb8-b17c-cea78f2ddfdb req-bb55cacb-e681-4d6a-b7e7-15fb04334cbe tempest-AttachSCSIVolumeTestJSON-824411653 tempest-AttachSCSIVolumeTestJSON-824411653-project-member] Acquiring lock "cinder-attachment_update-101bef50-5414-4235-8b9f-158f42bb943f-np0000006287" by "attachment_update" {{(pid=97183) __acquire /opt/stack/cinder/cinder/coordination.py:138}}
Jul 31 22:45:19.180290 np0000006287 devstack@c-api.service[97181]: INFO cinder.api.openstack.wsgi [None req-9258d18d-7f4e-458a-873d-95713e1c66c8 tempest-VolumeSnapshotQuotasNegativeTestJSON-461029148 tempest-VolumeSnapshotQuotasNegativeTestJSON-461029148-project-member] GET https://10.4.3.178/volume/v3/snapshots/dd25be72-4eec-443c-840e-7d4c66e5d1ba
Jul 31 22:45:19.180290 np0000006287 devstack@c-api.service[97181]: DEBUG cinder.api.openstack.wsgi [None req-9258d18d-7f4e-458a-873d-95713e1c66c8 tempest-VolumeSnapshotQuotasNegativeTestJSON-461029148 tempest-VolumeSnapshotQuotasNegativeTestJSON-461029148-project-member] Empty body provided in request {{(pid=97181) get_body /opt/stack/cinder/cinder/api/openstack/wsgi.py:725}}
Jul 31 22:45:19.180524 np0000006287 devstack@c-api.service[97181]: DEBUG cinder.api.openstack.wsgi [None req-9258d18d-7f4e-458a-873d-95713e1c66c8 tempest-VolumeSnapshotQuotasNegativeTestJSON-461029148 tempest-VolumeSnapshotQuotasNegativeTestJSON-461029148-project-member] Calling method 'show' {{(pid=97181) _process_stack /opt/stack/cinder/cinder/api/openstack/wsgi.py:878}}
Jul 31 22:45:19.184620 np0000006287 devstack@c-api.service[97183]: DEBUG cinder.coordination [req-dfe4a628-f4ef-4fb8-b17c-cea78f2ddfdb req-bb55cacb-e681-4d6a-b7e7-15fb04334cbe tempest-AttachSCSIVolumeTestJSON-824411653 tempest-AttachSCSIVolumeTestJSON-824411653-project-member] Lock "cinder-attachment_update-101bef50-5414-4235-8b9f-158f42bb943f-np0000006287" acquired by "attachment_update" :: waited 0.007s {{(pid=97183) __acquire /opt/stack/cinder/cinder/coordination.py:141}}
Jul 31 22:45:19.185626 np0000006287 devstack@c-api.service[97183]: /opt/stack/data/venv/lib/python3.12/site-packages/oslo_context/context.py:102: DeprecationWarning: Policy enforcement is depending on the value of is_admin. This key is deprecated. Please update your policy file to use the standard policy values.
Jul 31 22:45:19.185626 np0000006287 devstack@c-api.service[97183]: warnings.warn(
Jul 31 22:45:19.188734 np0000006287 devstack@c-api.service[97181]: /opt/stack/data/venv/lib/python3.12/site-packages/oslo_context/context.py:102: DeprecationWarning: Policy enforcement is depending on the value of is_admin. This key is deprecated. Please update your policy file to use the standard policy values.
Jul 31 22:45:19.188734 np0000006287 devstack@c-api.service[97181]: warnings.warn(
Jul 31 22:45:19.188970 np0000006287 devstack@c-api.service[97181]: INFO cinder.volume.api [None req-9258d18d-7f4e-458a-873d-95713e1c66c8 tempest-VolumeSnapshotQuotasNegativeTestJSON-461029148 tempest-VolumeSnapshotQuotasNegativeTestJSON-461029148-project-member] Snapshot retrieved successfully.
Jul 31 22:45:19.189961 np0000006287 devstack@c-api.service[97181]: INFO cinder.api.openstack.wsgi [None req-9258d18d-7f4e-458a-873d-95713e1c66c8 tempest-VolumeSnapshotQuotasNegativeTestJSON-461029148 tempest-VolumeSnapshotQuotasNegativeTestJSON-461029148-project-member] https://10.4.3.178/volume/v3/snapshots/dd25be72-4eec-443c-840e-7d4c66e5d1ba returned with HTTP 200
Jul 31 22:45:19.190738 np0000006287 devstack@c-api.service[97181]: [pid: 97181|app: 0|req: 62/197] 10.4.3.178 () {66 vars in 1354 bytes} [Fri Jul 31 22:45:19 2026] GET /volume/v3/snapshots/dd25be72-4eec-443c-840e-7d4c66e5d1ba => generated 480 bytes in 14 msecs (HTTP/1.1 200) 7 headers in 285 bytes (1 switches on core 0)
Jul 31 22:45:19.317393 np0000006287 devstack@c-api.service[97183]: DEBUG cinder.coordination [req-dfe4a628-f4ef-4fb8-b17c-cea78f2ddfdb req-bb55cacb-e681-4d6a-b7e7-15fb04334cbe tempest-AttachSCSIVolumeTestJSON-824411653 tempest-AttachSCSIVolumeTestJSON-824411653-project-member] Lock "cinder-attachment_update-101bef50-5414-4235-8b9f-158f42bb943f-np0000006287" released by "attachment_update" :: held 0.133s {{(pid=97183) __release /opt/stack/cinder/cinder/coordination.py:152}}
Jul 31 22:45:19.318120 np0000006287 devstack@c-api.service[97183]: INFO cinder.api.openstack.wsgi [req-dfe4a628-f4ef-4fb8-b17c-cea78f2ddfdb req-bb55cacb-e681-4d6a-b7e7-15fb04334cbe tempest-AttachSCSIVolumeTestJSON-824411653 tempest-AttachSCSIVolumeTestJSON-824411653-project-member] https://10.4.3.178/volume/v3/attachments/e66e2385-84eb-44cf-9fed-3600e2522fb2 returned with HTTP 200
Jul 31 22:45:19.318534 np0000006287 devstack@c-api.service[97183]: [pid: 97183|app: 0|req: 66/198] 10.4.3.178 () {74 vars in 1705 bytes} [Fri Jul 31 22:45:19 2026] PUT /volume/v3/attachments/e66e2385-84eb-44cf-9fed-3600e2522fb2 => generated 535 bytes in 158 msecs (HTTP/1.1 200) 7 headers in 286 bytes (1 switches on core 0)
Jul 31 22:45:19.369386 np0000006287 devstack@c-api.service[97182]: DEBUG cinder.api.middleware.request_id [req-e4c6a986-b35d-4f61-815f-e2281ec9f22b req-25e16208-0838-4525-bc59-31e0bc3933ee None None] RequestId filter calling following filter/app {{(pid=97182) _context_setter /opt/stack/cinder/cinder/api/middleware/request_id.py:62}}
Jul 31 22:45:19.372768 np0000006287 devstack@c-api.service[97182]: INFO cinder.api.openstack.wsgi [req-e4c6a986-b35d-4f61-815f-e2281ec9f22b req-25e16208-0838-4525-bc59-31e0bc3933ee tempest-ServerActionsTestOtherB-1361756425 tempest-ServerActionsTestOtherB-1361756425-project-member] POST https://10.4.3.178/volume/v3/attachments/d824f308-2924-4f0e-aa1d-035590f67b2a/action
Jul 31 22:45:19.373200 np0000006287 devstack@c-api.service[97182]: DEBUG cinder.api.openstack.wsgi [req-e4c6a986-b35d-4f61-815f-e2281ec9f22b req-25e16208-0838-4525-bc59-31e0bc3933ee tempest-ServerActionsTestOtherB-1361756425 tempest-ServerActionsTestOtherB-1361756425-project-member] Action body: b'{"os-complete": null}' {{(pid=97182) get_method /opt/stack/cinder/cinder/api/openstack/wsgi.py:993}}
Jul 31 22:45:19.373323 np0000006287 devstack@c-api.service[97182]: DEBUG cinder.api.openstack.wsgi [req-e4c6a986-b35d-4f61-815f-e2281ec9f22b req-25e16208-0838-4525-bc59-31e0bc3933ee tempest-ServerActionsTestOtherB-1361756425 tempest-ServerActionsTestOtherB-1361756425-project-member] Action: 'action', calling method: complete, body: {"os-complete": null} {{(pid=97182) _process_stack /opt/stack/cinder/cinder/api/openstack/wsgi.py:876}}
Jul 31 22:45:19.392107 np0000006287 devstack@c-api.service[97182]: /opt/stack/data/venv/lib/python3.12/site-packages/oslo_context/context.py:102: DeprecationWarning: Policy enforcement is depending on the value of is_admin. This key is deprecated. Please update your policy file to use the standard policy values.
Jul 31 22:45:19.392107 np0000006287 devstack@c-api.service[97182]: warnings.warn(
Jul 31 22:45:19.403845 np0000006287 devstack@c-api.service[97182]: INFO cinder.api.openstack.wsgi [req-e4c6a986-b35d-4f61-815f-e2281ec9f22b req-25e16208-0838-4525-bc59-31e0bc3933ee tempest-ServerActionsTestOtherB-1361756425 tempest-ServerActionsTestOtherB-1361756425-project-member] https://10.4.3.178/volume/v3/attachments/d824f308-2924-4f0e-aa1d-035590f67b2a/action returned with HTTP 204
Jul 31 22:45:19.404410 np0000006287 devstack@c-api.service[97182]: [pid: 97182|app: 0|req: 71/199] 10.4.3.178 () {74 vars in 1725 bytes} [Fri Jul 31 22:45:19 2026] POST /volume/v3/attachments/d824f308-2924-4f0e-aa1d-035590f67b2a/action => generated 0 bytes in 35 msecs (HTTP/1.1 204) 7 headers in 292 bytes (1 switches on core 0)
Jul 31 22:45:19.619097 np0000006287 devstack@c-api.service[97181]: DEBUG cinder.api.middleware.request_id [req-dfe4a628-f4ef-4fb8-b17c-cea78f2ddfdb req-bc7ab9f3-b852-44bd-ae72-8999af9dfb07 None None] RequestId filter calling following filter/app {{(pid=97181) _context_setter /opt/stack/cinder/cinder/api/middleware/request_id.py:62}}
Jul 31 22:45:19.623388 np0000006287 devstack@c-api.service[97181]: INFO cinder.api.openstack.wsgi [req-dfe4a628-f4ef-4fb8-b17c-cea78f2ddfdb req-bc7ab9f3-b852-44bd-ae72-8999af9dfb07 tempest-AttachSCSIVolumeTestJSON-824411653 tempest-AttachSCSIVolumeTestJSON-824411653-project-member] POST https://10.4.3.178/volume/v3/attachments/e66e2385-84eb-44cf-9fed-3600e2522fb2/action
Jul 31 22:45:19.623921 np0000006287 devstack@c-api.service[97181]: DEBUG cinder.api.openstack.wsgi [req-dfe4a628-f4ef-4fb8-b17c-cea78f2ddfdb req-bc7ab9f3-b852-44bd-ae72-8999af9dfb07 tempest-AttachSCSIVolumeTestJSON-824411653 tempest-AttachSCSIVolumeTestJSON-824411653-project-member] Action body: b'{"os-complete": null}' {{(pid=97181) get_method /opt/stack/cinder/cinder/api/openstack/wsgi.py:993}}
Jul 31 22:45:19.624085 np0000006287 devstack@c-api.service[97181]: DEBUG cinder.api.openstack.wsgi [req-dfe4a628-f4ef-4fb8-b17c-cea78f2ddfdb req-bc7ab9f3-b852-44bd-ae72-8999af9dfb07 tempest-AttachSCSIVolumeTestJSON-824411653 tempest-AttachSCSIVolumeTestJSON-824411653-project-member] Action: 'action', calling method: complete, body: {"os-complete": null} {{(pid=97181) _process_stack /opt/stack/cinder/cinder/api/openstack/wsgi.py:876}}
Jul 31 22:45:19.644290 np0000006287 devstack@c-api.service[97181]: /opt/stack/data/venv/lib/python3.12/site-packages/oslo_context/context.py:102: DeprecationWarning: Policy enforcement is depending on the value of is_admin. This key is deprecated. Please update your policy file to use the standard policy values.
Jul 31 22:45:19.644290 np0000006287 devstack@c-api.service[97181]: warnings.warn(
Jul 31 22:45:19.654708 np0000006287 devstack@c-api.service[97181]: INFO cinder.api.openstack.wsgi [req-dfe4a628-f4ef-4fb8-b17c-cea78f2ddfdb req-bc7ab9f3-b852-44bd-ae72-8999af9dfb07 tempest-AttachSCSIVolumeTestJSON-824411653 tempest-AttachSCSIVolumeTestJSON-824411653-project-member] https://10.4.3.178/volume/v3/attachments/e66e2385-84eb-44cf-9fed-3600e2522fb2/action returned with HTTP 204
Jul 31 22:45:19.655343 np0000006287 devstack@c-api.service[97181]: [pid: 97181|app: 0|req: 63/200] 10.4.3.178 () {74 vars in 1725 bytes} [Fri Jul 31 22:45:19 2026] POST /volume/v3/attachments/e66e2385-84eb-44cf-9fed-3600e2522fb2/action => generated 0 bytes in 37 msecs (HTTP/1.1 204) 7 headers in 292 bytes (1 switches on core 0)
Jul 31 22:45:19.863194 np0000006287 devstack@c-api.service[97183]: DEBUG cinder.api.middleware.request_id [None req-e84dd8ed-2779-45bc-9d46-3b7cc066041c None None] RequestId filter calling following filter/app {{(pid=97183) _context_setter /opt/stack/cinder/cinder/api/middleware/request_id.py:62}}
Jul 31 22:45:19.865463 np0000006287 devstack@c-api.service[97183]: INFO cinder.api.openstack.wsgi [None req-e84dd8ed-2779-45bc-9d46-3b7cc066041c tempest-GroupSnapshotsTest-648261178 tempest-GroupSnapshotsTest-648261178-project-member] GET https://10.4.3.178/volume/v3/volumes/f50ef830-4133-4a28-a9d3-be45fd93296d
Jul 31 22:45:19.865463 np0000006287 devstack@c-api.service[97183]: DEBUG cinder.api.openstack.wsgi [None req-e84dd8ed-2779-45bc-9d46-3b7cc066041c tempest-GroupSnapshotsTest-648261178 tempest-GroupSnapshotsTest-648261178-project-member] Empty body provided in request {{(pid=97183) get_body /opt/stack/cinder/cinder/api/openstack/wsgi.py:725}}
Jul 31 22:45:19.865463 np0000006287 devstack@c-api.service[97183]: DEBUG cinder.api.openstack.wsgi [None req-e84dd8ed-2779-45bc-9d46-3b7cc066041c tempest-GroupSnapshotsTest-648261178 tempest-GroupSnapshotsTest-648261178-project-member] Calling method 'show' {{(pid=97183) _process_stack /opt/stack/cinder/cinder/api/openstack/wsgi.py:878}}
Jul 31 22:45:19.868090 np0000006287 devstack@c-api.service[97182]: DEBUG cinder.api.middleware.request_id [None req-992d44b8-ef76-4fea-8fa8-18e92b0513b4 None None] RequestId filter calling following filter/app {{(pid=97182) _context_setter /opt/stack/cinder/cinder/api/middleware/request_id.py:62}}
Jul 31 22:45:19.870736 np0000006287 devstack@c-api.service[97182]: INFO cinder.api.openstack.wsgi [None req-992d44b8-ef76-4fea-8fa8-18e92b0513b4 tempest-ServerActionsTestOtherB-1361756425 tempest-ServerActionsTestOtherB-1361756425-project-member] GET https://10.4.3.178/volume/v3/volumes/2fd2f749-ed5b-40ab-bfc2-6371bf890408
Jul 31 22:45:19.871004 np0000006287 devstack@c-api.service[97182]: DEBUG cinder.api.openstack.wsgi [None req-992d44b8-ef76-4fea-8fa8-18e92b0513b4 tempest-ServerActionsTestOtherB-1361756425 tempest-ServerActionsTestOtherB-1361756425-project-member] Empty body provided in request {{(pid=97182) get_body /opt/stack/cinder/cinder/api/openstack/wsgi.py:725}}
Jul 31 22:45:19.871263 np0000006287 devstack@c-api.service[97182]: DEBUG cinder.api.openstack.wsgi [None req-992d44b8-ef76-4fea-8fa8-18e92b0513b4 tempest-ServerActionsTestOtherB-1361756425 tempest-ServerActionsTestOtherB-1361756425-project-member] Calling method 'show' {{(pid=97182) _process_stack /opt/stack/cinder/cinder/api/openstack/wsgi.py:878}}
Jul 31 22:45:19.875510 np0000006287 devstack@c-api.service[97183]: /opt/stack/data/venv/lib/python3.12/site-packages/oslo_context/context.py:102: DeprecationWarning: Policy enforcement is depending on the value of is_admin. This key is deprecated. Please update your policy file to use the standard policy values.
Jul 31 22:45:19.875510 np0000006287 devstack@c-api.service[97183]: warnings.warn(
Jul 31 22:45:19.881644 np0000006287 devstack@c-api.service[97183]: INFO cinder.volume.api [None req-e84dd8ed-2779-45bc-9d46-3b7cc066041c tempest-GroupSnapshotsTest-648261178 tempest-GroupSnapshotsTest-648261178-project-member] Volume info retrieved successfully.
Jul 31 22:45:19.882671 np0000006287 devstack@c-api.service[97183]: WARNING stevedore.named [None req-e84dd8ed-2779-45bc-9d46-3b7cc066041c tempest-GroupSnapshotsTest-648261178 tempest-GroupSnapshotsTest-648261178-project-member] Could not load cinder.keymgr.conf_key_mgr.ConfKeyManager
Jul 31 22:45:19.882863 np0000006287 devstack@c-api.service[97183]: WARNING castellan.key_manager [None req-e84dd8ed-2779-45bc-9d46-3b7cc066041c tempest-GroupSnapshotsTest-648261178 tempest-GroupSnapshotsTest-648261178-project-member] Deprecation Warning : cinder.keymgr.conf_key_mgr.ConfKeyManager is not a stevedore based driver, trying to load it as a class: stevedore.exception.NoMatches: No 'castellan.drivers' driver found, looking for 'cinder.keymgr.conf_key_mgr.ConfKeyManager'
Jul 31 22:45:19.883002 np0000006287 devstack@c-api.service[97182]: /opt/stack/data/venv/lib/python3.12/site-packages/oslo_context/context.py:102: DeprecationWarning: Policy enforcement is depending on the value of is_admin. This key is deprecated. Please update your policy file to use the standard policy values.
Jul 31 22:45:19.883002 np0000006287 devstack@c-api.service[97182]: warnings.warn(
Jul 31 22:45:19.887591 np0000006287 devstack@c-api.service[97182]: INFO cinder.volume.api [None req-992d44b8-ef76-4fea-8fa8-18e92b0513b4 tempest-ServerActionsTestOtherB-1361756425 tempest-ServerActionsTestOtherB-1361756425-project-member] Volume info retrieved successfully.
Jul 31 22:45:19.892944 np0000006287 devstack@c-api.service[97182]: INFO cinder.api.openstack.wsgi [None req-992d44b8-ef76-4fea-8fa8-18e92b0513b4 tempest-ServerActionsTestOtherB-1361756425 tempest-ServerActionsTestOtherB-1361756425-project-member] https://10.4.3.178/volume/v3/volumes/2fd2f749-ed5b-40ab-bfc2-6371bf890408 returned with HTTP 200
Jul 31 22:45:19.893469 np0000006287 devstack@c-api.service[97182]: [pid: 97182|app: 0|req: 72/201] 10.4.3.178 () {66 vars in 1348 bytes} [Fri Jul 31 22:45:19 2026] GET /volume/v3/volumes/2fd2f749-ed5b-40ab-bfc2-6371bf890408 => generated 1138 bytes in 26 msecs (HTTP/1.1 200) 7 headers in 286 bytes (1 switches on core 0)
Jul 31 22:45:19.911142 np0000006287 devstack@c-api.service[97181]: DEBUG cinder.api.middleware.request_id [None req-e4c2b498-bd3a-41a4-a9e5-f029e2d5f6fa None None] RequestId filter calling following filter/app {{(pid=97181) _context_setter /opt/stack/cinder/cinder/api/middleware/request_id.py:62}}
Jul 31 22:45:19.912997 np0000006287 devstack@c-api.service[97181]: INFO cinder.api.openstack.wsgi [None req-e4c2b498-bd3a-41a4-a9e5-f029e2d5f6fa tempest-ServerActionsTestOtherB-1361756425 tempest-ServerActionsTestOtherB-1361756425-project-member] GET https://10.4.3.178/volume/v3/volumes/2fd2f749-ed5b-40ab-bfc2-6371bf890408
Jul 31 22:45:19.913275 np0000006287 devstack@c-api.service[97181]: DEBUG cinder.api.openstack.wsgi [None req-e4c2b498-bd3a-41a4-a9e5-f029e2d5f6fa tempest-ServerActionsTestOtherB-1361756425 tempest-ServerActionsTestOtherB-1361756425-project-member] Empty body provided in request {{(pid=97181) get_body /opt/stack/cinder/cinder/api/openstack/wsgi.py:725}}
Jul 31 22:45:19.913524 np0000006287 devstack@c-api.service[97181]: DEBUG cinder.api.openstack.wsgi [None req-e4c2b498-bd3a-41a4-a9e5-f029e2d5f6fa tempest-ServerActionsTestOtherB-1361756425 tempest-ServerActionsTestOtherB-1361756425-project-member] Calling method 'show' {{(pid=97181) _process_stack /opt/stack/cinder/cinder/api/openstack/wsgi.py:878}}
Jul 31 22:45:19.923108 np0000006287 devstack@c-api.service[97181]: /opt/stack/data/venv/lib/python3.12/site-packages/oslo_context/context.py:102: DeprecationWarning: Policy enforcement is depending on the value of is_admin. This key is deprecated. Please update your policy file to use the standard policy values.
Jul 31 22:45:19.923108 np0000006287 devstack@c-api.service[97181]: warnings.warn(
Jul 31 22:45:19.928089 np0000006287 devstack@c-api.service[97181]: INFO cinder.volume.api [None req-e4c2b498-bd3a-41a4-a9e5-f029e2d5f6fa tempest-ServerActionsTestOtherB-1361756425 tempest-ServerActionsTestOtherB-1361756425-project-member] Volume info retrieved successfully.
Jul 31 22:45:19.934803 np0000006287 devstack@c-api.service[97181]: INFO cinder.api.openstack.wsgi [None req-e4c2b498-bd3a-41a4-a9e5-f029e2d5f6fa tempest-ServerActionsTestOtherB-1361756425 tempest-ServerActionsTestOtherB-1361756425-project-member] https://10.4.3.178/volume/v3/volumes/2fd2f749-ed5b-40ab-bfc2-6371bf890408 returned with HTTP 200
Jul 31 22:45:19.935397 np0000006287 devstack@c-api.service[97181]: [pid: 97181|app: 0|req: 64/202] 10.4.3.178 () {66 vars in 1348 bytes} [Fri Jul 31 22:45:19 2026] GET /volume/v3/volumes/2fd2f749-ed5b-40ab-bfc2-6371bf890408 => generated 1138 bytes in 25 msecs (HTTP/1.1 200) 7 headers in 286 bytes (1 switches on core 0)
Jul 31 22:45:19.938516 np0000006287 devstack@c-api.service[97183]: DEBUG oslo_db.sqlalchemy.engines [None req-e84dd8ed-2779-45bc-9d46-3b7cc066041c tempest-GroupSnapshotsTest-648261178 tempest-GroupSnapshotsTest-648261178-project-member] MySQL server mode set to STRICT_TRANS_TABLES,STRICT_ALL_TABLES,NO_ZERO_IN_DATE,NO_ZERO_DATE,ERROR_FOR_DIVISION_BY_ZERO,TRADITIONAL,NO_ENGINE_SUBSTITUTION {{(pid=97183) _check_effective_sql_mode /opt/stack/data/venv/lib/python3.12/site-packages/oslo_db/sqlalchemy/engines.py:325}}
Jul 31 22:45:19.946466 np0000006287 devstack@c-api.service[97183]: /opt/stack/data/venv/lib/python3.12/site-packages/oslo_context/context.py:102: DeprecationWarning: Policy enforcement is depending on the value of is_admin. This key is deprecated. Please update your policy file to use the standard policy values.
Jul 31 22:45:19.946466 np0000006287 devstack@c-api.service[97183]: warnings.warn(
Jul 31 22:45:19.968538 np0000006287 devstack@c-api.service[97183]: INFO cinder.api.openstack.wsgi [None req-e84dd8ed-2779-45bc-9d46-3b7cc066041c tempest-GroupSnapshotsTest-648261178 tempest-GroupSnapshotsTest-648261178-project-member] https://10.4.3.178/volume/v3/volumes/f50ef830-4133-4a28-a9d3-be45fd93296d returned with HTTP 200
Jul 31 22:45:19.968538 np0000006287 devstack@c-api.service[97183]: [pid: 97183|app: 0|req: 67/203] 10.4.3.178 () {68 vars in 1389 bytes} [Fri Jul 31 22:45:19 2026] GET /volume/v3/volumes/f50ef830-4133-4a28-a9d3-be45fd93296d => generated 915 bytes in 106 msecs (HTTP/1.1 200) 7 headers in 286 bytes (1 switches on core 0)
Jul 31 22:45:19.983255 np0000006287 devstack@c-api.service[97182]: DEBUG cinder.api.middleware.request_id [None req-f301e490-6edb-4ff0-99fc-31820ebd03b6 None None] RequestId filter calling following filter/app {{(pid=97182) _context_setter /opt/stack/cinder/cinder/api/middleware/request_id.py:62}}
Jul 31 22:45:19.986249 np0000006287 devstack@c-api.service[97182]: INFO cinder.api.openstack.wsgi [None req-f301e490-6edb-4ff0-99fc-31820ebd03b6 tempest-GroupSnapshotsTest-648261178 tempest-GroupSnapshotsTest-648261178-project-member] PUT https://10.4.3.178/volume/v3/groups/a790ed62-479b-43c7-97ca-f7c2ced0511e
Jul 31 22:45:19.987047 np0000006287 devstack@c-api.service[97182]: DEBUG cinder.api.openstack.wsgi [None req-f301e490-6edb-4ff0-99fc-31820ebd03b6 tempest-GroupSnapshotsTest-648261178 tempest-GroupSnapshotsTest-648261178-project-member] Action: 'update', calling method: version_select, body: {"group": {"remove_volumes": "80d884f1-c84b-4dae-ab1c-c14b75c5fa1c"}} {{(pid=97182) _process_stack /opt/stack/cinder/cinder/api/openstack/wsgi.py:876}}
Jul 31 22:45:19.996183 np0000006287 devstack@c-api.service[97182]: DEBUG cinder.api.v3.groups [None req-f301e490-6edb-4ff0-99fc-31820ebd03b6 tempest-GroupSnapshotsTest-648261178 tempest-GroupSnapshotsTest-648261178-project-member] Update called for group a790ed62-479b-43c7-97ca-f7c2ced0511e. {{(pid=97182) update /opt/stack/cinder/cinder/api/v3/groups.py:302}}
Jul 31 22:45:19.996355 np0000006287 devstack@c-api.service[97182]: INFO cinder.api.v3.groups [None req-f301e490-6edb-4ff0-99fc-31820ebd03b6 tempest-GroupSnapshotsTest-648261178 tempest-GroupSnapshotsTest-648261178-project-member] Updating group a790ed62-479b-43c7-97ca-f7c2ced0511e with name None description: None add_volumes: None remove_volumes: 80d884f1-c84b-4dae-ab1c-c14b75c5fa1c.
Jul 31 22:45:20.001341 np0000006287 devstack@c-api.service[97182]: /opt/stack/data/venv/lib/python3.12/site-packages/oslo_context/context.py:102: DeprecationWarning: Policy enforcement is depending on the value of is_admin. This key is deprecated. Please update your policy file to use the standard policy values.
Jul 31 22:45:20.001341 np0000006287 devstack@c-api.service[97182]: warnings.warn(
Jul 31 22:45:20.042729 np0000006287 devstack@c-api.service[97182]: INFO cinder.api.openstack.wsgi [None req-f301e490-6edb-4ff0-99fc-31820ebd03b6 tempest-GroupSnapshotsTest-648261178 tempest-GroupSnapshotsTest-648261178-project-member] https://10.4.3.178/volume/v3/groups/a790ed62-479b-43c7-97ca-f7c2ced0511e returned with HTTP 202
Jul 31 22:45:20.043268 np0000006287 devstack@c-api.service[97182]: [pid: 97182|app: 0|req: 73/204] 10.4.3.178 () {70 vars in 1406 bytes} [Fri Jul 31 22:45:19 2026] PUT /volume/v3/groups/a790ed62-479b-43c7-97ca-f7c2ced0511e => generated 0 bytes in 61 msecs (HTTP/1.1 202) 6 headers in 234 bytes (1 switches on core 0)
Jul 31 22:45:20.053200 np0000006287 devstack@c-api.service[97181]: DEBUG cinder.api.middleware.request_id [None req-21b5061e-06f9-4e2a-9b5b-4d15cdda54b1 None None] RequestId filter calling following filter/app {{(pid=97181) _context_setter /opt/stack/cinder/cinder/api/middleware/request_id.py:62}}
Jul 31 22:45:20.056094 np0000006287 devstack@c-api.service[97181]: INFO cinder.api.openstack.wsgi [None req-21b5061e-06f9-4e2a-9b5b-4d15cdda54b1 tempest-GroupSnapshotsTest-648261178 tempest-GroupSnapshotsTest-648261178-project-member] GET https://10.4.3.178/volume/v3/groups/a790ed62-479b-43c7-97ca-f7c2ced0511e
Jul 31 22:45:20.056550 np0000006287 devstack@c-api.service[97181]: DEBUG cinder.api.openstack.wsgi [None req-21b5061e-06f9-4e2a-9b5b-4d15cdda54b1 tempest-GroupSnapshotsTest-648261178 tempest-GroupSnapshotsTest-648261178-project-member] Empty body provided in request {{(pid=97181) get_body /opt/stack/cinder/cinder/api/openstack/wsgi.py:725}}
Jul 31 22:45:20.056814 np0000006287 devstack@c-api.service[97181]: DEBUG cinder.api.openstack.wsgi [None req-21b5061e-06f9-4e2a-9b5b-4d15cdda54b1 tempest-GroupSnapshotsTest-648261178 tempest-GroupSnapshotsTest-648261178-project-member] Calling method 'version_select' {{(pid=97181) _process_stack /opt/stack/cinder/cinder/api/openstack/wsgi.py:878}}
Jul 31 22:45:20.057001 np0000006287 devstack@c-api.service[97181]: DEBUG cinder.api.v3.groups [None req-21b5061e-06f9-4e2a-9b5b-4d15cdda54b1 tempest-GroupSnapshotsTest-648261178 tempest-GroupSnapshotsTest-648261178-project-member] show called for member a790ed62-479b-43c7-97ca-f7c2ced0511e {{(pid=97181) show /opt/stack/cinder/cinder/api/v3/groups.py:58}}
Jul 31 22:45:20.058905 np0000006287 devstack@c-api.service[97183]: DEBUG cinder.api.middleware.request_id [None req-f6d59d56-6161-403e-ba83-7a6458272176 None None] RequestId filter calling following filter/app {{(pid=97183) _context_setter /opt/stack/cinder/cinder/api/middleware/request_id.py:62}}
Jul 31 22:45:20.061293 np0000006287 devstack@c-api.service[97183]: INFO cinder.api.openstack.wsgi [None req-f6d59d56-6161-403e-ba83-7a6458272176 tempest-AttachSCSIVolumeTestJSON-824411653 tempest-AttachSCSIVolumeTestJSON-824411653-project-member] GET https://10.4.3.178/volume/v3/volumes/101bef50-5414-4235-8b9f-158f42bb943f
Jul 31 22:45:20.061536 np0000006287 devstack@c-api.service[97183]: DEBUG cinder.api.openstack.wsgi [None req-f6d59d56-6161-403e-ba83-7a6458272176 tempest-AttachSCSIVolumeTestJSON-824411653 tempest-AttachSCSIVolumeTestJSON-824411653-project-member] Empty body provided in request {{(pid=97183) get_body /opt/stack/cinder/cinder/api/openstack/wsgi.py:725}}
Jul 31 22:45:20.061812 np0000006287 devstack@c-api.service[97183]: DEBUG cinder.api.openstack.wsgi [None req-f6d59d56-6161-403e-ba83-7a6458272176 tempest-AttachSCSIVolumeTestJSON-824411653 tempest-AttachSCSIVolumeTestJSON-824411653-project-member] Calling method 'show' {{(pid=97183) _process_stack /opt/stack/cinder/cinder/api/openstack/wsgi.py:878}}
Jul 31 22:45:20.062023 np0000006287 devstack@c-api.service[97181]: /opt/stack/data/venv/lib/python3.12/site-packages/oslo_context/context.py:102: DeprecationWarning: Policy enforcement is depending on the value of is_admin. This key is deprecated. Please update your policy file to use the standard policy values.
Jul 31 22:45:20.062023 np0000006287 devstack@c-api.service[97181]: warnings.warn(
Jul 31 22:45:20.072710 np0000006287 devstack@c-api.service[97181]: INFO cinder.api.openstack.wsgi [None req-21b5061e-06f9-4e2a-9b5b-4d15cdda54b1 tempest-GroupSnapshotsTest-648261178 tempest-GroupSnapshotsTest-648261178-project-member] https://10.4.3.178/volume/v3/groups/a790ed62-479b-43c7-97ca-f7c2ced0511e returned with HTTP 200
Jul 31 22:45:20.073310 np0000006287 devstack@c-api.service[97181]: [pid: 97181|app: 0|req: 65/205] 10.4.3.178 () {68 vars in 1386 bytes} [Fri Jul 31 22:45:20 2026] GET /volume/v3/groups/a790ed62-479b-43c7-97ca-f7c2ced0511e => generated 392 bytes in 21 msecs (HTTP/1.1 200) 7 headers in 286 bytes (1 switches on core 0)
Jul 31 22:45:20.080841 np0000006287 devstack@c-api.service[97183]: /opt/stack/data/venv/lib/python3.12/site-packages/oslo_context/context.py:102: DeprecationWarning: Policy enforcement is depending on the value of is_admin. This key is deprecated. Please update your policy file to use the standard policy values.
Jul 31 22:45:20.080841 np0000006287 devstack@c-api.service[97183]: warnings.warn(
Jul 31 22:45:20.087312 np0000006287 devstack@c-api.service[97183]: INFO cinder.volume.api [None req-f6d59d56-6161-403e-ba83-7a6458272176 tempest-AttachSCSIVolumeTestJSON-824411653 tempest-AttachSCSIVolumeTestJSON-824411653-project-member] Volume info retrieved successfully.
Jul 31 22:45:20.097450 np0000006287 devstack@c-api.service[97183]: INFO cinder.api.openstack.wsgi [None req-f6d59d56-6161-403e-ba83-7a6458272176 tempest-AttachSCSIVolumeTestJSON-824411653 tempest-AttachSCSIVolumeTestJSON-824411653-project-member] https://10.4.3.178/volume/v3/volumes/101bef50-5414-4235-8b9f-158f42bb943f returned with HTTP 200
Jul 31 22:45:20.098046 np0000006287 devstack@c-api.service[97183]: [pid: 97183|app: 0|req: 68/206] 10.4.3.178 () {66 vars in 1348 bytes} [Fri Jul 31 22:45:20 2026] GET /volume/v3/volumes/101bef50-5414-4235-8b9f-158f42bb943f => generated 1137 bytes in 40 msecs (HTTP/1.1 200) 7 headers in 286 bytes (1 switches on core 0)
Jul 31 22:45:20.120151 np0000006287 devstack@c-api.service[97182]: DEBUG cinder.api.middleware.request_id [None req-e7432daf-1539-48b9-b991-2d6025d92da0 None None] RequestId filter calling following filter/app {{(pid=97182) _context_setter /opt/stack/cinder/cinder/api/middleware/request_id.py:62}}
Jul 31 22:45:20.123746 np0000006287 devstack@c-api.service[97182]: INFO cinder.api.openstack.wsgi [None req-e7432daf-1539-48b9-b991-2d6025d92da0 tempest-AttachSCSIVolumeTestJSON-824411653 tempest-AttachSCSIVolumeTestJSON-824411653-project-member] GET https://10.4.3.178/volume/v3/volumes/101bef50-5414-4235-8b9f-158f42bb943f
Jul 31 22:45:20.123746 np0000006287 devstack@c-api.service[97182]: DEBUG cinder.api.openstack.wsgi [None req-e7432daf-1539-48b9-b991-2d6025d92da0 tempest-AttachSCSIVolumeTestJSON-824411653 tempest-AttachSCSIVolumeTestJSON-824411653-project-member] Empty body provided in request {{(pid=97182) get_body /opt/stack/cinder/cinder/api/openstack/wsgi.py:725}}
Jul 31 22:45:20.123746 np0000006287 devstack@c-api.service[97182]: DEBUG cinder.api.openstack.wsgi [None req-e7432daf-1539-48b9-b991-2d6025d92da0 tempest-AttachSCSIVolumeTestJSON-824411653 tempest-AttachSCSIVolumeTestJSON-824411653-project-member] Calling method 'show' {{(pid=97182) _process_stack /opt/stack/cinder/cinder/api/openstack/wsgi.py:878}}
Jul 31 22:45:20.139505 np0000006287 devstack@c-api.service[97182]: /opt/stack/data/venv/lib/python3.12/site-packages/oslo_context/context.py:102: DeprecationWarning: Policy enforcement is depending on the value of is_admin. This key is deprecated. Please update your policy file to use the standard policy values.
Jul 31 22:45:20.139505 np0000006287 devstack@c-api.service[97182]: warnings.warn(
Jul 31 22:45:20.143907 np0000006287 devstack@c-api.service[97182]: INFO cinder.volume.api [None req-e7432daf-1539-48b9-b991-2d6025d92da0 tempest-AttachSCSIVolumeTestJSON-824411653 tempest-AttachSCSIVolumeTestJSON-824411653-project-member] Volume info retrieved successfully.
Jul 31 22:45:20.152704 np0000006287 devstack@c-api.service[97182]: INFO cinder.api.openstack.wsgi [None req-e7432daf-1539-48b9-b991-2d6025d92da0 tempest-AttachSCSIVolumeTestJSON-824411653 tempest-AttachSCSIVolumeTestJSON-824411653-project-member] https://10.4.3.178/volume/v3/volumes/101bef50-5414-4235-8b9f-158f42bb943f returned with HTTP 200
Jul 31 22:45:20.153244 np0000006287 devstack@c-api.service[97182]: [pid: 97182|app: 0|req: 74/207] 10.4.3.178 () {66 vars in 1348 bytes} [Fri Jul 31 22:45:20 2026] GET /volume/v3/volumes/101bef50-5414-4235-8b9f-158f42bb943f => generated 1137 bytes in 33 msecs (HTTP/1.1 200) 7 headers in 286 bytes (1 switches on core 0)
Jul 31 22:45:20.167924 np0000006287 devstack@c-api.service[97181]: DEBUG cinder.api.middleware.request_id [None req-98300e9d-a2dd-447c-be04-4afd1c66d06b None None] RequestId filter calling following filter/app {{(pid=97181) _context_setter /opt/stack/cinder/cinder/api/middleware/request_id.py:62}}
Jul 31 22:45:20.170351 np0000006287 devstack@c-api.service[97181]: INFO cinder.api.openstack.wsgi [None req-98300e9d-a2dd-447c-be04-4afd1c66d06b tempest-AttachSCSIVolumeTestJSON-824411653 tempest-AttachSCSIVolumeTestJSON-824411653-project-reader] GET https://10.4.3.178/volume/v3/volumes/101bef50-5414-4235-8b9f-158f42bb943f
Jul 31 22:45:20.170648 np0000006287 devstack@c-api.service[97181]: DEBUG cinder.api.openstack.wsgi [None req-98300e9d-a2dd-447c-be04-4afd1c66d06b tempest-AttachSCSIVolumeTestJSON-824411653 tempest-AttachSCSIVolumeTestJSON-824411653-project-reader] Empty body provided in request {{(pid=97181) get_body /opt/stack/cinder/cinder/api/openstack/wsgi.py:725}}
Jul 31 22:45:20.171056 np0000006287 devstack@c-api.service[97181]: DEBUG cinder.api.openstack.wsgi [None req-98300e9d-a2dd-447c-be04-4afd1c66d06b tempest-AttachSCSIVolumeTestJSON-824411653 tempest-AttachSCSIVolumeTestJSON-824411653-project-reader] Calling method 'show' {{(pid=97181) _process_stack /opt/stack/cinder/cinder/api/openstack/wsgi.py:878}}
Jul 31 22:45:20.188913 np0000006287 devstack@c-api.service[97181]: /opt/stack/data/venv/lib/python3.12/site-packages/oslo_context/context.py:102: DeprecationWarning: Policy enforcement is depending on the value of is_admin. This key is deprecated. Please update your policy file to use the standard policy values.
Jul 31 22:45:20.188913 np0000006287 devstack@c-api.service[97181]: warnings.warn(
Jul 31 22:45:20.196613 np0000006287 devstack@c-api.service[97181]: INFO cinder.volume.api [None req-98300e9d-a2dd-447c-be04-4afd1c66d06b tempest-AttachSCSIVolumeTestJSON-824411653 tempest-AttachSCSIVolumeTestJSON-824411653-project-reader] Volume info retrieved successfully.
Jul 31 22:45:20.201853 np0000006287 devstack@c-api.service[97183]: DEBUG cinder.api.middleware.request_id [None req-e5f50399-9b6d-419c-8b0a-a431a070c398 None None] RequestId filter calling following filter/app {{(pid=97183) _context_setter /opt/stack/cinder/cinder/api/middleware/request_id.py:62}}
Jul 31 22:45:20.203443 np0000006287 devstack@c-api.service[97181]: INFO cinder.api.openstack.wsgi [None req-98300e9d-a2dd-447c-be04-4afd1c66d06b tempest-AttachSCSIVolumeTestJSON-824411653 tempest-AttachSCSIVolumeTestJSON-824411653-project-reader] https://10.4.3.178/volume/v3/volumes/101bef50-5414-4235-8b9f-158f42bb943f returned with HTTP 200
Jul 31 22:45:20.203832 np0000006287 devstack@c-api.service[97181]: [pid: 97181|app: 0|req: 66/208] 10.4.3.178 () {66 vars in 1348 bytes} [Fri Jul 31 22:45:20 2026] GET /volume/v3/volumes/101bef50-5414-4235-8b9f-158f42bb943f => generated 1137 bytes in 37 msecs (HTTP/1.1 200) 7 headers in 286 bytes (1 switches on core 0)
Jul 31 22:45:20.203909 np0000006287 devstack@c-api.service[97183]: INFO cinder.api.openstack.wsgi [None req-e5f50399-9b6d-419c-8b0a-a431a070c398 tempest-VolumeSnapshotQuotasNegativeTestJSON-461029148 tempest-VolumeSnapshotQuotasNegativeTestJSON-461029148-project-member] GET https://10.4.3.178/volume/v3/snapshots/dd25be72-4eec-443c-840e-7d4c66e5d1ba
Jul 31 22:45:20.204179 np0000006287 devstack@c-api.service[97183]: DEBUG cinder.api.openstack.wsgi [None req-e5f50399-9b6d-419c-8b0a-a431a070c398 tempest-VolumeSnapshotQuotasNegativeTestJSON-461029148 tempest-VolumeSnapshotQuotasNegativeTestJSON-461029148-project-member] Empty body provided in request {{(pid=97183) get_body /opt/stack/cinder/cinder/api/openstack/wsgi.py:725}}
Jul 31 22:45:20.204404 np0000006287 devstack@c-api.service[97183]: DEBUG cinder.api.openstack.wsgi [None req-e5f50399-9b6d-419c-8b0a-a431a070c398 tempest-VolumeSnapshotQuotasNegativeTestJSON-461029148 tempest-VolumeSnapshotQuotasNegativeTestJSON-461029148-project-member] Calling method 'show' {{(pid=97183) _process_stack /opt/stack/cinder/cinder/api/openstack/wsgi.py:878}}
Jul 31 22:45:20.211743 np0000006287 devstack@c-api.service[97183]: INFO cinder.api.openstack.wsgi [None req-e5f50399-9b6d-419c-8b0a-a431a070c398 tempest-VolumeSnapshotQuotasNegativeTestJSON-461029148 tempest-VolumeSnapshotQuotasNegativeTestJSON-461029148-project-member] https://10.4.3.178/volume/v3/snapshots/dd25be72-4eec-443c-840e-7d4c66e5d1ba returned with HTTP 404
Jul 31 22:45:20.212325 np0000006287 devstack@c-api.service[97183]: [pid: 97183|app: 0|req: 69/209] 10.4.3.178 () {66 vars in 1354 bytes} [Fri Jul 31 22:45:20 2026] GET /volume/v3/snapshots/dd25be72-4eec-443c-840e-7d4c66e5d1ba => generated 111 bytes in 11 msecs (HTTP/1.1 404) 7 headers in 292 bytes (1 switches on core 0)
Jul 31 22:45:20.221233 np0000006287 devstack@c-api.service[97182]: DEBUG cinder.api.middleware.request_id [None req-0de27198-e1ca-4c92-90e0-39983be215ea None None] RequestId filter calling following filter/app {{(pid=97182) _context_setter /opt/stack/cinder/cinder/api/middleware/request_id.py:62}}
Jul 31 22:45:20.223999 np0000006287 devstack@c-api.service[97182]: INFO cinder.api.openstack.wsgi [None req-0de27198-e1ca-4c92-90e0-39983be215ea tempest-VolumeSnapshotQuotasNegativeTestJSON-461029148 tempest-VolumeSnapshotQuotasNegativeTestJSON-461029148-project-member] GET https://10.4.3.178/volume/v3/volumes/057b8691-c616-45c1-9912-2aeefcf4122c
Jul 31 22:45:20.224209 np0000006287 devstack@c-api.service[97182]: DEBUG cinder.api.openstack.wsgi [None req-0de27198-e1ca-4c92-90e0-39983be215ea tempest-VolumeSnapshotQuotasNegativeTestJSON-461029148 tempest-VolumeSnapshotQuotasNegativeTestJSON-461029148-project-member] Empty body provided in request {{(pid=97182) get_body /opt/stack/cinder/cinder/api/openstack/wsgi.py:725}}
Jul 31 22:45:20.224401 np0000006287 devstack@c-api.service[97182]: DEBUG cinder.api.openstack.wsgi [None req-0de27198-e1ca-4c92-90e0-39983be215ea tempest-VolumeSnapshotQuotasNegativeTestJSON-461029148 tempest-VolumeSnapshotQuotasNegativeTestJSON-461029148-project-member] Calling method 'show' {{(pid=97182) _process_stack /opt/stack/cinder/cinder/api/openstack/wsgi.py:878}}
Jul 31 22:45:20.239959 np0000006287 devstack@c-api.service[97182]: /opt/stack/data/venv/lib/python3.12/site-packages/oslo_context/context.py:102: DeprecationWarning: Policy enforcement is depending on the value of is_admin. This key is deprecated. Please update your policy file to use the standard policy values.
Jul 31 22:45:20.239959 np0000006287 devstack@c-api.service[97182]: warnings.warn(
Jul 31 22:45:20.247969 np0000006287 devstack@c-api.service[97182]: INFO cinder.volume.api [None req-0de27198-e1ca-4c92-90e0-39983be215ea tempest-VolumeSnapshotQuotasNegativeTestJSON-461029148 tempest-VolumeSnapshotQuotasNegativeTestJSON-461029148-project-member] Volume info retrieved successfully.
Jul 31 22:45:20.253863 np0000006287 devstack@c-api.service[97182]: INFO cinder.api.openstack.wsgi [None req-0de27198-e1ca-4c92-90e0-39983be215ea tempest-VolumeSnapshotQuotasNegativeTestJSON-461029148 tempest-VolumeSnapshotQuotasNegativeTestJSON-461029148-project-member] https://10.4.3.178/volume/v3/volumes/057b8691-c616-45c1-9912-2aeefcf4122c returned with HTTP 200
Jul 31 22:45:20.254351 np0000006287 devstack@c-api.service[97182]: [pid: 97182|app: 0|req: 75/210] 10.4.3.178 () {66 vars in 1348 bytes} [Fri Jul 31 22:45:20 2026] GET /volume/v3/volumes/057b8691-c616-45c1-9912-2aeefcf4122c => generated 860 bytes in 34 msecs (HTTP/1.1 200) 7 headers in 285 bytes (1 switches on core 0)
Jul 31 22:45:20.267234 np0000006287 devstack@c-api.service[97181]: DEBUG cinder.api.middleware.request_id [None req-f8ba02a7-a200-4d1b-86ff-d5fb7d60e327 None None] RequestId filter calling following filter/app {{(pid=97181) _context_setter /opt/stack/cinder/cinder/api/middleware/request_id.py:62}}
Jul 31 22:45:20.270648 np0000006287 devstack@c-api.service[97181]: INFO cinder.api.openstack.wsgi [None req-f8ba02a7-a200-4d1b-86ff-d5fb7d60e327 tempest-VolumeSnapshotQuotasNegativeTestJSON-461029148 tempest-VolumeSnapshotQuotasNegativeTestJSON-461029148-project-member] DELETE https://10.4.3.178/volume/v3/volumes/057b8691-c616-45c1-9912-2aeefcf4122c
Jul 31 22:45:20.270863 np0000006287 devstack@c-api.service[97181]: DEBUG cinder.api.openstack.wsgi [None req-f8ba02a7-a200-4d1b-86ff-d5fb7d60e327 tempest-VolumeSnapshotQuotasNegativeTestJSON-461029148 tempest-VolumeSnapshotQuotasNegativeTestJSON-461029148-project-member] Empty body provided in request {{(pid=97181) get_body /opt/stack/cinder/cinder/api/openstack/wsgi.py:725}}
Jul 31 22:45:20.271069 np0000006287 devstack@c-api.service[97181]: DEBUG cinder.api.openstack.wsgi [None req-f8ba02a7-a200-4d1b-86ff-d5fb7d60e327 tempest-VolumeSnapshotQuotasNegativeTestJSON-461029148 tempest-VolumeSnapshotQuotasNegativeTestJSON-461029148-project-member] Calling method 'delete' {{(pid=97181) _process_stack /opt/stack/cinder/cinder/api/openstack/wsgi.py:878}}
Jul 31 22:45:20.271269 np0000006287 devstack@c-api.service[97181]: INFO cinder.api.v3.volumes [None req-f8ba02a7-a200-4d1b-86ff-d5fb7d60e327 tempest-VolumeSnapshotQuotasNegativeTestJSON-461029148 tempest-VolumeSnapshotQuotasNegativeTestJSON-461029148-project-member] Delete volume with id: 057b8691-c616-45c1-9912-2aeefcf4122c
Jul 31 22:45:20.281650 np0000006287 devstack@c-api.service[97181]: /opt/stack/data/venv/lib/python3.12/site-packages/oslo_context/context.py:102: DeprecationWarning: Policy enforcement is depending on the value of is_admin. This key is deprecated. Please update your policy file to use the standard policy values.
Jul 31 22:45:20.281650 np0000006287 devstack@c-api.service[97181]: warnings.warn(
Jul 31 22:45:20.282356 np0000006287 devstack@c-api.service[97181]: INFO cinder.volume.api [None req-f8ba02a7-a200-4d1b-86ff-d5fb7d60e327 tempest-VolumeSnapshotQuotasNegativeTestJSON-461029148 tempest-VolumeSnapshotQuotasNegativeTestJSON-461029148-project-member] Volume info retrieved successfully.
Jul 31 22:45:20.317557 np0000006287 devstack@c-api.service[97181]: INFO cinder.volume.api [None req-f8ba02a7-a200-4d1b-86ff-d5fb7d60e327 tempest-VolumeSnapshotQuotasNegativeTestJSON-461029148 tempest-VolumeSnapshotQuotasNegativeTestJSON-461029148-project-member] Delete volume request issued successfully.
Jul 31 22:45:20.317820 np0000006287 devstack@c-api.service[97181]: INFO cinder.api.openstack.wsgi [None req-f8ba02a7-a200-4d1b-86ff-d5fb7d60e327 tempest-VolumeSnapshotQuotasNegativeTestJSON-461029148 tempest-VolumeSnapshotQuotasNegativeTestJSON-461029148-project-member] https://10.4.3.178/volume/v3/volumes/057b8691-c616-45c1-9912-2aeefcf4122c returned with HTTP 202
Jul 31 22:45:20.318376 np0000006287 devstack@c-api.service[97181]: [pid: 97181|app: 0|req: 67/211] 10.4.3.178 () {66 vars in 1351 bytes} [Fri Jul 31 22:45:20 2026] DELETE /volume/v3/volumes/057b8691-c616-45c1-9912-2aeefcf4122c => generated 0 bytes in 52 msecs (HTTP/1.1 202) 6 headers in 233 bytes (1 switches on core 0)
