Jul 31 22:41:37.530343 np0000006287 nova-scheduler[93607]: DEBUG cotyledon.oslo_config_glue [-] oslo_messaging_rabbit.rabbit_qos_prefetch_count = 0 {{(pid=93607) log_opt_values /opt/stack/data/venv/lib/python3.12/site-packages/oslo_config/cfg.py:3253}}
Jul 31 22:41:37.530343 np0000006287 nova-scheduler[93607]: DEBUG cotyledon.oslo_config_glue [-] oslo_messaging_rabbit.rabbit_quorum_delivery_limit = 0 {{(pid=93607) log_opt_values /opt/stack/data/venv/lib/python3.12/site-packages/oslo_config/cfg.py:3253}}
Jul 31 22:41:37.530343 np0000006287 nova-scheduler[93607]: DEBUG cotyledon.oslo_config_glue [-] oslo_messaging_rabbit.rabbit_quorum_max_memory_bytes = 0 {{(pid=93607) log_opt_values /opt/stack/data/venv/lib/python3.12/site-packages/oslo_config/cfg.py:3253}}
Jul 31 22:41:37.530343 np0000006287 nova-scheduler[93607]: DEBUG cotyledon.oslo_config_glue [-] oslo_messaging_rabbit.rabbit_quorum_max_memory_length = 0 {{(pid=93607) log_opt_values /opt/stack/data/venv/lib/python3.12/site-packages/oslo_config/cfg.py:3253}}
Jul 31 22:41:37.530685 np0000006287 nova-scheduler[93607]: DEBUG cotyledon.oslo_config_glue [-] oslo_messaging_rabbit.rabbit_quorum_queue = False {{(pid=93607) log_opt_values /opt/stack/data/venv/lib/python3.12/site-packages/oslo_config/cfg.py:3253}}
Jul 31 22:41:37.530685 np0000006287 nova-scheduler[93607]: DEBUG cotyledon.oslo_config_glue [-] oslo_messaging_rabbit.rabbit_retry_backoff = 2 {{(pid=93607) log_opt_values /opt/stack/data/venv/lib/python3.12/site-packages/oslo_config/cfg.py:3253}}
Jul 31 22:41:37.530685 np0000006287 nova-scheduler[93607]: DEBUG cotyledon.oslo_config_glue [-] oslo_messaging_rabbit.rabbit_retry_interval = 1 {{(pid=93607) log_opt_values /opt/stack/data/venv/lib/python3.12/site-packages/oslo_config/cfg.py:3253}}
Jul 31 22:41:37.530685 np0000006287 nova-scheduler[93607]: DEBUG cotyledon.oslo_config_glue [-] oslo_messaging_rabbit.rabbit_stream_fanout = False {{(pid=93607) log_opt_values /opt/stack/data/venv/lib/python3.12/site-packages/oslo_config/cfg.py:3253}}
Jul 31 22:41:37.530685 np0000006287 nova-scheduler[93607]: DEBUG cotyledon.oslo_config_glue [-] oslo_messaging_rabbit.rabbit_transient_queues_ttl = 1800 {{(pid=93607) log_opt_values /opt/stack/data/venv/lib/python3.12/site-packages/oslo_config/cfg.py:3253}}
Jul 31 22:41:37.530685 np0000006287 nova-scheduler[93607]: DEBUG cotyledon.oslo_config_glue [-] oslo_messaging_rabbit.rabbit_transient_quorum_queue = False {{(pid=93607) log_opt_values /opt/stack/data/venv/lib/python3.12/site-packages/oslo_config/cfg.py:3253}}
Jul 31 22:41:37.530685 np0000006287 nova-scheduler[93607]: DEBUG cotyledon.oslo_config_glue [-] oslo_messaging_rabbit.rpc_conn_pool_size = 30 {{(pid=93607) log_opt_values /opt/stack/data/venv/lib/python3.12/site-packages/oslo_config/cfg.py:3253}}
Jul 31 22:41:37.530685 np0000006287 nova-scheduler[93607]: DEBUG cotyledon.oslo_config_glue [-] oslo_messaging_rabbit.ssl = False {{(pid=93607) log_opt_values /opt/stack/data/venv/lib/python3.12/site-packages/oslo_config/cfg.py:3253}}
Jul 31 22:41:37.530685 np0000006287 nova-scheduler[93607]: DEBUG cotyledon.oslo_config_glue [-] oslo_messaging_rabbit.ssl_ca_file = {{(pid=93607) log_opt_values /opt/stack/data/venv/lib/python3.12/site-packages/oslo_config/cfg.py:3253}}
Jul 31 22:41:37.530931 np0000006287 nova-scheduler[93607]: DEBUG cotyledon.oslo_config_glue [-] oslo_messaging_rabbit.ssl_cert_file = {{(pid=93607) log_opt_values /opt/stack/data/venv/lib/python3.12/site-packages/oslo_config/cfg.py:3253}}
Jul 31 22:41:37.530931 np0000006287 nova-scheduler[93607]: DEBUG cotyledon.oslo_config_glue [-] oslo_messaging_rabbit.ssl_enforce_fips_mode = False {{(pid=93607) log_opt_values /opt/stack/data/venv/lib/python3.12/site-packages/oslo_config/cfg.py:3253}}
Jul 31 22:41:37.530931 np0000006287 nova-scheduler[93607]: DEBUG cotyledon.oslo_config_glue [-] oslo_messaging_rabbit.ssl_enforce_hostname_verification = True {{(pid=93607) log_opt_values /opt/stack/data/venv/lib/python3.12/site-packages/oslo_config/cfg.py:3253}}
Jul 31 22:41:37.530931 np0000006287 nova-scheduler[93607]: DEBUG cotyledon.oslo_config_glue [-] oslo_messaging_rabbit.ssl_key_file = {{(pid=93607) log_opt_values /opt/stack/data/venv/lib/python3.12/site-packages/oslo_config/cfg.py:3253}}
Jul 31 22:41:37.530931 np0000006287 nova-scheduler[93607]: DEBUG cotyledon.oslo_config_glue [-] oslo_messaging_rabbit.ssl_version = {{(pid=93607) log_opt_values /opt/stack/data/venv/lib/python3.12/site-packages/oslo_config/cfg.py:3253}}
Jul 31 22:41:37.530931 np0000006287 nova-scheduler[93607]: DEBUG cotyledon.oslo_config_glue [-] oslo_messaging_rabbit.use_queue_manager = False {{(pid=93607) log_opt_values /opt/stack/data/venv/lib/python3.12/site-packages/oslo_config/cfg.py:3253}}
Jul 31 22:41:37.530931 np0000006287 nova-scheduler[93607]: DEBUG cotyledon.oslo_config_glue [-] oslo_messaging_notifications.driver = ['messagingv2'] {{(pid=93607) log_opt_values /opt/stack/data/venv/lib/python3.12/site-packages/oslo_config/cfg.py:3253}}
Jul 31 22:41:37.530931 np0000006287 nova-scheduler[93607]: DEBUG cotyledon.oslo_config_glue [-] oslo_messaging_notifications.retry = -1 {{(pid=93607) log_opt_values /opt/stack/data/venv/lib/python3.12/site-packages/oslo_config/cfg.py:3253}}
Jul 31 22:41:37.530931 np0000006287 nova-scheduler[93607]: DEBUG cotyledon.oslo_config_glue [-] oslo_messaging_notifications.topics = ['notifications'] {{(pid=93607) log_opt_values /opt/stack/data/venv/lib/python3.12/site-packages/oslo_config/cfg.py:3253}}
Jul 31 22:41:37.531195 np0000006287 nova-scheduler[93607]: DEBUG cotyledon.oslo_config_glue [-] oslo_messaging_notifications.transport_url = **** {{(pid=93607) log_opt_values /opt/stack/data/venv/lib/python3.12/site-packages/oslo_config/cfg.py:3253}}
Jul 31 22:41:37.531195 np0000006287 nova-scheduler[93607]: DEBUG cotyledon.oslo_config_glue [-] oslo_limit.auth_section = None {{(pid=93607) log_opt_values /opt/stack/data/venv/lib/python3.12/site-packages/oslo_config/cfg.py:3253}}
Jul 31 22:41:37.531195 np0000006287 nova-scheduler[93607]: DEBUG cotyledon.oslo_config_glue [-] oslo_limit.auth_type = None {{(pid=93607) log_opt_values /opt/stack/data/venv/lib/python3.12/site-packages/oslo_config/cfg.py:3253}}
Jul 31 22:41:37.531195 np0000006287 nova-scheduler[93607]: DEBUG cotyledon.oslo_config_glue [-] oslo_limit.cafile = None {{(pid=93607) log_opt_values /opt/stack/data/venv/lib/python3.12/site-packages/oslo_config/cfg.py:3253}}
Jul 31 22:41:37.531195 np0000006287 nova-scheduler[93607]: DEBUG cotyledon.oslo_config_glue [-] oslo_limit.certfile = None {{(pid=93607) log_opt_values /opt/stack/data/venv/lib/python3.12/site-packages/oslo_config/cfg.py:3253}}
Jul 31 22:41:37.531195 np0000006287 nova-scheduler[93607]: DEBUG cotyledon.oslo_config_glue [-] oslo_limit.collect_timing = False {{(pid=93607) log_opt_values /opt/stack/data/venv/lib/python3.12/site-packages/oslo_config/cfg.py:3253}}
Jul 31 22:41:37.531195 np0000006287 nova-scheduler[93607]: DEBUG cotyledon.oslo_config_glue [-] oslo_limit.connect_retries = None {{(pid=93607) log_opt_values /opt/stack/data/venv/lib/python3.12/site-packages/oslo_config/cfg.py:3253}}
Jul 31 22:41:37.531195 np0000006287 nova-scheduler[93607]: DEBUG cotyledon.oslo_config_glue [-] oslo_limit.connect_retry_delay = None {{(pid=93607) log_opt_values /opt/stack/data/venv/lib/python3.12/site-packages/oslo_config/cfg.py:3253}}
Jul 31 22:41:37.531195 np0000006287 nova-scheduler[93607]: DEBUG cotyledon.oslo_config_glue [-] oslo_limit.endpoint_id = None {{(pid=93607) log_opt_values /opt/stack/data/venv/lib/python3.12/site-packages/oslo_config/cfg.py:3253}}
Jul 31 22:41:37.531452 np0000006287 nova-scheduler[93607]: DEBUG cotyledon.oslo_config_glue [-] oslo_limit.endpoint_interface = public {{(pid=93607) log_opt_values /opt/stack/data/venv/lib/python3.12/site-packages/oslo_config/cfg.py:3253}}
Jul 31 22:41:37.531452 np0000006287 nova-scheduler[93607]: DEBUG cotyledon.oslo_config_glue [-] oslo_limit.endpoint_override = None {{(pid=93607) log_opt_values /opt/stack/data/venv/lib/python3.12/site-packages/oslo_config/cfg.py:3253}}
Jul 31 22:41:37.531452 np0000006287 nova-scheduler[93607]: DEBUG cotyledon.oslo_config_glue [-] oslo_limit.endpoint_region_name = None {{(pid=93607) log_opt_values /opt/stack/data/venv/lib/python3.12/site-packages/oslo_config/cfg.py:3253}}
Jul 31 22:41:37.531452 np0000006287 nova-scheduler[93607]: DEBUG cotyledon.oslo_config_glue [-] oslo_limit.endpoint_service_name = None {{(pid=93607) log_opt_values /opt/stack/data/venv/lib/python3.12/site-packages/oslo_config/cfg.py:3253}}
Jul 31 22:41:37.531452 np0000006287 nova-scheduler[93607]: DEBUG cotyledon.oslo_config_glue [-] oslo_limit.endpoint_service_type = None {{(pid=93607) log_opt_values /opt/stack/data/venv/lib/python3.12/site-packages/oslo_config/cfg.py:3253}}
Jul 31 22:41:37.531452 np0000006287 nova-scheduler[93607]: DEBUG cotyledon.oslo_config_glue [-] oslo_limit.insecure = False {{(pid=93607) log_opt_values /opt/stack/data/venv/lib/python3.12/site-packages/oslo_config/cfg.py:3253}}
Jul 31 22:41:37.531452 np0000006287 nova-scheduler[93607]: DEBUG cotyledon.oslo_config_glue [-] oslo_limit.keyfile = None {{(pid=93607) log_opt_values /opt/stack/data/venv/lib/python3.12/site-packages/oslo_config/cfg.py:3253}}
Jul 31 22:41:37.531452 np0000006287 nova-scheduler[93607]: DEBUG cotyledon.oslo_config_glue [-] oslo_limit.max_version = None {{(pid=93607) log_opt_values /opt/stack/data/venv/lib/python3.12/site-packages/oslo_config/cfg.py:3253}}
Jul 31 22:41:37.531452 np0000006287 nova-scheduler[93607]: DEBUG cotyledon.oslo_config_glue [-] oslo_limit.min_version = None {{(pid=93607) log_opt_values /opt/stack/data/venv/lib/python3.12/site-packages/oslo_config/cfg.py:3253}}
Jul 31 22:41:37.531694 np0000006287 nova-scheduler[93607]: DEBUG cotyledon.oslo_config_glue [-] oslo_limit.region_name = None {{(pid=93607) log_opt_values /opt/stack/data/venv/lib/python3.12/site-packages/oslo_config/cfg.py:3253}}
Jul 31 22:41:37.531694 np0000006287 nova-scheduler[93607]: DEBUG cotyledon.oslo_config_glue [-] oslo_limit.retriable_status_codes = None {{(pid=93607) log_opt_values /opt/stack/data/venv/lib/python3.12/site-packages/oslo_config/cfg.py:3253}}
Jul 31 22:41:37.531694 np0000006287 nova-scheduler[93607]: DEBUG cotyledon.oslo_config_glue [-] oslo_limit.service_name = None {{(pid=93607) log_opt_values /opt/stack/data/venv/lib/python3.12/site-packages/oslo_config/cfg.py:3253}}
Jul 31 22:41:37.531694 np0000006287 nova-scheduler[93607]: DEBUG cotyledon.oslo_config_glue [-] oslo_limit.service_type = None {{(pid=93607) log_opt_values /opt/stack/data/venv/lib/python3.12/site-packages/oslo_config/cfg.py:3253}}
Jul 31 22:41:37.531694 np0000006287 nova-scheduler[93607]: DEBUG cotyledon.oslo_config_glue [-] oslo_limit.split_loggers = False {{(pid=93607) log_opt_values /opt/stack/data/venv/lib/python3.12/site-packages/oslo_config/cfg.py:3253}}
Jul 31 22:41:37.531694 np0000006287 nova-scheduler[93607]: DEBUG cotyledon.oslo_config_glue [-] oslo_limit.status_code_retries = None {{(pid=93607) log_opt_values /opt/stack/data/venv/lib/python3.12/site-packages/oslo_config/cfg.py:3253}}
Jul 31 22:41:37.531694 np0000006287 nova-scheduler[93607]: DEBUG cotyledon.oslo_config_glue [-] oslo_limit.status_code_retry_delay = None {{(pid=93607) log_opt_values /opt/stack/data/venv/lib/python3.12/site-packages/oslo_config/cfg.py:3253}}
Jul 31 22:41:37.531694 np0000006287 nova-scheduler[93607]: DEBUG cotyledon.oslo_config_glue [-] oslo_limit.timeout = None {{(pid=93607) log_opt_values /opt/stack/data/venv/lib/python3.12/site-packages/oslo_config/cfg.py:3253}}
Jul 31 22:41:37.531694 np0000006287 nova-scheduler[93607]: DEBUG cotyledon.oslo_config_glue [-] oslo_limit.valid_interfaces = None {{(pid=93607) log_opt_values /opt/stack/data/venv/lib/python3.12/site-packages/oslo_config/cfg.py:3253}}
Jul 31 22:41:37.531934 np0000006287 nova-scheduler[93607]: DEBUG cotyledon.oslo_config_glue [-] oslo_limit.version = None {{(pid=93607) log_opt_values /opt/stack/data/venv/lib/python3.12/site-packages/oslo_config/cfg.py:3253}}
Jul 31 22:41:37.531934 np0000006287 nova-scheduler[93607]: DEBUG cotyledon.oslo_config_glue [-] oslo_reports.file_event_handler = None {{(pid=93607) log_opt_values /opt/stack/data/venv/lib/python3.12/site-packages/oslo_config/cfg.py:3253}}
Jul 31 22:41:37.531934 np0000006287 nova-scheduler[93607]: DEBUG cotyledon.oslo_config_glue [-] oslo_reports.file_event_handler_interval = 1 {{(pid=93607) log_opt_values /opt/stack/data/venv/lib/python3.12/site-packages/oslo_config/cfg.py:3253}}
Jul 31 22:41:37.531934 np0000006287 nova-scheduler[93607]: DEBUG cotyledon.oslo_config_glue [-] oslo_reports.log_dir = None {{(pid=93607) log_opt_values /opt/stack/data/venv/lib/python3.12/site-packages/oslo_config/cfg.py:3253}}
Jul 31 22:41:37.531934 np0000006287 nova-scheduler[93607]: DEBUG cotyledon.oslo_config_glue [-] ******************************************************************************** {{(pid=93607) log_opt_values /opt/stack/data/venv/lib/python3.12/site-packages/oslo_config/cfg.py:3260}}
Jul 31 22:41:37.531934 np0000006287 nova-scheduler[93607]: DEBUG cotyledon._service_worker [-] Run service ServiceWrapper(2) [93607] {{(pid=93607) wait_forever /opt/stack/data/venv/lib/python3.12/site-packages/cotyledon/_service_worker.py:218}}
Jul 31 22:41:37.531934 np0000006287 nova-scheduler[93607]: INFO nova.service [-] Starting scheduler node (version 33.1.0)
Jul 31 22:41:37.531934 np0000006287 nova-scheduler[93607]: INFO dbcounter [None req-6c67a667-9078-4996-a97f-43c93cd9234c None None] Registered counter for database nova_cell0
Jul 31 22:41:37.541851 np0000006287 nova-scheduler[93603]: DEBUG oslo_db.sqlalchemy.engines [None req-1c3b5de1-1334-4e48-bb2d-d6d3da2ee66d None None] MySQL server mode set to STRICT_TRANS_TABLES,STRICT_ALL_TABLES,NO_ZERO_IN_DATE,NO_ZERO_DATE,ERROR_FOR_DIVISION_BY_ZERO,TRADITIONAL,NO_ENGINE_SUBSTITUTION {{(pid=93603) _check_effective_sql_mode /opt/stack/data/venv/lib/python3.12/site-packages/oslo_db/sqlalchemy/engines.py:325}}
Jul 31 22:41:37.555860 np0000006287 nova-scheduler[93603]: DEBUG dbcounter [-] [93603] Writer thread running {{(pid=93603) stat_writer /opt/stack/data/venv/lib/python3.12/site-packages/dbcounter.py:102}}
Jul 31 22:41:37.557822 np0000006287 nova-scheduler[93605]: DEBUG oslo_db.sqlalchemy.engines [None req-791c7c70-0152-4c1c-af15-e7594733525e None None] MySQL server mode set to STRICT_TRANS_TABLES,STRICT_ALL_TABLES,NO_ZERO_IN_DATE,NO_ZERO_DATE,ERROR_FOR_DIVISION_BY_ZERO,TRADITIONAL,NO_ENGINE_SUBSTITUTION {{(pid=93605) _check_effective_sql_mode /opt/stack/data/venv/lib/python3.12/site-packages/oslo_db/sqlalchemy/engines.py:325}}
Jul 31 22:41:37.570804 np0000006287 nova-scheduler[93605]: DEBUG dbcounter [-] [93605] Writer thread running {{(pid=93605) stat_writer /opt/stack/data/venv/lib/python3.12/site-packages/dbcounter.py:102}}
Jul 31 22:41:37.581753 np0000006287 nova-scheduler[93603]: DEBUG nova.service [None req-1c3b5de1-1334-4e48-bb2d-d6d3da2ee66d None None] Creating RPC server for service: nova-scheduler on topic: scheduler {{(pid=93603) start /opt/stack/nova/nova/service.py:196}}
Jul 31 22:41:37.585210 np0000006287 nova-scheduler[93607]: DEBUG oslo_db.sqlalchemy.engines [None req-6c67a667-9078-4996-a97f-43c93cd9234c None None] MySQL server mode set to STRICT_TRANS_TABLES,STRICT_ALL_TABLES,NO_ZERO_IN_DATE,NO_ZERO_DATE,ERROR_FOR_DIVISION_BY_ZERO,TRADITIONAL,NO_ENGINE_SUBSTITUTION {{(pid=93607) _check_effective_sql_mode /opt/stack/data/venv/lib/python3.12/site-packages/oslo_db/sqlalchemy/engines.py:325}}
Jul 31 22:41:37.595765 np0000006287 nova-scheduler[93605]: DEBUG nova.service [None req-791c7c70-0152-4c1c-af15-e7594733525e None None] Creating RPC server for service: nova-scheduler on topic: scheduler {{(pid=93605) start /opt/stack/nova/nova/service.py:196}}
Jul 31 22:41:37.596620 np0000006287 nova-scheduler[93607]: DEBUG dbcounter [-] [93607] Writer thread running {{(pid=93607) stat_writer /opt/stack/data/venv/lib/python3.12/site-packages/dbcounter.py:102}}
Jul 31 22:41:37.600998 np0000006287 nova-scheduler[93607]: DEBUG nova.service [None req-6c67a667-9078-4996-a97f-43c93cd9234c None None] Creating RPC server for service: nova-scheduler on topic: scheduler {{(pid=93607) start /opt/stack/nova/nova/service.py:196}}
Jul 31 22:41:37.621117 np0000006287 nova-scheduler[93603]: DEBUG nova.service [None req-1c3b5de1-1334-4e48-bb2d-d6d3da2ee66d None None] Join ServiceGroup membership for this service scheduler {{(pid=93603) start /opt/stack/nova/nova/service.py:222}}
Jul 31 22:41:37.621454 np0000006287 nova-scheduler[93603]: DEBUG nova.servicegroup.drivers.db [None req-1c3b5de1-1334-4e48-bb2d-d6d3da2ee66d None None] DB_Driver: join new ServiceGroup member np0000006287 to the scheduler group, service = {{(pid=93603) join /opt/stack/nova/nova/servicegroup/drivers/db.py:44}}
Jul 31 22:41:37.626875 np0000006287 nova-scheduler[93605]: DEBUG nova.service [None req-791c7c70-0152-4c1c-af15-e7594733525e None None] Join ServiceGroup membership for this service scheduler {{(pid=93605) start /opt/stack/nova/nova/service.py:222}}
Jul 31 22:41:37.627172 np0000006287 nova-scheduler[93605]: DEBUG nova.servicegroup.drivers.db [None req-791c7c70-0152-4c1c-af15-e7594733525e None None] DB_Driver: join new ServiceGroup member np0000006287 to the scheduler group, service = {{(pid=93605) join /opt/stack/nova/nova/servicegroup/drivers/db.py:44}}
Jul 31 22:41:37.628752 np0000006287 nova-scheduler[93607]: DEBUG nova.service [None req-6c67a667-9078-4996-a97f-43c93cd9234c None None] Join ServiceGroup membership for this service scheduler {{(pid=93607) start /opt/stack/nova/nova/service.py:222}}
Jul 31 22:41:37.629897 np0000006287 nova-scheduler[93607]: DEBUG nova.servicegroup.drivers.db [None req-6c67a667-9078-4996-a97f-43c93cd9234c None None] DB_Driver: join new ServiceGroup member np0000006287 to the scheduler group, service = {{(pid=93607) join /opt/stack/nova/nova/servicegroup/drivers/db.py:44}}
Jul 31 22:41:42.638471 np0000006287 nova-scheduler[93603]: DEBUG oslo.service.backend._threading.loopingcall [-] Fixed interval looping call 'nova.servicegroup.drivers.db.DbDriver._report_state' sleeping for 119.99 seconds {{(pid=93603) _run_loop /opt/stack/data/venv/lib/python3.12/site-packages/oslo_service/backend/_threading/loopingcall.py:125}}
Jul 31 22:41:42.638996 np0000006287 nova-scheduler[93605]: DEBUG oslo.service.backend._threading.loopingcall [-] Fixed interval looping call 'nova.servicegroup.drivers.db.DbDriver._report_state' sleeping for 119.99 seconds {{(pid=93605) _run_loop /opt/stack/data/venv/lib/python3.12/site-packages/oslo_service/backend/_threading/loopingcall.py:125}}
Jul 31 22:41:42.645219 np0000006287 nova-scheduler[93607]: DEBUG oslo.service.backend._threading.loopingcall [-] Fixed interval looping call 'nova.servicegroup.drivers.db.DbDriver._report_state' sleeping for 119.99 seconds {{(pid=93607) _run_loop /opt/stack/data/venv/lib/python3.12/site-packages/oslo_service/backend/_threading/loopingcall.py:125}}
Jul 31 22:41:46.130230 np0000006287 nova-scheduler[92399]: DEBUG dbcounter [-] [92399] Writing DB stats nova_api:SELECT=3 {{(pid=92399) stat_writer /opt/stack/data/venv/lib/python3.12/site-packages/dbcounter.py:115}}
Jul 31 22:41:46.277121 np0000006287 nova-scheduler[92399]: DEBUG dbcounter [-] [92399] Writing DB stats nova_cell1:SELECT=1 {{(pid=92399) stat_writer /opt/stack/data/venv/lib/python3.12/site-packages/dbcounter.py:115}}
Jul 31 22:41:46.281929 np0000006287 nova-scheduler[92399]: DEBUG dbcounter [-] [92399] Writing DB stats nova_cell0:SELECT=1 {{(pid=92399) stat_writer /opt/stack/data/venv/lib/python3.12/site-packages/dbcounter.py:115}}
Jul 31 22:41:52.633426 np0000006287 nova-scheduler[93603]: DEBUG dbcounter [-] [93603] Writing DB stats nova_cell0:SELECT=4,nova_cell0:INSERT=1,nova_cell0:UPDATE=1 {{(pid=93603) stat_writer /opt/stack/data/venv/lib/python3.12/site-packages/dbcounter.py:115}}
Jul 31 22:41:52.637917 np0000006287 nova-scheduler[93605]: DEBUG dbcounter [-] [93605] Writing DB stats nova_cell0:SELECT=5,nova_cell0:INSERT=1,nova_cell0:UPDATE=1 {{(pid=93605) stat_writer /opt/stack/data/venv/lib/python3.12/site-packages/dbcounter.py:115}}
Jul 31 22:41:52.643815 np0000006287 nova-scheduler[93607]: DEBUG dbcounter [-] [93607] Writing DB stats nova_cell0:SELECT=3 {{(pid=93607) stat_writer /opt/stack/data/venv/lib/python3.12/site-packages/dbcounter.py:115}}
Jul 31 22:41:54.627145 np0000006287 nova-scheduler[93603]: DEBUG oslo.service.backend._threading.loopingcall [None req-9ce26f9d-2cda-4fa8-b458-66da822f32e9 None None] Dynamic interval looping call 'nova.service.Service.periodic_tasks' sleeping for 60.00 seconds {{(pid=93603) _run_loop /opt/stack/data/venv/lib/python3.12/site-packages/oslo_service/backend/_threading/loopingcall.py:125}}
Jul 31 22:42:09.633185 np0000006287 nova-scheduler[93607]: DEBUG oslo.service.backend._threading.loopingcall [None req-879f2ab5-2720-403a-8df9-76d9da5a813f None None] Dynamic interval looping call 'nova.service.Service.periodic_tasks' sleeping for 60.00 seconds {{(pid=93607) _run_loop /opt/stack/data/venv/lib/python3.12/site-packages/oslo_service/backend/_threading/loopingcall.py:125}}
Jul 31 22:42:18.630475 np0000006287 nova-scheduler[93605]: DEBUG oslo.service.backend._threading.loopingcall [None req-73a90166-e389-442a-99d9-79c0e000055a None None] Dynamic interval looping call 'nova.service.Service.periodic_tasks' sleeping for 60.00 seconds {{(pid=93605) _run_loop /opt/stack/data/venv/lib/python3.12/site-packages/oslo_service/backend/_threading/loopingcall.py:125}}
Jul 31 22:42:54.627684 np0000006287 nova-scheduler[93603]: DEBUG oslo.service.backend._threading.loopingcall [None req-9ce26f9d-2cda-4fa8-b458-66da822f32e9 None None] Dynamic interval looping call 'nova.service.Service.periodic_tasks' sleeping for 60.00 seconds {{(pid=93603) _run_loop /opt/stack/data/venv/lib/python3.12/site-packages/oslo_service/backend/_threading/loopingcall.py:125}}
Jul 31 22:43:09.638476 np0000006287 nova-scheduler[93607]: DEBUG oslo.service.backend._threading.loopingcall [None req-879f2ab5-2720-403a-8df9-76d9da5a813f None None] Dynamic interval looping call 'nova.service.Service.periodic_tasks' sleeping for 60.00 seconds {{(pid=93607) _run_loop /opt/stack/data/venv/lib/python3.12/site-packages/oslo_service/backend/_threading/loopingcall.py:125}}
Jul 31 22:43:18.631107 np0000006287 nova-scheduler[93605]: DEBUG oslo.service.backend._threading.loopingcall [None req-73a90166-e389-442a-99d9-79c0e000055a None None] Dynamic interval looping call 'nova.service.Service.periodic_tasks' sleeping for 60.00 seconds {{(pid=93605) _run_loop /opt/stack/data/venv/lib/python3.12/site-packages/oslo_service/backend/_threading/loopingcall.py:125}}
Jul 31 22:43:42.636378 np0000006287 nova-scheduler[93603]: DEBUG oslo.service.backend._threading.loopingcall [-] Fixed interval looping call 'nova.servicegroup.drivers.db.DbDriver._report_state' sleeping for 119.99 seconds {{(pid=93603) _run_loop /opt/stack/data/venv/lib/python3.12/site-packages/oslo_service/backend/_threading/loopingcall.py:125}}
Jul 31 22:43:42.636939 np0000006287 nova-scheduler[93605]: DEBUG oslo.service.backend._threading.loopingcall [-] Fixed interval looping call 'nova.servicegroup.drivers.db.DbDriver._report_state' sleeping for 119.99 seconds {{(pid=93605) _run_loop /opt/stack/data/venv/lib/python3.12/site-packages/oslo_service/backend/_threading/loopingcall.py:125}}
Jul 31 22:43:42.642741 np0000006287 nova-scheduler[93607]: DEBUG oslo.service.backend._threading.loopingcall [-] Fixed interval looping call 'nova.servicegroup.drivers.db.DbDriver._report_state' sleeping for 119.99 seconds {{(pid=93607) _run_loop /opt/stack/data/venv/lib/python3.12/site-packages/oslo_service/backend/_threading/loopingcall.py:125}}
Jul 31 22:43:52.632395 np0000006287 nova-scheduler[93603]: DEBUG dbcounter [-] [93603] Writing DB stats nova_cell0:SELECT=1,nova_cell0:UPDATE=1 {{(pid=93603) stat_writer /opt/stack/data/venv/lib/python3.12/site-packages/dbcounter.py:115}}
Jul 31 22:43:52.635372 np0000006287 nova-scheduler[93605]: DEBUG dbcounter [-] [93605] Writing DB stats nova_cell0:SELECT=1,nova_cell0:UPDATE=1 {{(pid=93605) stat_writer /opt/stack/data/venv/lib/python3.12/site-packages/dbcounter.py:115}}
Jul 31 22:43:52.637320 np0000006287 nova-scheduler[93607]: DEBUG dbcounter [-] [93607] Writing DB stats nova_cell0:SELECT=1 {{(pid=93607) stat_writer /opt/stack/data/venv/lib/python3.12/site-packages/dbcounter.py:115}}
Jul 31 22:43:54.628292 np0000006287 nova-scheduler[93603]: DEBUG oslo.service.backend._threading.loopingcall [None req-9ce26f9d-2cda-4fa8-b458-66da822f32e9 None None] Dynamic interval looping call 'nova.service.Service.periodic_tasks' sleeping for 60.00 seconds {{(pid=93603) _run_loop /opt/stack/data/venv/lib/python3.12/site-packages/oslo_service/backend/_threading/loopingcall.py:125}}
Jul 31 22:44:09.634695 np0000006287 nova-scheduler[93607]: DEBUG oslo.service.backend._threading.loopingcall [None req-879f2ab5-2720-403a-8df9-76d9da5a813f None None] Dynamic interval looping call 'nova.service.Service.periodic_tasks' sleeping for 60.00 seconds {{(pid=93607) _run_loop /opt/stack/data/venv/lib/python3.12/site-packages/oslo_service/backend/_threading/loopingcall.py:125}}
Jul 31 22:44:18.631760 np0000006287 nova-scheduler[93605]: DEBUG oslo.service.backend._threading.loopingcall [None req-73a90166-e389-442a-99d9-79c0e000055a None None] Dynamic interval looping call 'nova.service.Service.periodic_tasks' sleeping for 60.00 seconds {{(pid=93605) _run_loop /opt/stack/data/venv/lib/python3.12/site-packages/oslo_service/backend/_threading/loopingcall.py:125}}
Jul 31 22:44:22.262734 np0000006287 nova-scheduler[93603]: DEBUG nova.scheduler.manager [None req-11bf286d-cba9-41b3-8e6b-591a01fa917e tempest-ImageDependencyTests-1539038424 tempest-ImageDependencyTests-1539038424-project-member] Starting to schedule for instances: ['a6e4f44e-1f62-4324-8a94-3d579b50ad5d'] {{(pid=93603) select_destinations /opt/stack/nova/nova/scheduler/manager.py:209}}
Jul 31 22:44:22.266373 np0000006287 nova-scheduler[93603]: DEBUG nova.scheduler.request_filter [None req-11bf286d-cba9-41b3-8e6b-591a01fa917e tempest-ImageDependencyTests-1539038424 tempest-ImageDependencyTests-1539038424-project-member] compute_status_filter request filter added forbidden trait COMPUTE_STATUS_DISABLED {{(pid=93603) compute_status_filter /opt/stack/nova/nova/scheduler/request_filter.py:253}}
Jul 31 22:44:22.266562 np0000006287 nova-scheduler[93603]: DEBUG nova.scheduler.request_filter [None req-11bf286d-cba9-41b3-8e6b-591a01fa917e tempest-ImageDependencyTests-1539038424 tempest-ImageDependencyTests-1539038424-project-member] Request filter 'compute_status_filter' took 0.0 seconds {{(pid=93603) wrapper /opt/stack/nova/nova/scheduler/request_filter.py:46}}
Jul 31 22:44:22.267250 np0000006287 nova-scheduler[93603]: DEBUG nova.scheduler.request_filter [None req-11bf286d-cba9-41b3-8e6b-591a01fa917e tempest-ImageDependencyTests-1539038424 tempest-ImageDependencyTests-1539038424-project-member] Request filter 'accelerators_filter' took 0.0 seconds {{(pid=93603) wrapper /opt/stack/nova/nova/scheduler/request_filter.py:46}}
Jul 31 22:44:22.267523 np0000006287 nova-scheduler[93603]: DEBUG nova.scheduler.request_filter [None req-11bf286d-cba9-41b3-8e6b-591a01fa917e tempest-ImageDependencyTests-1539038424 tempest-ImageDependencyTests-1539038424-project-member] Request filter 'packed_virtqueue_filter' took 0.0 seconds {{(pid=93603) wrapper /opt/stack/nova/nova/scheduler/request_filter.py:46}}
Jul 31 22:44:22.267900 np0000006287 nova-scheduler[93603]: DEBUG nova.scheduler.request_filter [None req-11bf286d-cba9-41b3-8e6b-591a01fa917e tempest-ImageDependencyTests-1539038424 tempest-ImageDependencyTests-1539038424-project-member] Request filter 'remote_managed_ports_filter' took 0.0 seconds {{(pid=93603) wrapper /opt/stack/nova/nova/scheduler/request_filter.py:46}}
Jul 31 22:44:22.268115 np0000006287 nova-scheduler[93603]: DEBUG nova.scheduler.request_filter [None req-11bf286d-cba9-41b3-8e6b-591a01fa917e tempest-ImageDependencyTests-1539038424 tempest-ImageDependencyTests-1539038424-project-member] ephemeral_encryption_filter skipped {{(pid=93603) ephemeral_encryption_filter /opt/stack/nova/nova/scheduler/request_filter.py:426}}
Jul 31 22:44:22.268333 np0000006287 nova-scheduler[93603]: DEBUG nova.scheduler.request_filter [None req-11bf286d-cba9-41b3-8e6b-591a01fa917e tempest-ImageDependencyTests-1539038424 tempest-ImageDependencyTests-1539038424-project-member] virtio_sound_filter skipped {{(pid=93603) virtio_sound_filter /opt/stack/nova/nova/scheduler/request_filter.py:460}}
Jul 31 22:44:22.268490 np0000006287 nova-scheduler[93603]: DEBUG nova.scheduler.request_filter [None req-11bf286d-cba9-41b3-8e6b-591a01fa917e tempest-ImageDependencyTests-1539038424 tempest-ImageDependencyTests-1539038424-project-member] tpm_secret_security_filter skipped {{(pid=93603) tpm_secret_security_filter /opt/stack/nova/nova/scheduler/request_filter.py:477}}
Jul 31 22:44:22.978870 np0000006287 nova-scheduler[93603]: INFO nova.utils [None req-11bf286d-cba9-41b3-8e6b-591a01fa917e tempest-ImageDependencyTests-1539038424 tempest-ImageDependencyTests-1539038424-project-member] The cell worker thread pool ForkProcess-1.cell_worker is initialized
Jul 31 22:44:22.979201 np0000006287 nova-scheduler[93603]: DEBUG oslo_concurrency.lockutils [None req-11bf286d-cba9-41b3-8e6b-591a01fa917e tempest-ImageDependencyTests-1539038424 tempest-ImageDependencyTests-1539038424-project-member] Acquiring lock "5ef32069-3d0d-4a10-9759-fe444b553a0d" by "nova.context.set_target_cell..get_or_set_cached_cell_and_set_connections" {{(pid=93603) inner /opt/stack/data/venv/lib/python3.12/site-packages/oslo_concurrency/lockutils.py:512}}
Jul 31 22:44:22.979399 np0000006287 nova-scheduler[93603]: DEBUG oslo_concurrency.lockutils [None req-11bf286d-cba9-41b3-8e6b-591a01fa917e tempest-ImageDependencyTests-1539038424 tempest-ImageDependencyTests-1539038424-project-member] Lock "5ef32069-3d0d-4a10-9759-fe444b553a0d" acquired by "nova.context.set_target_cell..get_or_set_cached_cell_and_set_connections" :: waited 0.000s {{(pid=93603) inner /opt/stack/data/venv/lib/python3.12/site-packages/oslo_concurrency/lockutils.py:525}}
Jul 31 22:44:22.981074 np0000006287 nova-scheduler[93603]: DEBUG oslo_concurrency.lockutils [None req-11bf286d-cba9-41b3-8e6b-591a01fa917e tempest-ImageDependencyTests-1539038424 tempest-ImageDependencyTests-1539038424-project-member] Lock "5ef32069-3d0d-4a10-9759-fe444b553a0d" "released" by "nova.context.set_target_cell..get_or_set_cached_cell_and_set_connections" :: held 0.001s {{(pid=93603) inner /opt/stack/data/venv/lib/python3.12/site-packages/oslo_concurrency/lockutils.py:544}}
Jul 31 22:44:22.982945 np0000006287 nova-scheduler[93603]: INFO dbcounter [None req-11bf286d-cba9-41b3-8e6b-591a01fa917e tempest-ImageDependencyTests-1539038424 tempest-ImageDependencyTests-1539038424-project-member] Registered counter for database nova_cell1
Jul 31 22:44:23.029309 np0000006287 nova-scheduler[93603]: DEBUG oslo_db.sqlalchemy.engines [None req-11bf286d-cba9-41b3-8e6b-591a01fa917e tempest-ImageDependencyTests-1539038424 tempest-ImageDependencyTests-1539038424-project-member] MySQL server mode set to STRICT_TRANS_TABLES,STRICT_ALL_TABLES,NO_ZERO_IN_DATE,NO_ZERO_DATE,ERROR_FOR_DIVISION_BY_ZERO,TRADITIONAL,NO_ENGINE_SUBSTITUTION {{(pid=93603) _check_effective_sql_mode /opt/stack/data/venv/lib/python3.12/site-packages/oslo_db/sqlalchemy/engines.py:325}}
Jul 31 22:44:23.036614 np0000006287 nova-scheduler[93603]: DEBUG dbcounter [-] [93603] Writer thread running {{(pid=93603) stat_writer /opt/stack/data/venv/lib/python3.12/site-packages/dbcounter.py:102}}
Jul 31 22:44:23.051311 np0000006287 nova-scheduler[93603]: DEBUG oslo_db.sqlalchemy.engines [None req-11bf286d-cba9-41b3-8e6b-591a01fa917e tempest-ImageDependencyTests-1539038424 tempest-ImageDependencyTests-1539038424-project-member] Parent process 92399 forked (93603) with an open database connection, which is being discarded and recreated. {{(pid=93603) checkout /opt/stack/data/venv/lib/python3.12/site-packages/oslo_db/sqlalchemy/engines.py:402}}
Jul 31 22:44:23.100820 np0000006287 nova-scheduler[93603]: DEBUG dbcounter [-] [93603] Writer thread running {{(pid=93603) stat_writer /opt/stack/data/venv/lib/python3.12/site-packages/dbcounter.py:102}}
Jul 31 22:44:23.108173 np0000006287 nova-scheduler[93603]: DEBUG oslo_concurrency.lockutils [None req-11bf286d-cba9-41b3-8e6b-591a01fa917e tempest-ImageDependencyTests-1539038424 tempest-ImageDependencyTests-1539038424-project-member] Acquiring lock "5ef32069-3d0d-4a10-9759-fe444b553a0d" by "nova.context.set_target_cell..get_or_set_cached_cell_and_set_connections" {{(pid=93603) inner /opt/stack/data/venv/lib/python3.12/site-packages/oslo_concurrency/lockutils.py:512}}
Jul 31 22:44:23.108173 np0000006287 nova-scheduler[93603]: DEBUG oslo_concurrency.lockutils [None req-11bf286d-cba9-41b3-8e6b-591a01fa917e tempest-ImageDependencyTests-1539038424 tempest-ImageDependencyTests-1539038424-project-member] Lock "5ef32069-3d0d-4a10-9759-fe444b553a0d" acquired by "nova.context.set_target_cell..get_or_set_cached_cell_and_set_connections" :: waited 0.000s {{(pid=93603) inner /opt/stack/data/venv/lib/python3.12/site-packages/oslo_concurrency/lockutils.py:525}}
Jul 31 22:44:23.108173 np0000006287 nova-scheduler[93603]: DEBUG oslo_concurrency.lockutils [None req-11bf286d-cba9-41b3-8e6b-591a01fa917e tempest-ImageDependencyTests-1539038424 tempest-ImageDependencyTests-1539038424-project-member] Lock "5ef32069-3d0d-4a10-9759-fe444b553a0d" "released" by "nova.context.set_target_cell..get_or_set_cached_cell_and_set_connections" :: held 0.000s {{(pid=93603) inner /opt/stack/data/venv/lib/python3.12/site-packages/oslo_concurrency/lockutils.py:544}}
Jul 31 22:44:23.114579 np0000006287 nova-scheduler[93603]: DEBUG oslo_concurrency.lockutils [None req-11bf286d-cba9-41b3-8e6b-591a01fa917e tempest-ImageDependencyTests-1539038424 tempest-ImageDependencyTests-1539038424-project-member] Acquiring lock "np0000006287-np0000006287" by "nova.scheduler.host_manager.HostState.update.._locked_update" {{(pid=93603) inner /opt/stack/data/venv/lib/python3.12/site-packages/oslo_concurrency/lockutils.py:512}}
Jul 31 22:44:23.115499 np0000006287 nova-scheduler[93603]: DEBUG oslo_concurrency.lockutils [None req-11bf286d-cba9-41b3-8e6b-591a01fa917e tempest-ImageDependencyTests-1539038424 tempest-ImageDependencyTests-1539038424-project-member] Lock "np0000006287-np0000006287" acquired by "nova.scheduler.host_manager.HostState.update.._locked_update" :: waited 0.001s {{(pid=93603) inner /opt/stack/data/venv/lib/python3.12/site-packages/oslo_concurrency/lockutils.py:525}}
Jul 31 22:44:23.116798 np0000006287 nova-scheduler[93603]: DEBUG nova.scheduler.host_manager [None req-11bf286d-cba9-41b3-8e6b-591a01fa917e tempest-ImageDependencyTests-1539038424 tempest-ImageDependencyTests-1539038424-project-member] Update host state from compute node: ComputeNode(cpu_allocation_ratio=4.0,cpu_info='{"arch": "x86_64", "model": "EPYC-Milan", "vendor": "AMD", "topology": {"cells": 1, "sockets": 16, "cores": 1, "threads": 1}, "maxphysaddr": {"mode": "emulate", "bits": 40}, "features": ["flushbyasid", "f16c", "adx", "pfthreshold", "mmx", "smap", "cx16", "syscall", "bmi1", "tsc_adjust", "xsave", "no-nested-data-bp", "stibp-always-on", "lfence-always-serializing", "pae", "x2apic", "skip-l1dfl-vmentry", "vpclmulqdq", "abm", "rdrand", "rdctl-no", "spec-ctrl", "ibrs", "pschange-mc-no", "topoext", "umip", "amd-ssbd", "amd-psfd", "pge", "pat", "xsavec", "misalignsse", "osvw", "ibpb", "svme-addr-chk", "sha-ni", "null-sel-clr-base", "avx2", "clwb", "mtrr", "erms", "popcnt", "wbnoinvd", "cmp_legacy", "nx", "tsc-scale", "invpcid", "amd-stibp", "fsgsbase", "mce", "3dnowprefetch", "cx8", "cmov", "msr", "virt-ssbd", "arat", "sse4.1", "de", "apic", "sep", "pse36", "pclmuldq", "rdpid", "sse", "mmxext", "perfctr_core", "vgif", "mca", "pse", "lm", "aes", "clflushopt", "mds-no", "fxsr", "vme", "pni", "xsaveopt", "vmcb-clean", "fxsr_opt", "pcid", "fpu", "arch-capabilities", "sse2", "tsc", "smep", "gds-no", "xgetbv1", "pdpe1gb", "svm", "avx", "lbrv", "npt", "v-vmsave-vmload", "fsrm", "nrip-save", "bmi2", "rdtscp", "xsaveerptr", "sse4a", "hypervisor", "fma", "stibp", "sse4.2", "clflush", "xsaves", "tsc-deadline", "cr8legacy", "movbe", "rdseed", "pku", "pause-filter", "ssbd", "ssse3", "clzero", "lahf_lm", "vaes"]}',created_at=2026-07-31T22:42:00Z,current_workload=0,deleted=False,deleted_at=None,disk_allocation_ratio=1.0,disk_available_least=73,free_disk_gb=95,free_ram_mb=62765,host='np0000006287',host_ip=10.4.3.178,hypervisor_hostname='np0000006287',hypervisor_type='QEMU',hypervisor_version=8002002,id=1,local_gb=95,local_gb_used=0,mapped=1,memory_mb=63277,memory_mb_used=512,metrics='[]',numa_topology='{"nova_object.name": "NUMATopology", "nova_object.namespace": "nova", "nova_object.version": "1.2", "nova_object.data": {"cells": [{"nova_object.name": "NUMACell", "nova_object.namespace": "nova", "nova_object.version": "1.5", "nova_object.data": {"id": 0, "cpuset": [0, 1, 2, 3, 4, 5, 6, 7, 8, 9, 10, 11, 12, 13, 14, 15], "pcpuset": [0, 1, 2, 3, 4, 5, 6, 7, 8, 9, 10, 11, 12, 13, 14, 15], "memory": 63277, "cpu_usage": 0, "memory_usage": 0, "pinned_cpus": [], "siblings": [[6], [12], [2], [15], [5], [11], [8], [14], [4], [1], [7], [10], [0], [13], [3], [9]], "mempages": [{"nova_object.name": "NUMAPagesTopology", "nova_object.namespace": "nova", "nova_object.version": "1.1", "nova_object.data": {"size_kb": 4, "total": 16177929, "used": 0, "reserved": 0}, "nova_object.changes": ["used", "reserved", "size_kb", "total"]}, {"nova_object.name": "NUMAPagesTopology", "nova_object.namespace": "nova", "nova_object.version": "1.1", "nova_object.data": {"size_kb": 2048, "total": 41, "used": 0, "reserved": 0}, "nova_object.changes": ["used", "reserved", "size_kb", "total"]}, {"nova_object.name": "NUMAPagesTopology", "nova_object.namespace": "nova", "nova_object.version": "1.1", "nova_object.data": {"size_kb": 1048576, "total": 0, "used": 0, "reserved": 0}, "nova_object.changes": ["used", "reserved", "size_kb", "total"]}], "network_metadata": {"nova_object.name": "NetworkMetadata", "nova_object.namespace": "nova", "nova_object.version": "1.0", "nova_object.data": {"physnets": [], "tunneled": false}, "nova_object.changes": ["tunneled", "physnets"]}, "socket": null}, "nova_object.changes": ["pinned_cpus", "socket", "id", "network_metadata", "pcpuset", "mempages", "memory", "siblings", "cpu_usage", "cpuset", "memory_usage"]}]}, "nova_object.changes": ["cells"]}',pci_device_pools=PciDevicePoolList,ram_allocation_ratio=1.0,running_vms=0,service_id=3,stats={failed_builds='0',uptime=' 22:43:48 up 15 min, 2 users, load average: 1.14, 1.34, 0.80
Jul 31 22:44:23.116798 np0000006287 nova-scheduler[93603]: '},supported_hv_specs=[HVSpec,HVSpec,HVSpec,HVSpec,HVSpec,HVSpec,HVSpec,HVSpec,HVSpec,HVSpec,HVSpec,HVSpec,HVSpec,HVSpec,HVSpec,HVSpec,HVSpec,HVSpec,HVSpec,HVSpec,HVSpec,HVSpec,HVSpec,HVSpec,HVSpec],updated_at=2026-07-31T22:43:49Z,uuid=e86c2e84-1b22-4ce0-941d-a7fd576d1035,vcpus=16,vcpus_used=0) {{(pid=93603) _locked_update /opt/stack/nova/nova/scheduler/host_manager.py:168}}
Jul 31 22:44:23.117706 np0000006287 nova-scheduler[93603]: DEBUG nova.scheduler.host_manager [None req-11bf286d-cba9-41b3-8e6b-591a01fa917e tempest-ImageDependencyTests-1539038424 tempest-ImageDependencyTests-1539038424-project-member] Update host state with aggregates: [] {{(pid=93603) _locked_update /opt/stack/nova/nova/scheduler/host_manager.py:171}}
Jul 31 22:44:23.118112 np0000006287 nova-scheduler[93603]: DEBUG nova.scheduler.host_manager [None req-11bf286d-cba9-41b3-8e6b-591a01fa917e tempest-ImageDependencyTests-1539038424 tempest-ImageDependencyTests-1539038424-project-member] Update host state with service dict: {'id': 3, 'uuid': '8dbcd670-1f82-4692-9b73-fc0e33dad916', 'host': 'np0000006287', 'binary': 'nova-compute', 'topic': 'compute', 'report_count': 2, 'disabled': False, 'disabled_reason': None, 'last_seen_up': datetime.datetime(2026, 7, 31, 22, 44, 6, tzinfo=datetime.timezone.utc), 'forced_down': False, 'version': 72, 'created_at': datetime.datetime(2026, 7, 31, 22, 42, tzinfo=datetime.timezone.utc), 'updated_at': datetime.datetime(2026, 7, 31, 22, 44, 6, tzinfo=datetime.timezone.utc), 'deleted_at': None, 'deleted': False} {{(pid=93603) _locked_update /opt/stack/nova/nova/scheduler/host_manager.py:174}}
Jul 31 22:44:23.118112 np0000006287 nova-scheduler[93603]: DEBUG nova.scheduler.host_manager [None req-11bf286d-cba9-41b3-8e6b-591a01fa917e tempest-ImageDependencyTests-1539038424 tempest-ImageDependencyTests-1539038424-project-member] Update host state with instances: [] {{(pid=93603) _locked_update /opt/stack/nova/nova/scheduler/host_manager.py:177}}
Jul 31 22:44:23.118241 np0000006287 nova-scheduler[93603]: DEBUG oslo_concurrency.lockutils [None req-11bf286d-cba9-41b3-8e6b-591a01fa917e tempest-ImageDependencyTests-1539038424 tempest-ImageDependencyTests-1539038424-project-member] Lock "np0000006287-np0000006287" "released" by "nova.scheduler.host_manager.HostState.update.._locked_update" :: held 0.003s {{(pid=93603) inner /opt/stack/data/venv/lib/python3.12/site-packages/oslo_concurrency/lockutils.py:544}}
Jul 31 22:44:23.118688 np0000006287 nova-scheduler[93603]: DEBUG nova.filters [None req-11bf286d-cba9-41b3-8e6b-591a01fa917e tempest-ImageDependencyTests-1539038424 tempest-ImageDependencyTests-1539038424-project-member] Starting with 1 host(s) {{(pid=93603) get_filtered_objects /opt/stack/nova/nova/filters.py:70}}
Jul 31 22:44:23.119270 np0000006287 nova-scheduler[93603]: DEBUG nova.filters [None req-11bf286d-cba9-41b3-8e6b-591a01fa917e tempest-ImageDependencyTests-1539038424 tempest-ImageDependencyTests-1539038424-project-member] Filter ComputeFilter returned 1 host(s) {{(pid=93603) get_filtered_objects /opt/stack/nova/nova/filters.py:102}}
Jul 31 22:44:23.119710 np0000006287 nova-scheduler[93603]: DEBUG nova.filters [None req-11bf286d-cba9-41b3-8e6b-591a01fa917e tempest-ImageDependencyTests-1539038424 tempest-ImageDependencyTests-1539038424-project-member] Filter ComputeCapabilitiesFilter returned 1 host(s) {{(pid=93603) get_filtered_objects /opt/stack/nova/nova/filters.py:102}}
Jul 31 22:44:23.120276 np0000006287 nova-scheduler[93603]: DEBUG nova.filters [None req-11bf286d-cba9-41b3-8e6b-591a01fa917e tempest-ImageDependencyTests-1539038424 tempest-ImageDependencyTests-1539038424-project-member] Filter ImagePropertiesFilter returned 1 host(s) {{(pid=93603) get_filtered_objects /opt/stack/nova/nova/filters.py:102}}
Jul 31 22:44:23.120276 np0000006287 nova-scheduler[93603]: DEBUG nova.filters [None req-11bf286d-cba9-41b3-8e6b-591a01fa917e tempest-ImageDependencyTests-1539038424 tempest-ImageDependencyTests-1539038424-project-member] Filter ServerGroupAntiAffinityFilter returned 1 host(s) {{(pid=93603) get_filtered_objects /opt/stack/nova/nova/filters.py:102}}
Jul 31 22:44:23.120379 np0000006287 nova-scheduler[93603]: DEBUG nova.filters [None req-11bf286d-cba9-41b3-8e6b-591a01fa917e tempest-ImageDependencyTests-1539038424 tempest-ImageDependencyTests-1539038424-project-member] Filter ServerGroupAffinityFilter returned 1 host(s) {{(pid=93603) get_filtered_objects /opt/stack/nova/nova/filters.py:102}}
Jul 31 22:44:23.120503 np0000006287 nova-scheduler[93603]: DEBUG nova.filters [None req-11bf286d-cba9-41b3-8e6b-591a01fa917e tempest-ImageDependencyTests-1539038424 tempest-ImageDependencyTests-1539038424-project-member] Filter SameHostFilter returned 1 host(s) {{(pid=93603) get_filtered_objects /opt/stack/nova/nova/filters.py:102}}
Jul 31 22:44:23.120675 np0000006287 nova-scheduler[93603]: DEBUG nova.filters [None req-11bf286d-cba9-41b3-8e6b-591a01fa917e tempest-ImageDependencyTests-1539038424 tempest-ImageDependencyTests-1539038424-project-member] Filter DifferentHostFilter returned 1 host(s) {{(pid=93603) get_filtered_objects /opt/stack/nova/nova/filters.py:102}}
Jul 31 22:44:23.120742 np0000006287 nova-scheduler[93603]: DEBUG nova.scheduler.manager [None req-11bf286d-cba9-41b3-8e6b-591a01fa917e tempest-ImageDependencyTests-1539038424 tempest-ImageDependencyTests-1539038424-project-member] Filtered [(np0000006287, np0000006287) ram: 62765MB disk: 74752MB io_ops: 0 instances: 0, allocation_candidates: 1] {{(pid=93603) _get_sorted_hosts /opt/stack/nova/nova/scheduler/manager.py:742}}
Jul 31 22:44:23.120965 np0000006287 nova-scheduler[93603]: DEBUG nova.scheduler.manager [None req-11bf286d-cba9-41b3-8e6b-591a01fa917e tempest-ImageDependencyTests-1539038424 tempest-ImageDependencyTests-1539038424-project-member] Weighed [WeighedHost [host: (np0000006287, np0000006287) ram: 62765MB disk: 74752MB io_ops: 0 instances: 0, allocation_candidates: 1, weight: 0.0]] {{(pid=93603) _get_sorted_hosts /opt/stack/nova/nova/scheduler/manager.py:764}}
Jul 31 22:44:23.121191 np0000006287 nova-scheduler[93603]: DEBUG nova.scheduler.utils [None req-11bf286d-cba9-41b3-8e6b-591a01fa917e tempest-ImageDependencyTests-1539038424 tempest-ImageDependencyTests-1539038424-project-member] Attempting to claim resources in the placement API for instance a6e4f44e-1f62-4324-8a94-3d579b50ad5d {{(pid=93603) claim_resources /opt/stack/nova/nova/scheduler/utils.py:1345}}
Jul 31 22:44:23.302477 np0000006287 nova-scheduler[93605]: DEBUG nova.scheduler.manager [None req-68d94917-3ff7-48ee-9ded-91ea32291699 tempest-ServerActionsTestOtherB-1361756425 tempest-ServerActionsTestOtherB-1361756425-project-member] Starting to schedule for instances: ['66ddd3d4-f700-4a6f-8a52-5bdda8ffb4e2'] {{(pid=93605) select_destinations /opt/stack/nova/nova/scheduler/manager.py:209}}
Jul 31 22:44:23.304131 np0000006287 nova-scheduler[93605]: DEBUG nova.scheduler.request_filter [None req-68d94917-3ff7-48ee-9ded-91ea32291699 tempest-ServerActionsTestOtherB-1361756425 tempest-ServerActionsTestOtherB-1361756425-project-member] compute_status_filter request filter added forbidden trait COMPUTE_STATUS_DISABLED {{(pid=93605) compute_status_filter /opt/stack/nova/nova/scheduler/request_filter.py:253}}
Jul 31 22:44:23.304131 np0000006287 nova-scheduler[93605]: DEBUG nova.scheduler.request_filter [None req-68d94917-3ff7-48ee-9ded-91ea32291699 tempest-ServerActionsTestOtherB-1361756425 tempest-ServerActionsTestOtherB-1361756425-project-member] Request filter 'compute_status_filter' took 0.0 seconds {{(pid=93605) wrapper /opt/stack/nova/nova/scheduler/request_filter.py:46}}
Jul 31 22:44:23.304131 np0000006287 nova-scheduler[93605]: DEBUG nova.scheduler.request_filter [None req-68d94917-3ff7-48ee-9ded-91ea32291699 tempest-ServerActionsTestOtherB-1361756425 tempest-ServerActionsTestOtherB-1361756425-project-member] Request filter 'accelerators_filter' took 0.0 seconds {{(pid=93605) wrapper /opt/stack/nova/nova/scheduler/request_filter.py:46}}
Jul 31 22:44:23.304131 np0000006287 nova-scheduler[93605]: DEBUG nova.scheduler.request_filter [None req-68d94917-3ff7-48ee-9ded-91ea32291699 tempest-ServerActionsTestOtherB-1361756425 tempest-ServerActionsTestOtherB-1361756425-project-member] Request filter 'packed_virtqueue_filter' took 0.0 seconds {{(pid=93605) wrapper /opt/stack/nova/nova/scheduler/request_filter.py:46}}
Jul 31 22:44:23.304437 np0000006287 nova-scheduler[93605]: DEBUG nova.scheduler.request_filter [None req-68d94917-3ff7-48ee-9ded-91ea32291699 tempest-ServerActionsTestOtherB-1361756425 tempest-ServerActionsTestOtherB-1361756425-project-member] Request filter 'remote_managed_ports_filter' took 0.0 seconds {{(pid=93605) wrapper /opt/stack/nova/nova/scheduler/request_filter.py:46}}
Jul 31 22:44:23.304545 np0000006287 nova-scheduler[93605]: DEBUG nova.scheduler.request_filter [None req-68d94917-3ff7-48ee-9ded-91ea32291699 tempest-ServerActionsTestOtherB-1361756425 tempest-ServerActionsTestOtherB-1361756425-project-member] ephemeral_encryption_filter skipped {{(pid=93605) ephemeral_encryption_filter /opt/stack/nova/nova/scheduler/request_filter.py:426}}
Jul 31 22:44:23.304743 np0000006287 nova-scheduler[93605]: DEBUG nova.scheduler.request_filter [None req-68d94917-3ff7-48ee-9ded-91ea32291699 tempest-ServerActionsTestOtherB-1361756425 tempest-ServerActionsTestOtherB-1361756425-project-member] virtio_sound_filter skipped {{(pid=93605) virtio_sound_filter /opt/stack/nova/nova/scheduler/request_filter.py:460}}
Jul 31 22:44:23.304905 np0000006287 nova-scheduler[93605]: DEBUG nova.scheduler.request_filter [None req-68d94917-3ff7-48ee-9ded-91ea32291699 tempest-ServerActionsTestOtherB-1361756425 tempest-ServerActionsTestOtherB-1361756425-project-member] tpm_secret_security_filter skipped {{(pid=93605) tpm_secret_security_filter /opt/stack/nova/nova/scheduler/request_filter.py:477}}
Jul 31 22:44:23.316509 np0000006287 nova-scheduler[93603]: DEBUG nova.scheduler.manager [None req-11bf286d-cba9-41b3-8e6b-591a01fa917e tempest-ImageDependencyTests-1539038424 tempest-ImageDependencyTests-1539038424-project-member] [instance: a6e4f44e-1f62-4324-8a94-3d579b50ad5d] Selected host: (np0000006287, np0000006287) ram: 62765MB disk: 74752MB io_ops: 0 instances: 0, allocation_candidates: 1 {{(pid=93603) _consume_selected_host /opt/stack/nova/nova/scheduler/manager.py:624}}
Jul 31 22:44:23.316509 np0000006287 nova-scheduler[93603]: DEBUG oslo_concurrency.lockutils [None req-11bf286d-cba9-41b3-8e6b-591a01fa917e tempest-ImageDependencyTests-1539038424 tempest-ImageDependencyTests-1539038424-project-member] Acquiring lock "np0000006287-np0000006287" by "nova.scheduler.host_manager.HostState.consume_from_request.._locked" {{(pid=93603) inner /opt/stack/data/venv/lib/python3.12/site-packages/oslo_concurrency/lockutils.py:512}}
