Aug 17 01:15:21.371841 np0000007442 devstack@g-api.service[99864]: DEBUG glance_store.backend [-] Registering store swift with schemes ('swift+https', 'swift', 'swift+http', 'swift+config') {{(pid=99864) create_stores /opt/stack/data/venv/lib/python3.12/site-packages/glance_store/backend.py:261}}
Aug 17 01:15:21.371911 np0000007442 devstack@g-api.service[99864]: DEBUG glance_store.driver [-] Late loading location class glance_store._drivers.swift.store.StoreLocation {{(pid=99864) get_store_location_class /opt/stack/data/venv/lib/python3.12/site-packages/glance_store/driver.py:134}}
Aug 17 01:15:21.371982 np0000007442 devstack@g-api.service[99864]: DEBUG glance_store.location [-] Registering scheme swift+https with {'store': , 'location_class': , 'store_entry': 'swift'} {{(pid=99864) register_scheme_map /opt/stack/data/venv/lib/python3.12/site-packages/glance_store/location.py:146}}
Aug 17 01:15:21.372041 np0000007442 devstack@g-api.service[99864]: DEBUG glance_store.location [-] Registering scheme swift with {'store': , 'location_class': , 'store_entry': 'swift'} {{(pid=99864) register_scheme_map /opt/stack/data/venv/lib/python3.12/site-packages/glance_store/location.py:146}}
Aug 17 01:15:21.372123 np0000007442 devstack@g-api.service[99864]: DEBUG glance_store.location [-] Registering scheme swift+http with {'store': , 'location_class': , 'store_entry': 'swift'} {{(pid=99864) register_scheme_map /opt/stack/data/venv/lib/python3.12/site-packages/glance_store/location.py:146}}
Aug 17 01:15:21.372184 np0000007442 devstack@g-api.service[99864]: DEBUG glance_store.location [-] Registering scheme swift+config with {'store': , 'location_class': , 'store_entry': 'swift'} {{(pid=99864) register_scheme_map /opt/stack/data/venv/lib/python3.12/site-packages/glance_store/location.py:146}}
Aug 17 01:15:21.372243 np0000007442 devstack@g-api.service[99864]: DEBUG glance_store.backend [-] Attempting to import store file {{(pid=99864) _load_store /opt/stack/data/venv/lib/python3.12/site-packages/glance_store/backend.py:215}}
Aug 17 01:15:21.372778 np0000007442 devstack@g-api.service[99864]: DEBUG glance_store.capabilities [-] Store glance_store._drivers.filesystem.Store doesn't support updating dynamic storage capabilities. Please overwrite 'update_capabilities' method of the store to implement updating logics if needed. {{(pid=99864) update_capabilities /opt/stack/data/venv/lib/python3.12/site-packages/glance_store/capabilities.py:91}}
Aug 17 01:15:21.372843 np0000007442 devstack@g-api.service[99864]: DEBUG glance_store.backend [-] Registering store file with schemes ('file', 'filesystem') {{(pid=99864) create_stores /opt/stack/data/venv/lib/python3.12/site-packages/glance_store/backend.py:261}}
Aug 17 01:15:21.372905 np0000007442 devstack@g-api.service[99864]: DEBUG glance_store.driver [-] Late loading location class glance_store._drivers.filesystem.StoreLocation {{(pid=99864) get_store_location_class /opt/stack/data/venv/lib/python3.12/site-packages/glance_store/driver.py:134}}
Aug 17 01:15:21.372974 np0000007442 devstack@g-api.service[99864]: DEBUG glance_store.location [-] Registering scheme file with {'store': , 'location_class': , 'store_entry': 'file'} {{(pid=99864) register_scheme_map /opt/stack/data/venv/lib/python3.12/site-packages/glance_store/location.py:146}}
Aug 17 01:15:21.373024 np0000007442 devstack@g-api.service[99864]: DEBUG glance_store.location [-] Registering scheme filesystem with {'store': , 'location_class': , 'store_entry': 'file'} {{(pid=99864) register_scheme_map /opt/stack/data/venv/lib/python3.12/site-packages/glance_store/location.py:146}}
Aug 17 01:15:21.374636 np0000007442 devstack@g-api.service[99864]: DEBUG glance_store.backend [-] Attempting to import store swift {{(pid=99864) _load_store /opt/stack/data/venv/lib/python3.12/site-packages/glance_store/backend.py:215}}
Aug 17 01:15:21.375943 np0000007442 devstack@g-api.service[99864]: DEBUG glance_store.capabilities [-] Store glance_store._drivers.swift.store.SingleTenantStore doesn't support updating dynamic storage capabilities. Please overwrite 'update_capabilities' method of the store to implement updating logics if needed. {{(pid=99864) update_capabilities /opt/stack/data/venv/lib/python3.12/site-packages/glance_store/capabilities.py:91}}
Aug 17 01:15:21.376010 np0000007442 devstack@g-api.service[99864]: DEBUG glance_store.driver [-] Late loading location class glance_store._drivers.swift.store.StoreLocation {{(pid=99864) get_store_location_class /opt/stack/data/venv/lib/python3.12/site-packages/glance_store/driver.py:134}}
Aug 17 01:15:21.376119 np0000007442 devstack@g-api.service[99864]: DEBUG glance_store.location [-] Registering scheme swift+https with {'store': , 'location_class': , 'store_entry': 'swift'} {{(pid=99864) register_scheme_map /opt/stack/data/venv/lib/python3.12/site-packages/glance_store/location.py:146}}
Aug 17 01:15:21.376162 np0000007442 devstack@g-api.service[99864]: DEBUG glance_store.location [-] Registering scheme swift+https with {'store': , 'location_class': , 'store_entry': 'swift'} {{(pid=99864) register_scheme_map /opt/stack/data/venv/lib/python3.12/site-packages/glance_store/location.py:146}}
Aug 17 01:15:21.376224 np0000007442 devstack@g-api.service[99864]: DEBUG glance_store.location [-] Registering scheme swift with {'store': , 'location_class': , 'store_entry': 'swift'} {{(pid=99864) register_scheme_map /opt/stack/data/venv/lib/python3.12/site-packages/glance_store/location.py:146}}
Aug 17 01:15:21.376282 np0000007442 devstack@g-api.service[99864]: DEBUG glance_store.location [-] Registering scheme swift+https with {'store': , 'location_class': , 'store_entry': 'swift'} {{(pid=99864) register_scheme_map /opt/stack/data/venv/lib/python3.12/site-packages/glance_store/location.py:146}}
Aug 17 01:15:21.376339 np0000007442 devstack@g-api.service[99864]: DEBUG glance_store.location [-] Registering scheme swift with {'store': , 'location_class': , 'store_entry': 'swift'} {{(pid=99864) register_scheme_map /opt/stack/data/venv/lib/python3.12/site-packages/glance_store/location.py:146}}
Aug 17 01:15:21.376403 np0000007442 devstack@g-api.service[99864]: DEBUG glance_store.location [-] Registering scheme swift+http with {'store': , 'location_class': , 'store_entry': 'swift'} {{(pid=99864) register_scheme_map /opt/stack/data/venv/lib/python3.12/site-packages/glance_store/location.py:146}}
Aug 17 01:15:21.376459 np0000007442 devstack@g-api.service[99864]: DEBUG glance_store.location [-] Registering scheme swift+https with {'store': , 'location_class': , 'store_entry': 'swift'} {{(pid=99864) register_scheme_map /opt/stack/data/venv/lib/python3.12/site-packages/glance_store/location.py:146}}
Aug 17 01:15:21.376525 np0000007442 devstack@g-api.service[99864]: DEBUG glance_store.location [-] Registering scheme swift with {'store': , 'location_class': , 'store_entry': 'swift'} {{(pid=99864) register_scheme_map /opt/stack/data/venv/lib/python3.12/site-packages/glance_store/location.py:146}}
Aug 17 01:15:21.376585 np0000007442 devstack@g-api.service[99864]: DEBUG glance_store.location [-] Registering scheme swift+http with {'store': , 'location_class': , 'store_entry': 'swift'} {{(pid=99864) register_scheme_map /opt/stack/data/venv/lib/python3.12/site-packages/glance_store/location.py:146}}
Aug 17 01:15:21.376645 np0000007442 devstack@g-api.service[99864]: DEBUG glance_store.location [-] Registering scheme swift+config with {'store': , 'location_class': , 'store_entry': 'swift'} {{(pid=99864) register_scheme_map /opt/stack/data/venv/lib/python3.12/site-packages/glance_store/location.py:146}}
Aug 17 01:15:21.376958 np0000007442 devstack@g-api.service[99864]: DEBUG glance.sqlite_migration [-] SQLite caching database not located, skipping migration {{(pid=99864) get_db_path /opt/stack/glance/glance/sqlite_migration.py:68}}
Aug 17 01:15:21.377661 np0000007442 devstack@g-api.service[99864]: WARNING glance.common.wsgi_app [-] Import methods are enabled but staging directory /tmp/staging/ does not exist; Imports will fail!
Aug 17 01:15:21.494532 np0000007442 devstack@g-api.service[99865]: DEBUG glance.common.config [None req-8d83aca7-f4ea-490f-9857-18c58375ce5b None None] Loading glance-api-keystone+cachemanagement from /etc/glance/glance-api-paste.ini {{(pid=99865) load_paste_app /opt/stack/glance/glance/common/config.py:772}}
Aug 17 01:15:21.497520 np0000007442 devstack@g-api.service[99863]: DEBUG glance.common.config [None req-bdc93253-39d0-40c6-a992-9ee4c7294fc7 None None] Loading glance-api-keystone+cachemanagement from /etc/glance/glance-api-paste.ini {{(pid=99863) load_paste_app /opt/stack/glance/glance/common/config.py:772}}
Aug 17 01:15:21.512048 np0000007442 devstack@g-api.service[99864]: DEBUG glance.common.config [None req-7d20f499-d67a-4f50-867f-4e324597e339 None None] Loading glance-api-keystone+cachemanagement from /etc/glance/glance-api-paste.ini {{(pid=99864) load_paste_app /opt/stack/glance/glance/common/config.py:772}}
Aug 17 01:15:22.129834 np0000007442 devstack@g-api.service[99863]: INFO glance.image_cache [None req-bdc93253-39d0-40c6-a992-9ee4c7294fc7 None None] Image cache loaded driver 'centralized_db'.
Aug 17 01:15:22.136209 np0000007442 devstack@g-api.service[99865]: INFO glance.image_cache [None req-8d83aca7-f4ea-490f-9857-18c58375ce5b None None] Image cache loaded driver 'centralized_db'.
Aug 17 01:15:22.144312 np0000007442 devstack@g-api.service[99864]: INFO glance.image_cache [None req-7d20f499-d67a-4f50-867f-4e324597e339 None None] Image cache loaded driver 'centralized_db'.
Aug 17 01:15:22.178795 np0000007442 devstack@g-api.service[99863]: INFO dbcounter [None req-bdc93253-39d0-40c6-a992-9ee4c7294fc7 None None] Registered counter for database glance
Aug 17 01:15:22.180382 np0000007442 devstack@g-api.service[99865]: INFO dbcounter [None req-8d83aca7-f4ea-490f-9857-18c58375ce5b None None] Registered counter for database glance
Aug 17 01:15:22.192226 np0000007442 devstack@g-api.service[99864]: INFO dbcounter [None req-7d20f499-d67a-4f50-867f-4e324597e339 None None] Registered counter for database glance
Aug 17 01:15:22.216515 np0000007442 devstack@g-api.service[99865]: DEBUG oslo_db.sqlalchemy.engines [None req-8d83aca7-f4ea-490f-9857-18c58375ce5b None None] MySQL server mode set to STRICT_TRANS_TABLES,STRICT_ALL_TABLES,NO_ZERO_IN_DATE,NO_ZERO_DATE,ERROR_FOR_DIVISION_BY_ZERO,TRADITIONAL,NO_ENGINE_SUBSTITUTION {{(pid=99865) _check_effective_sql_mode /opt/stack/data/venv/lib/python3.12/site-packages/oslo_db/sqlalchemy/engines.py:325}}
Aug 17 01:15:22.221447 np0000007442 devstack@g-api.service[99863]: DEBUG oslo_db.sqlalchemy.engines [None req-bdc93253-39d0-40c6-a992-9ee4c7294fc7 None None] MySQL server mode set to STRICT_TRANS_TABLES,STRICT_ALL_TABLES,NO_ZERO_IN_DATE,NO_ZERO_DATE,ERROR_FOR_DIVISION_BY_ZERO,TRADITIONAL,NO_ENGINE_SUBSTITUTION {{(pid=99863) _check_effective_sql_mode /opt/stack/data/venv/lib/python3.12/site-packages/oslo_db/sqlalchemy/engines.py:325}}
Aug 17 01:15:22.232354 np0000007442 devstack@g-api.service[99864]: DEBUG oslo_db.sqlalchemy.engines [None req-7d20f499-d67a-4f50-867f-4e324597e339 None None] MySQL server mode set to STRICT_TRANS_TABLES,STRICT_ALL_TABLES,NO_ZERO_IN_DATE,NO_ZERO_DATE,ERROR_FOR_DIVISION_BY_ZERO,TRADITIONAL,NO_ENGINE_SUBSTITUTION {{(pid=99864) _check_effective_sql_mode /opt/stack/data/venv/lib/python3.12/site-packages/oslo_db/sqlalchemy/engines.py:325}}
Aug 17 01:15:22.314824 np0000007442 devstack@g-api.service[99865]: DEBUG dbcounter [-] [99865] Writer thread running {{(pid=99865) stat_writer /opt/stack/data/venv/lib/python3.12/site-packages/dbcounter.py:102}}
Aug 17 01:15:22.325728 np0000007442 devstack@g-api.service[99865]: INFO glance.image_cache [None req-8d83aca7-f4ea-490f-9857-18c58375ce5b None None] Image cache loaded driver 'centralized_db'.
Aug 17 01:15:22.332132 np0000007442 devstack@g-api.service[99865]: DEBUG glance.image_cache.drivers.centralized_db [None req-8d83aca7-f4ea-490f-9857-18c58375ce5b None None] Node reference is already recorded, ignoring it {{(pid=99865) configure /opt/stack/glance/glance/image_cache/drivers/centralized_db.py:71}}
Aug 17 01:15:22.336383 np0000007442 devstack@g-api.service[99865]: DEBUG glance.api.v2.cached_images [None req-8d83aca7-f4ea-490f-9857-18c58375ce5b None None] Started cache worker thread {{(pid=99865) __init__ /opt/stack/glance/glance/api/v2/cached_images.py:71}}
Aug 17 01:15:22.337093 np0000007442 devstack@g-api.service[99865]: INFO glance.image_cache [None req-8d83aca7-f4ea-490f-9857-18c58375ce5b None None] Image cache loaded driver 'centralized_db'.
Aug 17 01:15:22.343104 np0000007442 devstack@g-api.service[99865]: DEBUG glance.image_cache.drivers.centralized_db [None req-8d83aca7-f4ea-490f-9857-18c58375ce5b None None] Node reference is already recorded, ignoring it {{(pid=99865) configure /opt/stack/glance/glance/image_cache/drivers/centralized_db.py:71}}
Aug 17 01:15:22.343195 np0000007442 devstack@g-api.service[99863]: DEBUG dbcounter [-] [99863] Writer thread running {{(pid=99863) stat_writer /opt/stack/data/venv/lib/python3.12/site-packages/dbcounter.py:102}}
Aug 17 01:15:22.345899 np0000007442 devstack@g-api.service[99863]: DEBUG glance.image_cache.drivers.centralized_db [None req-bdc93253-39d0-40c6-a992-9ee4c7294fc7 None None] Node reference is already recorded, ignoring it {{(pid=99863) configure /opt/stack/glance/glance/image_cache/drivers/centralized_db.py:71}}
Aug 17 01:15:22.349086 np0000007442 devstack@g-api.service[99865]: INFO glance.api.middleware.cache_manage [None req-8d83aca7-f4ea-490f-9857-18c58375ce5b None None] Initialized image cache management middleware
Aug 17 01:15:22.349238 np0000007442 devstack@g-api.service[99865]: INFO glance.image_cache [None req-8d83aca7-f4ea-490f-9857-18c58375ce5b None None] Image cache loaded driver 'centralized_db'.
Aug 17 01:15:22.351588 np0000007442 devstack@g-api.service[99864]: DEBUG dbcounter [-] [99864] Writer thread running {{(pid=99864) stat_writer /opt/stack/data/venv/lib/python3.12/site-packages/dbcounter.py:102}}
Aug 17 01:15:22.353869 np0000007442 devstack@g-api.service[99863]: INFO glance.image_cache [None req-bdc93253-39d0-40c6-a992-9ee4c7294fc7 None None] Image cache loaded driver 'centralized_db'.
Aug 17 01:15:22.354176 np0000007442 devstack@g-api.service[99864]: DEBUG glance.image_cache.drivers.centralized_db [None req-7d20f499-d67a-4f50-867f-4e324597e339 None None] Node reference is already recorded, ignoring it {{(pid=99864) configure /opt/stack/glance/glance/image_cache/drivers/centralized_db.py:71}}
Aug 17 01:15:22.355270 np0000007442 devstack@g-api.service[99865]: DEBUG glance.image_cache.drivers.centralized_db [None req-8d83aca7-f4ea-490f-9857-18c58375ce5b None None] Node reference is already recorded, ignoring it {{(pid=99865) configure /opt/stack/glance/glance/image_cache/drivers/centralized_db.py:71}}
Aug 17 01:15:22.358499 np0000007442 devstack@g-api.service[99865]: INFO glance.api.middleware.cache [None req-8d83aca7-f4ea-490f-9857-18c58375ce5b None None] Initialized image cache middleware
Aug 17 01:15:22.359449 np0000007442 devstack@g-api.service[99864]: INFO glance.image_cache [None req-7d20f499-d67a-4f50-867f-4e324597e339 None None] Image cache loaded driver 'centralized_db'.
Aug 17 01:15:22.362911 np0000007442 devstack@g-api.service[99863]: DEBUG glance.image_cache.drivers.centralized_db [None req-bdc93253-39d0-40c6-a992-9ee4c7294fc7 None None] Node reference is already recorded, ignoring it {{(pid=99863) configure /opt/stack/glance/glance/image_cache/drivers/centralized_db.py:71}}
Aug 17 01:15:22.366633 np0000007442 devstack@g-api.service[99864]: DEBUG glance.image_cache.drivers.centralized_db [None req-7d20f499-d67a-4f50-867f-4e324597e339 None None] Node reference is already recorded, ignoring it {{(pid=99864) configure /opt/stack/glance/glance/image_cache/drivers/centralized_db.py:71}}
Aug 17 01:15:22.367933 np0000007442 devstack@g-api.service[99863]: DEBUG glance.api.v2.cached_images [None req-bdc93253-39d0-40c6-a992-9ee4c7294fc7 None None] Started cache worker thread {{(pid=99863) __init__ /opt/stack/glance/glance/api/v2/cached_images.py:71}}
Aug 17 01:15:22.368638 np0000007442 devstack@g-api.service[99863]: INFO glance.image_cache [None req-bdc93253-39d0-40c6-a992-9ee4c7294fc7 None None] Image cache loaded driver 'centralized_db'.
Aug 17 01:15:22.368688 np0000007442 devstack@g-api.service[99865]: DEBUG glance.common.config [None req-8d83aca7-f4ea-490f-9857-18c58375ce5b None None] ******************************************************************************** {{(pid=99865) log_opt_values /opt/stack/data/venv/lib/python3.12/site-packages/oslo_config/cfg.py:3533}}
Aug 17 01:15:22.368786 np0000007442 devstack@g-api.service[99865]: DEBUG glance.common.config [None req-8d83aca7-f4ea-490f-9857-18c58375ce5b None None] Configuration options gathered from: {{(pid=99865) log_opt_values /opt/stack/data/venv/lib/python3.12/site-packages/oslo_config/cfg.py:3534}}
Aug 17 01:15:22.369108 np0000007442 devstack@g-api.service[99865]: DEBUG glance.common.config [None req-8d83aca7-f4ea-490f-9857-18c58375ce5b None None] command line args: [] {{(pid=99865) log_opt_values /opt/stack/data/venv/lib/python3.12/site-packages/oslo_config/cfg.py:3535}}
Aug 17 01:15:22.369234 np0000007442 devstack@g-api.service[99865]: DEBUG glance.common.config [None req-8d83aca7-f4ea-490f-9857-18c58375ce5b None None] config files: ['/etc/glance/glance-image-import.conf', '/etc/glance/glance-api.conf'] {{(pid=99865) log_opt_values /opt/stack/data/venv/lib/python3.12/site-packages/oslo_config/cfg.py:3536}}
Aug 17 01:15:22.369333 np0000007442 devstack@g-api.service[99865]: DEBUG glance.common.config [None req-8d83aca7-f4ea-490f-9857-18c58375ce5b None None] ================================================================================ {{(pid=99865) log_opt_values /opt/stack/data/venv/lib/python3.12/site-packages/oslo_config/cfg.py:3541}}
Aug 17 01:15:22.369447 np0000007442 devstack@g-api.service[99865]: DEBUG glance.common.config [None req-8d83aca7-f4ea-490f-9857-18c58375ce5b None None] allow_anonymous_access = False {{(pid=99865) log_opt_values /opt/stack/data/venv/lib/python3.12/site-packages/oslo_config/cfg.py:3549}}
Aug 17 01:15:22.369557 np0000007442 devstack@g-api.service[99865]: DEBUG glance.common.config [None req-8d83aca7-f4ea-490f-9857-18c58375ce5b None None] api_limit_max = 1000 {{(pid=99865) log_opt_values /opt/stack/data/venv/lib/python3.12/site-packages/oslo_config/cfg.py:3549}}
Aug 17 01:15:22.369663 np0000007442 devstack@g-api.service[99865]: DEBUG glance.common.config [None req-8d83aca7-f4ea-490f-9857-18c58375ce5b None None] config_dir = [] {{(pid=99865) log_opt_values /opt/stack/data/venv/lib/python3.12/site-packages/oslo_config/cfg.py:3549}}
Aug 17 01:15:22.369731 np0000007442 devstack@g-api.service[99865]: DEBUG glance.common.config [None req-8d83aca7-f4ea-490f-9857-18c58375ce5b None None] config_file = ['/etc/glance/glance-image-import.conf', '/etc/glance/glance-api.conf'] {{(pid=99865) log_opt_values /opt/stack/data/venv/lib/python3.12/site-packages/oslo_config/cfg.py:3549}}
Aug 17 01:15:22.369837 np0000007442 devstack@g-api.service[99865]: DEBUG glance.common.config [None req-8d83aca7-f4ea-490f-9857-18c58375ce5b None None] config_source = [] {{(pid=99865) log_opt_values /opt/stack/data/venv/lib/python3.12/site-packages/oslo_config/cfg.py:3549}}
Aug 17 01:15:22.369939 np0000007442 devstack@g-api.service[99865]: DEBUG glance.common.config [None req-8d83aca7-f4ea-490f-9857-18c58375ce5b None None] control_exchange = glance {{(pid=99865) log_opt_values /opt/stack/data/venv/lib/python3.12/site-packages/oslo_config/cfg.py:3549}}
Aug 17 01:15:22.370004 np0000007442 devstack@g-api.service[99865]: DEBUG glance.common.config [None req-8d83aca7-f4ea-490f-9857-18c58375ce5b None None] debug = True {{(pid=99865) log_opt_values /opt/stack/data/venv/lib/python3.12/site-packages/oslo_config/cfg.py:3549}}
Aug 17 01:15:22.370214 np0000007442 devstack@g-api.service[99865]: DEBUG glance.common.config [None req-8d83aca7-f4ea-490f-9857-18c58375ce5b None None] default_log_levels = ['amqp=WARN', 'boto=WARN', 'sqlalchemy=WARN', 'suds=INFO', 'oslo.messaging=INFO', 'oslo_messaging=INFO', 'iso8601=WARN', 'requests.packages.urllib3.connectionpool=WARN', 'urllib3.connectionpool=WARN', 'websocket=WARN', 'requests.packages.urllib3.util.retry=WARN', 'urllib3.util.retry=WARN', 'keystonemiddleware=WARN', 'routes.middleware=WARN', 'stevedore=WARN', 'taskflow=WARN', 'keystoneauth=WARN', 'oslo.cache=INFO', 'oslo_policy=INFO', 'dogpile.core.dogpile=INFO'] {{(pid=99865) log_opt_values /opt/stack/data/venv/lib/python3.12/site-packages/oslo_config/cfg.py:3549}}
Aug 17 01:15:22.370345 np0000007442 devstack@g-api.service[99865]: DEBUG glance.common.config [None req-8d83aca7-f4ea-490f-9857-18c58375ce5b None None] default_publisher_id = image.localhost {{(pid=99865) log_opt_values /opt/stack/data/venv/lib/python3.12/site-packages/oslo_config/cfg.py:3549}}
Aug 17 01:15:22.370447 np0000007442 devstack@g-api.service[99865]: DEBUG glance.common.config [None req-8d83aca7-f4ea-490f-9857-18c58375ce5b None None] delayed_delete = False {{(pid=99865) log_opt_values /opt/stack/data/venv/lib/python3.12/site-packages/oslo_config/cfg.py:3549}}
Aug 17 01:15:22.370556 np0000007442 devstack@g-api.service[99865]: DEBUG glance.common.config [None req-8d83aca7-f4ea-490f-9857-18c58375ce5b None None] digest_algorithm = sha256 {{(pid=99865) log_opt_values /opt/stack/data/venv/lib/python3.12/site-packages/oslo_config/cfg.py:3549}}
Aug 17 01:15:22.370646 np0000007442 devstack@g-api.service[99865]: DEBUG glance.common.config [None req-8d83aca7-f4ea-490f-9857-18c58375ce5b None None] disabled_notifications = [] {{(pid=99865) log_opt_values /opt/stack/data/venv/lib/python3.12/site-packages/oslo_config/cfg.py:3549}}
Aug 17 01:15:22.370728 np0000007442 devstack@g-api.service[99865]: DEBUG glance.common.config [None req-8d83aca7-f4ea-490f-9857-18c58375ce5b None None] do_secure_hash = True {{(pid=99865) log_opt_values /opt/stack/data/venv/lib/python3.12/site-packages/oslo_config/cfg.py:3549}}
Aug 17 01:15:22.370813 np0000007442 devstack@g-api.service[99865]: DEBUG glance.common.config [None req-8d83aca7-f4ea-490f-9857-18c58375ce5b None None] enabled_backends = None {{(pid=99865) log_opt_values /opt/stack/data/venv/lib/python3.12/site-packages/oslo_config/cfg.py:3549}}
Aug 17 01:15:22.370935 np0000007442 devstack@g-api.service[99865]: DEBUG glance.common.config [None req-8d83aca7-f4ea-490f-9857-18c58375ce5b None None] enabled_import_methods = ['glance-direct', 'web-download', 'copy-image'] {{(pid=99865) log_opt_values /opt/stack/data/venv/lib/python3.12/site-packages/oslo_config/cfg.py:3549}}
Aug 17 01:15:22.371021 np0000007442 devstack@g-api.service[99865]: DEBUG glance.common.config [None req-8d83aca7-f4ea-490f-9857-18c58375ce5b None None] fatal_deprecations = False {{(pid=99865) log_opt_values /opt/stack/data/venv/lib/python3.12/site-packages/oslo_config/cfg.py:3549}}
Aug 17 01:15:22.371129 np0000007442 devstack@g-api.service[99865]: DEBUG glance.common.config [None req-8d83aca7-f4ea-490f-9857-18c58375ce5b None None] hashing_algorithm = sha512 {{(pid=99865) log_opt_values /opt/stack/data/venv/lib/python3.12/site-packages/oslo_config/cfg.py:3549}}
Aug 17 01:15:22.371214 np0000007442 devstack@g-api.service[99865]: DEBUG glance.common.config [None req-8d83aca7-f4ea-490f-9857-18c58375ce5b None None] http_retries = 3 {{(pid=99865) log_opt_values /opt/stack/data/venv/lib/python3.12/site-packages/oslo_config/cfg.py:3549}}
Aug 17 01:15:22.371244 np0000007442 devstack@g-api.service[99864]: DEBUG glance.api.v2.cached_images [None req-7d20f499-d67a-4f50-867f-4e324597e339 None None] Started cache worker thread {{(pid=99864) __init__ /opt/stack/glance/glance/api/v2/cached_images.py:71}}
Aug 17 01:15:22.371304 np0000007442 devstack@g-api.service[99865]: DEBUG glance.common.config [None req-8d83aca7-f4ea-490f-9857-18c58375ce5b None None] image_cache_dir = /opt/stack/data/glance/cache/ {{(pid=99865) log_opt_values /opt/stack/data/venv/lib/python3.12/site-packages/oslo_config/cfg.py:3549}}
Aug 17 01:15:22.371393 np0000007442 devstack@g-api.service[99865]: DEBUG glance.common.config [None req-8d83aca7-f4ea-490f-9857-18c58375ce5b None None] image_cache_driver = centralized_db {{(pid=99865) log_opt_values /opt/stack/data/venv/lib/python3.12/site-packages/oslo_config/cfg.py:3549}}
Aug 17 01:15:22.371477 np0000007442 devstack@g-api.service[99865]: DEBUG glance.common.config [None req-8d83aca7-f4ea-490f-9857-18c58375ce5b None None] image_cache_max_size = 10737418240 {{(pid=99865) log_opt_values /opt/stack/data/venv/lib/python3.12/site-packages/oslo_config/cfg.py:3549}}
Aug 17 01:15:22.371575 np0000007442 devstack@g-api.service[99865]: DEBUG glance.common.config [None req-8d83aca7-f4ea-490f-9857-18c58375ce5b None None] image_cache_sqlite_db = cache.db {{(pid=99865) log_opt_values /opt/stack/data/venv/lib/python3.12/site-packages/oslo_config/cfg.py:3549}}
Aug 17 01:15:22.371658 np0000007442 devstack@g-api.service[99865]: DEBUG glance.common.config [None req-8d83aca7-f4ea-490f-9857-18c58375ce5b None None] image_cache_stall_time = 86400 {{(pid=99865) log_opt_values /opt/stack/data/venv/lib/python3.12/site-packages/oslo_config/cfg.py:3549}}
Aug 17 01:15:22.371740 np0000007442 devstack@g-api.service[99865]: DEBUG glance.common.config [None req-8d83aca7-f4ea-490f-9857-18c58375ce5b None None] image_location_quota = 10 {{(pid=99865) log_opt_values /opt/stack/data/venv/lib/python3.12/site-packages/oslo_config/cfg.py:3549}}
Aug 17 01:15:22.371814 np0000007442 devstack@g-api.service[99864]: INFO glance.image_cache [None req-7d20f499-d67a-4f50-867f-4e324597e339 None None] Image cache loaded driver 'centralized_db'.
Aug 17 01:15:22.371843 np0000007442 devstack@g-api.service[99865]: DEBUG glance.common.config [None req-8d83aca7-f4ea-490f-9857-18c58375ce5b None None] image_member_quota = 128 {{(pid=99865) log_opt_values /opt/stack/data/venv/lib/python3.12/site-packages/oslo_config/cfg.py:3549}}
Aug 17 01:15:22.371917 np0000007442 devstack@g-api.service[99865]: DEBUG glance.common.config [None req-8d83aca7-f4ea-490f-9857-18c58375ce5b None None] image_property_quota = 128 {{(pid=99865) log_opt_values /opt/stack/data/venv/lib/python3.12/site-packages/oslo_config/cfg.py:3549}}
Aug 17 01:15:22.372004 np0000007442 devstack@g-api.service[99865]: DEBUG glance.common.config [None req-8d83aca7-f4ea-490f-9857-18c58375ce5b None None] image_size_cap = 1099511627776 {{(pid=99865) log_opt_values /opt/stack/data/venv/lib/python3.12/site-packages/oslo_config/cfg.py:3549}}
Aug 17 01:15:22.372105 np0000007442 devstack@g-api.service[99865]: DEBUG glance.common.config [None req-8d83aca7-f4ea-490f-9857-18c58375ce5b None None] image_tag_quota = 128 {{(pid=99865) log_opt_values /opt/stack/data/venv/lib/python3.12/site-packages/oslo_config/cfg.py:3549}}
Aug 17 01:15:22.372197 np0000007442 devstack@g-api.service[99865]: DEBUG glance.common.config [None req-8d83aca7-f4ea-490f-9857-18c58375ce5b None None] instance_format = [instance: %(uuid)s] {{(pid=99865) log_opt_values /opt/stack/data/venv/lib/python3.12/site-packages/oslo_config/cfg.py:3549}}
Aug 17 01:15:22.372284 np0000007442 devstack@g-api.service[99865]: DEBUG glance.common.config [None req-8d83aca7-f4ea-490f-9857-18c58375ce5b None None] instance_uuid_format = [instance: %(uuid)s] {{(pid=99865) log_opt_values /opt/stack/data/venv/lib/python3.12/site-packages/oslo_config/cfg.py:3549}}
Aug 17 01:15:22.372367 np0000007442 devstack@g-api.service[99865]: DEBUG glance.common.config [None req-8d83aca7-f4ea-490f-9857-18c58375ce5b None None] limit_param_default = 25 {{(pid=99865) log_opt_values /opt/stack/data/venv/lib/python3.12/site-packages/oslo_config/cfg.py:3549}}
Aug 17 01:15:22.372455 np0000007442 devstack@g-api.service[99865]: DEBUG glance.common.config [None req-8d83aca7-f4ea-490f-9857-18c58375ce5b None None] log_color = False {{(pid=99865) log_opt_values /opt/stack/data/venv/lib/python3.12/site-packages/oslo_config/cfg.py:3549}}
Aug 17 01:15:22.372553 np0000007442 devstack@g-api.service[99865]: DEBUG glance.common.config [None req-8d83aca7-f4ea-490f-9857-18c58375ce5b None None] log_config_append = None {{(pid=99865) log_opt_values /opt/stack/data/venv/lib/python3.12/site-packages/oslo_config/cfg.py:3549}}
Aug 17 01:15:22.372639 np0000007442 devstack@g-api.service[99865]: DEBUG glance.common.config [None req-8d83aca7-f4ea-490f-9857-18c58375ce5b None None] log_date_format = %Y-%m-%d %H:%M:%S {{(pid=99865) log_opt_values /opt/stack/data/venv/lib/python3.12/site-packages/oslo_config/cfg.py:3549}}
Aug 17 01:15:22.372724 np0000007442 devstack@g-api.service[99865]: DEBUG glance.common.config [None req-8d83aca7-f4ea-490f-9857-18c58375ce5b None None] log_dir = None {{(pid=99865) log_opt_values /opt/stack/data/venv/lib/python3.12/site-packages/oslo_config/cfg.py:3549}}
Aug 17 01:15:22.372806 np0000007442 devstack@g-api.service[99865]: DEBUG glance.common.config [None req-8d83aca7-f4ea-490f-9857-18c58375ce5b None None] log_file = None {{(pid=99865) log_opt_values /opt/stack/data/venv/lib/python3.12/site-packages/oslo_config/cfg.py:3549}}
Aug 17 01:15:22.372928 np0000007442 devstack@g-api.service[99865]: DEBUG glance.common.config [None req-8d83aca7-f4ea-490f-9857-18c58375ce5b None None] log_rotate_interval = 1 {{(pid=99865) log_opt_values /opt/stack/data/venv/lib/python3.12/site-packages/oslo_config/cfg.py:3549}}
Aug 17 01:15:22.373029 np0000007442 devstack@g-api.service[99865]: DEBUG glance.common.config [None req-8d83aca7-f4ea-490f-9857-18c58375ce5b None None] log_rotate_interval_type = days {{(pid=99865) log_opt_values /opt/stack/data/venv/lib/python3.12/site-packages/oslo_config/cfg.py:3549}}
Aug 17 01:15:22.373151 np0000007442 devstack@g-api.service[99865]: DEBUG glance.common.config [None req-8d83aca7-f4ea-490f-9857-18c58375ce5b None None] log_rotation_type = none {{(pid=99865) log_opt_values /opt/stack/data/venv/lib/python3.12/site-packages/oslo_config/cfg.py:3549}}
Aug 17 01:15:22.373213 np0000007442 devstack@g-api.service[99865]: DEBUG glance.common.config [None req-8d83aca7-f4ea-490f-9857-18c58375ce5b None None] logging_context_format_string = %(color)s%(levelname)s %(name)s [%(global_request_id)s %(request_id)s %(project_name)s %(user_name)s%(color)s] %(instance)s%(color)s%(message)s {{(pid=99865) log_opt_values /opt/stack/data/venv/lib/python3.12/site-packages/oslo_config/cfg.py:3549}}
Aug 17 01:15:22.373303 np0000007442 devstack@g-api.service[99865]: DEBUG glance.common.config [None req-8d83aca7-f4ea-490f-9857-18c58375ce5b None None] logging_debug_format_suffix = {{(pid=%(process)d) %(funcName)s %(pathname)s:%(lineno)d}} {{(pid=99865) log_opt_values /opt/stack/data/venv/lib/python3.12/site-packages/oslo_config/cfg.py:3549}}
Aug 17 01:15:22.373397 np0000007442 devstack@g-api.service[99865]: DEBUG glance.common.config [None req-8d83aca7-f4ea-490f-9857-18c58375ce5b None None] logging_default_format_string = %(color)s%(levelname)s %(name)s [-%(color)s] %(instance)s%(color)s%(message)s {{(pid=99865) log_opt_values /opt/stack/data/venv/lib/python3.12/site-packages/oslo_config/cfg.py:3549}}
Aug 17 01:15:22.373499 np0000007442 devstack@g-api.service[99865]: DEBUG glance.common.config [None req-8d83aca7-f4ea-490f-9857-18c58375ce5b None None] logging_exception_prefix = ERROR %(name)s %(instance)s {{(pid=99865) log_opt_values /opt/stack/data/venv/lib/python3.12/site-packages/oslo_config/cfg.py:3549}}
Aug 17 01:15:22.373573 np0000007442 devstack@g-api.service[99865]: DEBUG glance.common.config [None req-8d83aca7-f4ea-490f-9857-18c58375ce5b None None] logging_user_identity_format = %(user)s %(project)s %(domain)s %(system_scope)s %(user_domain)s %(project_domain)s {{(pid=99865) log_opt_values /opt/stack/data/venv/lib/python3.12/site-packages/oslo_config/cfg.py:3549}}
Aug 17 01:15:22.373669 np0000007442 devstack@g-api.service[99865]: DEBUG glance.common.config [None req-8d83aca7-f4ea-490f-9857-18c58375ce5b None None] max_logfile_count = 30 {{(pid=99865) log_opt_values /opt/stack/data/venv/lib/python3.12/site-packages/oslo_config/cfg.py:3549}}
Aug 17 01:15:22.373753 np0000007442 devstack@g-api.service[99865]: DEBUG glance.common.config [None req-8d83aca7-f4ea-490f-9857-18c58375ce5b None None] max_logfile_size_mb = 200 {{(pid=99865) log_opt_values /opt/stack/data/venv/lib/python3.12/site-packages/oslo_config/cfg.py:3549}}
Aug 17 01:15:22.373834 np0000007442 devstack@g-api.service[99865]: DEBUG glance.common.config [None req-8d83aca7-f4ea-490f-9857-18c58375ce5b None None] max_request_id_length = 64 {{(pid=99865) log_opt_values /opt/stack/data/venv/lib/python3.12/site-packages/oslo_config/cfg.py:3549}}
Aug 17 01:15:22.373922 np0000007442 devstack@g-api.service[99865]: DEBUG glance.common.config [None req-8d83aca7-f4ea-490f-9857-18c58375ce5b None None] metadata_encryption_key = **** {{(pid=99865) log_opt_values /opt/stack/data/venv/lib/python3.12/site-packages/oslo_config/cfg.py:3549}}
Aug 17 01:15:22.374009 np0000007442 devstack@g-api.service[99865]: DEBUG glance.common.config [None req-8d83aca7-f4ea-490f-9857-18c58375ce5b None None] node_staging_uri = file:///tmp/staging/ {{(pid=99865) log_opt_values /opt/stack/data/venv/lib/python3.12/site-packages/oslo_config/cfg.py:3549}}
Aug 17 01:15:22.374133 np0000007442 devstack@g-api.service[99865]: DEBUG glance.common.config [None req-8d83aca7-f4ea-490f-9857-18c58375ce5b None None] property_protection_file = None {{(pid=99865) log_opt_values /opt/stack/data/venv/lib/python3.12/site-packages/oslo_config/cfg.py:3549}}
Aug 17 01:15:22.374225 np0000007442 devstack@g-api.service[99865]: DEBUG glance.common.config [None req-8d83aca7-f4ea-490f-9857-18c58375ce5b None None] property_protection_rule_format = roles {{(pid=99865) log_opt_values /opt/stack/data/venv/lib/python3.12/site-packages/oslo_config/cfg.py:3549}}
Aug 17 01:15:22.374312 np0000007442 devstack@g-api.service[99865]: DEBUG glance.common.config [None req-8d83aca7-f4ea-490f-9857-18c58375ce5b None None] public_endpoint = https://10.4.3.206/image {{(pid=99865) log_opt_values /opt/stack/data/venv/lib/python3.12/site-packages/oslo_config/cfg.py:3549}}
Aug 17 01:15:22.374394 np0000007442 devstack@g-api.service[99865]: DEBUG glance.common.config [None req-8d83aca7-f4ea-490f-9857-18c58375ce5b None None] publish_errors = False {{(pid=99865) log_opt_values /opt/stack/data/venv/lib/python3.12/site-packages/oslo_config/cfg.py:3549}}
Aug 17 01:15:22.374478 np0000007442 devstack@g-api.service[99865]: DEBUG glance.common.config [None req-8d83aca7-f4ea-490f-9857-18c58375ce5b None None] pydev_worker_debug_host = None {{(pid=99865) log_opt_values /opt/stack/data/venv/lib/python3.12/site-packages/oslo_config/cfg.py:3549}}
Aug 17 01:15:22.374605 np0000007442 devstack@g-api.service[99865]: DEBUG glance.common.config [None req-8d83aca7-f4ea-490f-9857-18c58375ce5b None None] pydev_worker_debug_port = 5678 {{(pid=99865) log_opt_values /opt/stack/data/venv/lib/python3.12/site-packages/oslo_config/cfg.py:3549}}
Aug 17 01:15:22.374692 np0000007442 devstack@g-api.service[99865]: DEBUG glance.common.config [None req-8d83aca7-f4ea-490f-9857-18c58375ce5b None None] rate_limit_burst = 0 {{(pid=99865) log_opt_values /opt/stack/data/venv/lib/python3.12/site-packages/oslo_config/cfg.py:3549}}
Aug 17 01:15:22.374785 np0000007442 devstack@g-api.service[99865]: DEBUG glance.common.config [None req-8d83aca7-f4ea-490f-9857-18c58375ce5b None None] rate_limit_except_level = CRITICAL {{(pid=99865) log_opt_values /opt/stack/data/venv/lib/python3.12/site-packages/oslo_config/cfg.py:3549}}
Aug 17 01:15:22.374866 np0000007442 devstack@g-api.service[99865]: DEBUG glance.common.config [None req-8d83aca7-f4ea-490f-9857-18c58375ce5b None None] rate_limit_interval = 0 {{(pid=99865) log_opt_values /opt/stack/data/venv/lib/python3.12/site-packages/oslo_config/cfg.py:3549}}
Aug 17 01:15:22.374946 np0000007442 devstack@g-api.service[99865]: DEBUG glance.common.config [None req-8d83aca7-f4ea-490f-9857-18c58375ce5b None None] scrub_pool_size = 1 {{(pid=99865) log_opt_values /opt/stack/data/venv/lib/python3.12/site-packages/oslo_config/cfg.py:3549}}
Aug 17 01:15:22.375029 np0000007442 devstack@g-api.service[99865]: DEBUG glance.common.config [None req-8d83aca7-f4ea-490f-9857-18c58375ce5b None None] scrub_time = 0 {{(pid=99865) log_opt_values /opt/stack/data/venv/lib/python3.12/site-packages/oslo_config/cfg.py:3549}}
Aug 17 01:15:22.375140 np0000007442 devstack@g-api.service[99865]: DEBUG glance.common.config [None req-8d83aca7-f4ea-490f-9857-18c58375ce5b None None] shell_completion = None {{(pid=99865) log_opt_values /opt/stack/data/venv/lib/python3.12/site-packages/oslo_config/cfg.py:3549}}
Aug 17 01:15:22.375285 np0000007442 devstack@g-api.service[99865]: DEBUG glance.common.config [None req-8d83aca7-f4ea-490f-9857-18c58375ce5b None None] show_image_direct_url = False {{(pid=99865) log_opt_values /opt/stack/data/venv/lib/python3.12/site-packages/oslo_config/cfg.py:3549}}
Aug 17 01:15:22.375531 np0000007442 devstack@g-api.service[99865]: WARNING oslo_config.cfg [None req-8d83aca7-f4ea-490f-9857-18c58375ce5b None None] Deprecated: Option "show_multiple_locations" from group "DEFAULT" is deprecated for removal (Use of this option, deprecated since Newton, is a security risk and will be removed once we figure out a way to satisfy those use cases that currently require it. An earlier announcement that the same functionality can be achieved with greater granularity by using policies is incorrect. You cannot work around this option via policy configuration at the present time, though that is the direction we believe the fix will take. Please keep an eye on the Glance release notes to stay up to date on progress in addressing this issue.). Its value may be silently ignored in the future.
Aug 17 01:15:22.375602 np0000007442 devstack@g-api.service[99863]: DEBUG glance.image_cache.drivers.centralized_db [None req-bdc93253-39d0-40c6-a992-9ee4c7294fc7 None None] Node reference is already recorded, ignoring it {{(pid=99863) configure /opt/stack/glance/glance/image_cache/drivers/centralized_db.py:71}}
Aug 17 01:15:22.375634 np0000007442 devstack@g-api.service[99865]: DEBUG glance.common.config [None req-8d83aca7-f4ea-490f-9857-18c58375ce5b None None] show_multiple_locations = False {{(pid=99865) log_opt_values /opt/stack/data/venv/lib/python3.12/site-packages/oslo_config/cfg.py:3549}}
Aug 17 01:15:22.375718 np0000007442 devstack@g-api.service[99865]: DEBUG glance.common.config [None req-8d83aca7-f4ea-490f-9857-18c58375ce5b None None] syslog_log_facility = LOG_USER {{(pid=99865) log_opt_values /opt/stack/data/venv/lib/python3.12/site-packages/oslo_config/cfg.py:3549}}
Aug 17 01:15:22.375805 np0000007442 devstack@g-api.service[99865]: DEBUG glance.common.config [None req-8d83aca7-f4ea-490f-9857-18c58375ce5b None None] transport_url = **** {{(pid=99865) log_opt_values /opt/stack/data/venv/lib/python3.12/site-packages/oslo_config/cfg.py:3549}}
Aug 17 01:15:22.375889 np0000007442 devstack@g-api.service[99865]: DEBUG glance.common.config [None req-8d83aca7-f4ea-490f-9857-18c58375ce5b None None] use_journal = False {{(pid=99865) log_opt_values /opt/stack/data/venv/lib/python3.12/site-packages/oslo_config/cfg.py:3549}}
Aug 17 01:15:22.375972 np0000007442 devstack@g-api.service[99865]: DEBUG glance.common.config [None req-8d83aca7-f4ea-490f-9857-18c58375ce5b None None] use_json = False {{(pid=99865) log_opt_values /opt/stack/data/venv/lib/python3.12/site-packages/oslo_config/cfg.py:3549}}
Aug 17 01:15:22.376074 np0000007442 devstack@g-api.service[99865]: DEBUG glance.common.config [None req-8d83aca7-f4ea-490f-9857-18c58375ce5b None None] use_keystone_limits = True {{(pid=99865) log_opt_values /opt/stack/data/venv/lib/python3.12/site-packages/oslo_config/cfg.py:3549}}
Aug 17 01:15:22.376188 np0000007442 devstack@g-api.service[99865]: DEBUG glance.common.config [None req-8d83aca7-f4ea-490f-9857-18c58375ce5b None None] use_stderr = False {{(pid=99865) log_opt_values /opt/stack/data/venv/lib/python3.12/site-packages/oslo_config/cfg.py:3549}}
Aug 17 01:15:22.376300 np0000007442 devstack@g-api.service[99865]: DEBUG glance.common.config [None req-8d83aca7-f4ea-490f-9857-18c58375ce5b None None] use_syslog = False {{(pid=99865) log_opt_values /opt/stack/data/venv/lib/python3.12/site-packages/oslo_config/cfg.py:3549}}
Aug 17 01:15:22.376406 np0000007442 devstack@g-api.service[99865]: DEBUG glance.common.config [None req-8d83aca7-f4ea-490f-9857-18c58375ce5b None None] user_storage_quota = 0 {{(pid=99865) log_opt_values /opt/stack/data/venv/lib/python3.12/site-packages/oslo_config/cfg.py:3549}}
Aug 17 01:15:22.376516 np0000007442 devstack@g-api.service[99865]: DEBUG glance.common.config [None req-8d83aca7-f4ea-490f-9857-18c58375ce5b None None] worker_self_reference_url = http://127.0.0.1:60999 {{(pid=99865) log_opt_values /opt/stack/data/venv/lib/python3.12/site-packages/oslo_config/cfg.py:3549}}
Aug 17 01:15:22.376600 np0000007442 devstack@g-api.service[99865]: DEBUG glance.common.config [None req-8d83aca7-f4ea-490f-9857-18c58375ce5b None None] oslo_concurrency.disable_process_locking = False {{(pid=99865) log_opt_values /opt/stack/data/venv/lib/python3.12/site-packages/oslo_config/cfg.py:3560}}
Aug 17 01:15:22.376694 np0000007442 devstack@g-api.service[99865]: DEBUG glance.common.config [None req-8d83aca7-f4ea-490f-9857-18c58375ce5b None None] oslo_concurrency.lock_path = /opt/stack/data/glance/locks {{(pid=99865) log_opt_values /opt/stack/data/venv/lib/python3.12/site-packages/oslo_config/cfg.py:3560}}
Aug 17 01:15:22.376787 np0000007442 devstack@g-api.service[99865]: DEBUG glance.common.config [None req-8d83aca7-f4ea-490f-9857-18c58375ce5b None None] oslo_middleware.enable_proxy_headers_parsing = False {{(pid=99865) log_opt_values /opt/stack/data/venv/lib/python3.12/site-packages/oslo_config/cfg.py:3560}}
Aug 17 01:15:22.376875 np0000007442 devstack@g-api.service[99865]: DEBUG glance.common.config [None req-8d83aca7-f4ea-490f-9857-18c58375ce5b None None] oslo_middleware.http_basic_auth_user_file = /etc/htpasswd {{(pid=99865) log_opt_values /opt/stack/data/venv/lib/python3.12/site-packages/oslo_config/cfg.py:3560}}
Aug 17 01:15:22.376961 np0000007442 devstack@g-api.service[99865]: DEBUG glance.common.config [None req-8d83aca7-f4ea-490f-9857-18c58375ce5b None None] paste_deploy.config_file = None {{(pid=99865) log_opt_values /opt/stack/data/venv/lib/python3.12/site-packages/oslo_config/cfg.py:3560}}
Aug 17 01:15:22.377051 np0000007442 devstack@g-api.service[99865]: DEBUG glance.common.config [None req-8d83aca7-f4ea-490f-9857-18c58375ce5b None None] paste_deploy.flavor = keystone+cachemanagement {{(pid=99865) log_opt_values /opt/stack/data/venv/lib/python3.12/site-packages/oslo_config/cfg.py:3560}}
Aug 17 01:15:22.377201 np0000007442 devstack@g-api.service[99865]: DEBUG glance.common.config [None req-8d83aca7-f4ea-490f-9857-18c58375ce5b None None] image_format.container_formats = ['ami', 'ari', 'aki', 'bare', 'ovf', 'ova', 'docker', 'compressed'] {{(pid=99865) log_opt_values /opt/stack/data/venv/lib/python3.12/site-packages/oslo_config/cfg.py:3560}}
Aug 17 01:15:22.377358 np0000007442 devstack@g-api.service[99865]: DEBUG glance.common.config [None req-8d83aca7-f4ea-490f-9857-18c58375ce5b None None] image_format.disk_formats = ['ami', 'ari', 'aki', 'vhd', 'vhdx', 'vmdk', 'raw', 'qcow2', 'vdi', 'iso', 'ploop'] {{(pid=99865) log_opt_values /opt/stack/data/venv/lib/python3.12/site-packages/oslo_config/cfg.py:3560}}
Aug 17 01:15:22.377479 np0000007442 devstack@g-api.service[99865]: DEBUG glance.common.config [None req-8d83aca7-f4ea-490f-9857-18c58375ce5b None None] image_format.gpt_safety_checks_nonfatal = [] {{(pid=99865) log_opt_values /opt/stack/data/venv/lib/python3.12/site-packages/oslo_config/cfg.py:3560}}
Aug 17 01:15:22.377614 np0000007442 devstack@g-api.service[99865]: DEBUG glance.common.config [None req-8d83aca7-f4ea-490f-9857-18c58375ce5b None None] image_format.require_image_format_match = True {{(pid=99865) log_opt_values /opt/stack/data/venv/lib/python3.12/site-packages/oslo_config/cfg.py:3560}}
Aug 17 01:15:22.377718 np0000007442 devstack@g-api.service[99865]: DEBUG glance.common.config [None req-8d83aca7-f4ea-490f-9857-18c58375ce5b None None] image_format.vmdk_allowed_types = ['streamOptimized', 'monolithicSparse'] {{(pid=99865) log_opt_values /opt/stack/data/venv/lib/python3.12/site-packages/oslo_config/cfg.py:3560}}
Aug 17 01:15:22.377816 np0000007442 devstack@g-api.service[99865]: DEBUG glance.common.config [None req-8d83aca7-f4ea-490f-9857-18c58375ce5b None None] task.task_executor = taskflow {{(pid=99865) log_opt_values /opt/stack/data/venv/lib/python3.12/site-packages/oslo_config/cfg.py:3560}}
Aug 17 01:15:22.377904 np0000007442 devstack@g-api.service[99865]: DEBUG glance.common.config [None req-8d83aca7-f4ea-490f-9857-18c58375ce5b None None] task.task_time_to_live = 48 {{(pid=99865) log_opt_values /opt/stack/data/venv/lib/python3.12/site-packages/oslo_config/cfg.py:3560}}
Aug 17 01:15:22.378004 np0000007442 devstack@g-api.service[99865]: DEBUG glance.common.config [None req-8d83aca7-f4ea-490f-9857-18c58375ce5b None None] task.work_dir = None {{(pid=99865) log_opt_values /opt/stack/data/venv/lib/python3.12/site-packages/oslo_config/cfg.py:3560}}
Aug 17 01:15:22.378123 np0000007442 devstack@g-api.service[99865]: DEBUG glance.common.config [None req-8d83aca7-f4ea-490f-9857-18c58375ce5b None None] wsgi.python_interpreter = /opt/stack/data/venv/bin/python3 {{(pid=99865) log_opt_values /opt/stack/data/venv/lib/python3.12/site-packages/oslo_config/cfg.py:3560}}
Aug 17 01:15:22.378210 np0000007442 devstack@g-api.service[99865]: DEBUG glance.common.config [None req-8d83aca7-f4ea-490f-9857-18c58375ce5b None None] wsgi.task_pool_threads = 16 {{(pid=99865) log_opt_values /opt/stack/data/venv/lib/python3.12/site-packages/oslo_config/cfg.py:3560}}
Aug 17 01:15:22.378321 np0000007442 devstack@g-api.service[99865]: DEBUG glance.common.config [None req-8d83aca7-f4ea-490f-9857-18c58375ce5b None None] import_filtering_opts.allowed_hosts = [] {{(pid=99865) log_opt_values /opt/stack/data/venv/lib/python3.12/site-packages/oslo_config/cfg.py:3560}}
Aug 17 01:15:22.378355 np0000007442 devstack@g-api.service[99864]: DEBUG glance.image_cache.drivers.centralized_db [None req-7d20f499-d67a-4f50-867f-4e324597e339 None None] Node reference is already recorded, ignoring it {{(pid=99864) configure /opt/stack/glance/glance/image_cache/drivers/centralized_db.py:71}}
Aug 17 01:15:22.378446 np0000007442 devstack@g-api.service[99865]: DEBUG glance.common.config [None req-8d83aca7-f4ea-490f-9857-18c58375ce5b None None] import_filtering_opts.allowed_ports = [80, 443] {{(pid=99865) log_opt_values /opt/stack/data/venv/lib/python3.12/site-packages/oslo_config/cfg.py:3560}}
Aug 17 01:15:22.378566 np0000007442 devstack@g-api.service[99865]: DEBUG glance.common.config [None req-8d83aca7-f4ea-490f-9857-18c58375ce5b None None] import_filtering_opts.allowed_schemes = ['http', 'https'] {{(pid=99865) log_opt_values /opt/stack/data/venv/lib/python3.12/site-packages/oslo_config/cfg.py:3560}}
Aug 17 01:15:22.378653 np0000007442 devstack@g-api.service[99865]: DEBUG glance.common.config [None req-8d83aca7-f4ea-490f-9857-18c58375ce5b None None] import_filtering_opts.disallowed_hosts = [] {{(pid=99865) log_opt_values /opt/stack/data/venv/lib/python3.12/site-packages/oslo_config/cfg.py:3560}}
Aug 17 01:15:22.378738 np0000007442 devstack@g-api.service[99865]: DEBUG glance.common.config [None req-8d83aca7-f4ea-490f-9857-18c58375ce5b None None] import_filtering_opts.disallowed_ports = [] {{(pid=99865) log_opt_values /opt/stack/data/venv/lib/python3.12/site-packages/oslo_config/cfg.py:3560}}
Aug 17 01:15:22.378826 np0000007442 devstack@g-api.service[99865]: DEBUG glance.common.config [None req-8d83aca7-f4ea-490f-9857-18c58375ce5b None None] import_filtering_opts.disallowed_schemes = [] {{(pid=99865) log_opt_values /opt/stack/data/venv/lib/python3.12/site-packages/oslo_config/cfg.py:3560}}
Aug 17 01:15:22.378923 np0000007442 devstack@g-api.service[99865]: DEBUG glance.common.config [None req-8d83aca7-f4ea-490f-9857-18c58375ce5b None None] oslo_messaging_metrics.metrics_buffer_size = 1000 {{(pid=99865) log_opt_values /opt/stack/data/venv/lib/python3.12/site-packages/oslo_config/cfg.py:3560}}
Aug 17 01:15:22.379026 np0000007442 devstack@g-api.service[99865]: DEBUG glance.common.config [None req-8d83aca7-f4ea-490f-9857-18c58375ce5b None None] oslo_messaging_metrics.metrics_enabled = False {{(pid=99865) log_opt_values /opt/stack/data/venv/lib/python3.12/site-packages/oslo_config/cfg.py:3560}}
Aug 17 01:15:22.379139 np0000007442 devstack@g-api.service[99865]: DEBUG glance.common.config [None req-8d83aca7-f4ea-490f-9857-18c58375ce5b None None] oslo_messaging_metrics.metrics_process_name = {{(pid=99865) log_opt_values /opt/stack/data/venv/lib/python3.12/site-packages/oslo_config/cfg.py:3560}}
Aug 17 01:15:22.379245 np0000007442 devstack@g-api.service[99865]: DEBUG glance.common.config [None req-8d83aca7-f4ea-490f-9857-18c58375ce5b None None] oslo_messaging_metrics.metrics_socket_file = /var/tmp/metrics_collector.sock {{(pid=99865) log_opt_values /opt/stack/data/venv/lib/python3.12/site-packages/oslo_config/cfg.py:3560}}
Aug 17 01:15:22.379343 np0000007442 devstack@g-api.service[99865]: DEBUG glance.common.config [None req-8d83aca7-f4ea-490f-9857-18c58375ce5b None None] oslo_messaging_metrics.metrics_thread_stop_timeout = 10 {{(pid=99865) log_opt_values /opt/stack/data/venv/lib/python3.12/site-packages/oslo_config/cfg.py:3560}}
Aug 17 01:15:22.379458 np0000007442 devstack@g-api.service[99865]: DEBUG glance.common.config [None req-8d83aca7-f4ea-490f-9857-18c58375ce5b None None] profiler.connection_string = messaging:// {{(pid=99865) log_opt_values /opt/stack/data/venv/lib/python3.12/site-packages/oslo_config/cfg.py:3560}}
