Aug 17 01:21:06.294675 np0000007442 devstack@g-api.service[99864]: DEBUG glance.api.middleware.version_negotiation [None req-0208013c-3cd7-4824-a0e3-1bb79ed91979 tempest-ServerBootFromVolumeStableRescueTest-1259387350 tempest-ServerBootFromVolumeStableRescueTest-1259387350-project-member] Using url versioning {{(pid=99864) process_request /opt/stack/glance/glance/api/middleware/version_negotiation.py:57}}
Aug 17 01:21:06.295036 np0000007442 devstack@g-api.service[99864]: DEBUG glance.api.middleware.version_negotiation [None req-0208013c-3cd7-4824-a0e3-1bb79ed91979 tempest-ServerBootFromVolumeStableRescueTest-1259387350 tempest-ServerBootFromVolumeStableRescueTest-1259387350-project-member] Matched version: v2 {{(pid=99864) process_request /opt/stack/glance/glance/api/middleware/version_negotiation.py:69}}
Aug 17 01:21:06.295236 np0000007442 devstack@g-api.service[99864]: DEBUG glance.api.middleware.version_negotiation [None req-0208013c-3cd7-4824-a0e3-1bb79ed91979 tempest-ServerBootFromVolumeStableRescueTest-1259387350 tempest-ServerBootFromVolumeStableRescueTest-1259387350-project-member] new path /v2/schemas/image {{(pid=99864) process_request /opt/stack/glance/glance/api/middleware/version_negotiation.py:70}}
Aug 17 01:21:06.299834 np0000007442 devstack@g-api.service[99864]: [pid: 99864|app: 0|req: 84/262] 127.0.0.1 () {44 vars in 1055 bytes} [Mon Aug 17 01:21:06 2026] GET /v2/schemas/image => generated 6083 bytes in 6 msecs (HTTP/1.1 200) 4 headers in 158 bytes (1 switches on core 0)
Aug 17 01:21:06.351460 np0000007442 devstack@g-api.service[99865]: DEBUG glance.api.middleware.version_negotiation [None req-ff0199ba-3003-4b68-b234-aefbb0d7bcf9 tempest-ServerBootFromVolumeStableRescueTest-1259387350 tempest-ServerBootFromVolumeStableRescueTest-1259387350-project-member] Determining version of request: GET /v2/schemas/image Accept: */* {{(pid=99865) process_request /opt/stack/glance/glance/api/middleware/version_negotiation.py:44}}
Aug 17 01:21:06.351675 np0000007442 devstack@g-api.service[99865]: DEBUG glance.api.middleware.version_negotiation [None req-ff0199ba-3003-4b68-b234-aefbb0d7bcf9 tempest-ServerBootFromVolumeStableRescueTest-1259387350 tempest-ServerBootFromVolumeStableRescueTest-1259387350-project-member] Using url versioning {{(pid=99865) process_request /opt/stack/glance/glance/api/middleware/version_negotiation.py:57}}
Aug 17 01:21:06.351885 np0000007442 devstack@g-api.service[99865]: DEBUG glance.api.middleware.version_negotiation [None req-ff0199ba-3003-4b68-b234-aefbb0d7bcf9 tempest-ServerBootFromVolumeStableRescueTest-1259387350 tempest-ServerBootFromVolumeStableRescueTest-1259387350-project-member] Matched version: v2 {{(pid=99865) process_request /opt/stack/glance/glance/api/middleware/version_negotiation.py:69}}
Aug 17 01:21:06.352052 np0000007442 devstack@g-api.service[99865]: DEBUG glance.api.middleware.version_negotiation [None req-ff0199ba-3003-4b68-b234-aefbb0d7bcf9 tempest-ServerBootFromVolumeStableRescueTest-1259387350 tempest-ServerBootFromVolumeStableRescueTest-1259387350-project-member] new path /v2/schemas/image {{(pid=99865) process_request /opt/stack/glance/glance/api/middleware/version_negotiation.py:70}}
Aug 17 01:21:06.355816 np0000007442 devstack@g-api.service[99865]: [pid: 99865|app: 0|req: 90/263] 127.0.0.1 () {44 vars in 1055 bytes} [Mon Aug 17 01:21:06 2026] GET /v2/schemas/image => generated 6083 bytes in 4 msecs (HTTP/1.1 200) 4 headers in 158 bytes (1 switches on core 0)
Aug 17 01:21:06.403389 np0000007442 devstack@g-api.service[99863]: DEBUG glance.api.middleware.version_negotiation [None req-0208013c-3cd7-4824-a0e3-1bb79ed91979 tempest-ServerBootFromVolumeStableRescueTest-1259387350 tempest-ServerBootFromVolumeStableRescueTest-1259387350-project-member] Determining version of request: PATCH /v2/images/617c85e6-3b22-48ff-900b-7b033e51d6a0 Accept: */* {{(pid=99863) process_request /opt/stack/glance/glance/api/middleware/version_negotiation.py:44}}
Aug 17 01:21:06.403602 np0000007442 devstack@g-api.service[99863]: DEBUG glance.api.middleware.version_negotiation [None req-0208013c-3cd7-4824-a0e3-1bb79ed91979 tempest-ServerBootFromVolumeStableRescueTest-1259387350 tempest-ServerBootFromVolumeStableRescueTest-1259387350-project-member] Using url versioning {{(pid=99863) process_request /opt/stack/glance/glance/api/middleware/version_negotiation.py:57}}
Aug 17 01:21:06.403772 np0000007442 devstack@g-api.service[99863]: DEBUG glance.api.middleware.version_negotiation [None req-0208013c-3cd7-4824-a0e3-1bb79ed91979 tempest-ServerBootFromVolumeStableRescueTest-1259387350 tempest-ServerBootFromVolumeStableRescueTest-1259387350-project-member] Matched version: v2 {{(pid=99863) process_request /opt/stack/glance/glance/api/middleware/version_negotiation.py:69}}
Aug 17 01:21:06.403905 np0000007442 devstack@g-api.service[99863]: DEBUG glance.api.middleware.version_negotiation [None req-0208013c-3cd7-4824-a0e3-1bb79ed91979 tempest-ServerBootFromVolumeStableRescueTest-1259387350 tempest-ServerBootFromVolumeStableRescueTest-1259387350-project-member] new path /v2/images/617c85e6-3b22-48ff-900b-7b033e51d6a0 {{(pid=99863) process_request /opt/stack/glance/glance/api/middleware/version_negotiation.py:70}}
Aug 17 01:21:06.591301 np0000007442 devstack@g-api.service[99864]: DEBUG glance.api.middleware.version_negotiation [None req-0208013c-3cd7-4824-a0e3-1bb79ed91979 tempest-ServerBootFromVolumeStableRescueTest-1259387350 tempest-ServerBootFromVolumeStableRescueTest-1259387350-project-member] Determining version of request: GET /v2/images/617c85e6-3b22-48ff-900b-7b033e51d6a0 Accept: application/json {{(pid=99864) process_request /opt/stack/glance/glance/api/middleware/version_negotiation.py:44}}
Aug 17 01:21:06.591301 np0000007442 devstack@g-api.service[99864]: DEBUG glance.api.middleware.version_negotiation [None req-0208013c-3cd7-4824-a0e3-1bb79ed91979 tempest-ServerBootFromVolumeStableRescueTest-1259387350 tempest-ServerBootFromVolumeStableRescueTest-1259387350-project-member] Using url versioning {{(pid=99864) process_request /opt/stack/glance/glance/api/middleware/version_negotiation.py:57}}
Aug 17 01:21:06.591423 np0000007442 devstack@g-api.service[99864]: DEBUG glance.api.middleware.version_negotiation [None req-0208013c-3cd7-4824-a0e3-1bb79ed91979 tempest-ServerBootFromVolumeStableRescueTest-1259387350 tempest-ServerBootFromVolumeStableRescueTest-1259387350-project-member] Matched version: v2 {{(pid=99864) process_request /opt/stack/glance/glance/api/middleware/version_negotiation.py:69}}
Aug 17 01:21:06.591483 np0000007442 devstack@g-api.service[99864]: DEBUG glance.api.middleware.version_negotiation [None req-0208013c-3cd7-4824-a0e3-1bb79ed91979 tempest-ServerBootFromVolumeStableRescueTest-1259387350 tempest-ServerBootFromVolumeStableRescueTest-1259387350-project-member] new path /v2/images/617c85e6-3b22-48ff-900b-7b033e51d6a0 {{(pid=99864) process_request /opt/stack/glance/glance/api/middleware/version_negotiation.py:70}}
Aug 17 01:21:06.615718 np0000007442 devstack@g-api.service[99864]: [pid: 99864|app: 0|req: 85/264] 127.0.0.1 () {40 vars in 838 bytes} [Mon Aug 17 01:21:06 2026] GET /v2/images/617c85e6-3b22-48ff-900b-7b033e51d6a0 => generated 1360 bytes in 25 msecs (HTTP/1.1 200) 4 headers in 158 bytes (1 switches on core 0)
Aug 17 01:21:06.634041 np0000007442 devstack@g-api.service[99863]: [pid: 99863|app: 0|req: 90/265] 127.0.0.1 () {46 vars in 1158 bytes} [Mon Aug 17 01:21:06 2026] PATCH /v2/images/617c85e6-3b22-48ff-900b-7b033e51d6a0 => generated 1471 bytes in 231 msecs (HTTP/1.1 200) 4 headers in 158 bytes (1 switches on core 0)
Aug 17 01:21:06.717795 np0000007442 devstack@g-api.service[99865]: DEBUG glance.api.middleware.version_negotiation [None req-0208013c-3cd7-4824-a0e3-1bb79ed91979 tempest-ServerBootFromVolumeStableRescueTest-1259387350 tempest-ServerBootFromVolumeStableRescueTest-1259387350-project-member] Determining version of request: GET /v2/images/617c85e6-3b22-48ff-900b-7b033e51d6a0 Accept: */* {{(pid=99865) process_request /opt/stack/glance/glance/api/middleware/version_negotiation.py:44}}
Aug 17 01:21:06.718300 np0000007442 devstack@g-api.service[99865]: DEBUG glance.api.middleware.version_negotiation [None req-0208013c-3cd7-4824-a0e3-1bb79ed91979 tempest-ServerBootFromVolumeStableRescueTest-1259387350 tempest-ServerBootFromVolumeStableRescueTest-1259387350-project-member] Using url versioning {{(pid=99865) process_request /opt/stack/glance/glance/api/middleware/version_negotiation.py:57}}
Aug 17 01:21:06.718875 np0000007442 devstack@g-api.service[99865]: DEBUG glance.api.middleware.version_negotiation [None req-0208013c-3cd7-4824-a0e3-1bb79ed91979 tempest-ServerBootFromVolumeStableRescueTest-1259387350 tempest-ServerBootFromVolumeStableRescueTest-1259387350-project-member] Matched version: v2 {{(pid=99865) process_request /opt/stack/glance/glance/api/middleware/version_negotiation.py:69}}
Aug 17 01:21:06.718875 np0000007442 devstack@g-api.service[99865]: DEBUG glance.api.middleware.version_negotiation [None req-0208013c-3cd7-4824-a0e3-1bb79ed91979 tempest-ServerBootFromVolumeStableRescueTest-1259387350 tempest-ServerBootFromVolumeStableRescueTest-1259387350-project-member] new path /v2/images/617c85e6-3b22-48ff-900b-7b033e51d6a0 {{(pid=99865) process_request /opt/stack/glance/glance/api/middleware/version_negotiation.py:70}}
Aug 17 01:21:06.746507 np0000007442 devstack@g-api.service[99865]: [pid: 99865|app: 0|req: 91/266] 127.0.0.1 () {44 vars in 1115 bytes} [Mon Aug 17 01:21:06 2026] GET /v2/images/617c85e6-3b22-48ff-900b-7b033e51d6a0 => generated 1471 bytes in 29 msecs (HTTP/1.1 200) 4 headers in 158 bytes (1 switches on core 0)
Aug 17 01:21:06.806099 np0000007442 devstack@g-api.service[99864]: DEBUG glance.api.middleware.version_negotiation [None req-945e959b-113b-4a81-a150-e057d6a0a605 tempest-ServerBootFromVolumeStableRescueTest-1259387350 tempest-ServerBootFromVolumeStableRescueTest-1259387350-project-member] Determining version of request: PUT /v2/images/617c85e6-3b22-48ff-900b-7b033e51d6a0/file Accept: */* {{(pid=99864) process_request /opt/stack/glance/glance/api/middleware/version_negotiation.py:44}}
Aug 17 01:21:06.806099 np0000007442 devstack@g-api.service[99864]: DEBUG glance.api.middleware.version_negotiation [None req-945e959b-113b-4a81-a150-e057d6a0a605 tempest-ServerBootFromVolumeStableRescueTest-1259387350 tempest-ServerBootFromVolumeStableRescueTest-1259387350-project-member] Using url versioning {{(pid=99864) process_request /opt/stack/glance/glance/api/middleware/version_negotiation.py:57}}
Aug 17 01:21:06.806099 np0000007442 devstack@g-api.service[99864]: DEBUG glance.api.middleware.version_negotiation [None req-945e959b-113b-4a81-a150-e057d6a0a605 tempest-ServerBootFromVolumeStableRescueTest-1259387350 tempest-ServerBootFromVolumeStableRescueTest-1259387350-project-member] Matched version: v2 {{(pid=99864) process_request /opt/stack/glance/glance/api/middleware/version_negotiation.py:69}}
Aug 17 01:21:06.806099 np0000007442 devstack@g-api.service[99864]: DEBUG glance.api.middleware.version_negotiation [None req-945e959b-113b-4a81-a150-e057d6a0a605 tempest-ServerBootFromVolumeStableRescueTest-1259387350 tempest-ServerBootFromVolumeStableRescueTest-1259387350-project-member] new path /v2/images/617c85e6-3b22-48ff-900b-7b033e51d6a0/file {{(pid=99864) process_request /opt/stack/glance/glance/api/middleware/version_negotiation.py:70}}
Aug 17 01:21:07.371784 np0000007442 devstack@g-api.service[99864]: INFO glance.api.v2.image_data [None req-0208013c-3cd7-4824-a0e3-1bb79ed91979 tempest-ServerBootFromVolumeStableRescueTest-1259387350 tempest-ServerBootFromVolumeStableRescueTest-1259387350-project-member] Unable to create trust: no such option collect_timing in group [keystone_authtoken] Use the existing user token.
Aug 17 01:21:07.625971 np0000007442 devstack@g-api.service[99863]: DEBUG glance.api.middleware.version_negotiation [None req-0208013c-3cd7-4824-a0e3-1bb79ed91979 tempest-ServerBootFromVolumeStableRescueTest-1259387350 tempest-ServerBootFromVolumeStableRescueTest-1259387350-project-member] Determining version of request: GET /v2/images/617c85e6-3b22-48ff-900b-7b033e51d6a0 Accept: application/json {{(pid=99863) process_request /opt/stack/glance/glance/api/middleware/version_negotiation.py:44}}
Aug 17 01:21:07.626789 np0000007442 devstack@g-api.service[99863]: DEBUG glance.api.middleware.version_negotiation [None req-0208013c-3cd7-4824-a0e3-1bb79ed91979 tempest-ServerBootFromVolumeStableRescueTest-1259387350 tempest-ServerBootFromVolumeStableRescueTest-1259387350-project-member] Using url versioning {{(pid=99863) process_request /opt/stack/glance/glance/api/middleware/version_negotiation.py:57}}
Aug 17 01:21:07.626789 np0000007442 devstack@g-api.service[99863]: DEBUG glance.api.middleware.version_negotiation [None req-0208013c-3cd7-4824-a0e3-1bb79ed91979 tempest-ServerBootFromVolumeStableRescueTest-1259387350 tempest-ServerBootFromVolumeStableRescueTest-1259387350-project-member] Matched version: v2 {{(pid=99863) process_request /opt/stack/glance/glance/api/middleware/version_negotiation.py:69}}
Aug 17 01:21:07.626789 np0000007442 devstack@g-api.service[99863]: DEBUG glance.api.middleware.version_negotiation [None req-0208013c-3cd7-4824-a0e3-1bb79ed91979 tempest-ServerBootFromVolumeStableRescueTest-1259387350 tempest-ServerBootFromVolumeStableRescueTest-1259387350-project-member] new path /v2/images/617c85e6-3b22-48ff-900b-7b033e51d6a0 {{(pid=99863) process_request /opt/stack/glance/glance/api/middleware/version_negotiation.py:70}}
Aug 17 01:21:07.641432 np0000007442 devstack@g-api.service[99863]: [pid: 99863|app: 0|req: 91/267] 127.0.0.1 () {40 vars in 838 bytes} [Mon Aug 17 01:21:07 2026] GET /v2/images/617c85e6-3b22-48ff-900b-7b033e51d6a0 => generated 1471 bytes in 16 msecs (HTTP/1.1 200) 4 headers in 158 bytes (1 switches on core 0)
Aug 17 01:21:08.030231 np0000007442 devstack@g-api.service[99864]: DEBUG glance.location [None req-0208013c-3cd7-4824-a0e3-1bb79ed91979 tempest-ServerBootFromVolumeStableRescueTest-1259387350 tempest-ServerBootFromVolumeStableRescueTest-1259387350-project-member] Enabling in-flight format inspection for qcow2 {{(pid=99864) set_data /opt/stack/glance/glance/location.py:596}}
Aug 17 01:21:08.030813 np0000007442 devstack@g-api.service[99864]: DEBUG glance_store.backend [None req-0208013c-3cd7-4824-a0e3-1bb79ed91979 tempest-ServerBootFromVolumeStableRescueTest-1259387350 tempest-ServerBootFromVolumeStableRescueTest-1259387350-project-member] Attempting to import store swift {{(pid=99864) _load_store /opt/stack/data/venv/lib/python3.12/site-packages/glance_store/backend.py:215}}
Aug 17 01:21:08.032339 np0000007442 devstack@g-api.service[99864]: DEBUG glance_store.capabilities [None req-0208013c-3cd7-4824-a0e3-1bb79ed91979 tempest-ServerBootFromVolumeStableRescueTest-1259387350 tempest-ServerBootFromVolumeStableRescueTest-1259387350-project-member] Store glance_store._drivers.swift.store.SingleTenantStore doesn't support updating dynamic storage capabilities. Please overwrite 'update_capabilities' method of the store to implement updating logics if needed. {{(pid=99864) update_capabilities /opt/stack/data/venv/lib/python3.12/site-packages/glance_store/capabilities.py:91}}
Aug 17 01:21:08.032531 np0000007442 devstack@g-api.service[99864]: DEBUG glance_store.driver [None req-0208013c-3cd7-4824-a0e3-1bb79ed91979 tempest-ServerBootFromVolumeStableRescueTest-1259387350 tempest-ServerBootFromVolumeStableRescueTest-1259387350-project-member] Late loading location class glance_store._drivers.swift.store.StoreLocation {{(pid=99864) get_store_location_class /opt/stack/data/venv/lib/python3.12/site-packages/glance_store/driver.py:134}}
Aug 17 01:21:08.032531 np0000007442 devstack@g-api.service[99864]: DEBUG glance_store.location [None req-0208013c-3cd7-4824-a0e3-1bb79ed91979 tempest-ServerBootFromVolumeStableRescueTest-1259387350 tempest-ServerBootFromVolumeStableRescueTest-1259387350-project-member] Registering scheme swift+https with {'store': , 'location_class': , 'store_entry': 'swift'} {{(pid=99864) register_scheme_map /opt/stack/data/venv/lib/python3.12/site-packages/glance_store/location.py:146}}
Aug 17 01:21:08.032651 np0000007442 devstack@g-api.service[99864]: DEBUG glance_store.location [None req-0208013c-3cd7-4824-a0e3-1bb79ed91979 tempest-ServerBootFromVolumeStableRescueTest-1259387350 tempest-ServerBootFromVolumeStableRescueTest-1259387350-project-member] Registering scheme swift+https with {'store': , 'location_class': , 'store_entry': 'swift'} {{(pid=99864) register_scheme_map /opt/stack/data/venv/lib/python3.12/site-packages/glance_store/location.py:146}}
Aug 17 01:21:08.032651 np0000007442 devstack@g-api.service[99864]: DEBUG glance_store.location [None req-0208013c-3cd7-4824-a0e3-1bb79ed91979 tempest-ServerBootFromVolumeStableRescueTest-1259387350 tempest-ServerBootFromVolumeStableRescueTest-1259387350-project-member] Registering scheme swift with {'store': , 'location_class': , 'store_entry': 'swift'} {{(pid=99864) register_scheme_map /opt/stack/data/venv/lib/python3.12/site-packages/glance_store/location.py:146}}
Aug 17 01:21:08.032864 np0000007442 devstack@g-api.service[99864]: DEBUG glance_store.location [None req-0208013c-3cd7-4824-a0e3-1bb79ed91979 tempest-ServerBootFromVolumeStableRescueTest-1259387350 tempest-ServerBootFromVolumeStableRescueTest-1259387350-project-member] Registering scheme swift+https with {'store': , 'location_class': , 'store_entry': 'swift'} {{(pid=99864) register_scheme_map /opt/stack/data/venv/lib/python3.12/site-packages/glance_store/location.py:146}}
Aug 17 01:21:08.032864 np0000007442 devstack@g-api.service[99864]: DEBUG glance_store.location [None req-0208013c-3cd7-4824-a0e3-1bb79ed91979 tempest-ServerBootFromVolumeStableRescueTest-1259387350 tempest-ServerBootFromVolumeStableRescueTest-1259387350-project-member] Registering scheme swift with {'store': , 'location_class': , 'store_entry': 'swift'} {{(pid=99864) register_scheme_map /opt/stack/data/venv/lib/python3.12/site-packages/glance_store/location.py:146}}
Aug 17 01:21:08.032864 np0000007442 devstack@g-api.service[99864]: DEBUG glance_store.location [None req-0208013c-3cd7-4824-a0e3-1bb79ed91979 tempest-ServerBootFromVolumeStableRescueTest-1259387350 tempest-ServerBootFromVolumeStableRescueTest-1259387350-project-member] Registering scheme swift+http with {'store': , 'location_class': , 'store_entry': 'swift'} {{(pid=99864) register_scheme_map /opt/stack/data/venv/lib/python3.12/site-packages/glance_store/location.py:146}}
Aug 17 01:21:08.033054 np0000007442 devstack@g-api.service[99864]: DEBUG glance_store.location [None req-0208013c-3cd7-4824-a0e3-1bb79ed91979 tempest-ServerBootFromVolumeStableRescueTest-1259387350 tempest-ServerBootFromVolumeStableRescueTest-1259387350-project-member] Registering scheme swift+https with {'store': , 'location_class': , 'store_entry': 'swift'} {{(pid=99864) register_scheme_map /opt/stack/data/venv/lib/python3.12/site-packages/glance_store/location.py:146}}
Aug 17 01:21:08.033054 np0000007442 devstack@g-api.service[99864]: DEBUG glance_store.location [None req-0208013c-3cd7-4824-a0e3-1bb79ed91979 tempest-ServerBootFromVolumeStableRescueTest-1259387350 tempest-ServerBootFromVolumeStableRescueTest-1259387350-project-member] Registering scheme swift with {'store': , 'location_class': , 'store_entry': 'swift'} {{(pid=99864) register_scheme_map /opt/stack/data/venv/lib/python3.12/site-packages/glance_store/location.py:146}}
Aug 17 01:21:08.033054 np0000007442 devstack@g-api.service[99864]: DEBUG glance_store.location [None req-0208013c-3cd7-4824-a0e3-1bb79ed91979 tempest-ServerBootFromVolumeStableRescueTest-1259387350 tempest-ServerBootFromVolumeStableRescueTest-1259387350-project-member] Registering scheme swift+http with {'store': , 'location_class': , 'store_entry': 'swift'} {{(pid=99864) register_scheme_map /opt/stack/data/venv/lib/python3.12/site-packages/glance_store/location.py:146}}
Aug 17 01:21:08.033232 np0000007442 devstack@g-api.service[99864]: DEBUG glance_store.location [None req-0208013c-3cd7-4824-a0e3-1bb79ed91979 tempest-ServerBootFromVolumeStableRescueTest-1259387350 tempest-ServerBootFromVolumeStableRescueTest-1259387350-project-member] Registering scheme swift+config with {'store': , 'location_class': , 'store_entry': 'swift'} {{(pid=99864) register_scheme_map /opt/stack/data/venv/lib/python3.12/site-packages/glance_store/location.py:146}}
Aug 17 01:21:08.453504 np0000007442 devstack@g-api.service[99864]: DEBUG swiftclient [None req-0208013c-3cd7-4824-a0e3-1bb79ed91979 tempest-ServerBootFromVolumeStableRescueTest-1259387350 tempest-ServerBootFromVolumeStableRescueTest-1259387350-project-member] REQ: curl -i https://10.4.3.206:8080/v1/AUTH_67edad7b0bda419aaf335b20ca2832c9/glance -I -H "X-Auth-Token: gAAAAABqgmIEKD2G..." {{(pid=99864) http_log /opt/stack/data/venv/lib/python3.12/site-packages/swiftclient/client.py:160}}
Aug 17 01:21:08.454041 np0000007442 devstack@g-api.service[99864]: DEBUG swiftclient [None req-0208013c-3cd7-4824-a0e3-1bb79ed91979 tempest-ServerBootFromVolumeStableRescueTest-1259387350 tempest-ServerBootFromVolumeStableRescueTest-1259387350-project-member] RESP STATUS: 204 No Content {{(pid=99864) http_log /opt/stack/data/venv/lib/python3.12/site-packages/swiftclient/client.py:161}}
Aug 17 01:21:08.454041 np0000007442 devstack@g-api.service[99864]: DEBUG swiftclient [None req-0208013c-3cd7-4824-a0e3-1bb79ed91979 tempest-ServerBootFromVolumeStableRescueTest-1259387350 tempest-ServerBootFromVolumeStableRescueTest-1259387350-project-member] RESP HEADERS: {'Date': 'Mon, 17 Aug 2026 01:21:08 GMT', 'Server': 'Apache/2.4.58 (Ubuntu)', 'Content-Type': 'text/plain; charset=utf-8', 'X-Container-Object-Count': '7', 'X-Container-Bytes-Used': '141819904', 'X-Timestamp': '1786929328.26314', 'Last-Modified': 'Mon, 17 Aug 2026 01:15:29 GMT', 'Accept-Ranges': 'bytes', 'X-Storage-Policy': 'Policy-0', 'X-Container-Sharding': 'False', 'Vary': 'Accept', 'X-Trans-Id': 'tx0f404988f37b4e3781103-006a826204', 'X-Openstack-Request-Id': 'tx0f404988f37b4e3781103-006a826204', 'Connection': 'close'} {{(pid=99864) http_log /opt/stack/data/venv/lib/python3.12/site-packages/swiftclient/client.py:162}}
Aug 17 01:21:08.454041 np0000007442 devstack@g-api.service[99864]: DEBUG glance_store._drivers.swift.store [None req-0208013c-3cd7-4824-a0e3-1bb79ed91979 tempest-ServerBootFromVolumeStableRescueTest-1259387350 tempest-ServerBootFromVolumeStableRescueTest-1259387350-project-member] Adding image object '617c85e6-3b22-48ff-900b-7b033e51d6a0' to Swift {{(pid=99864) add /opt/stack/data/venv/lib/python3.12/site-packages/glance_store/_drivers/swift/store.py:970}}
Aug 17 01:21:08.454311 np0000007442 devstack@g-api.service[99864]: DEBUG glance_store._drivers.swift.store [None req-0208013c-3cd7-4824-a0e3-1bb79ed91979 tempest-ServerBootFromVolumeStableRescueTest-1259387350 tempest-ServerBootFromVolumeStableRescueTest-1259387350-project-member] Cannot determine image size because it is either not provided in the request or chunked-transfer encoding is used. Adding image as a segmented object to Swift. {{(pid=99864) add /opt/stack/data/venv/lib/python3.12/site-packages/glance_store/_drivers/swift/store.py:994}}
Aug 17 01:21:08.470607 np0000007442 devstack@g-api.service[99864]: DEBUG oslo_utils.imageutils.format_inspector [None req-0208013c-3cd7-4824-a0e3-1bb79ed91979 tempest-ServerBootFromVolumeStableRescueTest-1259387350 tempest-ServerBootFromVolumeStableRescueTest-1259387350-project-member] Format inspector for vmdk does not match, excluding from consideration (Signature KDMV not found: b'QFI\xfb') {{(pid=99864) _process_chunk /opt/stack/data/venv/lib/python3.12/site-packages/oslo_utils/imageutils/format_inspector.py:1758}}
Aug 17 01:21:08.481175 np0000007442 devstack@g-api.service[99864]: DEBUG oslo_utils.imageutils.format_inspector [None req-0208013c-3cd7-4824-a0e3-1bb79ed91979 tempest-ServerBootFromVolumeStableRescueTest-1259387350 tempest-ServerBootFromVolumeStableRescueTest-1259387350-project-member] Format inspector for vhdx does not match, excluding from consideration (Region signature not found at 30000) {{(pid=99864) _process_chunk /opt/stack/data/venv/lib/python3.12/site-packages/oslo_utils/imageutils/format_inspector.py:1758}}
Aug 17 01:21:08.656266 np0000007442 devstack@g-api.service[99865]: DEBUG glance.api.middleware.version_negotiation [None req-0208013c-3cd7-4824-a0e3-1bb79ed91979 tempest-ServerBootFromVolumeStableRescueTest-1259387350 tempest-ServerBootFromVolumeStableRescueTest-1259387350-project-member] Determining version of request: GET /v2/images/617c85e6-3b22-48ff-900b-7b033e51d6a0 Accept: application/json {{(pid=99865) process_request /opt/stack/glance/glance/api/middleware/version_negotiation.py:44}}
Aug 17 01:21:08.657437 np0000007442 devstack@g-api.service[99865]: DEBUG glance.api.middleware.version_negotiation [None req-0208013c-3cd7-4824-a0e3-1bb79ed91979 tempest-ServerBootFromVolumeStableRescueTest-1259387350 tempest-ServerBootFromVolumeStableRescueTest-1259387350-project-member] Using url versioning {{(pid=99865) process_request /opt/stack/glance/glance/api/middleware/version_negotiation.py:57}}
Aug 17 01:21:08.658321 np0000007442 devstack@g-api.service[99865]: DEBUG glance.api.middleware.version_negotiation [None req-0208013c-3cd7-4824-a0e3-1bb79ed91979 tempest-ServerBootFromVolumeStableRescueTest-1259387350 tempest-ServerBootFromVolumeStableRescueTest-1259387350-project-member] Matched version: v2 {{(pid=99865) process_request /opt/stack/glance/glance/api/middleware/version_negotiation.py:69}}
Aug 17 01:21:08.658321 np0000007442 devstack@g-api.service[99865]: DEBUG glance.api.middleware.version_negotiation [None req-0208013c-3cd7-4824-a0e3-1bb79ed91979 tempest-ServerBootFromVolumeStableRescueTest-1259387350 tempest-ServerBootFromVolumeStableRescueTest-1259387350-project-member] new path /v2/images/617c85e6-3b22-48ff-900b-7b033e51d6a0 {{(pid=99865) process_request /opt/stack/glance/glance/api/middleware/version_negotiation.py:70}}
Aug 17 01:21:08.688963 np0000007442 devstack@g-api.service[99865]: [pid: 99865|app: 0|req: 92/268] 127.0.0.1 () {40 vars in 838 bytes} [Mon Aug 17 01:21:08 2026] GET /v2/images/617c85e6-3b22-48ff-900b-7b033e51d6a0 => generated 1471 bytes in 33 msecs (HTTP/1.1 200) 4 headers in 158 bytes (1 switches on core 0)
Aug 17 01:21:08.798539 np0000007442 devstack@g-api.service[99864]: DEBUG swiftclient [None req-0208013c-3cd7-4824-a0e3-1bb79ed91979 tempest-ServerBootFromVolumeStableRescueTest-1259387350 tempest-ServerBootFromVolumeStableRescueTest-1259387350-project-member] REQ: curl -i https://10.4.3.206:8080/v1/AUTH_67edad7b0bda419aaf335b20ca2832c9/glance/617c85e6-3b22-48ff-900b-7b033e51d6a0-00001 -X PUT -H "X-Auth-Token: gAAAAABqgmIEKD2G..." {{(pid=99864) http_log /opt/stack/data/venv/lib/python3.12/site-packages/swiftclient/client.py:160}}
Aug 17 01:21:08.798673 np0000007442 devstack@g-api.service[99864]: DEBUG swiftclient [None req-0208013c-3cd7-4824-a0e3-1bb79ed91979 tempest-ServerBootFromVolumeStableRescueTest-1259387350 tempest-ServerBootFromVolumeStableRescueTest-1259387350-project-member] RESP STATUS: 201 Created {{(pid=99864) http_log /opt/stack/data/venv/lib/python3.12/site-packages/swiftclient/client.py:161}}
Aug 17 01:21:08.800761 np0000007442 devstack@g-api.service[99864]: DEBUG swiftclient [None req-0208013c-3cd7-4824-a0e3-1bb79ed91979 tempest-ServerBootFromVolumeStableRescueTest-1259387350 tempest-ServerBootFromVolumeStableRescueTest-1259387350-project-member] RESP HEADERS: {'Date': 'Mon, 17 Aug 2026 01:21:08 GMT', 'Server': 'Apache/2.4.58 (Ubuntu)', 'Content-Type': 'text/html; charset=UTF-8', 'Content-Length': '0', 'Etag': '4fa343ee581d8d2e78533191fd1ac3e1', 'Last-Modified': 'Mon, 17 Aug 2026 01:21:09 GMT', 'X-Trans-Id': 'tx984478a2af80495d980b4-006a826204', 'X-Openstack-Request-Id': 'tx984478a2af80495d980b4-006a826204', 'Connection': 'close'} {{(pid=99864) http_log /opt/stack/data/venv/lib/python3.12/site-packages/swiftclient/client.py:162}}
Aug 17 01:21:08.801009 np0000007442 devstack@g-api.service[99864]: DEBUG glance_store._drivers.swift.store [None req-0208013c-3cd7-4824-a0e3-1bb79ed91979 tempest-ServerBootFromVolumeStableRescueTest-1259387350 tempest-ServerBootFromVolumeStableRescueTest-1259387350-project-member] Wrote chunk 617c85e6-3b22-48ff-900b-7b033e51d6a0-00001 (1/?) of length 23527424 to Swift returning MD5 of content: 4fa343ee581d8d2e78533191fd1ac3e1 {{(pid=99864) add /opt/stack/data/venv/lib/python3.12/site-packages/glance_store/_drivers/swift/store.py:1059}}
Aug 17 01:21:08.801413 np0000007442 devstack@g-api.service[99864]: DEBUG glance_store._drivers.swift.store [None req-0208013c-3cd7-4824-a0e3-1bb79ed91979 tempest-ServerBootFromVolumeStableRescueTest-1259387350 tempest-ServerBootFromVolumeStableRescueTest-1259387350-project-member] Not writing zero-length chunk. {{(pid=99864) add /opt/stack/data/venv/lib/python3.12/site-packages/glance_store/_drivers/swift/store.py:1028}}
Aug 17 01:21:08.842574 np0000007442 devstack@g-api.service[99864]: DEBUG swiftclient [None req-0208013c-3cd7-4824-a0e3-1bb79ed91979 tempest-ServerBootFromVolumeStableRescueTest-1259387350 tempest-ServerBootFromVolumeStableRescueTest-1259387350-project-member] REQ: curl -i https://10.4.3.206:8080/v1/AUTH_67edad7b0bda419aaf335b20ca2832c9/glance/617c85e6-3b22-48ff-900b-7b033e51d6a0 -X PUT -H "X-Object-Manifest: glance/617c85e6-3b22-48ff-900b-7b033e51d6a0-" -H "X-Auth-Token: gAAAAABqgmIEKD2G..." -H "Content-Length: 0" {{(pid=99864) http_log /opt/stack/data/venv/lib/python3.12/site-packages/swiftclient/client.py:160}}
Aug 17 01:21:08.843022 np0000007442 devstack@g-api.service[99864]: DEBUG swiftclient [None req-0208013c-3cd7-4824-a0e3-1bb79ed91979 tempest-ServerBootFromVolumeStableRescueTest-1259387350 tempest-ServerBootFromVolumeStableRescueTest-1259387350-project-member] RESP STATUS: 201 Created {{(pid=99864) http_log /opt/stack/data/venv/lib/python3.12/site-packages/swiftclient/client.py:161}}
Aug 17 01:21:08.843022 np0000007442 devstack@g-api.service[99864]: DEBUG swiftclient [None req-0208013c-3cd7-4824-a0e3-1bb79ed91979 tempest-ServerBootFromVolumeStableRescueTest-1259387350 tempest-ServerBootFromVolumeStableRescueTest-1259387350-project-member] RESP HEADERS: {'Date': 'Mon, 17 Aug 2026 01:21:08 GMT', 'Server': 'Apache/2.4.58 (Ubuntu)', 'Content-Type': 'text/html; charset=UTF-8', 'Content-Length': '0', 'Etag': 'd41d8cd98f00b204e9800998ecf8427e', 'Last-Modified': 'Mon, 17 Aug 2026 01:21:09 GMT', 'X-Trans-Id': 'txd37de6e9fe3a4b4f84fc6-006a826204', 'X-Openstack-Request-Id': 'txd37de6e9fe3a4b4f84fc6-006a826204', 'Connection': 'close'} {{(pid=99864) http_log /opt/stack/data/venv/lib/python3.12/site-packages/swiftclient/client.py:162}}
Aug 17 01:21:08.843481 np0000007442 devstack@g-api.service[99864]: INFO glance.location [None req-0208013c-3cd7-4824-a0e3-1bb79ed91979 tempest-ServerBootFromVolumeStableRescueTest-1259387350 tempest-ServerBootFromVolumeStableRescueTest-1259387350-project-member] Image format matched and virtual size computed: 1073741824
Aug 17 01:21:08.873742 np0000007442 devstack@g-api.service[99863]: DEBUG glance.api.middleware.version_negotiation [None req-ca90d000-31e6-4bfe-bc1c-c4dc5f973c6d tempest-ServerBootFromVolumeStableRescueTest-1259387350 tempest-ServerBootFromVolumeStableRescueTest-1259387350-project-member] Determining version of request: GET /v2/images/4e4e8530-26ba-40af-a9bd-44e4de94be2e Accept: */* {{(pid=99863) process_request /opt/stack/glance/glance/api/middleware/version_negotiation.py:44}}
Aug 17 01:21:08.874218 np0000007442 devstack@g-api.service[99863]: DEBUG glance.api.middleware.version_negotiation [None req-ca90d000-31e6-4bfe-bc1c-c4dc5f973c6d tempest-ServerBootFromVolumeStableRescueTest-1259387350 tempest-ServerBootFromVolumeStableRescueTest-1259387350-project-member] Using url versioning {{(pid=99863) process_request /opt/stack/glance/glance/api/middleware/version_negotiation.py:57}}
Aug 17 01:21:08.874321 np0000007442 devstack@g-api.service[99863]: DEBUG glance.api.middleware.version_negotiation [None req-ca90d000-31e6-4bfe-bc1c-c4dc5f973c6d tempest-ServerBootFromVolumeStableRescueTest-1259387350 tempest-ServerBootFromVolumeStableRescueTest-1259387350-project-member] Matched version: v2 {{(pid=99863) process_request /opt/stack/glance/glance/api/middleware/version_negotiation.py:69}}
Aug 17 01:21:08.874422 np0000007442 devstack@g-api.service[99863]: DEBUG glance.api.middleware.version_negotiation [None req-ca90d000-31e6-4bfe-bc1c-c4dc5f973c6d tempest-ServerBootFromVolumeStableRescueTest-1259387350 tempest-ServerBootFromVolumeStableRescueTest-1259387350-project-member] new path /v2/images/4e4e8530-26ba-40af-a9bd-44e4de94be2e {{(pid=99863) process_request /opt/stack/glance/glance/api/middleware/version_negotiation.py:70}}
Aug 17 01:21:08.900747 np0000007442 devstack@g-api.service[99864]: DEBUG glance_store.backend [None req-0208013c-3cd7-4824-a0e3-1bb79ed91979 tempest-ServerBootFromVolumeStableRescueTest-1259387350 tempest-ServerBootFromVolumeStableRescueTest-1259387350-project-member] Attempting to import store swift {{(pid=99864) _load_store /opt/stack/data/venv/lib/python3.12/site-packages/glance_store/backend.py:215}}
Aug 17 01:21:08.902262 np0000007442 devstack@g-api.service[99864]: DEBUG glance_store.capabilities [None req-0208013c-3cd7-4824-a0e3-1bb79ed91979 tempest-ServerBootFromVolumeStableRescueTest-1259387350 tempest-ServerBootFromVolumeStableRescueTest-1259387350-project-member] Store glance_store._drivers.swift.store.SingleTenantStore doesn't support updating dynamic storage capabilities. Please overwrite 'update_capabilities' method of the store to implement updating logics if needed. {{(pid=99864) update_capabilities /opt/stack/data/venv/lib/python3.12/site-packages/glance_store/capabilities.py:91}}
Aug 17 01:21:08.902394 np0000007442 devstack@g-api.service[99864]: DEBUG glance_store.driver [None req-0208013c-3cd7-4824-a0e3-1bb79ed91979 tempest-ServerBootFromVolumeStableRescueTest-1259387350 tempest-ServerBootFromVolumeStableRescueTest-1259387350-project-member] Late loading location class glance_store._drivers.swift.store.StoreLocation {{(pid=99864) get_store_location_class /opt/stack/data/venv/lib/python3.12/site-packages/glance_store/driver.py:134}}
Aug 17 01:21:08.902529 np0000007442 devstack@g-api.service[99864]: DEBUG glance_store.location [None req-0208013c-3cd7-4824-a0e3-1bb79ed91979 tempest-ServerBootFromVolumeStableRescueTest-1259387350 tempest-ServerBootFromVolumeStableRescueTest-1259387350-project-member] Registering scheme swift+https with {'store': , 'location_class': , 'store_entry': 'swift'} {{(pid=99864) register_scheme_map /opt/stack/data/venv/lib/python3.12/site-packages/glance_store/location.py:146}}
Aug 17 01:21:08.902632 np0000007442 devstack@g-api.service[99864]: DEBUG glance_store.location [None req-0208013c-3cd7-4824-a0e3-1bb79ed91979 tempest-ServerBootFromVolumeStableRescueTest-1259387350 tempest-ServerBootFromVolumeStableRescueTest-1259387350-project-member] Registering scheme swift+https with {'store': , 'location_class': , 'store_entry': 'swift'} {{(pid=99864) register_scheme_map /opt/stack/data/venv/lib/python3.12/site-packages/glance_store/location.py:146}}
Aug 17 01:21:08.902691 np0000007442 devstack@g-api.service[99864]: DEBUG glance_store.location [None req-0208013c-3cd7-4824-a0e3-1bb79ed91979 tempest-ServerBootFromVolumeStableRescueTest-1259387350 tempest-ServerBootFromVolumeStableRescueTest-1259387350-project-member] Registering scheme swift with {'store': , 'location_class': , 'store_entry': 'swift'} {{(pid=99864) register_scheme_map /opt/stack/data/venv/lib/python3.12/site-packages/glance_store/location.py:146}}
Aug 17 01:21:08.902767 np0000007442 devstack@g-api.service[99864]: DEBUG glance_store.location [None req-0208013c-3cd7-4824-a0e3-1bb79ed91979 tempest-ServerBootFromVolumeStableRescueTest-1259387350 tempest-ServerBootFromVolumeStableRescueTest-1259387350-project-member] Registering scheme swift+https with {'store': , 'location_class': , 'store_entry': 'swift'} {{(pid=99864) register_scheme_map /opt/stack/data/venv/lib/python3.12/site-packages/glance_store/location.py:146}}
Aug 17 01:21:08.902845 np0000007442 devstack@g-api.service[99864]: DEBUG glance_store.location [None req-0208013c-3cd7-4824-a0e3-1bb79ed91979 tempest-ServerBootFromVolumeStableRescueTest-1259387350 tempest-ServerBootFromVolumeStableRescueTest-1259387350-project-member] Registering scheme swift with {'store': , 'location_class': , 'store_entry': 'swift'} {{(pid=99864) register_scheme_map /opt/stack/data/venv/lib/python3.12/site-packages/glance_store/location.py:146}}
Aug 17 01:21:08.902956 np0000007442 devstack@g-api.service[99864]: DEBUG glance_store.location [None req-0208013c-3cd7-4824-a0e3-1bb79ed91979 tempest-ServerBootFromVolumeStableRescueTest-1259387350 tempest-ServerBootFromVolumeStableRescueTest-1259387350-project-member] Registering scheme swift+http with {'store': , 'location_class': , 'store_entry': 'swift'} {{(pid=99864) register_scheme_map /opt/stack/data/venv/lib/python3.12/site-packages/glance_store/location.py:146}}
Aug 17 01:21:08.903181 np0000007442 devstack@g-api.service[99864]: DEBUG glance_store.location [None req-0208013c-3cd7-4824-a0e3-1bb79ed91979 tempest-ServerBootFromVolumeStableRescueTest-1259387350 tempest-ServerBootFromVolumeStableRescueTest-1259387350-project-member] Registering scheme swift+https with {'store': , 'location_class': , 'store_entry': 'swift'} {{(pid=99864) register_scheme_map /opt/stack/data/venv/lib/python3.12/site-packages/glance_store/location.py:146}}
Aug 17 01:21:08.903340 np0000007442 devstack@g-api.service[99864]: DEBUG glance_store.location [None req-0208013c-3cd7-4824-a0e3-1bb79ed91979 tempest-ServerBootFromVolumeStableRescueTest-1259387350 tempest-ServerBootFromVolumeStableRescueTest-1259387350-project-member] Registering scheme swift with {'store': , 'location_class': , 'store_entry': 'swift'} {{(pid=99864) register_scheme_map /opt/stack/data/venv/lib/python3.12/site-packages/glance_store/location.py:146}}
Aug 17 01:21:08.903408 np0000007442 devstack@g-api.service[99864]: DEBUG glance_store.location [None req-0208013c-3cd7-4824-a0e3-1bb79ed91979 tempest-ServerBootFromVolumeStableRescueTest-1259387350 tempest-ServerBootFromVolumeStableRescueTest-1259387350-project-member] Registering scheme swift+http with {'store': , 'location_class': , 'store_entry': 'swift'} {{(pid=99864) register_scheme_map /opt/stack/data/venv/lib/python3.12/site-packages/glance_store/location.py:146}}
Aug 17 01:21:08.903483 np0000007442 devstack@g-api.service[99864]: DEBUG glance_store.location [None req-0208013c-3cd7-4824-a0e3-1bb79ed91979 tempest-ServerBootFromVolumeStableRescueTest-1259387350 tempest-ServerBootFromVolumeStableRescueTest-1259387350-project-member] Registering scheme swift+config with {'store': , 'location_class': , 'store_entry': 'swift'} {{(pid=99864) register_scheme_map /opt/stack/data/venv/lib/python3.12/site-packages/glance_store/location.py:146}}
Aug 17 01:21:08.903584 np0000007442 devstack@g-api.service[99864]: DEBUG glance_store.backend [None req-0208013c-3cd7-4824-a0e3-1bb79ed91979 tempest-ServerBootFromVolumeStableRescueTest-1259387350 tempest-ServerBootFromVolumeStableRescueTest-1259387350-project-member] Skipping store.set_acls... not implemented. {{(pid=99864) set_acls /opt/stack/data/venv/lib/python3.12/site-packages/glance_store/backend.py:507}}
Aug 17 01:21:08.903768 np0000007442 devstack@g-api.service[99863]: [pid: 99863|app: 0|req: 92/269] 127.0.0.1 () {44 vars in 1115 bytes} [Mon Aug 17 01:21:08 2026] GET /v2/images/4e4e8530-26ba-40af-a9bd-44e4de94be2e => generated 1044 bytes in 30 msecs (HTTP/1.1 200) 4 headers in 158 bytes (1 switches on core 0)
Aug 17 01:21:08.905730 np0000007442 devstack@g-api.service[99864]: [pid: 99864|app: 0|req: 86/270] 127.0.0.1 () {46 vars in 1158 bytes} [Mon Aug 17 01:21:06 2026] PUT /v2/images/617c85e6-3b22-48ff-900b-7b033e51d6a0/file => generated 0 bytes in 2103 msecs (HTTP/1.1 204) 4 headers in 171 bytes (1 switches on core 0)
Aug 17 01:21:08.936484 np0000007442 devstack@g-api.service[99865]: DEBUG glance.api.middleware.version_negotiation [None req-235aac87-64e9-4403-8e15-5c189e662dcd tempest-ServerBootFromVolumeStableRescueTest-1259387350 tempest-ServerBootFromVolumeStableRescueTest-1259387350-project-member] Determining version of request: GET /v2/images/617c85e6-3b22-48ff-900b-7b033e51d6a0 Accept: */* {{(pid=99865) process_request /opt/stack/glance/glance/api/middleware/version_negotiation.py:44}}
Aug 17 01:21:08.936893 np0000007442 devstack@g-api.service[99865]: DEBUG glance.api.middleware.version_negotiation [None req-235aac87-64e9-4403-8e15-5c189e662dcd tempest-ServerBootFromVolumeStableRescueTest-1259387350 tempest-ServerBootFromVolumeStableRescueTest-1259387350-project-member] Using url versioning {{(pid=99865) process_request /opt/stack/glance/glance/api/middleware/version_negotiation.py:57}}
Aug 17 01:21:08.937038 np0000007442 devstack@g-api.service[99865]: DEBUG glance.api.middleware.version_negotiation [None req-235aac87-64e9-4403-8e15-5c189e662dcd tempest-ServerBootFromVolumeStableRescueTest-1259387350 tempest-ServerBootFromVolumeStableRescueTest-1259387350-project-member] Matched version: v2 {{(pid=99865) process_request /opt/stack/glance/glance/api/middleware/version_negotiation.py:69}}
Aug 17 01:21:08.937159 np0000007442 devstack@g-api.service[99865]: DEBUG glance.api.middleware.version_negotiation [None req-235aac87-64e9-4403-8e15-5c189e662dcd tempest-ServerBootFromVolumeStableRescueTest-1259387350 tempest-ServerBootFromVolumeStableRescueTest-1259387350-project-member] new path /v2/images/617c85e6-3b22-48ff-900b-7b033e51d6a0 {{(pid=99865) process_request /opt/stack/glance/glance/api/middleware/version_negotiation.py:70}}
Aug 17 01:21:08.949039 np0000007442 devstack@g-api.service[99863]: DEBUG glance.api.middleware.version_negotiation [None req-a6824f07-686c-4512-bb15-ed733c72cac7 tempest-VolumesActionsTest-1812761045 tempest-VolumesActionsTest-1812761045-project-member] Determining version of request: GET /v2/schemas/image Accept: */* {{(pid=99863) process_request /opt/stack/glance/glance/api/middleware/version_negotiation.py:44}}
Aug 17 01:21:08.949303 np0000007442 devstack@g-api.service[99863]: DEBUG glance.api.middleware.version_negotiation [None req-a6824f07-686c-4512-bb15-ed733c72cac7 tempest-VolumesActionsTest-1812761045 tempest-VolumesActionsTest-1812761045-project-member] Using url versioning {{(pid=99863) process_request /opt/stack/glance/glance/api/middleware/version_negotiation.py:57}}
Aug 17 01:21:08.949465 np0000007442 devstack@g-api.service[99863]: DEBUG glance.api.middleware.version_negotiation [None req-a6824f07-686c-4512-bb15-ed733c72cac7 tempest-VolumesActionsTest-1812761045 tempest-VolumesActionsTest-1812761045-project-member] Matched version: v2 {{(pid=99863) process_request /opt/stack/glance/glance/api/middleware/version_negotiation.py:69}}
Aug 17 01:21:08.949523 np0000007442 devstack@g-api.service[99863]: DEBUG glance.api.middleware.version_negotiation [None req-a6824f07-686c-4512-bb15-ed733c72cac7 tempest-VolumesActionsTest-1812761045 tempest-VolumesActionsTest-1812761045-project-member] new path /v2/schemas/image {{(pid=99863) process_request /opt/stack/glance/glance/api/middleware/version_negotiation.py:70}}
Aug 17 01:21:08.952400 np0000007442 devstack@g-api.service[99863]: [pid: 99863|app: 0|req: 93/271] 127.0.0.1 () {44 vars in 1055 bytes} [Mon Aug 17 01:21:08 2026] GET /v2/schemas/image => generated 6083 bytes in 3 msecs (HTTP/1.1 200) 4 headers in 158 bytes (1 switches on core 0)
Aug 17 01:21:08.954676 np0000007442 devstack@g-api.service[99865]: [pid: 99865|app: 0|req: 93/272] 127.0.0.1 () {44 vars in 1115 bytes} [Mon Aug 17 01:21:08 2026] GET /v2/images/617c85e6-3b22-48ff-900b-7b033e51d6a0 => generated 1641 bytes in 18 msecs (HTTP/1.1 200) 4 headers in 158 bytes (1 switches on core 0)
Aug 17 01:21:09.019497 np0000007442 devstack@g-api.service[99864]: DEBUG glance.api.middleware.version_negotiation [None req-0208013c-3cd7-4824-a0e3-1bb79ed91979 tempest-ServerBootFromVolumeStableRescueTest-1259387350 tempest-ServerBootFromVolumeStableRescueTest-1259387350-project-member] Determining version of request: GET /v2/schemas/image Accept: */* {{(pid=99864) process_request /opt/stack/glance/glance/api/middleware/version_negotiation.py:44}}
Aug 17 01:21:09.019727 np0000007442 devstack@g-api.service[99864]: DEBUG glance.api.middleware.version_negotiation [None req-0208013c-3cd7-4824-a0e3-1bb79ed91979 tempest-ServerBootFromVolumeStableRescueTest-1259387350 tempest-ServerBootFromVolumeStableRescueTest-1259387350-project-member] Using url versioning {{(pid=99864) process_request /opt/stack/glance/glance/api/middleware/version_negotiation.py:57}}
Aug 17 01:21:09.020129 np0000007442 devstack@g-api.service[99864]: DEBUG glance.api.middleware.version_negotiation [None req-0208013c-3cd7-4824-a0e3-1bb79ed91979 tempest-ServerBootFromVolumeStableRescueTest-1259387350 tempest-ServerBootFromVolumeStableRescueTest-1259387350-project-member] Matched version: v2 {{(pid=99864) process_request /opt/stack/glance/glance/api/middleware/version_negotiation.py:69}}
Aug 17 01:21:09.022503 np0000007442 devstack@g-api.service[99864]: DEBUG glance.api.middleware.version_negotiation [None req-0208013c-3cd7-4824-a0e3-1bb79ed91979 tempest-ServerBootFromVolumeStableRescueTest-1259387350 tempest-ServerBootFromVolumeStableRescueTest-1259387350-project-member] new path /v2/schemas/image {{(pid=99864) process_request /opt/stack/glance/glance/api/middleware/version_negotiation.py:70}}
Aug 17 01:21:09.028313 np0000007442 devstack@g-api.service[99864]: [pid: 99864|app: 0|req: 87/273] 127.0.0.1 () {44 vars in 1055 bytes} [Mon Aug 17 01:21:09 2026] GET /v2/schemas/image => generated 6083 bytes in 10 msecs (HTTP/1.1 200) 4 headers in 158 bytes (1 switches on core 0)
Aug 17 01:21:09.701700 np0000007442 devstack@g-api.service[99863]: DEBUG glance.api.middleware.version_negotiation [None req-a6824f07-686c-4512-bb15-ed733c72cac7 tempest-VolumesActionsTest-1812761045 tempest-VolumesActionsTest-1812761045-project-member] Determining version of request: GET /v2/images/617c85e6-3b22-48ff-900b-7b033e51d6a0 Accept: application/json {{(pid=99863) process_request /opt/stack/glance/glance/api/middleware/version_negotiation.py:44}}
Aug 17 01:21:09.701990 np0000007442 devstack@g-api.service[99863]: DEBUG glance.api.middleware.version_negotiation [None req-a6824f07-686c-4512-bb15-ed733c72cac7 tempest-VolumesActionsTest-1812761045 tempest-VolumesActionsTest-1812761045-project-member] Using url versioning {{(pid=99863) process_request /opt/stack/glance/glance/api/middleware/version_negotiation.py:57}}
Aug 17 01:21:09.702458 np0000007442 devstack@g-api.service[99863]: DEBUG glance.api.middleware.version_negotiation [None req-a6824f07-686c-4512-bb15-ed733c72cac7 tempest-VolumesActionsTest-1812761045 tempest-VolumesActionsTest-1812761045-project-member] Matched version: v2 {{(pid=99863) process_request /opt/stack/glance/glance/api/middleware/version_negotiation.py:69}}
Aug 17 01:21:09.702458 np0000007442 devstack@g-api.service[99863]: DEBUG glance.api.middleware.version_negotiation [None req-a6824f07-686c-4512-bb15-ed733c72cac7 tempest-VolumesActionsTest-1812761045 tempest-VolumesActionsTest-1812761045-project-member] new path /v2/images/617c85e6-3b22-48ff-900b-7b033e51d6a0 {{(pid=99863) process_request /opt/stack/glance/glance/api/middleware/version_negotiation.py:70}}
Aug 17 01:21:09.718329 np0000007442 devstack@g-api.service[99863]: [pid: 99863|app: 0|req: 94/274] 127.0.0.1 () {40 vars in 838 bytes} [Mon Aug 17 01:21:09 2026] GET /v2/images/617c85e6-3b22-48ff-900b-7b033e51d6a0 => generated 1641 bytes in 17 msecs (HTTP/1.1 200) 4 headers in 158 bytes (1 switches on core 0)
Aug 17 01:21:09.730965 np0000007442 devstack@g-api.service[99865]: DEBUG glance.api.middleware.version_negotiation [None req-0208013c-3cd7-4824-a0e3-1bb79ed91979 tempest-ServerBootFromVolumeStableRescueTest-1259387350 tempest-ServerBootFromVolumeStableRescueTest-1259387350-project-member] Determining version of request: GET /v2/images/617c85e6-3b22-48ff-900b-7b033e51d6a0 Accept: application/json {{(pid=99865) process_request /opt/stack/glance/glance/api/middleware/version_negotiation.py:44}}
Aug 17 01:21:09.731854 np0000007442 devstack@g-api.service[99865]: DEBUG glance.api.middleware.version_negotiation [None req-0208013c-3cd7-4824-a0e3-1bb79ed91979 tempest-ServerBootFromVolumeStableRescueTest-1259387350 tempest-ServerBootFromVolumeStableRescueTest-1259387350-project-member] Using url versioning {{(pid=99865) process_request /opt/stack/glance/glance/api/middleware/version_negotiation.py:57}}
Aug 17 01:21:09.734640 np0000007442 devstack@g-api.service[99865]: DEBUG glance.api.middleware.version_negotiation [None req-0208013c-3cd7-4824-a0e3-1bb79ed91979 tempest-ServerBootFromVolumeStableRescueTest-1259387350 tempest-ServerBootFromVolumeStableRescueTest-1259387350-project-member] Matched version: v2 {{(pid=99865) process_request /opt/stack/glance/glance/api/middleware/version_negotiation.py:69}}
Aug 17 01:21:09.734640 np0000007442 devstack@g-api.service[99865]: DEBUG glance.api.middleware.version_negotiation [None req-0208013c-3cd7-4824-a0e3-1bb79ed91979 tempest-ServerBootFromVolumeStableRescueTest-1259387350 tempest-ServerBootFromVolumeStableRescueTest-1259387350-project-member] new path /v2/images/617c85e6-3b22-48ff-900b-7b033e51d6a0 {{(pid=99865) process_request /opt/stack/glance/glance/api/middleware/version_negotiation.py:70}}
Aug 17 01:21:09.761804 np0000007442 devstack@g-api.service[99865]: [pid: 99865|app: 0|req: 94/275] 127.0.0.1 () {40 vars in 838 bytes} [Mon Aug 17 01:21:09 2026] GET /v2/images/617c85e6-3b22-48ff-900b-7b033e51d6a0 => generated 1641 bytes in 31 msecs (HTTP/1.1 200) 4 headers in 158 bytes (1 switches on core 0)
